-- MySQL dump 10.11
--
-- Host: localhost    Database: icefer_it
-- ------------------------------------------------------
-- Server version	5.0.95

/*!40101 SET @OLD_CHARACTER_SET_CLIENT=@@CHARACTER_SET_CLIENT */;
/*!40101 SET @OLD_CHARACTER_SET_RESULTS=@@CHARACTER_SET_RESULTS */;
/*!40101 SET @OLD_COLLATION_CONNECTION=@@COLLATION_CONNECTION */;
/*!40101 SET NAMES utf8 */;
/*!40103 SET @OLD_TIME_ZONE=@@TIME_ZONE */;
/*!40103 SET TIME_ZONE='+00:00' */;
/*!40014 SET @OLD_UNIQUE_CHECKS=@@UNIQUE_CHECKS, UNIQUE_CHECKS=0 */;
/*!40014 SET @OLD_FOREIGN_KEY_CHECKS=@@FOREIGN_KEY_CHECKS, FOREIGN_KEY_CHECKS=0 */;
/*!40101 SET @OLD_SQL_MODE=@@SQL_MODE, SQL_MODE='NO_AUTO_VALUE_ON_ZERO' */;
/*!40111 SET @OLD_SQL_NOTES=@@SQL_NOTES, SQL_NOTES=0 */;

--
-- Table structure for table `Ctrl_IP`
--

DROP TABLE IF EXISTS `Ctrl_IP`;
/*!40101 SET @saved_cs_client     = @@character_set_client */;
/*!40101 SET character_set_client = utf8 */;
CREATE TABLE `Ctrl_IP` (
  `id` int(10) unsigned NOT NULL auto_increment,
  `id_content` int(10) unsigned NOT NULL,
  `id_comment` int(10) unsigned NOT NULL,
  `type` int(10) unsigned NOT NULL,
  `ip` varchar(45) NOT NULL,
  `dateCreation` datetime NOT NULL,
  PRIMARY KEY  (`id`)
) ENGINE=InnoDB DEFAULT CHARSET=utf8;
/*!40101 SET character_set_client = @saved_cs_client */;

--
-- Dumping data for table `Ctrl_IP`
--

LOCK TABLES `Ctrl_IP` WRITE;
/*!40000 ALTER TABLE `Ctrl_IP` DISABLE KEYS */;
/*!40000 ALTER TABLE `Ctrl_IP` ENABLE KEYS */;
UNLOCK TABLES;

--
-- Table structure for table `agenda`
--

DROP TABLE IF EXISTS `agenda`;
/*!40101 SET @saved_cs_client     = @@character_set_client */;
/*!40101 SET character_set_client = utf8 */;
CREATE TABLE `agenda` (
  `id` int(10) unsigned NOT NULL auto_increment,
  `nombre` varchar(50) NOT NULL,
  `titulo` varchar(100) NOT NULL,
  `descripcion` text,
  `fechaAlta` date NOT NULL default '0000-00-00',
  `state` tinyint(3) unsigned NOT NULL default '1',
  PRIMARY KEY  (`id`)
) ENGINE=InnoDB DEFAULT CHARSET=utf8;
/*!40101 SET character_set_client = @saved_cs_client */;

--
-- Dumping data for table `agenda`
--

LOCK TABLES `agenda` WRITE;
/*!40000 ALTER TABLE `agenda` DISABLE KEYS */;
/*!40000 ALTER TABLE `agenda` ENABLE KEYS */;
UNLOCK TABLES;

--
-- Table structure for table `attribute`
--

DROP TABLE IF EXISTS `attribute`;
/*!40101 SET @saved_cs_client     = @@character_set_client */;
/*!40101 SET character_set_client = utf8 */;
CREATE TABLE `attribute` (
  `id` int(10) unsigned NOT NULL auto_increment,
  `idGroupAttributes` int(10) unsigned default NULL,
  `title` varchar(255) NOT NULL,
  `image` varchar(255) NOT NULL,
  `creationDate` datetime NOT NULL default '0000-00-00 00:00:00',
  `modificationDate` datetime default '0000-00-00 00:00:00',
  PRIMARY KEY  (`id`),
  KEY `idGroupAttributes` (`idGroupAttributes`)
) ENGINE=InnoDB DEFAULT CHARSET=utf8;
/*!40101 SET character_set_client = @saved_cs_client */;

--
-- Dumping data for table `attribute`
--

LOCK TABLES `attribute` WRITE;
/*!40000 ALTER TABLE `attribute` DISABLE KEYS */;
/*!40000 ALTER TABLE `attribute` ENABLE KEYS */;
UNLOCK TABLES;

--
-- Table structure for table `blog`
--

DROP TABLE IF EXISTS `blog`;
/*!40101 SET @saved_cs_client     = @@character_set_client */;
/*!40101 SET character_set_client = utf8 */;
CREATE TABLE `blog` (
  `id` int(10) unsigned NOT NULL auto_increment,
  `idPersonaRegistrada` int(10) unsigned NOT NULL,
  `name` varchar(255) default NULL,
  `title` text,
  `description` text,
  `img` varchar(255) default NULL,
  `folder` varchar(255) default NULL,
  `idIndexSection` int(10) unsigned NOT NULL,
  `idViewerSection` int(10) unsigned NOT NULL,
  `idCommentsSection` int(10) unsigned NOT NULL,
  `active` tinyint(3) unsigned NOT NULL default '1',
  `dataCreation` datetime default NULL,
  PRIMARY KEY  (`id`)
) ENGINE=InnoDB DEFAULT CHARSET=utf8;
/*!40101 SET character_set_client = @saved_cs_client */;

--
-- Dumping data for table `blog`
--

LOCK TABLES `blog` WRITE;
/*!40000 ALTER TABLE `blog` DISABLE KEYS */;
/*!40000 ALTER TABLE `blog` ENABLE KEYS */;
UNLOCK TABLES;

--
-- Table structure for table `blog_comment`
--

DROP TABLE IF EXISTS `blog_comment`;
/*!40101 SET @saved_cs_client     = @@character_set_client */;
/*!40101 SET character_set_client = utf8 */;
CREATE TABLE `blog_comment` (
  `id` int(10) unsigned NOT NULL auto_increment,
  `idBlogNotice` int(10) unsigned NOT NULL default '0',
  `author` varchar(255) default NULL,
  `comment` text,
  `mail` varchar(255) default NULL,
  `DATE` datetime default NULL,
  `state` tinyint(3) unsigned default NULL,
  PRIMARY KEY  (`id`)
) ENGINE=InnoDB DEFAULT CHARSET=utf8;
/*!40101 SET character_set_client = @saved_cs_client */;

--
-- Dumping data for table `blog_comment`
--

LOCK TABLES `blog_comment` WRITE;
/*!40000 ALTER TABLE `blog_comment` DISABLE KEYS */;
/*!40000 ALTER TABLE `blog_comment` ENABLE KEYS */;
UNLOCK TABLES;

--
-- Table structure for table `blog_link_groups`
--

DROP TABLE IF EXISTS `blog_link_groups`;
/*!40101 SET @saved_cs_client     = @@character_set_client */;
/*!40101 SET character_set_client = utf8 */;
CREATE TABLE `blog_link_groups` (
  `id` int(10) unsigned NOT NULL auto_increment,
  `idBlog` int(10) unsigned NOT NULL default '0',
  `title` varchar(255) NOT NULL,
  `position` int(10) unsigned NOT NULL default '0',
  `description` varchar(255) default '',
  `state` tinyint(3) unsigned default NULL,
  PRIMARY KEY  (`id`),
  KEY `idBlog` (`idBlog`)
) ENGINE=InnoDB DEFAULT CHARSET=utf8;
/*!40101 SET character_set_client = @saved_cs_client */;

--
-- Dumping data for table `blog_link_groups`
--

LOCK TABLES `blog_link_groups` WRITE;
/*!40000 ALTER TABLE `blog_link_groups` DISABLE KEYS */;
/*!40000 ALTER TABLE `blog_link_groups` ENABLE KEYS */;
UNLOCK TABLES;

--
-- Table structure for table `blog_links`
--

DROP TABLE IF EXISTS `blog_links`;
/*!40101 SET @saved_cs_client     = @@character_set_client */;
/*!40101 SET character_set_client = utf8 */;
CREATE TABLE `blog_links` (
  `id` int(10) unsigned NOT NULL auto_increment,
  `idGroup` int(10) unsigned NOT NULL default '0',
  `title` varchar(255) NOT NULL,
  `link` varchar(255) NOT NULL,
  `target` varchar(255) NOT NULL,
  `position` int(10) unsigned NOT NULL default '0',
  `state` tinyint(3) unsigned default NULL,
  PRIMARY KEY  (`id`),
  KEY `idGroup` (`idGroup`)
) ENGINE=InnoDB DEFAULT CHARSET=utf8;
/*!40101 SET character_set_client = @saved_cs_client */;

--
-- Dumping data for table `blog_links`
--

LOCK TABLES `blog_links` WRITE;
/*!40000 ALTER TABLE `blog_links` DISABLE KEYS */;
/*!40000 ALTER TABLE `blog_links` ENABLE KEYS */;
UNLOCK TABLES;

--
-- Table structure for table `blog_notice`
--

DROP TABLE IF EXISTS `blog_notice`;
/*!40101 SET @saved_cs_client     = @@character_set_client */;
/*!40101 SET character_set_client = utf8 */;
CREATE TABLE `blog_notice` (
  `id` int(10) unsigned NOT NULL auto_increment,
  `idBlog` int(10) unsigned NOT NULL default '0',
  `name` text,
  `description` text,
  `image` varchar(255) default NULL,
  `allowComments` tinyint(3) unsigned default '1',
  `showDate` tinyint(3) unsigned default '1',
  `publicationDate` datetime default NULL,
  `state` tinyint(3) unsigned default NULL,
  PRIMARY KEY  (`id`)
) ENGINE=InnoDB DEFAULT CHARSET=utf8;
/*!40101 SET character_set_client = @saved_cs_client */;

--
-- Dumping data for table `blog_notice`
--

LOCK TABLES `blog_notice` WRITE;
/*!40000 ALTER TABLE `blog_notice` DISABLE KEYS */;
/*!40000 ALTER TABLE `blog_notice` ENABLE KEYS */;
UNLOCK TABLES;

--
-- Table structure for table `bottom`
--

DROP TABLE IF EXISTS `bottom`;
/*!40101 SET @saved_cs_client     = @@character_set_client */;
/*!40101 SET character_set_client = utf8 */;
CREATE TABLE `bottom` (
  `id` int(10) unsigned NOT NULL auto_increment,
  `tipo` int(11) NOT NULL,
  `idModulo` int(10) unsigned NOT NULL,
  `posicion` int(10) unsigned NOT NULL,
  `idSeccion` int(10) unsigned NOT NULL,
  `fechaBaja` datetime default NULL,
  `fechaAlta` datetime default NULL,
  `parametersValue` text NOT NULL,
  PRIMARY KEY  (`id`),
  KEY `idSeccion` (`idSeccion`),
  CONSTRAINT `bottom_ibfk_1` FOREIGN KEY (`idSeccion`) REFERENCES `seccion` (`id`) ON DELETE CASCADE
) ENGINE=InnoDB DEFAULT CHARSET=utf8;
/*!40101 SET character_set_client = @saved_cs_client */;

--
-- Dumping data for table `bottom`
--

LOCK TABLES `bottom` WRITE;
/*!40000 ALTER TABLE `bottom` DISABLE KEYS */;
/*!40000 ALTER TABLE `bottom` ENABLE KEYS */;
UNLOCK TABLES;

--
-- Table structure for table `buy_clients`
--

DROP TABLE IF EXISTS `buy_clients`;
/*!40101 SET @saved_cs_client     = @@character_set_client */;
/*!40101 SET character_set_client = utf8 */;
CREATE TABLE `buy_clients` (
  `id` int(10) unsigned NOT NULL auto_increment,
  `idShippingAddress` int(10) unsigned default NULL,
  `idPersonaRegistrada` int(10) unsigned NOT NULL default '0',
  PRIMARY KEY  (`id`)
) ENGINE=InnoDB DEFAULT CHARSET=utf8;
/*!40101 SET character_set_client = @saved_cs_client */;

--
-- Dumping data for table `buy_clients`
--

LOCK TABLES `buy_clients` WRITE;
/*!40000 ALTER TABLE `buy_clients` DISABLE KEYS */;
/*!40000 ALTER TABLE `buy_clients` ENABLE KEYS */;
UNLOCK TABLES;

--
-- Table structure for table `buy_commentsorders`
--

DROP TABLE IF EXISTS `buy_commentsorders`;
/*!40101 SET @saved_cs_client     = @@character_set_client */;
/*!40101 SET character_set_client = utf8 */;
CREATE TABLE `buy_commentsorders` (
  `id` int(10) unsigned NOT NULL auto_increment,
  `idOrderClient` int(10) unsigned default NULL,
  `idState` int(10) unsigned default NULL,
  `comment` text,
  `notifyClient` tinyint(3) unsigned default NULL,
  `dates` datetime default NULL,
  PRIMARY KEY  (`id`)
) ENGINE=InnoDB DEFAULT CHARSET=utf8;
/*!40101 SET character_set_client = @saved_cs_client */;

--
-- Dumping data for table `buy_commentsorders`
--

LOCK TABLES `buy_commentsorders` WRITE;
/*!40000 ALTER TABLE `buy_commentsorders` DISABLE KEYS */;
/*!40000 ALTER TABLE `buy_commentsorders` ENABLE KEYS */;
UNLOCK TABLES;

--
-- Table structure for table `buy_destinationTaxes`
--

DROP TABLE IF EXISTS `buy_destinationTaxes`;
/*!40101 SET @saved_cs_client     = @@character_set_client */;
/*!40101 SET character_set_client = utf8 */;
CREATE TABLE `buy_destinationTaxes` (
  `id` int(10) unsigned NOT NULL auto_increment,
  `destination` varchar(255) default NULL,
  `taxes` float default NULL,
  `use_product_taxes` tinyint(1) NOT NULL default '0',
  `amountExtraCharge` float default NULL,
  `priceImplementExtraCharge` double default '0',
  PRIMARY KEY  (`id`)
) ENGINE=InnoDB DEFAULT CHARSET=utf8;
/*!40101 SET character_set_client = @saved_cs_client */;

--
-- Dumping data for table `buy_destinationTaxes`
--

LOCK TABLES `buy_destinationTaxes` WRITE;
/*!40000 ALTER TABLE `buy_destinationTaxes` DISABLE KEYS */;
/*!40000 ALTER TABLE `buy_destinationTaxes` ENABLE KEYS */;
UNLOCK TABLES;

--
-- Table structure for table `buy_lineorders`
--

DROP TABLE IF EXISTS `buy_lineorders`;
/*!40101 SET @saved_cs_client     = @@character_set_client */;
/*!40101 SET character_set_client = utf8 */;
CREATE TABLE `buy_lineorders` (
  `idBuy` int(10) unsigned NOT NULL auto_increment,
  `idOrderClient` int(10) unsigned default NULL,
  `idProduct` int(10) unsigned default NULL,
  `quantity` int(10) unsigned default NULL,
  `taxes` double NOT NULL default '0',
  `surcharge_equivalence` double NOT NULL default '0',
  `discount` double NOT NULL default '0',
  `taxable_base` double NOT NULL default '0',
  `import` double default NULL,
  `ref` varchar(255) default NULL,
  PRIMARY KEY  (`idBuy`)
) ENGINE=InnoDB DEFAULT CHARSET=utf8;
/*!40101 SET character_set_client = @saved_cs_client */;

--
-- Dumping data for table `buy_lineorders`
--

LOCK TABLES `buy_lineorders` WRITE;
/*!40000 ALTER TABLE `buy_lineorders` DISABLE KEYS */;
/*!40000 ALTER TABLE `buy_lineorders` ENABLE KEYS */;
UNLOCK TABLES;

--
-- Table structure for table `buy_lineorders_attributes`
--

DROP TABLE IF EXISTS `buy_lineorders_attributes`;
/*!40101 SET @saved_cs_client     = @@character_set_client */;
/*!40101 SET character_set_client = utf8 */;
CREATE TABLE `buy_lineorders_attributes` (
  `id` int(10) unsigned NOT NULL auto_increment,
  `idLineOrder` int(10) unsigned NOT NULL,
  `groupTitle` varchar(255) NOT NULL default '',
  `title` varchar(255) NOT NULL default '',
  PRIMARY KEY  (`id`),
  KEY `idLineOrder` (`idLineOrder`)
) ENGINE=InnoDB DEFAULT CHARSET=utf8;
/*!40101 SET character_set_client = @saved_cs_client */;

--
-- Dumping data for table `buy_lineorders_attributes`
--

LOCK TABLES `buy_lineorders_attributes` WRITE;
/*!40000 ALTER TABLE `buy_lineorders_attributes` DISABLE KEYS */;
/*!40000 ALTER TABLE `buy_lineorders_attributes` ENABLE KEYS */;
UNLOCK TABLES;

--
-- Table structure for table `buy_orderClients`
--

DROP TABLE IF EXISTS `buy_orderClients`;
/*!40101 SET @saved_cs_client     = @@character_set_client */;
/*!40101 SET character_set_client = utf8 */;
CREATE TABLE `buy_orderClients` (
  `idClient` int(10) unsigned NOT NULL auto_increment,
  `idShippingAddress` int(10) unsigned default NULL,
  `email` varchar(255) default NULL,
  `pwd` varchar(255) default NULL,
  `name` varchar(100) default NULL,
  `surname` varchar(255) default NULL,
  `address` varchar(255) default NULL,
  `city` varchar(100) default NULL,
  `province` varchar(100) default NULL,
  `cp` varchar(5) default NULL,
  `country` varchar(255) default NULL,
  `phone` varchar(50) default NULL,
  `ID` varchar(50) default NULL,
  `typeId` varchar(5) default NULL,
  PRIMARY KEY  (`idClient`)
) ENGINE=InnoDB DEFAULT CHARSET=utf8;
/*!40101 SET character_set_client = @saved_cs_client */;

--
-- Dumping data for table `buy_orderClients`
--

LOCK TABLES `buy_orderClients` WRITE;
/*!40000 ALTER TABLE `buy_orderClients` DISABLE KEYS */;
/*!40000 ALTER TABLE `buy_orderClients` ENABLE KEYS */;
UNLOCK TABLES;

--
-- Table structure for table `buy_orderShippingaddress`
--

DROP TABLE IF EXISTS `buy_orderShippingaddress`;
/*!40101 SET @saved_cs_client     = @@character_set_client */;
/*!40101 SET character_set_client = utf8 */;
CREATE TABLE `buy_orderShippingaddress` (
  `idShippingAddress` int(10) unsigned NOT NULL auto_increment,
  `name` varchar(100) default NULL,
  `surname` varchar(255) default NULL,
  `address` varchar(255) default NULL,
  `city` varchar(100) default NULL,
  `province` varchar(100) default NULL,
  `cp` varchar(5) default NULL,
  `country` varchar(255) default NULL,
  `phone` varchar(50) default NULL,
  `email` varchar(255) default NULL,
  `idDestination` int(10) unsigned default NULL,
  PRIMARY KEY  (`idShippingAddress`)
) ENGINE=InnoDB DEFAULT CHARSET=utf8;
/*!40101 SET character_set_client = @saved_cs_client */;

--
-- Dumping data for table `buy_orderShippingaddress`
--

LOCK TABLES `buy_orderShippingaddress` WRITE;
/*!40000 ALTER TABLE `buy_orderShippingaddress` DISABLE KEYS */;
/*!40000 ALTER TABLE `buy_orderShippingaddress` ENABLE KEYS */;
UNLOCK TABLES;

--
-- Table structure for table `buy_orders`
--

DROP TABLE IF EXISTS `buy_orders`;
/*!40101 SET @saved_cs_client     = @@character_set_client */;
/*!40101 SET character_set_client = utf8 */;
CREATE TABLE `buy_orders` (
  `idOrdersClients` int(10) unsigned NOT NULL auto_increment,
  `idClient` int(10) unsigned default NULL,
  `idOrderClient` int(10) unsigned default NULL,
  `idStateOrder` int(10) unsigned default NULL,
  `email` varchar(255) default NULL,
  `dateBuy` date default NULL,
  `payType` varchar(5) default NULL,
  `idSession` varchar(255) default NULL,
  `total` double default NULL,
  `refTrans` varchar(255) default NULL,
  `charge` double default NULL,
  `idComments` int(10) unsigned default NULL,
  PRIMARY KEY  (`idOrdersClients`)
) ENGINE=InnoDB DEFAULT CHARSET=utf8;
/*!40101 SET character_set_client = @saved_cs_client */;

--
-- Dumping data for table `buy_orders`
--

LOCK TABLES `buy_orders` WRITE;
/*!40000 ALTER TABLE `buy_orders` DISABLE KEYS */;
/*!40000 ALTER TABLE `buy_orders` ENABLE KEYS */;
UNLOCK TABLES;

--
-- Table structure for table `buy_shoppingcart`
--

DROP TABLE IF EXISTS `buy_shoppingcart`;
/*!40101 SET @saved_cs_client     = @@character_set_client */;
/*!40101 SET character_set_client = utf8 */;
CREATE TABLE `buy_shoppingcart` (
  `id` int(10) unsigned NOT NULL auto_increment,
  `idSession` varchar(255) default NULL,
  `idClient` int(10) unsigned default NULL,
  `idProduct` int(10) unsigned default NULL,
  `quantity` int(5) unsigned default NULL,
  `dateInsert` datetime default NULL,
  `dateBuy` datetime default NULL,
  PRIMARY KEY  (`id`)
) ENGINE=InnoDB DEFAULT CHARSET=utf8;
/*!40101 SET character_set_client = @saved_cs_client */;

--
-- Dumping data for table `buy_shoppingcart`
--

LOCK TABLES `buy_shoppingcart` WRITE;
/*!40000 ALTER TABLE `buy_shoppingcart` DISABLE KEYS */;
/*!40000 ALTER TABLE `buy_shoppingcart` ENABLE KEYS */;
UNLOCK TABLES;

--
-- Table structure for table `buy_shoppingcart_attributes`
--

DROP TABLE IF EXISTS `buy_shoppingcart_attributes`;
/*!40101 SET @saved_cs_client     = @@character_set_client */;
/*!40101 SET character_set_client = utf8 */;
CREATE TABLE `buy_shoppingcart_attributes` (
  `id` int(10) unsigned NOT NULL auto_increment,
  `idShoppingCart` int(10) unsigned NOT NULL,
  `idAttribute` int(10) unsigned NOT NULL,
  PRIMARY KEY  (`id`),
  KEY `idShoppingCart` (`idShoppingCart`),
  KEY `idAttribute` (`idAttribute`)
) ENGINE=InnoDB DEFAULT CHARSET=utf8;
/*!40101 SET character_set_client = @saved_cs_client */;

--
-- Dumping data for table `buy_shoppingcart_attributes`
--

LOCK TABLES `buy_shoppingcart_attributes` WRITE;
/*!40000 ALTER TABLE `buy_shoppingcart_attributes` DISABLE KEYS */;
/*!40000 ALTER TABLE `buy_shoppingcart_attributes` ENABLE KEYS */;
UNLOCK TABLES;

--
-- Table structure for table `buy_stateorders`
--

DROP TABLE IF EXISTS `buy_stateorders`;
/*!40101 SET @saved_cs_client     = @@character_set_client */;
/*!40101 SET character_set_client = utf8 */;
CREATE TABLE `buy_stateorders` (
  `idStateOrder` int(10) unsigned NOT NULL auto_increment,
  `stateOrder` varchar(100) default NULL,
  PRIMARY KEY  (`idStateOrder`)
) ENGINE=InnoDB AUTO_INCREMENT=5 DEFAULT CHARSET=utf8;
/*!40101 SET character_set_client = @saved_cs_client */;

--
-- Dumping data for table `buy_stateorders`
--

LOCK TABLES `buy_stateorders` WRITE;
/*!40000 ALTER TABLE `buy_stateorders` DISABLE KEYS */;
INSERT INTO `buy_stateorders` VALUES (1,'Nuevo'),(2,'Procesado'),(3,'Enviado'),(4,'Cerrado');
/*!40000 ALTER TABLE `buy_stateorders` ENABLE KEYS */;
UNLOCK TABLES;

--
-- Table structure for table `categorianoticia`
--

DROP TABLE IF EXISTS `categorianoticia`;
/*!40101 SET @saved_cs_client     = @@character_set_client */;
/*!40101 SET character_set_client = utf8 */;
CREATE TABLE `categorianoticia` (
  `id` int(10) unsigned NOT NULL auto_increment,
  `nombre` varchar(50) NOT NULL default '',
  `idParent` int(10) unsigned NOT NULL,
  `descripcion` text,
  `codigo` int(10) unsigned NOT NULL,
  PRIMARY KEY  (`id`)
) ENGINE=InnoDB AUTO_INCREMENT=2 DEFAULT CHARSET=utf8;
/*!40101 SET character_set_client = @saved_cs_client */;

--
-- Dumping data for table `categorianoticia`
--

LOCK TABLES `categorianoticia` WRITE;
/*!40000 ALTER TABLE `categorianoticia` DISABLE KEYS */;
INSERT INTO `categorianoticia` VALUES (1,'Categoria',0,'Test Categoria',3);
/*!40000 ALTER TABLE `categorianoticia` ENABLE KEYS */;
UNLOCK TABLES;

--
-- Table structure for table `categories_rss`
--

DROP TABLE IF EXISTS `categories_rss`;
/*!40101 SET @saved_cs_client     = @@character_set_client */;
/*!40101 SET character_set_client = utf8 */;
CREATE TABLE `categories_rss` (
  `id` int(10) unsigned NOT NULL auto_increment,
  `idRss` int(10) unsigned default NULL,
  `idCategory` int(10) unsigned default NULL,
  PRIMARY KEY  (`id`),
  KEY `idRss` (`idRss`),
  KEY `idCategory` (`idCategory`),
  CONSTRAINT `categories_rss_ibfk_1` FOREIGN KEY (`idRss`) REFERENCES `rss` (`id`) ON DELETE CASCADE,
  CONSTRAINT `categories_rss_ibfk_2` FOREIGN KEY (`idCategory`) REFERENCES `categorianoticia` (`id`) ON DELETE CASCADE
) ENGINE=InnoDB DEFAULT CHARSET=utf8;
/*!40101 SET character_set_client = @saved_cs_client */;

--
-- Dumping data for table `categories_rss`
--

LOCK TABLES `categories_rss` WRITE;
/*!40000 ALTER TABLE `categories_rss` DISABLE KEYS */;
/*!40000 ALTER TABLE `categories_rss` ENABLE KEYS */;
UNLOCK TABLES;

--
-- Table structure for table `centrallayer`
--

DROP TABLE IF EXISTS `centrallayer`;
/*!40101 SET @saved_cs_client     = @@character_set_client */;
/*!40101 SET character_set_client = utf8 */;
CREATE TABLE `centrallayer` (
  `id` int(10) unsigned NOT NULL auto_increment,
  `tipo` int(11) NOT NULL,
  `idModulo` int(10) unsigned NOT NULL,
  `posicion` int(10) unsigned NOT NULL,
  `idSeccion` int(10) unsigned NOT NULL,
  `fechaBaja` datetime default NULL,
  `fechaAlta` datetime default NULL,
  `parametersValue` text NOT NULL,
  PRIMARY KEY  (`id`),
  KEY `idSeccion` (`idSeccion`),
  CONSTRAINT `centrallayer_ibfk_1` FOREIGN KEY (`idSeccion`) REFERENCES `seccion` (`id`) ON DELETE CASCADE
) ENGINE=InnoDB AUTO_INCREMENT=96 DEFAULT CHARSET=utf8;
/*!40101 SET character_set_client = @saved_cs_client */;

--
-- Dumping data for table `centrallayer`
--

LOCK TABLES `centrallayer` WRITE;
/*!40000 ALTER TABLE `centrallayer` DISABLE KEYS */;
INSERT INTO `centrallayer` VALUES (4,32,9,1,1,NULL,NULL,''),(5,32,8,2,1,NULL,NULL,''),(6,32,17,1,27,NULL,NULL,''),(9,32,25,1,15,NULL,NULL,''),(10,32,26,1,16,NULL,NULL,''),(11,32,27,1,17,NULL,NULL,''),(12,32,28,1,19,NULL,NULL,''),(13,32,29,1,20,NULL,NULL,''),(14,32,30,1,21,NULL,NULL,''),(15,32,31,1,23,NULL,NULL,''),(16,32,32,1,24,NULL,NULL,''),(17,32,33,1,25,NULL,NULL,''),(18,32,34,1,26,NULL,NULL,''),(19,32,35,1,89,NULL,NULL,''),(20,32,36,1,90,NULL,NULL,''),(21,32,37,1,91,NULL,NULL,''),(22,32,38,1,92,NULL,NULL,''),(23,32,39,1,28,NULL,NULL,''),(24,32,40,1,29,NULL,NULL,''),(27,32,42,1,32,NULL,NULL,''),(28,32,43,1,33,NULL,NULL,''),(29,32,44,1,35,NULL,NULL,''),(30,32,45,1,36,NULL,NULL,''),(31,32,46,1,38,NULL,NULL,''),(32,32,47,1,39,NULL,NULL,''),(33,32,48,1,40,NULL,NULL,''),(34,32,49,1,41,NULL,NULL,''),(36,32,51,1,43,NULL,NULL,''),(37,32,52,1,44,NULL,NULL,''),(38,32,53,1,45,NULL,NULL,''),(39,32,54,1,46,NULL,NULL,''),(40,32,55,1,47,NULL,NULL,''),(41,32,56,1,49,NULL,NULL,''),(43,32,58,1,51,NULL,NULL,''),(44,32,59,1,52,NULL,NULL,''),(45,32,60,1,53,NULL,NULL,''),(46,32,61,1,54,NULL,NULL,''),(47,32,62,1,56,NULL,NULL,''),(48,32,63,1,57,NULL,NULL,''),(49,32,64,1,59,NULL,NULL,''),(50,32,65,1,61,NULL,NULL,''),(51,32,66,1,62,NULL,NULL,''),(52,32,67,1,63,NULL,NULL,''),(53,32,68,1,64,NULL,NULL,''),(54,32,69,1,65,NULL,NULL,''),(55,32,70,1,66,NULL,NULL,''),(56,32,71,1,67,NULL,NULL,''),(58,32,73,1,69,NULL,NULL,''),(59,32,74,1,70,NULL,NULL,''),(60,32,75,1,71,NULL,NULL,''),(61,32,76,1,72,NULL,NULL,''),(62,32,77,1,73,NULL,NULL,''),(63,32,79,1,74,NULL,NULL,''),(65,32,81,1,76,NULL,NULL,''),(66,32,82,1,77,NULL,NULL,''),(67,32,83,1,78,NULL,NULL,''),(68,32,84,1,79,NULL,NULL,''),(69,32,85,1,80,NULL,NULL,''),(70,32,86,1,81,NULL,NULL,''),(72,32,88,1,84,NULL,NULL,''),(73,32,89,1,85,NULL,NULL,''),(74,32,90,1,86,NULL,NULL,''),(76,32,41,1,93,NULL,NULL,''),(77,32,91,1,94,NULL,NULL,''),(78,32,92,1,95,NULL,NULL,''),(80,32,93,2,2,NULL,NULL,''),(81,32,94,1,6,NULL,NULL,''),(82,32,95,1,9,NULL,NULL,''),(83,32,96,1,96,NULL,NULL,''),(84,32,97,3,1,NULL,NULL,''),(85,32,106,2,27,NULL,NULL,''),(86,32,107,1,97,NULL,NULL,''),(87,32,113,1,98,NULL,NULL,''),(88,32,114,1,99,NULL,NULL,''),(89,32,115,4,1,NULL,NULL,''),(90,32,50,1,100,NULL,NULL,''),(91,32,116,1,101,NULL,NULL,''),(92,3,74,1,102,NULL,NULL,'Mailt_to@info&#64;institutocefer.com'),(93,3,78,1,103,NULL,NULL,'mailto@john&#64;bab-soft.com'),(94,3,83,1,105,NULL,NULL,''),(95,3,84,2,105,NULL,NULL,'mail_to@info&#64;institutocefer.com|subject@PROMO - Contacto desde la web (Donación de óvulos / IT )|boolean:debug@false|debug_mail_to@albert&#64;bab-soft.com');
/*!40000 ALTER TABLE `centrallayer` ENABLE KEYS */;
UNLOCK TABLES;

--
-- Table structure for table `comentario`
--

DROP TABLE IF EXISTS `comentario`;
/*!40101 SET @saved_cs_client     = @@character_set_client */;
/*!40101 SET character_set_client = utf8 */;
CREATE TABLE `comentario` (
  `id` int(10) unsigned NOT NULL auto_increment,
  `autor` varchar(255) NOT NULL,
  `descripcion` text,
  `fechaAlta` date NOT NULL,
  `fechaPublicacion` datetime default NULL,
  `fechaModificacion` datetime default NULL,
  `posicion` int(10) unsigned NOT NULL,
  `estado` varchar(20) NOT NULL,
  `ip_address` varchar(255) NOT NULL,
  `idNoticia` int(10) unsigned NOT NULL,
  PRIMARY KEY  (`id`),
  KEY `estado` (`estado`,`posicion`),
  KEY `idNoticia` (`idNoticia`),
  CONSTRAINT `comentario_ibfk_1` FOREIGN KEY (`idNoticia`) REFERENCES `noticia` (`id`) ON DELETE CASCADE
) ENGINE=InnoDB DEFAULT CHARSET=utf8;
/*!40101 SET character_set_client = @saved_cs_client */;

--
-- Dumping data for table `comentario`
--

LOCK TABLES `comentario` WRITE;
/*!40000 ALTER TABLE `comentario` DISABLE KEYS */;
/*!40000 ALTER TABLE `comentario` ENABLE KEYS */;
UNLOCK TABLES;

--
-- Table structure for table `compared_family_product`
--

DROP TABLE IF EXISTS `compared_family_product`;
/*!40101 SET @saved_cs_client     = @@character_set_client */;
/*!40101 SET character_set_client = utf8 */;
CREATE TABLE `compared_family_product` (
  `id` int(10) unsigned NOT NULL auto_increment,
  `id_product` int(10) unsigned NOT NULL default '0',
  `id_family_product` int(10) unsigned NOT NULL default '0',
  `title` varchar(255) default '',
  PRIMARY KEY  (`id`)
) ENGINE=InnoDB DEFAULT CHARSET=utf8;
/*!40101 SET character_set_client = @saved_cs_client */;

--
-- Dumping data for table `compared_family_product`
--

LOCK TABLES `compared_family_product` WRITE;
/*!40000 ALTER TABLE `compared_family_product` DISABLE KEYS */;
/*!40000 ALTER TABLE `compared_family_product` ENABLE KEYS */;
UNLOCK TABLES;

--
-- Table structure for table `compared_product`
--

DROP TABLE IF EXISTS `compared_product`;
/*!40101 SET @saved_cs_client     = @@character_set_client */;
/*!40101 SET character_set_client = utf8 */;
CREATE TABLE `compared_product` (
  `id` int(10) unsigned NOT NULL auto_increment,
  `id_product_a` int(10) unsigned NOT NULL default '0',
  `id_product_b` int(10) unsigned NOT NULL default '0',
  `title` varchar(255) default '',
  PRIMARY KEY  (`id`)
) ENGINE=InnoDB DEFAULT CHARSET=utf8;
/*!40101 SET character_set_client = @saved_cs_client */;

--
-- Dumping data for table `compared_product`
--

LOCK TABLES `compared_product` WRITE;
/*!40000 ALTER TABLE `compared_product` DISABLE KEYS */;
/*!40000 ALTER TABLE `compared_product` ENABLE KEYS */;
UNLOCK TABLES;

--
-- Table structure for table `compared_type_product`
--

DROP TABLE IF EXISTS `compared_type_product`;
/*!40101 SET @saved_cs_client     = @@character_set_client */;
/*!40101 SET character_set_client = utf8 */;
CREATE TABLE `compared_type_product` (
  `id` int(10) unsigned NOT NULL auto_increment,
  `id_product` int(10) unsigned NOT NULL default '0',
  `id_type_product` int(10) unsigned NOT NULL default '0',
  `title` varchar(255) default '',
  PRIMARY KEY  (`id`)
) ENGINE=InnoDB DEFAULT CHARSET=utf8;
/*!40101 SET character_set_client = @saved_cs_client */;

--
-- Dumping data for table `compared_type_product`
--

LOCK TABLES `compared_type_product` WRITE;
/*!40000 ALTER TABLE `compared_type_product` DISABLE KEYS */;
/*!40000 ALTER TABLE `compared_type_product` ENABLE KEYS */;
UNLOCK TABLES;

--
-- Table structure for table `cron_task`
--

DROP TABLE IF EXISTS `cron_task`;
/*!40101 SET @saved_cs_client     = @@character_set_client */;
/*!40101 SET character_set_client = utf8 */;
CREATE TABLE `cron_task` (
  `id` int(10) unsigned NOT NULL auto_increment,
  `name` varchar(255) NOT NULL default '',
  `url` varchar(255) default NULL,
  `state` tinyint(1) NOT NULL default '0',
  `date_start` datetime default NULL,
  `minute` varchar(255) default NULL,
  `hour` varchar(255) default NULL,
  `day` varchar(255) default NULL,
  `month` varchar(255) default NULL,
  `day_week` varchar(255) default NULL,
  `last_execution_time` datetime default NULL,
  PRIMARY KEY  (`id`)
) ENGINE=InnoDB DEFAULT CHARSET=utf8;
/*!40101 SET character_set_client = @saved_cs_client */;

--
-- Dumping data for table `cron_task`
--

LOCK TABLES `cron_task` WRITE;
/*!40000 ALTER TABLE `cron_task` DISABLE KEYS */;
/*!40000 ALTER TABLE `cron_task` ENABLE KEYS */;
UNLOCK TABLES;

--
-- Table structure for table `discounts_ranges`
--

DROP TABLE IF EXISTS `discounts_ranges`;
/*!40101 SET @saved_cs_client     = @@character_set_client */;
/*!40101 SET character_set_client = utf8 */;
CREATE TABLE `discounts_ranges` (
  `id` int(10) unsigned NOT NULL auto_increment,
  `id_product_discount` int(10) unsigned NOT NULL,
  `from_amount` double NOT NULL,
  `to_amount` double default NULL,
  `discount` double NOT NULL,
  PRIMARY KEY  (`id`),
  KEY `id_product_discount` (`id_product_discount`)
) ENGINE=InnoDB DEFAULT CHARSET=utf8;
/*!40101 SET character_set_client = @saved_cs_client */;

--
-- Dumping data for table `discounts_ranges`
--

LOCK TABLES `discounts_ranges` WRITE;
/*!40000 ALTER TABLE `discounts_ranges` DISABLE KEYS */;
/*!40000 ALTER TABLE `discounts_ranges` ENABLE KEYS */;
UNLOCK TABLES;

--
-- Table structure for table `edicion`
--

DROP TABLE IF EXISTS `edicion`;
/*!40101 SET @saved_cs_client     = @@character_set_client */;
/*!40101 SET character_set_client = utf8 */;
CREATE TABLE `edicion` (
  `id` int(10) unsigned NOT NULL auto_increment,
  `fecha` datetime NOT NULL default '0000-00-00 00:00:00',
  `file` varchar(255) NOT NULL default '',
  `idSeccion` int(10) unsigned NOT NULL,
  PRIMARY KEY  (`id`),
  KEY `idSeccion` (`idSeccion`),
  CONSTRAINT `edicion_ibfk_1` FOREIGN KEY (`idSeccion`) REFERENCES `seccion` (`id`) ON DELETE CASCADE
) ENGINE=InnoDB DEFAULT CHARSET=utf8;
/*!40101 SET character_set_client = @saved_cs_client */;

--
-- Dumping data for table `edicion`
--

LOCK TABLES `edicion` WRITE;
/*!40000 ALTER TABLE `edicion` DISABLE KEYS */;
/*!40000 ALTER TABLE `edicion` ENABLE KEYS */;
UNLOCK TABLES;

--
-- Table structure for table `encuesta`
--

DROP TABLE IF EXISTS `encuesta`;
/*!40101 SET @saved_cs_client     = @@character_set_client */;
/*!40101 SET character_set_client = utf8 */;
CREATE TABLE `encuesta` (
  `id` int(10) unsigned NOT NULL auto_increment,
  `nombre` varchar(255) NOT NULL,
  `titulo` text,
  `descripcion` text NOT NULL,
  `fechaAlta` date NOT NULL default '0000-00-00',
  `fechaModificacion` datetime default NULL,
  `fechaPublicacion` datetime default NULL,
  `estado` int(10) unsigned NOT NULL,
  `tipo` tinyint(4) NOT NULL default '0',
  `owner` int(11) NOT NULL default '-1',
  `comments` tinyint(4) NOT NULL default '0',
  `showEmbeddedComments` tinyint(4) NOT NULL default '0',
  `backgroundimage` varchar(255) NOT NULL default '',
  PRIMARY KEY  (`id`)
) ENGINE=InnoDB DEFAULT CHARSET=utf8;
/*!40101 SET character_set_client = @saved_cs_client */;

--
-- Dumping data for table `encuesta`
--

LOCK TABLES `encuesta` WRITE;
/*!40000 ALTER TABLE `encuesta` DISABLE KEYS */;
/*!40000 ALTER TABLE `encuesta` ENABLE KEYS */;
UNLOCK TABLES;

--
-- Table structure for table `estilo`
--

DROP TABLE IF EXISTS `estilo`;
/*!40101 SET @saved_cs_client     = @@character_set_client */;
/*!40101 SET character_set_client = utf8 */;
CREATE TABLE `estilo` (
  `id` int(11) NOT NULL auto_increment,
  `nombre` varchar(255) NOT NULL default '',
  `fichero` varchar(255) NOT NULL default '',
  `editable` int(11) NOT NULL default '1',
  `tipo` int(11) NOT NULL default '0',
  `l_top` tinyint(3) unsigned NOT NULL default '0',
  `l_bottom` tinyint(3) unsigned NOT NULL default '0',
  `l_left` tinyint(3) unsigned NOT NULL default '0',
  `l_right` tinyint(3) unsigned NOT NULL default '0',
  `l_center` tinyint(3) unsigned NOT NULL default '0',
  `content` longtext,
  `publishDate` datetime default NULL,
  `modifyDate` datetime default NULL,
  PRIMARY KEY  (`id`)
) ENGINE=InnoDB AUTO_INCREMENT=9 DEFAULT CHARSET=utf8;
/*!40101 SET character_set_client = @saved_cs_client */;

--
-- Dumping data for table `estilo`
--

LOCK TABLES `estilo` WRITE;
/*!40000 ALTER TABLE `estilo` DISABLE KEYS */;
INSERT INTO `estilo` VALUES (1,'CSS defecto','default_struct.css',1,1,0,0,1,1,1,'%40import+url%28%22http%3A%2F%2Fwww.institutocefer.com%2Fes%2Fcss%2Fdefault_struct.css%22%29%3B','2009-12-30 14:09:52','2009-12-30 14:09:45'),(2,'CSS defecto','default_style.css',1,2,1,1,1,1,1,'%40import+url%28%22http%3A%2F%2Fwww.institutocefer.com%2Fes%2Fcss%2Fdefault_style.css%22%29%3B','2010-02-16 19:20:34','2010-02-16 19:20:29'),(3,'CSS Home (zona central 100%)','110718.css',1,1,1,0,0,0,1,'%40import+url%28%22http%3A%2F%2Fwww.institutocefer.com%2Fes%2Fcss%2F110718.css%22%29%3B%0D%0A','2009-12-29 17:12:42','2009-12-29 17:12:40'),(4,'Landing parejas lesbianas','33721.css',1,1,1,1,0,0,1,'%40import+url%28%2Fes%2Fcss%2F291457.css%29%3B%0D%0A%0D%0A.block1%2C+.block2%2C+.block3%2C+.block4%2C+.block5%2C+.block6+%7Bheight%3A435px%7D%0D%0A.block3+.title+%7Bpadding-bottom%3A18px%3B%7D','2014-02-11 18:03:13','2014-02-11 18:03:11'),(5,'Landing parejas lesbianas','574545.css',1,2,0,0,0,0,0,'%40import+url%28%2Fes%2Fcss%2F134589.css%29%3B','2014-02-11 17:51:23','2014-02-11 17:51:21'),(6,'Landing embarazo (genérica)','769571.css',1,1,1,1,0,0,1,'%40import+url%28%2Fes%2Fcss%2F22281.css%29%3B','2014-10-10 08:28:12','2014-10-10 08:27:33'),(7,'void (for landings)','882123.css',1,2,0,0,0,0,0,'','0000-00-00 00:00:00','0000-00-00 00:00:00'),(8,'Landing donación de ovulos','982752.css',1,1,0,0,0,0,1,'%40import+url%28%2Fes%2Fcss%2F87126.css%29%3B','2014-12-01 16:51:50','2014-12-01 16:51:42');
/*!40000 ALTER TABLE `estilo` ENABLE KEYS */;
UNLOCK TABLES;

--
-- Table structure for table `evento`
--

DROP TABLE IF EXISTS `evento`;
/*!40101 SET @saved_cs_client     = @@character_set_client */;
/*!40101 SET character_set_client = utf8 */;
CREATE TABLE `evento` (
  `id` int(10) unsigned NOT NULL auto_increment,
  `idAgenda` int(10) unsigned NOT NULL,
  `nombre` varchar(255) NOT NULL,
  `titulo` varchar(255) NOT NULL,
  `descripcion` text NOT NULL,
  `url` text,
  `imagen` varchar(255) default NULL,
  `fechaInicio` datetime NOT NULL default '0000-00-00 00:00:00',
  `fechaFin` datetime NOT NULL default '0000-00-00 00:00:00',
  `direccion` text,
  `poblacion` varchar(100) default NULL,
  `cp` varchar(10) default NULL,
  `provincia` varchar(100) default NULL,
  `pais` varchar(100) default NULL,
  `organizador` varchar(255) default NULL,
  `descOrganizador` text,
  `emailOrganizador` varchar(255) default NULL,
  `tfOrganizador` varchar(25) default NULL,
  `fechaAlta` date NOT NULL,
  `state` tinyint(3) unsigned NOT NULL default '1',
  PRIMARY KEY  (`id`),
  KEY `idAgenda` (`idAgenda`),
  CONSTRAINT `evento_ibfk_1` FOREIGN KEY (`idAgenda`) REFERENCES `agenda` (`id`) ON DELETE CASCADE
) ENGINE=InnoDB DEFAULT CHARSET=utf8;
/*!40101 SET character_set_client = @saved_cs_client */;

--
-- Dumping data for table `evento`
--

LOCK TABLES `evento` WRITE;
/*!40000 ALTER TABLE `evento` DISABLE KEYS */;
/*!40000 ALTER TABLE `evento` ENABLE KEYS */;
UNLOCK TABLES;

--
-- Table structure for table `family`
--

DROP TABLE IF EXISTS `family`;
/*!40101 SET @saved_cs_client     = @@character_set_client */;
/*!40101 SET character_set_client = utf8 */;
CREATE TABLE `family` (
  `id` int(10) unsigned NOT NULL auto_increment,
  `idParent` int(10) unsigned NOT NULL default '0',
  `name` varchar(255) default NULL,
  `description` text,
  `position` int(10) unsigned default NULL,
  `image` varchar(255) default NULL,
  `enabled` tinyint(4) NOT NULL default '0',
  PRIMARY KEY  (`id`),
  KEY `idParent` (`idParent`)
) ENGINE=InnoDB DEFAULT CHARSET=utf8;
/*!40101 SET character_set_client = @saved_cs_client */;

--
-- Dumping data for table `family`
--

LOCK TABLES `family` WRITE;
/*!40000 ALTER TABLE `family` DISABLE KEYS */;
/*!40000 ALTER TABLE `family` ENABLE KEYS */;
UNLOCK TABLES;

--
-- Table structure for table `field`
--

DROP TABLE IF EXISTS `field`;
/*!40101 SET @saved_cs_client     = @@character_set_client */;
/*!40101 SET character_set_client = utf8 */;
CREATE TABLE `field` (
  `id` int(10) unsigned NOT NULL auto_increment,
  `idType` int(10) unsigned NOT NULL default '0',
  `idFieldType` int(11) NOT NULL default '0',
  `name` varchar(255) default NULL,
  `description` text,
  `mandatory` int(1) NOT NULL default '0',
  `regExpr` varchar(255) NOT NULL default '',
  PRIMARY KEY  (`id`)
) ENGINE=InnoDB DEFAULT CHARSET=utf8;
/*!40101 SET character_set_client = @saved_cs_client */;

--
-- Dumping data for table `field`
--

LOCK TABLES `field` WRITE;
/*!40000 ALTER TABLE `field` DISABLE KEYS */;
/*!40000 ALTER TABLE `field` ENABLE KEYS */;
UNLOCK TABLES;

--
-- Table structure for table `fieldType`
--

DROP TABLE IF EXISTS `fieldType`;
/*!40101 SET @saved_cs_client     = @@character_set_client */;
/*!40101 SET character_set_client = utf8 */;
CREATE TABLE `fieldType` (
  `id` int(10) unsigned NOT NULL auto_increment,
  `name` varchar(255) default NULL,
  `description` text,
  `regExpr` varchar(255) NOT NULL default '',
  `dbType` varchar(255) NOT NULL default '',
  `isString` int(1) unsigned NOT NULL default '0',
  PRIMARY KEY  (`id`)
) ENGINE=InnoDB AUTO_INCREMENT=9 DEFAULT CHARSET=utf8;
/*!40101 SET character_set_client = @saved_cs_client */;

--
-- Dumping data for table `fieldType`
--

LOCK TABLES `fieldType` WRITE;
/*!40000 ALTER TABLE `fieldType` DISABLE KEYS */;
INSERT INTO `fieldType` VALUES (1,'Texto corto','','','VARCHAR(255)',1),(2,'Texto largo','','','TEXT',1),(3,'Número sin decimales','','[0-9]+','INT(10)',0),(4,'Número con decimales','','[0-9]+.[0-9]+|[0-9]+','FLOAT(11,10)',1),(6,'Imagen','','','INT(10)',0),(7,'Flash','','','INT(10)',0),(8,'Video','','','INT(10)',0);
/*!40000 ALTER TABLE `fieldType` ENABLE KEYS */;
UNLOCK TABLES;

--
-- Table structure for table `fieldValidValues`
--

DROP TABLE IF EXISTS `fieldValidValues`;
/*!40101 SET @saved_cs_client     = @@character_set_client */;
/*!40101 SET character_set_client = utf8 */;
CREATE TABLE `fieldValidValues` (
  `id` int(10) unsigned NOT NULL auto_increment,
  `idField` int(11) NOT NULL default '0',
  `value` varchar(255) default NULL,
  PRIMARY KEY  (`id`)
) ENGINE=InnoDB DEFAULT CHARSET=utf8;
/*!40101 SET character_set_client = @saved_cs_client */;

--
-- Dumping data for table `fieldValidValues`
--

LOCK TABLES `fieldValidValues` WRITE;
/*!40000 ALTER TABLE `fieldValidValues` DISABLE KEYS */;
/*!40000 ALTER TABLE `fieldValidValues` ENABLE KEYS */;
UNLOCK TABLES;

--
-- Table structure for table `file_content`
--

DROP TABLE IF EXISTS `file_content`;
/*!40101 SET @saved_cs_client     = @@character_set_client */;
/*!40101 SET character_set_client = utf8 */;
CREATE TABLE `file_content` (
  `id` int(10) unsigned NOT NULL auto_increment,
  `name` varchar(255) NOT NULL default '',
  `path` varchar(255) NOT NULL default '',
  `size` int(11) NOT NULL default '0',
  `idOwner` int(10) unsigned default NULL,
  `discriminator_type` tinyint(4) NOT NULL default '0',
  PRIMARY KEY  (`id`)
) ENGINE=InnoDB DEFAULT CHARSET=utf8;
/*!40101 SET character_set_client = @saved_cs_client */;

--
-- Dumping data for table `file_content`
--

LOCK TABLES `file_content` WRITE;
/*!40000 ALTER TABLE `file_content` DISABLE KEYS */;
/*!40000 ALTER TABLE `file_content` ENABLE KEYS */;
UNLOCK TABLES;

--
-- Table structure for table `file_content_profiles`
--

DROP TABLE IF EXISTS `file_content_profiles`;
/*!40101 SET @saved_cs_client     = @@character_set_client */;
/*!40101 SET character_set_client = utf8 */;
CREATE TABLE `file_content_profiles` (
  `id` int(10) unsigned NOT NULL auto_increment,
  `id_file_content` int(10) unsigned NOT NULL,
  `id_profile` int(10) unsigned NOT NULL,
  PRIMARY KEY  (`id`),
  KEY `id_file_content` (`id_file_content`),
  KEY `id_profile` (`id_profile`),
  CONSTRAINT `file_content_profiles_ibfk_1` FOREIGN KEY (`id_file_content`) REFERENCES `file_content` (`id`) ON DELETE CASCADE,
  CONSTRAINT `file_content_profiles_ibfk_2` FOREIGN KEY (`id_profile`) REFERENCES `perfil` (`id`) ON DELETE CASCADE
) ENGINE=InnoDB DEFAULT CHARSET=utf8;
/*!40101 SET character_set_client = @saved_cs_client */;

--
-- Dumping data for table `file_content_profiles`
--

LOCK TABLES `file_content_profiles` WRITE;
/*!40000 ALTER TABLE `file_content_profiles` DISABLE KEYS */;
/*!40000 ALTER TABLE `file_content_profiles` ENABLE KEYS */;
UNLOCK TABLES;

--
-- Table structure for table `gallery`
--

DROP TABLE IF EXISTS `gallery`;
/*!40101 SET @saved_cs_client     = @@character_set_client */;
/*!40101 SET character_set_client = utf8 */;
CREATE TABLE `gallery` (
  `id` int(10) unsigned NOT NULL auto_increment,
  `name` varchar(255) default NULL,
  `title` text,
  `description` text,
  `state` tinyint(3) unsigned NOT NULL default '0',
  `creationDate` datetime default '0000-00-00 00:00:00',
  `modification_date` datetime default '0000-00-00 00:00:00',
  PRIMARY KEY  (`id`)
) ENGINE=InnoDB DEFAULT CHARSET=utf8;
/*!40101 SET character_set_client = @saved_cs_client */;

--
-- Dumping data for table `gallery`
--

LOCK TABLES `gallery` WRITE;
/*!40000 ALTER TABLE `gallery` DISABLE KEYS */;
/*!40000 ALTER TABLE `gallery` ENABLE KEYS */;
UNLOCK TABLES;

--
-- Table structure for table `gallery_image_comment_rates`
--

DROP TABLE IF EXISTS `gallery_image_comment_rates`;
/*!40101 SET @saved_cs_client     = @@character_set_client */;
/*!40101 SET character_set_client = utf8 */;
CREATE TABLE `gallery_image_comment_rates` (
  `id` int(10) unsigned NOT NULL auto_increment,
  `idComment` int(10) unsigned NOT NULL,
  `counter` int(11) NOT NULL default '0',
  `counter_valuation` int(11) NOT NULL default '0',
  `valuation_accumulated` int(11) NOT NULL default '0',
  `discriminator` int(4) NOT NULL default '0',
  PRIMARY KEY  (`id`),
  KEY `idComment` (`idComment`),
  CONSTRAINT `gallery_image_comment_rates_ibfk_1` FOREIGN KEY (`idComment`) REFERENCES `image_comment` (`id`) ON DELETE CASCADE
) ENGINE=InnoDB DEFAULT CHARSET=utf8;
/*!40101 SET character_set_client = @saved_cs_client */;

--
-- Dumping data for table `gallery_image_comment_rates`
--

LOCK TABLES `gallery_image_comment_rates` WRITE;
/*!40000 ALTER TABLE `gallery_image_comment_rates` DISABLE KEYS */;
/*!40000 ALTER TABLE `gallery_image_comment_rates` ENABLE KEYS */;
UNLOCK TABLES;

--
-- Table structure for table `geo_polygones`
--

DROP TABLE IF EXISTS `geo_polygones`;
/*!40101 SET @saved_cs_client     = @@character_set_client */;
/*!40101 SET character_set_client = utf8 */;
CREATE TABLE `geo_polygones` (
  `id` int(10) unsigned NOT NULL auto_increment,
  `title` varchar(255) NOT NULL,
  `points` longtext NOT NULL,
  `color` varchar(50) default NULL,
  PRIMARY KEY  (`id`)
) ENGINE=InnoDB DEFAULT CHARSET=utf8;
/*!40101 SET character_set_client = @saved_cs_client */;

--
-- Dumping data for table `geo_polygones`
--

LOCK TABLES `geo_polygones` WRITE;
/*!40000 ALTER TABLE `geo_polygones` DISABLE KEYS */;
/*!40000 ALTER TABLE `geo_polygones` ENABLE KEYS */;
UNLOCK TABLES;

--
-- Table structure for table `geo_polylines`
--

DROP TABLE IF EXISTS `geo_polylines`;
/*!40101 SET @saved_cs_client     = @@character_set_client */;
/*!40101 SET character_set_client = utf8 */;
CREATE TABLE `geo_polylines` (
  `id` int(10) unsigned NOT NULL auto_increment,
  `title` varchar(255) NOT NULL,
  `points` longtext NOT NULL,
  `color` varchar(50) default NULL,
  PRIMARY KEY  (`id`)
) ENGINE=InnoDB DEFAULT CHARSET=utf8;
/*!40101 SET character_set_client = @saved_cs_client */;

--
-- Dumping data for table `geo_polylines`
--

LOCK TABLES `geo_polylines` WRITE;
/*!40000 ALTER TABLE `geo_polylines` DISABLE KEYS */;
/*!40000 ALTER TABLE `geo_polylines` ENABLE KEYS */;
UNLOCK TABLES;

--
-- Table structure for table `groups_attributes`
--

DROP TABLE IF EXISTS `groups_attributes`;
/*!40101 SET @saved_cs_client     = @@character_set_client */;
/*!40101 SET character_set_client = utf8 */;
CREATE TABLE `groups_attributes` (
  `id` int(10) unsigned NOT NULL auto_increment,
  `title` varchar(255) NOT NULL,
  `description` varchar(255) default NULL,
  `creationDate` datetime NOT NULL default '0000-00-00 00:00:00',
  `modificationDate` datetime default '0000-00-00 00:00:00',
  PRIMARY KEY  (`id`)
) ENGINE=InnoDB DEFAULT CHARSET=utf8;
/*!40101 SET character_set_client = @saved_cs_client */;

--
-- Dumping data for table `groups_attributes`
--

LOCK TABLES `groups_attributes` WRITE;
/*!40000 ALTER TABLE `groups_attributes` DISABLE KEYS */;
/*!40000 ALTER TABLE `groups_attributes` ENABLE KEYS */;
UNLOCK TABLES;

--
-- Table structure for table `grupo`
--

DROP TABLE IF EXISTS `grupo`;
/*!40101 SET @saved_cs_client     = @@character_set_client */;
/*!40101 SET character_set_client = utf8 */;
CREATE TABLE `grupo` (
  `id` int(10) unsigned NOT NULL auto_increment,
  `idParent` int(10) unsigned NOT NULL,
  `name` varchar(255) NOT NULL,
  `descripcion` text NOT NULL,
  `title` text,
  `foot` text,
  `width` double default NULL,
  `align` tinyint(3) unsigned default NULL,
  `group_bg` varchar(6) default NULL,
  `title_bg` varchar(6) default NULL,
  `body_bg` varchar(6) default NULL,
  `bottom_bg` varchar(6) default NULL,
  `body_height` double default NULL,
  `scroll` tinyint(3) unsigned default NULL,
  `top_line_width` tinyint(3) unsigned default NULL,
  `bottom_line_width` tinyint(3) unsigned default NULL,
  `left_line_width` tinyint(3) unsigned default NULL,
  `right_line_width` tinyint(3) unsigned default NULL,
  `top_line_style` tinyint(3) unsigned default NULL,
  `bottom_line_style` tinyint(3) unsigned default NULL,
  `left_line_style` tinyint(3) unsigned default NULL,
  `right_line_style` tinyint(3) unsigned default NULL,
  `top_line_color` varchar(6) default NULL,
  `bottom_line_color` varchar(6) default NULL,
  `left_line_color` varchar(6) default NULL,
  `right_line_color` varchar(6) default NULL,
  `fechaAlta` date NOT NULL,
  `fechaModificacion` datetime default NULL,
  `fechaPublicacion` datetime default NULL,
  `margin_top` tinyint(3) unsigned default NULL,
  `margin_bottom` tinyint(3) unsigned default NULL,
  `margin_left` tinyint(3) unsigned default NULL,
  `margin_right` tinyint(3) unsigned default NULL,
  `margin_top_body` tinyint(3) unsigned default NULL,
  `margin_bottom_body` tinyint(3) unsigned default NULL,
  `margin_left_body` tinyint(3) unsigned default NULL,
  `margin_right_body` tinyint(3) unsigned default NULL,
  `margin_top_body_extern` tinyint(3) unsigned default NULL,
  `margin_bottom_body_extern` tinyint(3) unsigned default NULL,
  `margin_left_body_extern` tinyint(3) unsigned default NULL,
  `margin_right_body_extern` tinyint(3) unsigned default NULL,
  `position` int(10) unsigned NOT NULL,
  `title_img_left` varchar(255) default NULL,
  `title_img_center` varchar(255) default NULL,
  `title_img_right` varchar(255) default NULL,
  `foot_img_left` varchar(255) default NULL,
  `foot_img_center` varchar(255) default NULL,
  `foot_img_right` varchar(255) default NULL,
  PRIMARY KEY  (`id`)
) ENGINE=InnoDB AUTO_INCREMENT=117 DEFAULT CHARSET=utf8;
/*!40101 SET character_set_client = @saved_cs_client */;

--
-- Dumping data for table `grupo`
--

LOCK TABLES `grupo` WRITE;
/*!40000 ALTER TABLE `grupo` DISABLE KEYS */;
INSERT INTO `grupo` VALUES (1,0,'Viewer','Noticia desarrollada','<div class=\"title_grup\">Avviso extes</div>','',100,1,'ffffff','','ffffff','',-1,0,0,0,1,1,1,1,1,1,'','','D0D0D0','D0D0D0','2007-11-12','2007-12-04 15:33:29','2007-12-11 11:00:32',0,0,0,0,5,5,5,5,0,0,0,0,1,'top_left_group.gif','top_center_group.gif','top_right_group.gif','bottom_left_group.gif','bottom_center_group.gif','bottom_right_group.gif'),(2,0,'Colaboradores','Colaboradores','<div class=\"group_std\">Collaboratori</div>','',100,1,'','','','',-1,0,0,1,1,1,1,1,1,1,'','dcdcdc','dcdcdc','dcdcdc','2009-11-20','2012-11-29 16:31:25','2015-04-13 10:45:50',10,10,0,0,0,0,0,0,0,0,0,0,2,'bg_head_grup_top_left.jpg','bg_head_grup_top_center.jpg','bg_head_grup_top_right.jpg','','',''),(3,0,'Menú Vertical el instituto','Menú Vertical el instituto','','',100,0,'','','','',-1,0,0,0,0,0,0,0,0,0,'','','','','2009-11-23','2009-11-23 10:16:38','2009-11-23 11:12:07',0,0,0,0,0,0,0,0,0,0,0,0,3,'','','','','',''),(4,0,'Menú Vertical ¿Qué hacemos?','Menú Vertical ¿Qué hacemos?','','',100,0,'','','','',-1,0,0,0,0,0,0,0,0,0,'','','','','2009-11-23','2009-11-23 10:40:57','2009-11-23 11:12:09',0,0,0,0,0,0,0,0,0,0,0,0,4,'','','','','',''),(5,0,'Menú Vertical parejas','Menú Vertical parejas','','',100,0,'','','','',-1,0,0,0,0,0,0,0,0,0,'','','','','2009-11-23','2009-11-23 10:52:10','2009-11-23 11:12:10',0,0,0,0,0,0,0,0,0,0,0,0,5,'','','','','',''),(6,0,'Menú Vertical madres solteras','Menú Vertical madres solteras','','',100,0,'','','','',-1,0,0,0,0,0,0,0,0,0,'','','','','2009-11-23','2009-11-23 10:58:42','2009-11-23 11:12:10',0,0,0,0,0,0,0,0,0,0,0,0,6,'','','','','',''),(7,0,'Menú Vertical doantes','Menú Vertical doantes','','',100,0,'','','','',-1,0,0,0,0,0,0,0,0,0,'','','','','2009-11-23','2009-11-23 11:10:30','2009-11-23 11:12:00',0,0,0,0,0,0,0,0,0,0,0,0,7,'','','','','',''),(8,0,'Home: columna central','Home: columna central','','',17.2,1,'','','','',-1,0,0,0,0,0,1,1,1,1,'','','','','2009-11-23','2010-01-11 10:03:45','2015-01-13 12:55:47',0,10,0,0,0,0,0,0,0,0,0,0,8,'','','','','',''),(9,0,'Home: columna izquierda','Home: columna izquierda','','',57.6,1,'','','','',-1,0,0,0,0,0,1,1,1,1,'','','','','2009-11-23','2010-04-09 10:43:48','2015-01-13 12:55:46',0,10,0,10,0,0,0,0,0,0,0,0,9,'','','','','',''),(10,9,'Más información (contactar)','Más información (contactar)','<div class=\"group_std\">Maggiori informazioni</div>','',100,1,'','','','',-1,0,0,1,1,1,1,1,1,1,'','dcdcdc','dcdcdc','dcdcdc','2009-11-23','2009-12-11 13:44:11','0000-00-00 00:00:00',0,10,0,0,0,0,0,0,0,0,0,0,1,'bg_head_grup_top_left.jpg','bg_head_grup_top_center.jpg','bg_head_grup_top_right_worl.jpg','','',''),(11,9,'Grupo de 2','Grupo de 2','','',65.7,1,'','','','',-1,0,0,0,0,0,1,1,1,1,'','','','','2009-11-23','2009-11-23 19:09:54','0000-00-00 00:00:00',0,0,0,0,0,0,0,0,0,0,0,0,2,'','','','','',''),(12,9,'Grupo derecha (Inseminación)','Grupo derecha (Inseminación)','<div class=\"group_std\">Ovodonazione</div>','',32.5,2,'','','','',-1,0,0,1,1,1,1,1,1,1,'','dcdcdc','dcdcdc','dcdcdc','2009-11-23','2010-04-09 10:43:48','0000-00-00 00:00:00',0,0,0,0,0,0,0,0,0,0,0,0,3,'bg_head_grup_top_left.jpg','bg_head_grup_top_center.jpg','bg_head_grup_top_right.jpg','','',''),(13,11,'Grupo izquierda (Donante femenino)','Grupo izquierda (Donante femenino)','<div class=\"group_std\">Sperma della banca</div>','',48.9,1,'','','','',-1,0,0,1,1,1,1,1,1,1,'','dcdcdc','dcdcdc','dcdcdc','2009-11-23','2010-04-09 10:43:15','0000-00-00 00:00:00',0,0,0,0,0,0,0,0,0,0,0,0,1,'bg_head_grup_top_left.jpg','bg_head_grup_top_center.jpg','bg_head_grup_top_right.jpg','','',''),(14,11,'Grupo derecha (Donante masculino)','Grupo derecha (Donante masculino)','<div class=\"group_std\">DPI</div>','',48.9,2,'','','','',-1,0,0,1,1,1,1,1,1,1,'','dcdcdc','dcdcdc','dcdcdc','2009-11-23','2010-04-09 10:43:35','0000-00-00 00:00:00',0,0,0,0,0,0,0,0,0,0,0,0,2,'bg_head_grup_top_left.jpg','bg_head_grup_top_center.jpg','bg_head_grup_top_right.jpg','','',''),(15,8,'Área Pacientes','Área Pacientes','<div class=\"group_std\">Area pazienti</div>','',100,1,'','','','',-1,0,0,1,1,1,1,1,1,1,'','dcdcdc','dcdcdc','dcdcdc','2009-11-23','2009-11-23 19:12:30','0000-00-00 00:00:00',0,10,0,0,0,0,0,0,0,0,0,0,1,'bg_head_grup_top_left.jpg','bg_head_grup_top_center.jpg','bg_head_grup_top_right.jpg','','',''),(16,8,'Área Profesionales','Área Profesionales','<div class=\"group_std\">Area professionisti</div>','',100,1,'','','','',-1,0,0,1,1,1,1,1,1,1,'','dcdcdc','dcdcdc','dcdcdc','2009-11-23','2009-11-23 19:12:02','0000-00-00 00:00:00',0,0,0,0,0,0,0,0,0,0,0,0,2,'bg_head_grup_top_left.jpg','bg_head_grup_top_center.jpg','bg_head_grup_top_right.jpg','','',''),(17,0,'Contactar','Contactar','<div class=\"group_std\">Contatto Cefer</div>','',79,1,'','','','',-1,0,0,1,1,1,1,1,1,1,'','dcdcdc','dcdcdc','dcdcdc','2009-11-23','2010-02-22 11:22:45','2015-01-13 12:56:07',0,10,0,0,0,0,0,0,0,0,0,0,10,'bg_head_grup_top_left.jpg','bg_head_grup_top_center.jpg','bg_head_grup_top_right.jpg','','',''),(18,17,'Contactar Fila 1','Contactar Fila 1','','',100,1,'','','','',-1,0,0,0,0,0,1,1,1,1,'','','','','2009-11-23','2009-11-27 18:13:23','0000-00-00 00:00:00',20,0,0,0,0,10,0,0,0,0,0,0,1,'','','','','',''),(19,18,'Item Izquierdo','Item Izquierdo','','',49.5,1,'','','','',-1,0,0,0,0,0,1,1,1,1,'','','','','2009-11-23','2009-11-27 18:14:53','0000-00-00 00:00:00',0,0,0,0,0,0,10,0,0,0,0,0,1,'','','','','',''),(20,18,'Item Derecho','Item Derecho','','',49.5,2,'','','','',-1,0,0,0,0,0,1,1,1,1,'','','','','2009-11-23','2009-11-23 19:56:22','0000-00-00 00:00:00',0,0,0,0,0,0,0,0,0,0,0,0,2,'','','','','',''),(21,17,'Contactar Fila 2','Contactar Fila 2','','',100,1,'','','','',-1,0,0,0,0,0,1,1,1,1,'','','','','2009-11-23','2009-11-23 21:20:57','0000-00-00 00:00:00',20,20,0,0,0,0,0,0,0,0,0,0,2,'','','','','',''),(22,21,'Item Izquierdo','Item Izquierdo','','',49.5,1,'','','','',-1,0,0,0,0,0,1,1,1,1,'','','','','2009-11-23','2009-11-23 21:22:26','0000-00-00 00:00:00',0,0,0,0,0,0,10,0,0,0,0,0,1,'','','','','',''),(23,21,'Item Derecho','Item Derecho','','',49.5,2,'','','','',-1,0,0,0,0,0,1,1,1,1,'','','','','2009-11-23','2009-11-23 19:56:28','0000-00-00 00:00:00',0,0,0,0,0,0,0,0,0,0,0,0,2,'','','','','',''),(25,0,'Bienvenida','Bienvenida','<div class=\"group_std\">Benvenuto</div>','',100,1,'','','','',-1,0,1,1,1,1,1,1,1,1,'DCDCDC','dcdcdc','dcdcdc','dcdcdc','2009-11-24','2013-05-16 08:24:05','2015-01-13 12:55:47',0,10,0,0,10,10,10,10,0,0,0,0,12,'bg_head_grup_top_left.jpg','bg_head_grup_top_center.jpg','bg_head_grup_top_right.jpg','','',''),(26,0,'10 Razones para venir a Cefer','Bienvenida','<div class=\"group_std\">10 motivi per venire a Cefer</div>','',100,1,'','','','',-1,0,1,1,1,1,1,1,1,1,'DCDCDC','dcdcdc','dcdcdc','dcdcdc','2009-11-24','2009-11-26 14:26:09','2015-01-13 12:55:53',0,10,0,0,10,10,10,10,0,0,0,0,13,'bg_head_grup_top_left.jpg','bg_head_grup_top_center.jpg','bg_head_grup_top_right.jpg','','',''),(27,0,'Historia y experiencia','Historia y experiencia','<div class=\"group_std\">Storia e esperienza</div>','',100,1,'','','','',-1,0,1,1,1,1,1,1,1,1,'DCDCDC','dcdcdc','dcdcdc','dcdcdc','2009-11-24','2009-11-26 14:21:03','2015-01-13 12:55:59',0,10,0,0,10,10,10,10,0,0,0,0,14,'bg_head_grup_top_left.jpg','bg_head_grup_top_center.jpg','bg_head_grup_top_right.jpg','','',''),(28,0,'Equipo de Barcelona ','Equipo de Barcelona ','<div class=\"group_std\">Cefer squadra di Barcellona</div>','',100,1,'','','','',-1,0,1,1,1,1,1,1,1,1,'DCDCDC','dcdcdc','dcdcdc','dcdcdc','2009-11-24','2010-12-09 11:22:17','2015-01-20 07:55:07',0,10,0,0,10,10,10,10,0,0,0,0,15,'bg_head_grup_top_left.jpg','bg_head_grup_top_center.jpg','bg_head_grup_top_right.jpg','','',''),(29,0,'Equipo de Valencia','Equipo de Valencia','<div class=\"group_std\">Cefer squadra di Valenza</div>','',100,1,'','','','',-1,0,1,1,1,1,1,1,1,1,'DCDCDC','dcdcdc','dcdcdc','dcdcdc','2009-11-24','2015-04-13 10:45:42','2015-04-13 10:45:50',0,10,0,0,10,10,10,10,0,0,0,0,16,'bg_head_grup_top_left.jpg','bg_head_grup_top_center.jpg','bg_head_grup_top_right.jpg','','',''),(30,0,'Equipo de Lleida','Equipo de Lleida','<div class=\"group_std\">Cefer squadra di Lleida</div>','',100,1,'','','','',-1,0,1,1,1,1,1,1,1,1,'DCDCDC','dcdcdc','dcdcdc','dcdcdc','2009-11-24','2009-11-26 16:59:23','2015-01-13 12:55:59',0,10,0,0,10,10,10,10,0,0,0,0,17,'bg_head_grup_top_left.jpg','bg_head_grup_top_center.jpg','bg_head_grup_top_right.jpg','','',''),(31,0,'Instalaciones en Barcelona','Instalaciones en Barcelona','<div class=\"group_std\">Cefer strutture a Barcellona</div>','',100,1,'','','','',-1,0,1,1,1,1,1,1,1,1,'DCDCDC','dcdcdc','dcdcdc','dcdcdc','2009-11-24','2009-11-26 17:18:13','2015-01-13 12:55:49',0,10,0,0,10,10,10,10,0,0,0,0,18,'bg_head_grup_top_left.jpg','bg_head_grup_top_center.jpg','bg_head_grup_top_right.jpg','','',''),(32,0,'Instalaciones en Valencia','Instalaciones en Valencia','<div class=\"group_std\">Cefer strutture a Valenza</div>','',100,1,'','','','',-1,0,1,1,1,1,1,1,1,1,'DCDCDC','dcdcdc','dcdcdc','dcdcdc','2009-11-24','2009-11-26 17:22:18','2015-01-13 12:55:54',0,10,0,0,10,10,10,10,0,0,0,0,19,'bg_head_grup_top_left.jpg','bg_head_grup_top_center.jpg','bg_head_grup_top_right.jpg','','',''),(33,0,'Instalaciones en Lleida','Instalaciones en Lleida','<div class=\"group_std\">Cefer strutture a Lleida</div>','',100,1,'','','','',-1,0,1,1,1,1,1,1,1,1,'DCDCDC','dcdcdc','dcdcdc','dcdcdc','2009-11-24','2009-11-26 17:26:26','2015-01-13 12:55:59',0,10,0,0,10,10,10,10,0,0,0,0,20,'bg_head_grup_top_left.jpg','bg_head_grup_top_center.jpg','bg_head_grup_top_right.jpg','','',''),(34,0,'Compromiso de calidad','Compromiso de calidad','<div class=\"group_std\">Impegno per la qualità</div>','',100,1,'','','','',-1,0,1,1,1,1,1,1,1,1,'DCDCDC','dcdcdc','dcdcdc','dcdcdc','2009-11-24','2009-11-26 17:29:59','2015-01-13 12:56:05',0,10,0,0,10,10,10,10,0,0,0,0,21,'bg_head_grup_top_left.jpg','bg_head_grup_top_center.jpg','bg_head_grup_top_right.jpg','','',''),(35,0,'Realizar una consulta online ','Realizar una consulta online ','<div class=\"group_std\">Consultazione e Preventivo on-line</div>','&#160;',100,1,'','','','',-1,0,1,1,1,1,1,1,1,1,'DCDCDC','dcdcdc','dcdcdc','dcdcdc','2009-11-24','2013-03-22 07:34:01','2015-01-13 12:55:52',0,10,0,0,10,10,10,10,0,0,0,0,22,'bg_head_grup_top_left.jpg','bg_head_grup_top_center.jpg','bg_head_grup_top_right.jpg','','',''),(36,0,'Solicitar cita','Solicitar cita','<div class=\"group_std\">Chiedere un appuntamento</div>','',100,1,'','','','',-1,0,1,1,1,1,1,1,1,1,'DCDCDC','dcdcdc','dcdcdc','dcdcdc','2009-11-24','2010-02-22 10:46:43','2015-01-13 12:55:57',0,10,0,0,10,10,10,10,0,0,0,0,23,'bg_head_grup_top_left.jpg','bg_head_grup_top_center.jpg','bg_head_grup_top_right.jpg','','',''),(37,0,'Mi primera visita ¿Qué debo hacer? ','Mi primera visita ¿Qué debo hacer? ','<div class=\"group_std\">La mia prima visita, che cosa devo fare?</div>','',100,1,'','','','',-1,0,1,1,1,1,1,1,1,1,'DCDCDC','dcdcdc','dcdcdc','dcdcdc','2009-11-24','2009-11-30 13:00:55','2015-01-13 12:56:01',0,10,0,0,10,10,10,10,0,0,0,0,24,'bg_head_grup_top_left.jpg','bg_head_grup_top_center.jpg','bg_head_grup_top_right.jpg','','',''),(38,0,'Cefer en Google® Maps','Cefer en Google® Maps','<div class=\"group_std\">Cefer su Google® Maps</div>','',100,1,'','','','',-1,0,1,1,1,1,1,1,1,1,'DCDCDC','dcdcdc','dcdcdc','dcdcdc','2009-11-24','2009-11-30 13:09:47','2015-01-13 12:56:03',0,10,0,0,10,10,10,10,0,0,0,0,25,'bg_head_grup_top_left.jpg','bg_head_grup_top_center.jpg','bg_head_grup_top_right.jpg','','',''),(39,0,'Preguntas frecuentes','Preguntas frecuentes','<div class=\"group_std\">FAQ</div>','',100,1,'','','','',-1,0,1,1,1,1,1,1,1,1,'DCDCDC','dcdcdc','dcdcdc','dcdcdc','2009-11-24','2009-11-27 17:12:51','2015-01-13 12:56:08',0,10,0,0,10,10,10,10,0,0,0,0,26,'bg_head_grup_top_left.jpg','bg_head_grup_top_center.jpg','bg_head_grup_top_right.jpg','','',''),(40,0,'Investigación','Investigación','<div class=\"group_std\">Ricerca</div>','',100,1,'','','','',-1,0,1,1,1,1,1,1,1,1,'DCDCDC','dcdcdc','dcdcdc','dcdcdc','2009-11-24','2010-03-23 09:56:06','2015-01-13 12:56:10',0,10,0,0,10,10,10,10,0,0,0,0,27,'bg_head_grup_top_left.jpg','bg_head_grup_top_center.jpg','bg_head_grup_top_right.jpg','','',''),(41,0,'Alojamiento en Barcelona','Alojamiento en Barcelona','<div class=\"group_std\">Alloggi a Barcellona</div>','',100,1,'','','','',-1,0,1,1,1,1,1,1,1,1,'DCDCDC','dcdcdc','dcdcdc','dcdcdc','2009-11-24','2010-03-23 12:05:52','2015-01-13 12:55:53',0,10,0,0,10,10,10,10,0,0,0,0,28,'bg_head_grup_top_left.jpg','bg_head_grup_top_center.jpg','bg_head_grup_top_right.jpg','','',''),(42,0,'Turismo en Valencia','Turismo en Valencia','<div class=\"group_std\">Turismo a Valenza</div>','',100,1,'','','','',-1,0,1,1,1,1,1,1,1,1,'DCDCDC','dcdcdc','dcdcdc','dcdcdc','2009-11-24','2009-11-24 16:08:33','2015-01-13 12:55:54',0,10,0,0,10,10,10,10,0,0,0,0,29,'bg_head_grup_top_left.jpg','bg_head_grup_top_center.jpg','bg_head_grup_top_right.jpg','','',''),(43,0,'Turismo en Lleida','Turismo en Lleida','<div class=\"group_std\">Turismo a Lleida</div>','',100,1,'','','','',-1,0,1,1,1,1,1,1,1,1,'DCDCDC','dcdcdc','dcdcdc','dcdcdc','2009-11-24','2010-03-23 12:47:43','2015-01-13 12:56:00',0,10,0,0,10,10,10,10,0,0,0,0,30,'bg_head_grup_top_left.jpg','bg_head_grup_top_center.jpg','bg_head_grup_top_right.jpg','','',''),(44,0,'QS Esterilidad femenina ','QS Esterilidad femenina ','<div class=\"group_std\">Sterilità femminile</div>','',100,1,'','','','',-1,0,1,1,1,1,1,1,1,1,'DCDCDC','dcdcdc','dcdcdc','dcdcdc','2009-11-24','2009-11-26 18:56:33','2015-01-13 12:55:50',0,10,0,0,10,10,10,10,0,0,0,0,31,'bg_head_grup_top_left.jpg','bg_head_grup_top_center.jpg','bg_head_grup_top_right.jpg','','',''),(45,0,'QS Esterilidad masculina ','QS Esterilidad masculina','<div class=\"group_std\">Sterilità maschile</div>','',100,1,'','','','',-1,0,1,1,1,1,1,1,1,1,'DCDCDC','dcdcdc','dcdcdc','dcdcdc','2009-11-24','2009-11-26 19:10:45','2015-01-13 12:55:55',0,10,0,0,10,10,10,10,0,0,0,0,32,'bg_head_grup_top_left.jpg','bg_head_grup_top_center.jpg','bg_head_grup_top_right.jpg','','',''),(46,0,'QS Donante anónimo','QS Donante anónimo','<div class=\"group_std\">Sperma dei donatori anonime</div>','',100,1,'','','','',-1,0,1,1,1,1,1,1,1,1,'DCDCDC','dcdcdc','dcdcdc','dcdcdc','2009-11-24','2009-11-26 19:15:24','2015-01-13 12:55:50',0,10,0,0,10,10,10,10,0,0,0,0,33,'bg_head_grup_top_left.jpg','bg_head_grup_top_center.jpg','bg_head_grup_top_right.jpg','','',''),(47,0,'QS Congelación de semen','QS Congelación de semen','<div class=\"group_std\">Il congelamento dello sperma</div>','',100,1,'','','','',-1,0,1,1,1,1,1,1,1,1,'DCDCDC','dcdcdc','dcdcdc','dcdcdc','2009-11-24','2009-11-26 19:19:35','2015-01-13 12:55:55',0,10,0,0,10,10,10,10,0,0,0,0,34,'bg_head_grup_top_left.jpg','bg_head_grup_top_center.jpg','bg_head_grup_top_right.jpg','','',''),(48,0,'QS Inseminación artificial','QS Inseminación artificial','<div class=\"group_std\">Inseminazione artificiale</div>','',100,1,'','','','',-1,0,1,1,1,1,1,1,1,1,'DCDCDC','dcdcdc','dcdcdc','dcdcdc','2009-11-24','2009-11-26 19:23:18','2015-01-13 12:56:00',0,10,0,0,10,10,10,10,0,0,0,0,35,'bg_head_grup_top_left.jpg','bg_head_grup_top_center.jpg','bg_head_grup_top_right.jpg','','',''),(49,0,'QS Fecundación in vitro','QS Fecundación in vitro','<div class=\"group_std\">Fecondazione Asisstita Spagna</div>','',100,1,'','','','',-1,0,1,1,1,1,1,1,1,1,'DCDCDC','dcdcdc','dcdcdc','dcdcdc','2009-11-24','2014-04-25 08:24:28','2015-01-13 12:56:02',0,10,0,0,10,10,10,10,0,0,0,0,36,'bg_head_grup_top_left.jpg','bg_head_grup_top_center.jpg','bg_head_grup_top_right.jpg','','',''),(50,0,'QS Recepción óvulos donados','QS Recepción óvulos donados ','<div class=\"group_std\">Ricevere uova donate</div>','',100,1,'','','','',-1,0,1,1,1,1,1,1,1,1,'DCDCDC','dcdcdc','dcdcdc','dcdcdc','2009-11-24','2009-11-26 20:40:46','2015-01-13 12:56:05',0,10,0,0,10,10,10,10,0,0,0,0,37,'bg_head_grup_top_left.jpg','bg_head_grup_top_center.jpg','bg_head_grup_top_right.jpg','','',''),(51,0,'QS Congelación de óvulos ','QS Congelación de óvulos ','<div class=\"group_std\">Uovo di congelamento</div>','',100,1,'','','','',-1,0,1,1,1,1,1,1,1,1,'DCDCDC','dcdcdc','dcdcdc','dcdcdc','2009-11-24','2009-11-26 21:03:27','2015-01-13 12:56:06',0,10,0,0,10,10,10,10,0,0,0,0,38,'bg_head_grup_top_left.jpg','bg_head_grup_top_center.jpg','bg_head_grup_top_right.jpg','','',''),(52,0,'QS Banco de embriones ','QS Banco de embriones ','<div class=\"group_std\">Embrione Banca</div>','',100,1,'','','','',-1,0,1,1,1,1,1,1,1,1,'DCDCDC','dcdcdc','dcdcdc','dcdcdc','2009-11-24','2009-11-26 21:05:30','2015-01-13 12:56:07',0,10,0,0,10,10,10,10,0,0,0,0,39,'bg_head_grup_top_left.jpg','bg_head_grup_top_center.jpg','bg_head_grup_top_right.jpg','','',''),(53,0,'QS DGP ','QS DGP ','<div class=\"group_std\">DGP</div>','',100,1,'','','','',-1,0,1,1,1,1,1,1,1,1,'DCDCDC','dcdcdc','dcdcdc','dcdcdc','2009-11-24','2009-11-26 21:00:23','2015-01-13 12:56:09',0,10,0,0,10,10,10,10,0,0,0,0,40,'bg_head_grup_top_left.jpg','bg_head_grup_top_center.jpg','bg_head_grup_top_right.jpg','','',''),(54,0,'QS Lavado de semen ','QS Lavado de semen ','<div class=\"group_std\">Lavaggio dello sperma</div>','',100,1,'','','','',-1,0,1,1,1,1,1,1,1,1,'DCDCDC','dcdcdc','dcdcdc','dcdcdc','2009-11-24','2009-11-27 10:45:50','2015-01-13 12:56:12',0,10,0,0,10,10,10,10,0,0,0,0,41,'bg_head_grup_top_left.jpg','bg_head_grup_top_center.jpg','bg_head_grup_top_right.jpg','','',''),(55,0,'QS Apoyo sicológico ','QS Apoyo sicológico ','<div class=\"group_std\">Sostegno psicologico</div>','',100,1,'','','','',-1,0,1,1,1,1,1,1,1,1,'DCDCDC','dcdcdc','dcdcdc','dcdcdc','2009-11-24','2009-11-27 10:48:39','2015-01-13 12:56:12',0,10,0,0,10,10,10,10,0,0,0,0,42,'bg_head_grup_top_left.jpg','bg_head_grup_top_center.jpg','bg_head_grup_top_right.jpg','','',''),(56,0,'QS preguntas frecuentes ','QS preguntas frecuentes ','<div class=\"group_std\">FAQ</div>','',100,1,'','','','',-1,0,1,1,1,1,1,1,1,1,'DCDCDC','dcdcdc','dcdcdc','dcdcdc','2009-11-24','2009-11-27 17:13:46','2015-01-13 12:56:14',0,10,0,0,10,10,10,10,0,0,0,0,43,'bg_head_grup_top_left.jpg','bg_head_grup_top_center.jpg','bg_head_grup_top_right.jpg','','',''),(58,0,'P Esterilidad femenina','P Esterilidad femenina ','<div class=\"group_std\">Sterilità femminile</div>','',100,1,'','','','',-1,0,1,1,1,1,1,1,1,1,'DCDCDC','dcdcdc','dcdcdc','dcdcdc','2009-11-24','2009-11-27 11:54:25','2015-01-13 12:55:51',0,10,0,0,10,10,10,10,0,0,0,0,45,'bg_head_grup_top_left.jpg','bg_head_grup_top_center.jpg','bg_head_grup_top_right.jpg','','',''),(59,0,'P Esterilidad masculina ','P Esterilidad masculina ','<div class=\"group_std\">Sterilità maschile</div>','',100,1,'','','','',-1,0,1,1,1,1,1,1,1,1,'DCDCDC','dcdcdc','dcdcdc','dcdcdc','2009-11-24','2009-11-27 11:54:34','2015-01-13 12:55:55',0,10,0,0,10,10,10,10,0,0,0,0,46,'bg_head_grup_top_left.jpg','bg_head_grup_top_center.jpg','bg_head_grup_top_right.jpg','','',''),(60,0,'P Abortos de repetición ','P Abortos de repetición ','<div class=\"group_std\">Ripetere Aborti</div>','',100,1,'','','','',-1,0,1,1,1,1,1,1,1,1,'DCDCDC','dcdcdc','dcdcdc','dcdcdc','2009-11-24','2009-11-27 11:59:30','2015-01-13 12:55:56',0,10,0,0,10,10,10,10,0,0,0,0,47,'bg_head_grup_top_left.jpg','bg_head_grup_top_center.jpg','bg_head_grup_top_right.jpg','','',''),(61,0,'P Azoospermia tras Vasectomia ','P Azoospermia tras Vasectomia ','<div class=\"group_std\">Azoospermia dopo vasectomia</div>','',100,1,'','','','',-1,0,1,1,1,1,1,1,1,1,'DCDCDC','dcdcdc','dcdcdc','dcdcdc','2009-11-24','2009-11-27 12:02:37','2015-01-13 12:56:00',0,10,0,0,10,10,10,10,0,0,0,0,48,'bg_head_grup_top_left.jpg','bg_head_grup_top_center.jpg','bg_head_grup_top_right.jpg','','',''),(62,0,'P Donante anónimo ','P Donante anónimo ','<div class=\"group_std\">Anonimo donatore</div>','',100,1,'','','','',-1,0,1,1,1,1,1,1,1,1,'DCDCDC','dcdcdc','dcdcdc','dcdcdc','2009-11-24','2009-11-27 12:03:29','2015-01-13 12:55:51',0,10,0,0,10,10,10,10,0,0,0,0,49,'bg_head_grup_top_left.jpg','bg_head_grup_top_center.jpg','bg_head_grup_top_right.jpg','','',''),(63,0,'P Congelación de semen ','P Congelación de semen ','<div class=\"group_std\">Il congelamento dello sperma</div>','',100,1,'','','','',-1,0,1,1,1,1,1,1,1,1,'DCDCDC','dcdcdc','dcdcdc','dcdcdc','2009-11-24','2009-11-27 12:03:53','2015-01-13 12:55:56',0,10,0,0,10,10,10,10,0,0,0,0,50,'bg_head_grup_top_left.jpg','bg_head_grup_top_center.jpg','bg_head_grup_top_right.jpg','','',''),(64,0,'P Menopausia, óvulos donados ','P Menopausia, óvulos donados ','<div class=\"group_std\">Menopausa, ha donato le uova</div>','',100,1,'','','','',-1,0,1,1,1,1,1,1,1,1,'DCDCDC','dcdcdc','dcdcdc','dcdcdc','2009-11-24','2009-11-27 12:06:45','2015-01-13 12:56:04',0,10,0,0,10,10,10,10,0,0,0,0,51,'bg_head_grup_top_left.jpg','bg_head_grup_top_center.jpg','bg_head_grup_top_right.jpg','','',''),(65,0,'P lavado de semen ','P lavado de semen ','<div class=\"group_std\">Lavaggio dello sperma</div>','',100,1,'','','','',-1,0,1,1,1,1,1,1,1,1,'DCDCDC','dcdcdc','dcdcdc','dcdcdc','2009-11-24','2009-11-27 12:21:36','2015-01-13 12:55:51',0,10,0,0,10,10,10,10,0,0,0,0,52,'bg_head_grup_top_left.jpg','bg_head_grup_top_center.jpg','bg_head_grup_top_right.jpg','','',''),(66,0,'P Mujer vih+ ','P Mujer vih+ ','<div class=\"group_std\">HIV+ donne</div>','',100,1,'','','','',-1,0,1,1,1,1,1,1,1,1,'DCDCDC','dcdcdc','dcdcdc','dcdcdc','2009-11-24','2009-11-27 12:24:29','2015-01-13 12:55:56',0,10,0,0,10,10,10,10,0,0,0,0,53,'bg_head_grup_top_left.jpg','bg_head_grup_top_center.jpg','bg_head_grup_top_right.jpg','','',''),(67,0,'P DGP','P DGP','<div class=\"group_std\">DGP</div>','',100,1,'','','','',-1,0,1,1,1,1,1,1,1,1,'DCDCDC','dcdcdc','dcdcdc','dcdcdc','2009-11-24','2009-11-27 12:26:45','2015-01-13 12:56:08',0,10,0,0,10,10,10,10,0,0,0,0,54,'bg_head_grup_top_left.jpg','bg_head_grup_top_center.jpg','bg_head_grup_top_right.jpg','','',''),(68,0,'P Fecundación in vitro ','P Fecundación in vitro ','<div class=\"group_std\">Fecondazione in vitro</div>','',100,1,'','','','',-1,0,1,1,1,1,1,1,1,1,'DCDCDC','dcdcdc','dcdcdc','dcdcdc','2009-11-24','2009-11-27 12:27:48','2015-01-13 12:56:09',0,10,0,0,10,10,10,10,0,0,0,0,55,'bg_head_grup_top_left.jpg','bg_head_grup_top_center.jpg','bg_head_grup_top_right.jpg','','',''),(69,0,'P Inseminación artificial ','p Inseminación artificial ','<div class=\"group_std\">Inseminazione artificiale</div>','',100,1,'','','','',-1,0,1,1,1,1,1,1,1,1,'DCDCDC','dcdcdc','dcdcdc','dcdcdc','2009-11-24','2009-11-27 12:28:22','2015-01-13 12:56:11',0,10,0,0,10,10,10,10,0,0,0,0,56,'bg_head_grup_top_left.jpg','bg_head_grup_top_center.jpg','bg_head_grup_top_right.jpg','','',''),(70,0,'P Parejas lesbianas ','P Parejas lesbianas ','<div class=\"group_std\">Coppie lesbiche</div>','',100,1,'','','','',-1,0,1,1,1,1,1,1,1,1,'DCDCDC','dcdcdc','dcdcdc','dcdcdc','2009-11-24','2009-11-27 12:30:16','2015-01-13 12:56:13',0,10,0,0,10,10,10,10,0,0,0,0,57,'bg_head_grup_top_left.jpg','bg_head_grup_top_center.jpg','bg_head_grup_top_right.jpg','','',''),(71,0,'P preguntas frecuentes ','P preguntas frecuentes ','<div class=\"group_std\">FAQ</div>','',100,1,'','','','',-1,0,1,1,1,1,1,1,1,1,'DCDCDC','dcdcdc','dcdcdc','dcdcdc','2009-11-24','2009-11-27 17:14:05','2015-01-13 12:56:14',0,10,0,0,10,10,10,10,0,0,0,0,58,'bg_head_grup_top_left.jpg','bg_head_grup_top_center.jpg','bg_head_grup_top_right.jpg','','',''),(73,0,'MS Solteras / Singles ','MS Solteras / Singles ','<div class=\"group_std\">Singles </div>','',100,1,'','','','',-1,0,1,1,1,1,1,1,1,1,'DCDCDC','dcdcdc','dcdcdc','dcdcdc','2009-11-24','2009-11-27 12:32:01','2015-01-13 12:55:52',0,10,0,0,10,10,10,10,0,0,0,0,60,'bg_head_grup_top_left.jpg','bg_head_grup_top_center.jpg','bg_head_grup_top_right.jpg','','',''),(74,0,'MS Semen de donante anónimo ','MS Semen de donante anónimo ','<div class=\"group_std\">Sperma donatore anonimo</div>','',100,1,'','','','',-1,0,1,1,1,1,1,1,1,1,'DCDCDC','dcdcdc','dcdcdc','dcdcdc','2009-11-24','2009-11-27 12:32:37','2015-01-13 12:55:57',0,10,0,0,10,10,10,10,0,0,0,0,61,'bg_head_grup_top_left.jpg','bg_head_grup_top_center.jpg','bg_head_grup_top_right.jpg','','',''),(75,0,'MS Inseminación artificial ','MS Inseminación artificial ','<div class=\"group_std\">Inseminazione artificiale</div>','',100,1,'','','','',-1,0,1,1,1,1,1,1,1,1,'DCDCDC','dcdcdc','dcdcdc','dcdcdc','2009-11-24','2009-11-27 12:33:11','2015-01-13 12:56:01',0,10,0,0,10,10,10,10,0,0,0,0,62,'bg_head_grup_top_left.jpg','bg_head_grup_top_center.jpg','bg_head_grup_top_right.jpg','','',''),(76,0,'MS Parejas lesbianas ','MS Parejas lesbianas ','<div class=\"group_std\">Coppie lesbiche</div>','',100,1,'','','','',-1,0,1,1,1,1,1,1,1,1,'DCDCDC','dcdcdc','dcdcdc','dcdcdc','2009-11-24','2009-11-27 12:33:29','2015-01-13 12:56:03',0,10,0,0,10,10,10,10,0,0,0,0,63,'bg_head_grup_top_left.jpg','bg_head_grup_top_center.jpg','bg_head_grup_top_right.jpg','','',''),(77,0,'MS Congelación de óvulos','MS Congelación de óvulos ','<div class=\"group_std\">Uovo di congelamento</div>','',100,1,'','','','',-1,0,1,1,1,1,1,1,1,1,'DCDCDC','dcdcdc','dcdcdc','dcdcdc','2009-11-24','2009-11-27 12:33:50','2015-01-13 12:56:05',0,10,0,0,10,10,10,10,0,0,0,0,64,'bg_head_grup_top_left.jpg','bg_head_grup_top_center.jpg','bg_head_grup_top_right.jpg','','',''),(79,0,'MS adopción de óvulos ','MS adopción de óvulos ','<div class=\"group_std\">Adozione di uova</div>','',100,1,'','','','',-1,0,1,1,1,1,1,1,1,1,'DCDCDC','dcdcdc','dcdcdc','dcdcdc','2009-11-24','2009-11-27 12:35:37','2015-01-13 12:56:06',0,10,0,0,10,10,10,10,0,0,0,0,65,'bg_head_grup_top_left.jpg','bg_head_grup_top_center.jpg','bg_head_grup_top_right.jpg','','',''),(81,0,'MS Abortos de repetición ','MS Abortos de repetición ','<div class=\"group_std\">Ripetere Aborti</div>','',100,1,'','','','',-1,0,1,1,1,1,1,1,1,1,'DCDCDC','dcdcdc','dcdcdc','dcdcdc','2009-11-24','2009-11-27 12:38:55','2015-01-13 12:56:09',0,10,0,0,10,10,10,10,0,0,0,0,67,'bg_head_grup_top_left.jpg','bg_head_grup_top_center.jpg','bg_head_grup_top_right.jpg','','',''),(82,0,'MS Menopausia ','MS Menopausia ','<div class=\"group_std\">Menopausa</div>','',100,1,'','','','',-1,0,1,1,1,1,1,1,1,1,'DCDCDC','dcdcdc','dcdcdc','dcdcdc','2009-11-24','2009-11-27 12:42:52','2015-01-13 12:56:11',0,10,0,0,10,10,10,10,0,0,0,0,68,'bg_head_grup_top_left.jpg','bg_head_grup_top_center.jpg','bg_head_grup_top_right.jpg','','',''),(83,0,'MS Esterilidad femenina ','MS Esterilidad femenina ','<div class=\"group_std\">Sterilità femminile</div>','',100,1,'','','','',-1,0,1,1,1,1,1,1,1,1,'DCDCDC','dcdcdc','dcdcdc','dcdcdc','2009-11-24','2009-11-27 12:43:45','2015-01-13 12:56:13',0,10,0,0,10,10,10,10,0,0,0,0,69,'bg_head_grup_top_left.jpg','bg_head_grup_top_center.jpg','bg_head_grup_top_right.jpg','','',''),(84,0,'MS Mujer seropositiva ','MS Mujer seropositiva ','<div class=\"group_std\">Donna sieropositiva</div>','',100,1,'','','','',-1,0,1,1,1,1,1,1,1,1,'DCDCDC','dcdcdc','dcdcdc','dcdcdc','2009-11-24','2009-11-27 12:44:09','2015-01-13 12:56:14',0,10,0,0,10,10,10,10,0,0,0,0,70,'bg_head_grup_top_left.jpg','bg_head_grup_top_center.jpg','bg_head_grup_top_right.jpg','','',''),(85,0,'MS Apoyo sicológico ','MS Apoyo sicológico ','<div class=\"group_std\">Sostegno psicologico</div>','',100,1,'','','','',-1,0,1,1,1,1,1,1,1,1,'DCDCDC','dcdcdc','dcdcdc','dcdcdc','2009-11-24','2009-11-27 12:44:33','2015-01-13 12:56:15',0,10,0,0,10,10,10,10,0,0,0,0,71,'bg_head_grup_top_left.jpg','bg_head_grup_top_center.jpg','bg_head_grup_top_right.jpg','','',''),(86,0,'MS Preguntas frecuentes ','MS Preguntas frecuentes ','<div class=\"group_std\">FAQ</div>','',100,1,'','','','',-1,0,1,1,1,1,1,1,1,1,'DCDCDC','dcdcdc','dcdcdc','dcdcdc','2009-11-24','2009-11-27 12:47:21','2015-01-13 12:56:15',0,10,0,0,10,10,10,10,0,0,0,0,72,'bg_head_grup_top_left.jpg','bg_head_grup_top_center.jpg','bg_head_grup_top_right.jpg','','',''),(88,0,'D Donantes de semen','D Donantes de semen','<div class=\"group_std\">Sperma dei donatori</div>','',100,1,'','','','',-1,0,1,1,1,1,1,1,1,1,'DCDCDC','dcdcdc','dcdcdc','dcdcdc','2009-11-24','2009-11-27 12:53:58','2015-01-13 12:55:52',0,10,0,0,10,10,10,10,0,0,0,0,74,'bg_head_grup_top_left.jpg','bg_head_grup_top_center.jpg','bg_head_grup_top_right.jpg','','',''),(89,0,'D Donación de óvulos ','D Donación de óvulos ','<div class=\"group_std\">Donazione di Ovociti</div>','',100,1,'','','','',-1,0,1,1,1,1,1,1,1,1,'DCDCDC','dcdcdc','dcdcdc','dcdcdc','2009-11-24','2009-11-27 17:06:25','2015-01-13 12:55:57',0,10,0,0,10,10,10,10,0,0,0,0,75,'bg_head_grup_top_left.jpg','bg_head_grup_top_center.jpg','bg_head_grup_top_right.jpg','','',''),(90,0,'Protección de datos ','Protección de datos ','<div class=\"group_std\">Protezione dei dati</div>','',100,1,'','','','',-1,0,1,1,1,1,1,1,1,1,'DCDCDC','dcdcdc','dcdcdc','dcdcdc','2009-11-24','2009-11-27 16:46:33','2015-01-13 12:56:07',0,10,0,0,10,10,10,10,0,0,0,0,76,'bg_head_grup_top_left.jpg','bg_head_grup_top_center.jpg','bg_head_grup_top_right.jpg','','',''),(91,0,'Teléfonos de interés','Teléfonos de interés','<div class=\"group_std\">Numeri utili a Barcellona</div>','',100,1,'','','','',-1,0,1,1,1,1,1,1,1,1,'DCDCDC','dcdcdc','dcdcdc','dcdcdc','2009-11-26','2009-11-30 13:54:40','2015-01-13 12:55:58',0,10,0,0,10,10,10,10,0,0,0,0,77,'bg_head_grup_top_left.jpg','bg_head_grup_top_center.jpg','bg_head_grup_top_right.jpg','','',''),(92,0,'Visitar la ciudad','Visitar la ciudad','<div class=\"group_std\">Visitare Barcellona</div>','',100,1,'','','','',-1,0,1,1,1,1,1,1,1,1,'DCDCDC','dcdcdc','dcdcdc','dcdcdc','2009-11-26','2009-11-30 14:28:03','2015-01-13 12:56:01',0,10,0,0,10,10,10,10,0,0,0,0,78,'bg_head_grup_top_left.jpg','bg_head_grup_top_center.jpg','bg_head_grup_top_right.jpg','','',''),(93,0,'Viewer','Viewer','<div class=\"group_std\">Avviso completo</div>','',100,1,'','','','',-1,0,1,1,1,1,1,1,1,1,'DCDCDC','dcdcdc','dcdcdc','dcdcdc','2009-11-30','2009-11-30 17:51:58','2014-03-06 12:36:46',0,10,0,0,10,10,10,10,0,0,0,0,79,'bg_head_grup_top_left.jpg','bg_head_grup_top_center.jpg','bg_head_grup_top_right.jpg','','',''),(94,0,'Enviar Noticia','Enviar Noticia','<div class=\"group_std\">Inviare un avviso</div>','',100,1,'','','','',-1,0,1,1,1,1,1,1,1,1,'DCDCDC','dcdcdc','dcdcdc','dcdcdc','2009-11-30','2009-11-30 15:43:16','2014-03-06 12:36:47',0,10,0,0,10,10,10,10,0,0,0,0,80,'bg_head_grup_top_left.jpg','bg_head_grup_top_center.jpg','bg_head_grup_top_right.jpg','','',''),(95,0,'Login','Login','<div class=\"group_std\">Login</div>','',100,1,'','','','',-1,0,1,1,1,1,1,1,1,1,'DCDCDC','dcdcdc','dcdcdc','dcdcdc','2009-11-30','2009-11-30 13:17:29','2014-03-06 12:36:48',0,10,0,0,10,10,10,10,0,0,0,0,81,'bg_head_grup_top_left.jpg','bg_head_grup_top_center.jpg','bg_head_grup_top_right.jpg','','',''),(96,0,'News','News','<div class=\"group_std\">Notizie</div>','&#160;',100,1,'','','','',-1,0,1,1,1,1,1,1,1,1,'DCDCDC','dcdcdc','dcdcdc','dcdcdc','2009-12-30','2013-02-26 12:46:50','2015-01-13 12:55:58',0,10,0,0,10,10,10,10,0,0,0,0,82,'bg_head_grup_top_left.jpg','bg_head_grup_top_center.jpg','bg_head_grup_top_right.jpg','','',''),(97,0,'Home: columna derecha','Home: columna derecha','','',23,2,'','','','',-1,0,0,0,0,0,1,1,1,1,'','','','','2010-01-11','2013-11-05 06:27:54','2015-01-13 12:55:47',0,0,0,0,0,0,0,0,0,0,0,0,83,'','','','','',''),(98,97,'¿Dónde estamos? ','¿Dónde estamos? ','<div class=\"group_std\">Dove siamo&#63;</div>','',100,1,'','','','',-1,0,0,1,1,1,1,1,1,1,'','dcdcdc','dcdcdc','dcdcdc','2010-01-11','2010-01-11 10:13:30','0000-00-00 00:00:00',0,10,0,0,0,0,0,0,0,0,0,0,1,'bg_head_grup_top_left.jpg','bg_head_grup_top_center.jpg','bg_head_grup_top_right.jpg','','',''),(99,97,'Noticias','Noticias','<div class=\"group_std\">Notizie</div>','&#160;',100,1,'fdf5f5','','','',180,0,0,1,1,1,1,1,1,1,'','dcdcdc','dcdcdc','dcdcdc','2010-01-11','2013-11-05 06:27:54','0000-00-00 00:00:00',0,0,0,0,5,5,5,5,0,0,0,0,2,'bg_head_grup_top_left.jpg','bg_head_grup_top_center.jpg','bg_head_grup_top_right.jpg','','',''),(100,0,'Columna derecha','Columna derecha','','',100,1,'','','','',-1,0,0,0,0,0,1,1,1,1,'','','','','2010-01-11','2010-02-16 17:02:17','2015-04-13 10:45:50',0,0,0,0,0,0,0,0,0,0,0,0,84,'','','','','',''),(101,100,'¿Dónde estamos? ','¿Dónde estamos? ','<div class=\"group_std\">Dove siamo&#63;</div>','',100,1,'','','','',-1,0,0,1,1,1,1,1,1,1,'','dcdcdc','dcdcdc','dcdcdc','2010-01-11','2010-01-11 10:17:07','0000-00-00 00:00:00',0,10,0,0,0,0,0,0,0,0,0,0,1,'bg_head_grup_top_left.jpg','bg_head_grup_top_center.jpg','bg_head_grup_top_right.jpg','','',''),(102,100,'Contactar','Contactar','<div class=\"group_std\">Contatto</div>','',100,1,'','','','',-1,0,0,1,1,1,1,1,1,1,'','dcdcdc','dcdcdc','dcdcdc','2010-01-11','2010-01-11 10:18:36','0000-00-00 00:00:00',0,10,0,0,0,0,0,0,0,0,0,0,2,'bg_head_grup_top_left.jpg','bg_head_grup_top_center.jpg','bg_head_grup_top_right.jpg','','',''),(105,100,'Su opinión','Su opinión','<div class=\"group_std\">La tua opinione</div>','',100,1,'','','','',-1,0,0,1,1,1,1,1,1,1,'','dcdcdc','dcdcdc','dcdcdc','2010-02-01','2010-02-01 11:54:25','0000-00-00 00:00:00',0,10,0,0,5,5,5,5,0,0,0,0,5,'bg_head_grup_top_left.jpg','bg_head_grup_top_center.jpg','bg_head_grup_top_right.jpg','','',''),(106,0,'Contactar2','Contactar2','<div class=\"group_std\">Contatto</div>','',20,2,'','','','',342,0,0,1,1,1,1,1,1,1,'','dcdcdc','dcdcdc','dcdcdc','2010-02-22','2010-02-22 11:36:07','2015-01-13 12:56:07',0,10,0,0,0,0,0,0,0,0,0,0,85,'bg_head_grup_top_left.jpg','bg_head_grup_top_center.jpg','bg_head_grup_top_right.jpg','','',''),(107,0,'QS EmbryoScope','QS EmbryoScope','<div class=\"group_std\">EmbryoScope</div>','',100,1,'','','','',-1,0,1,1,1,1,1,1,1,1,'DCDCDC','dcdcdc','dcdcdc','dcdcdc','2011-06-17','2011-06-17 11:41:16','2015-01-13 12:56:10',0,10,0,0,10,10,10,10,0,0,0,0,86,'bg_head_grup_top_left.jpg','bg_head_grup_top_center.jpg','bg_head_grup_top_right.jpg','','',''),(108,0,'Columna derecha Form Info','Columna derecha Form Info','','',100,1,'','','','',-1,0,0,0,0,0,1,1,1,1,'','','','','2011-06-21','2013-03-27 07:42:22','2015-01-13 12:56:15',0,0,0,0,0,0,0,0,0,0,0,0,87,'','','','','',''),(109,108,'¿Dónde estamos? ','¿Dónde estamos? ','<div class=\"group_std\">Dove siamo&#63;</div>','',100,1,'','','','',-1,0,0,1,1,1,1,1,1,1,'','dcdcdc','dcdcdc','dcdcdc','2011-06-21','2011-06-21 08:57:08','0000-00-00 00:00:00',0,10,0,0,0,0,0,0,0,0,0,0,2,'bg_head_grup_top_left.jpg','bg_head_grup_top_center.jpg','bg_head_grup_top_right.jpg','','',''),(110,108,'Contactar','Contactar','<div class=\"group_std\">Contatto</div>','',100,1,'','','','',-1,0,0,1,1,1,1,1,1,1,'','dcdcdc','dcdcdc','dcdcdc','2011-06-21','2011-06-21 08:57:08','0000-00-00 00:00:00',0,10,0,0,0,0,0,0,0,0,0,0,3,'bg_head_grup_top_left.jpg','bg_head_grup_top_center.jpg','bg_head_grup_top_right.jpg','','',''),(111,108,'Su opinión','Su opinión','<div class=\"group_std\">La tua opinione</div>','',100,1,'','','','',-1,0,0,1,1,1,1,1,1,1,'','dcdcdc','dcdcdc','dcdcdc','2011-06-21','2011-06-21 08:57:08','0000-00-00 00:00:00',0,10,0,0,5,5,5,5,0,0,0,0,6,'bg_head_grup_top_left.jpg','bg_head_grup_top_center.jpg','bg_head_grup_top_right.jpg','','',''),(112,108,'Solicitud de información','Solicitud de información','<div class=\"group_std\">Info + Preventivo</div>','&#160;',100,1,'','','','',-1,0,0,1,1,1,1,1,1,1,'','dcdcdc','dcdcdc','dcdcdc','2011-06-21','2013-03-27 07:42:22','0000-00-00 00:00:00',0,10,0,0,0,0,0,0,0,0,0,0,1,'bg_head_grup_top_left.jpg','bg_head_grup_top_center.jpg','bg_head_grup_top_right.jpg','','',''),(113,0,'Confirmación solicitud de información','Confirmación solicitud de información','<div class=\"group_std\">Conferma della richiesta</div>','',100,1,'','','','',-1,0,0,1,1,1,1,1,1,1,'dcdcdc','dcdcdc','dcdcdc','dcdcdc','2011-06-21','2011-06-21 09:31:45','2014-03-06 12:36:48',0,10,0,0,10,10,10,10,0,0,0,0,88,'bg_head_grup_top_left.jpg','bg_head_grup_top_center.jpg','bg_head_grup_top_right.jpg','','',''),(114,0,'QS IMSI','QS IMSI','<div class=\"group_std\">IMSI</div>','',100,0,'','','','',-1,0,0,0,0,0,0,0,0,0,'','','','','2011-10-19','2011-10-19 09:48:06','2015-01-13 12:56:11',0,0,0,0,0,0,0,0,0,0,0,0,89,'bg_head_grup_top_left.jpg','bg_head_grup_top_center.jpg','bg_head_grup_top_right.jpg','','',''),(115,0,'Nuevas técnicas','Nuevas técnicas','','&#160;',100,0,'','','','',-1,0,0,0,0,0,0,0,0,0,'','','','','2011-11-24','2011-11-24 12:48:53','2015-01-13 12:55:47',0,0,0,0,0,0,0,0,0,0,0,0,90,'','','','','',''),(116,0,'QS Test Genetico','QS Test Genetico','<div class=\"group_std\">Test Genetico</div>','&#160;',100,0,'','','','',-1,0,0,0,0,0,0,0,0,0,'','','','','2013-10-04','2013-10-04 07:28:26','2015-01-13 12:56:15',0,0,0,0,0,0,0,0,0,0,0,0,91,'bg_head_grup_top_left.jpg','bg_head_grup_top_center.jpg','bg_head_grup_top_right.jpg','','','');
/*!40000 ALTER TABLE `grupo` ENABLE KEYS */;
UNLOCK TABLES;

--
-- Table structure for table `grupo_layer`
--

DROP TABLE IF EXISTS `grupo_layer`;
/*!40101 SET @saved_cs_client     = @@character_set_client */;
/*!40101 SET character_set_client = utf8 */;
CREATE TABLE `grupo_layer` (
  `id` int(10) unsigned NOT NULL auto_increment,
  `idGrupo` int(10) unsigned NOT NULL,
  `idModulo` int(11) NOT NULL,
  `tipo` int(11) NOT NULL,
  `posicion` tinyint(3) unsigned NOT NULL,
  `fechaAlta` datetime default NULL,
  `fechaBaja` datetime default NULL,
  `parametersValue` text NOT NULL,
  PRIMARY KEY  (`id`),
  KEY `idGrupo` (`idGrupo`),
  CONSTRAINT `grupo_layer_ibfk_1` FOREIGN KEY (`idGrupo`) REFERENCES `grupo` (`id`) ON DELETE CASCADE
) ENGINE=InnoDB AUTO_INCREMENT=173 DEFAULT CHARSET=utf8;
/*!40101 SET character_set_client = @saved_cs_client */;

--
-- Dumping data for table `grupo_layer`
--

LOCK TABLES `grupo_layer` WRITE;
/*!40000 ALTER TABLE `grupo_layer` DISABLE KEYS */;
INSERT INTO `grupo_layer` VALUES (1,1,1,3,1,NULL,NULL,''),(2,2,7,2,1,NULL,NULL,''),(3,3,2,2,1,NULL,NULL,''),(4,3,2,20,2,NULL,NULL,''),(5,4,3,2,1,NULL,NULL,''),(6,4,3,20,2,NULL,NULL,''),(7,5,4,2,1,NULL,NULL,''),(8,5,4,20,2,NULL,NULL,''),(9,6,5,2,1,NULL,NULL,''),(10,6,5,20,2,NULL,NULL,''),(11,7,6,2,1,NULL,NULL,''),(12,7,6,20,2,NULL,NULL,''),(20,10,8,2,1,NULL,NULL,''),(21,13,9,2,1,NULL,NULL,''),(22,14,10,2,1,NULL,NULL,''),(23,12,11,2,1,NULL,NULL,''),(25,15,12,2,1,NULL,NULL,''),(26,16,13,2,1,NULL,NULL,''),(27,19,14,2,1,NULL,NULL,''),(28,20,15,2,1,NULL,NULL,''),(29,22,16,2,1,NULL,NULL,''),(30,23,17,2,1,NULL,NULL,''),(35,25,18,2,2,NULL,NULL,''),(36,27,19,2,1,NULL,NULL,''),(37,26,20,2,1,NULL,NULL,''),(38,28,21,2,1,NULL,NULL,''),(39,28,22,2,2,NULL,NULL,''),(40,28,23,2,3,NULL,NULL,''),(41,28,24,2,4,NULL,NULL,''),(42,28,25,2,5,NULL,NULL,''),(43,28,26,2,6,NULL,NULL,''),(44,28,28,2,7,NULL,NULL,''),(45,29,29,2,4,NULL,NULL,''),(46,29,30,2,5,NULL,NULL,''),(47,30,31,2,1,NULL,NULL,''),(48,30,32,2,2,NULL,NULL,''),(49,30,33,2,3,NULL,NULL,''),(50,31,34,2,1,NULL,NULL,''),(51,31,35,2,2,NULL,NULL,''),(52,32,36,2,1,NULL,NULL,''),(53,33,37,2,1,NULL,NULL,''),(54,34,38,2,1,NULL,NULL,''),(55,40,39,2,11,NULL,NULL,''),(56,40,40,2,13,NULL,NULL,''),(57,40,41,2,15,NULL,NULL,''),(58,40,42,2,16,NULL,NULL,''),(59,40,43,2,17,NULL,NULL,''),(60,40,44,2,18,NULL,NULL,''),(61,44,45,2,1,NULL,NULL,''),(62,45,46,2,1,NULL,NULL,''),(63,46,47,2,1,NULL,NULL,''),(64,47,48,2,1,NULL,NULL,''),(65,48,49,2,1,NULL,NULL,''),(67,50,51,2,1,NULL,NULL,''),(68,53,52,2,1,NULL,NULL,''),(69,51,53,2,1,NULL,NULL,''),(70,52,54,2,1,NULL,NULL,''),(71,54,55,2,1,NULL,NULL,''),(72,55,56,2,1,NULL,NULL,''),(73,58,45,2,1,NULL,NULL,''),(74,59,46,2,1,NULL,NULL,''),(75,60,57,2,1,NULL,NULL,''),(76,61,58,2,1,NULL,NULL,''),(77,62,47,2,1,NULL,NULL,''),(78,63,48,2,1,NULL,NULL,''),(79,64,51,2,1,NULL,NULL,''),(80,65,55,2,1,NULL,NULL,''),(81,66,60,2,1,NULL,NULL,''),(82,67,52,2,1,NULL,NULL,''),(83,68,50,2,1,NULL,NULL,''),(84,69,49,2,1,NULL,NULL,''),(85,70,61,2,1,NULL,NULL,''),(86,73,62,2,1,NULL,NULL,''),(87,74,47,2,1,NULL,NULL,''),(88,75,49,2,1,NULL,NULL,''),(89,76,61,2,1,NULL,NULL,''),(90,77,53,2,1,NULL,NULL,''),(91,79,54,2,1,NULL,NULL,''),(92,81,57,2,1,NULL,NULL,''),(93,82,51,2,1,NULL,NULL,''),(94,83,45,2,1,NULL,NULL,''),(95,84,60,2,1,NULL,NULL,''),(96,85,56,2,1,NULL,NULL,''),(98,86,63,2,1,NULL,NULL,''),(99,88,64,2,1,NULL,NULL,''),(100,90,65,2,1,NULL,NULL,''),(101,89,66,2,1,NULL,NULL,''),(102,39,63,2,1,NULL,NULL,''),(103,56,63,2,1,NULL,NULL,''),(104,71,63,2,1,NULL,NULL,''),(111,37,69,2,1,NULL,NULL,''),(112,38,70,2,1,NULL,NULL,''),(113,95,46,3,1,NULL,NULL,'private_section_id:section_special_login@-1|boolean:captcha@true|boolean:javascript_check@true'),(114,91,71,2,1,NULL,NULL,''),(116,92,73,2,2,NULL,NULL,''),(117,92,75,2,3,NULL,NULL,''),(118,92,77,2,4,NULL,NULL,''),(119,92,79,2,5,NULL,NULL,''),(120,35,58,3,1,NULL,NULL,'mail_to@info&#64;institutocefer.com|archivo_adjunto_check_6@programa_internacional_dovu_it.doc|archivo_adjunto_check_6_2@|archivo_adjunto_check_7@programa_internacional_dovu_it.doc|archivo_adjunto_check_7_2@|archivo_adjunto_check_5@|archivo_adjunto_check_3@|max_comments_chars@450'),(121,94,59,3,1,NULL,NULL,'boolean:show_from_email_field@true|boolean:show_from_user_name_field@true|boolean:show_notes_field@true|boolean:from_email_required@true|boolean:user_name_required@true|boolean:notes_required@true|boolean:use_captcha@false|boolean:javascript_check@false'),(122,93,60,3,1,NULL,NULL,''),(123,93,61,3,2,NULL,NULL,''),(124,93,62,3,5,NULL,NULL,'boolean:save_new_comment@true|boolean:show_form_for_new_comment@true|max_chars@1200|boolean:use_captcha@true|boolean:publish_directly_comments@true|boolean:javascript_check@true|boolean:show_anchor_in_form@true|boolean:show_list_of_comments@true|boolean:show_anchor_in_list@true|boolean:show_return_button@true'),(125,36,63,3,1,NULL,NULL,'mail_to@info&#64;institutocefer.com|max_dates@3'),(126,105,64,3,1,NULL,NULL,'mail_to@info&#64;institutocefer.com|boolean:use_captcha@true'),(127,28,80,2,8,NULL,NULL,''),(128,101,81,2,1,NULL,NULL,''),(129,102,82,2,1,NULL,NULL,''),(130,102,83,2,2,NULL,NULL,''),(131,102,84,2,3,NULL,NULL,''),(132,98,85,2,1,NULL,NULL,''),(134,106,85,2,1,NULL,NULL,''),(135,106,82,2,2,NULL,NULL,''),(136,40,87,2,10,NULL,NULL,''),(137,40,88,2,9,NULL,NULL,''),(138,40,89,2,8,NULL,NULL,''),(139,40,90,2,7,NULL,NULL,''),(140,40,91,2,6,NULL,NULL,''),(141,40,92,2,5,NULL,NULL,''),(142,40,93,2,4,NULL,NULL,''),(143,40,94,2,3,NULL,NULL,''),(144,40,95,2,2,NULL,NULL,''),(145,40,96,2,1,NULL,NULL,''),(146,40,97,2,14,NULL,NULL,''),(147,40,98,2,12,NULL,NULL,''),(148,41,99,2,1,NULL,NULL,''),(149,43,101,2,1,NULL,NULL,''),(150,28,103,2,9,NULL,NULL,''),(151,107,104,2,1,NULL,NULL,''),(152,109,81,2,1,NULL,NULL,''),(153,110,82,2,1,NULL,NULL,''),(154,110,83,2,2,NULL,NULL,''),(155,110,84,2,3,NULL,NULL,''),(156,111,64,3,1,NULL,NULL,'mail_to@info&#64;institutocefer.com|boolean:use_captcha@true'),(157,112,65,3,1,NULL,NULL,'mail_to@info&#64;institutocefer.com|section_id:section_for_ok_validation_code@98|boolean:city_field_required@true'),(158,113,66,3,1,NULL,NULL,''),(159,114,105,2,1,NULL,NULL,''),(160,115,68,3,1,NULL,NULL,''),(161,2,108,2,2,NULL,NULL,''),(164,96,109,2,1,NULL,NULL,''),(165,25,112,2,1,NULL,NULL,''),(166,116,113,2,1,NULL,NULL,''),(167,99,114,2,1,NULL,NULL,''),(169,49,115,2,2,NULL,NULL,''),(170,29,116,2,1,NULL,NULL,''),(171,29,117,2,2,NULL,NULL,''),(172,29,118,2,3,NULL,NULL,'');
/*!40000 ALTER TABLE `grupo_layer` ENABLE KEYS */;
UNLOCK TABLES;

--
-- Table structure for table `hemeroteca_2009`
--

DROP TABLE IF EXISTS `hemeroteca_2009`;
/*!40101 SET @saved_cs_client     = @@character_set_client */;
/*!40101 SET character_set_client = utf8 */;
CREATE TABLE `hemeroteca_2009` (
  `id` int(10) unsigned NOT NULL auto_increment,
  `tipo` int(11) NOT NULL,
  `idModulo` int(10) unsigned NOT NULL,
  `titulo` text,
  `internal_absolute_path` varchar(255) NOT NULL default '',
  `alternative_name` varchar(255) NOT NULL default '',
  `url` varchar(255) NOT NULL default '',
  `viewer` varchar(255) NOT NULL default '',
  `noticia` text,
  `html` text,
  `fechaInicio` date NOT NULL,
  `fechaFin` date NOT NULL,
  PRIMARY KEY  (`id`),
  KEY `idModulo` (`idModulo`)
) ENGINE=InnoDB DEFAULT CHARSET=utf8;
/*!40101 SET character_set_client = @saved_cs_client */;

--
-- Dumping data for table `hemeroteca_2009`
--

LOCK TABLES `hemeroteca_2009` WRITE;
/*!40000 ALTER TABLE `hemeroteca_2009` DISABLE KEYS */;
/*!40000 ALTER TABLE `hemeroteca_2009` ENABLE KEYS */;
UNLOCK TABLES;

--
-- Table structure for table `hemeroteca_2010`
--

DROP TABLE IF EXISTS `hemeroteca_2010`;
/*!40101 SET @saved_cs_client     = @@character_set_client */;
/*!40101 SET character_set_client = utf8 */;
CREATE TABLE `hemeroteca_2010` (
  `id` int(10) unsigned NOT NULL auto_increment,
  `tipo` int(11) NOT NULL,
  `idModulo` int(10) unsigned NOT NULL,
  `titulo` text,
  `internal_absolute_path` varchar(255) NOT NULL default '',
  `alternative_name` varchar(255) NOT NULL default '',
  `url` varchar(255) NOT NULL default '',
  `viewer` varchar(255) NOT NULL default '',
  `noticia` text,
  `html` text,
  `fechaInicio` date NOT NULL,
  `fechaFin` date NOT NULL,
  PRIMARY KEY  (`id`),
  KEY `idModulo` (`idModulo`)
) ENGINE=InnoDB DEFAULT CHARSET=utf8;
/*!40101 SET character_set_client = @saved_cs_client */;

--
-- Dumping data for table `hemeroteca_2010`
--

LOCK TABLES `hemeroteca_2010` WRITE;
/*!40000 ALTER TABLE `hemeroteca_2010` DISABLE KEYS */;
/*!40000 ALTER TABLE `hemeroteca_2010` ENABLE KEYS */;
UNLOCK TABLES;

--
-- Table structure for table `hemeroteca_2011`
--

DROP TABLE IF EXISTS `hemeroteca_2011`;
/*!40101 SET @saved_cs_client     = @@character_set_client */;
/*!40101 SET character_set_client = utf8 */;
CREATE TABLE `hemeroteca_2011` (
  `id` int(10) unsigned NOT NULL auto_increment,
  `tipo` int(11) NOT NULL,
  `idModulo` int(10) unsigned NOT NULL,
  `titulo` text,
  `internal_absolute_path` varchar(255) NOT NULL default '',
  `alternative_name` varchar(255) NOT NULL default '',
  `url` varchar(255) NOT NULL default '',
  `viewer` varchar(255) NOT NULL default '',
  `noticia` text,
  `html` text,
  `fechaInicio` date NOT NULL,
  `fechaFin` date NOT NULL,
  PRIMARY KEY  (`id`),
  KEY `idModulo` (`idModulo`)
) ENGINE=InnoDB DEFAULT CHARSET=utf8;
/*!40101 SET character_set_client = @saved_cs_client */;

--
-- Dumping data for table `hemeroteca_2011`
--

LOCK TABLES `hemeroteca_2011` WRITE;
/*!40000 ALTER TABLE `hemeroteca_2011` DISABLE KEYS */;
/*!40000 ALTER TABLE `hemeroteca_2011` ENABLE KEYS */;
UNLOCK TABLES;

--
-- Table structure for table `hemeroteca_2012`
--

DROP TABLE IF EXISTS `hemeroteca_2012`;
/*!40101 SET @saved_cs_client     = @@character_set_client */;
/*!40101 SET character_set_client = utf8 */;
CREATE TABLE `hemeroteca_2012` (
  `id` int(10) unsigned NOT NULL auto_increment,
  `tipo` int(11) NOT NULL,
  `idModulo` int(10) unsigned NOT NULL,
  `titulo` text,
  `internal_absolute_path` varchar(255) NOT NULL default '',
  `alternative_name` varchar(255) NOT NULL default '',
  `url` varchar(255) NOT NULL default '',
  `viewer` varchar(255) NOT NULL default '',
  `noticia` text,
  `html` text,
  `fechaInicio` date NOT NULL,
  `fechaFin` date NOT NULL,
  PRIMARY KEY  (`id`),
  KEY `idModulo` (`idModulo`)
) ENGINE=InnoDB DEFAULT CHARSET=utf8;
/*!40101 SET character_set_client = @saved_cs_client */;

--
-- Dumping data for table `hemeroteca_2012`
--

LOCK TABLES `hemeroteca_2012` WRITE;
/*!40000 ALTER TABLE `hemeroteca_2012` DISABLE KEYS */;
/*!40000 ALTER TABLE `hemeroteca_2012` ENABLE KEYS */;
UNLOCK TABLES;

--
-- Table structure for table `hemeroteca_2013`
--

DROP TABLE IF EXISTS `hemeroteca_2013`;
/*!40101 SET @saved_cs_client     = @@character_set_client */;
/*!40101 SET character_set_client = utf8 */;
CREATE TABLE `hemeroteca_2013` (
  `id` int(10) unsigned NOT NULL auto_increment,
  `tipo` int(11) NOT NULL,
  `idModulo` int(10) unsigned NOT NULL,
  `titulo` text,
  `internal_absolute_path` varchar(255) NOT NULL default '',
  `alternative_name` varchar(255) NOT NULL default '',
  `url` varchar(255) NOT NULL default '',
  `viewer` varchar(255) NOT NULL default '',
  `noticia` text,
  `html` text,
  `fechaInicio` date NOT NULL,
  `fechaFin` date NOT NULL,
  PRIMARY KEY  (`id`),
  KEY `idModulo` (`idModulo`)
) ENGINE=InnoDB DEFAULT CHARSET=utf8;
/*!40101 SET character_set_client = @saved_cs_client */;

--
-- Dumping data for table `hemeroteca_2013`
--

LOCK TABLES `hemeroteca_2013` WRITE;
/*!40000 ALTER TABLE `hemeroteca_2013` DISABLE KEYS */;
/*!40000 ALTER TABLE `hemeroteca_2013` ENABLE KEYS */;
UNLOCK TABLES;

--
-- Table structure for table `hemeroteca_2014`
--

DROP TABLE IF EXISTS `hemeroteca_2014`;
/*!40101 SET @saved_cs_client     = @@character_set_client */;
/*!40101 SET character_set_client = utf8 */;
CREATE TABLE `hemeroteca_2014` (
  `id` int(10) unsigned NOT NULL auto_increment,
  `tipo` int(11) NOT NULL,
  `idModulo` int(10) unsigned NOT NULL,
  `titulo` text,
  `internal_absolute_path` varchar(255) NOT NULL default '',
  `alternative_name` varchar(255) NOT NULL default '',
  `url` varchar(255) NOT NULL default '',
  `viewer` varchar(255) NOT NULL default '',
  `noticia` text,
  `html` text,
  `fechaInicio` date NOT NULL,
  `fechaFin` date NOT NULL,
  PRIMARY KEY  (`id`),
  KEY `idModulo` (`idModulo`)
) ENGINE=InnoDB DEFAULT CHARSET=utf8;
/*!40101 SET character_set_client = @saved_cs_client */;

--
-- Dumping data for table `hemeroteca_2014`
--

LOCK TABLES `hemeroteca_2014` WRITE;
/*!40000 ALTER TABLE `hemeroteca_2014` DISABLE KEYS */;
/*!40000 ALTER TABLE `hemeroteca_2014` ENABLE KEYS */;
UNLOCK TABLES;

--
-- Table structure for table `hemeroteca_2015`
--

DROP TABLE IF EXISTS `hemeroteca_2015`;
/*!40101 SET @saved_cs_client     = @@character_set_client */;
/*!40101 SET character_set_client = utf8 */;
CREATE TABLE `hemeroteca_2015` (
  `id` int(10) unsigned NOT NULL auto_increment,
  `tipo` int(11) NOT NULL,
  `idModulo` int(10) unsigned NOT NULL,
  `titulo` text,
  `internal_absolute_path` varchar(255) NOT NULL default '',
  `alternative_name` varchar(255) NOT NULL default '',
  `url` varchar(255) NOT NULL default '',
  `viewer` varchar(255) NOT NULL default '',
  `noticia` text,
  `html` text,
  `fechaInicio` date NOT NULL,
  `fechaFin` date NOT NULL,
  PRIMARY KEY  (`id`),
  KEY `idModulo` (`idModulo`)
) ENGINE=InnoDB DEFAULT CHARSET=utf8;
/*!40101 SET character_set_client = @saved_cs_client */;

--
-- Dumping data for table `hemeroteca_2015`
--

LOCK TABLES `hemeroteca_2015` WRITE;
/*!40000 ALTER TABLE `hemeroteca_2015` DISABLE KEYS */;
/*!40000 ALTER TABLE `hemeroteca_2015` ENABLE KEYS */;
UNLOCK TABLES;

--
-- Table structure for table `image`
--

DROP TABLE IF EXISTS `image`;
/*!40101 SET @saved_cs_client     = @@character_set_client */;
/*!40101 SET character_set_client = utf8 */;
CREATE TABLE `image` (
  `id` int(10) unsigned NOT NULL auto_increment,
  `filename` varchar(255) default NULL,
  `type_image` int(10) unsigned default NULL,
  `title` varchar(255) default NULL,
  `description` text,
  `author` varchar(255) default NULL,
  `creationDate` date default NULL,
  `idParent` int(11) default NULL,
  PRIMARY KEY  (`id`),
  KEY `filename_type` (`filename`,`type_image`)
) ENGINE=InnoDB AUTO_INCREMENT=102 DEFAULT CHARSET=utf8;
/*!40101 SET character_set_client = @saved_cs_client */;

--
-- Dumping data for table `image`
--

LOCK TABLES `image` WRITE;
/*!40000 ALTER TABLE `image` DISABLE KEYS */;
INSERT INTO `image` VALUES (1,'arrow_submenu.gif',0,' ','','','2009-11-20',-1),(2,'head_menu_instituto.jpg',0,' ','','','2009-12-14',-1),(3,'head_menu_que_hacemos.jpg',0,'Sin título','','','2009-12-14',-1),(4,'head_menu_parejas.jpg',0,' ','','','2009-12-14',-1),(5,'head_menu_madres_solteras.jpg',0,'Madres solteras','','','2009-11-20',-1),(6,'logo_anacer.jpg',0,'Anacer','','','2009-11-20',-1),(7,'portada_formulario.jpg',0,' ','&#160;','','2012-10-09',-1),(8,'donar_ovulos.jpg',0,'DGP','','','2010-02-16',-1),(9,'dar_semen.jpg',0,' ','','','2010-02-16',-1),(10,'tenica_inseminacion.jpg',0,' ','','','2009-12-14',-1),(11,'area_pacientes.jpg',0,'Área pacientes','','','2009-11-23',-1),(12,'area_profesional.jpg',0,'Área profesionales','','','2009-11-23',-1),(13,'contactar_consulta.jpg',0,' ','','','2009-12-14',-1),(14,'contactar_cita.jpg',0,'Chiedere un appuntamento','','','2010-02-23',-1),(15,'contactar_que_hacer.jpg',0,' ','','','2009-12-14',-1),(16,'contactar_google.jpg',0,' ','','','2009-12-14',-1),(17,'head_menu_donates.jpg',0,' ','','','2009-12-14',-1),(18,'director.jpg',0,'El Director Dr. Simón Marina','','','2009-11-26',-1),(19,'hisoria_y_experiencia.jpg',0,'Historia y experiencia','','','2009-11-26',-1),(20,'director_de_cefer.jpg',0,'Dr. Simón Marina. Director del instituto Cefer.','','','2009-11-26',-1),(21,'davidmarina.gif',0,'Dr. David Marina','','','2009-11-26',-1),(22,'fernando_marina.jpg',0,'Dr. Fernando Marina','','','2009-11-26',-1),(23,'inmaculada_jove.jpg',0,'Dra. Immaculada Jové','','','2009-11-26',-1),(24,'xavier_garcia.jpg',0,'Dr. Xavier Garcia Parra','','','2009-11-26',-1),(25,'susana_egozcue.JPG',0,'Dr. Susana Egozcue','','','2009-11-26',-1),(26,'flor_molfino.jpg',0,'Dra. Flor Moltfino','','','2009-11-26',-1),(27,'dr_francisco_sanchez.JPG',0,'Dr. Francisco Sánchez Ballester','','','2009-11-26',-1),(28,'nuria_galiana.JPG',0,'Nuria Galiana','','','2009-11-26',-1),(29,'gema_valls.gif',0,'Gema Valls I Ricart','','','2009-11-26',-1),(30,'xavier_pascual.gif',0,'Xavier Pascual García','','','2009-11-26',-1),(31,'anabel_carrasco.jpg',0,'Anabel Carrasco','','','2009-11-26',-1),(32,'cefer_teknon.jpg',0,'BARCELONA TEKNON, DESPACHO 21','','','2009-11-26',-1),(33,'valero.jpg',0,'Laboratorio','','','2009-11-26',-1),(34,'valencia.jpg',0,'Instalaciones en Valencia','','','2009-11-26',-1),(35,'lleida.jpg',0,'Instalaciones en LLeida','','','2009-11-26',-1),(36,'investigacion.jpg',0,'Compromiso de calidad','','','2009-11-26',-1),(37,'investigacion2.jpg',0,'Congreso de investigación 2004','','','2009-11-26',-1),(38,'esterilidad_femenina.jpg',0,'Esterilidad femenina','','','2009-11-26',-1),(39,'esterilidad_femenina2.jpg',0,'Esterilidad femenina','','','2009-11-26',-1),(40,'esterilidad_femenina3.jpg',0,'Esterilidad femenina','','','2009-11-26',-1),(41,'esterilidad_femenina4.jpg',0,'Esterilidad femenina','','','2009-11-26',-1),(42,'esterilidad_masculina1.jpg',0,'Esterilidad masculina','','','2009-11-26',-1),(43,'esterilidad_masculina2.jpg',0,'Esterilidad masculina','','','2009-11-26',-1),(44,'esterilidad_masculina3.jpg',0,'Esterilidad masculina','','','2009-11-26',-1),(45,'esterilidad_masculina4.jpg',0,'Esterilidad masculina','','','2009-11-26',-1),(46,'donante_semen.jpg',0,'Donante de semen anónimo','','','2009-11-26',-1),(47,'doantee_semen2.jpg',0,'Donante de semen anónimo','','','2009-11-26',-1),(48,'inseminacionartificial.jpg',0,'inseminación artificial','','','2009-11-26',-1),(49,'fecundacioninvitro1.jpg',0,'Fecundación in Vitro','','','2009-11-26',-1),(50,'fecundacioninvitro2.jpg',0,'Fecundación in Vitro','','','2009-11-26',-1),(51,'fecundacioninvitro3.jpg',0,'Fecundación in Vitro','','','2009-11-26',-1),(52,'donacion_ovulos1.jpg',0,'Recepción óvulos donados','','','2009-11-26',-1),(53,'donacion_ovulos2.jpg',0,'Recepción óvulos donados','','','2009-11-26',-1),(54,'bancoembriones.jpg',0,'Banco de embriones','','','2009-11-26',-1),(55,'lavadosemen.jpg',0,'Lavado de semen','','','2009-11-27',-1),(56,'lavadosemen1.jpg',0,'Lavado de semen','','','2009-11-27',-1),(57,'abortos1.jpg',0,'Abortos de repetición','','','2009-11-27',-1),(58,'donacion_ovulos.jpg',0,'Donanción de óvulos','','','2009-11-27',-1),(59,'sida.jpg',0,'Mujer con VIH+','','','2009-11-27',-1),(60,'homosexualidad.jpg',0,'Parejas lesbianas','','','2009-11-27',-1),(61,'donantes_semen.jpg',0,'Doante de semen','','','2009-11-27',-1),(62,'donante_semen_02.jpg',0,'Donante de semen','','','2009-11-27',-1),(63,'donantes_semen3.jpg',0,'Donante de semen','','','2009-11-27',-1),(64,'donantes_ovulos.jpg',0,'Donante de óvulos','','','2009-11-27',-1),(65,'donantes_ovulos1.jpg',0,'Donante de óvulos','','','2009-11-27',-1),(66,'donantes_ovulos2.jpg',0,'Donante de óvulos','','','2009-11-27',-1),(67,'donantes_ovulos3.jpg',0,'Donante de óvulos','','','2009-11-27',-1),(68,'situacion1.jpg',0,'Ciudad de Barcelona','','','2009-11-30',-1),(69,'visitarbcn1.jpg',0,'Visita Barcelona con Bus turístico','','','2009-11-30',-1),(70,'visitarbcn7.jpg',0,'Shopping in Barcelona','','','2009-11-30',-1),(71,'visitarbcn9.jpg',0,'Visitar Barcelona','','','2009-11-30',-1),(72,'cultura3.jpg',0,'Cultura de Barcelona','','','2009-11-30',-1),(73,'dra_monica_redondo_b.jpg',0,'Dra Mónica Redondo','&#160;',NULL,'2010-02-11',-1),(74,'centros_cefer2.gif',0,'Centros Cefer',NULL,NULL,'2009-12-30',-1),(75,'phones_cefer.gif',0,'Teléfonos','','','2010-02-16',-1),(76,'solicitar_cita.gif',0,' ','','','2010-03-19',-1),(77,'consulta_online.gif',0,' ','','','2010-03-19',-1),(78,'centros_cefer.gif',0,'Centros CEFER',NULL,NULL,'2009-12-30',-1),(79,'telefonos.gif',0,' ','&#160;','','2013-01-25',-1),(80,'cefer_lleida2.jpg',0,'Instalaciones Lleida','','','2010-02-22',-1),(81,'1_eterologa.jpg',0,'Eterologa-Sperma della banca','','','2010-04-09',-1),(82,'2_dpg.jpg',0,'DPG','','','2010-04-09',-1),(83,'3_eterologa.jpg',0,'Eterologa-Ricevere uova donate','','','2010-04-09',-1),(84,'instalacionesbarcelonamini.jpg',0,'El_Instituto_Barcelona','','','2010-06-01',-1),(85,'banner-fertility-show.jpg',0,'The Fertility Show',NULL,NULL,'2010-08-31',-1),(86,'dra_nuria_porta_b.jpg',0,'Dra Nuria Porta','Dra Nuria Porta',NULL,'2010-12-09',-1),(87,'embryoscope.JPG',0,'Embryoscope','Embryoscope',NULL,'2011-04-13',-1),(88,'embrioscope2.jpg',0,'Embryoscope2',NULL,NULL,'2011-04-13',-1),(89,'drflormolfino.jpg',0,'Dra Molfino','Dra. Flor Molfino&#160;','','2011-05-19',-1),(90,'dra_redondop.jpg',0,'Dra Redondo','Dra Redondo','','2012-03-01',-1),(91,'ass_flg.jpg',0,'Ass. Families Gays i Lesbianes','&#160;',NULL,'2012-11-29',-1),(92,'portada_formularioit.jpg',0,'InformazioniPreventivo','Informazioni e preventivo online&#160;','','2013-03-22',-1),(93,'cefer.jpg',0,'cefer','cefer','cefer','2013-05-16',-1),(94,'dr_simom_marina3.jpg',0,'Dr Simón Marina','Dr. Simón Marina','cefer','2013-05-16',-1),(95,'esq_iadl_it.jpg',0,'ESQ IAD L IT','&#160;','','2013-12-22',-1),(96,'esq_ropa_atlas_esp.jpg',0,'ESQ ROPA ATLAS ESP','&#160;','','2013-12-22',-1),(97,'esq_redl_it.jpg',0,'ESQ RED L IT','&#160;','','2013-12-22',-1),(98,'dra_susana_royo.jpg',0,'Dra Susana Royo','&#160;','cefer','2015-01-20',-1),(99,'dra_flor_molfino2.jpg',0,'Dra Flor Molfino','&#160;Dra Flor Molfino','cefer','2015-01-20',-1),(100,'dra_begona_varo.JPG',0,'Dra Begoña Varo','&#160;Dra Begoña Varo','cefer','2015-04-13',-1),(101,'dra_yolanda_garcia.jpeg',0,'Dra Yolanda Garcia','&#160;','instituto cefer','2015-04-13',-1);
/*!40000 ALTER TABLE `image` ENABLE KEYS */;
UNLOCK TABLES;

--
-- Table structure for table `image_comment`
--

DROP TABLE IF EXISTS `image_comment`;
/*!40101 SET @saved_cs_client     = @@character_set_client */;
/*!40101 SET character_set_client = utf8 */;
CREATE TABLE `image_comment` (
  `id` int(10) unsigned NOT NULL auto_increment,
  `idImage` int(10) unsigned default NULL,
  `author` varchar(255) default NULL,
  `description` text,
  `creationDate` date default NULL,
  `publicationDate` datetime default NULL,
  `modificationDate` datetime default NULL,
  `position` int(10) unsigned default NULL,
  `state` int(10) unsigned default NULL,
  `ip_address` varchar(255) NOT NULL,
  PRIMARY KEY  (`id`),
  KEY `idImage` (`idImage`),
  CONSTRAINT `image_comment_ibfk_1` FOREIGN KEY (`idImage`) REFERENCES `image` (`id`) ON DELETE CASCADE
) ENGINE=InnoDB DEFAULT CHARSET=utf8;
/*!40101 SET character_set_client = @saved_cs_client */;

--
-- Dumping data for table `image_comment`
--

LOCK TABLES `image_comment` WRITE;
/*!40000 ALTER TABLE `image_comment` DISABLE KEYS */;
/*!40000 ALTER TABLE `image_comment` ENABLE KEYS */;
UNLOCK TABLES;

--
-- Table structure for table `image_comment_rates`
--

DROP TABLE IF EXISTS `image_comment_rates`;
/*!40101 SET @saved_cs_client     = @@character_set_client */;
/*!40101 SET character_set_client = utf8 */;
CREATE TABLE `image_comment_rates` (
  `id` int(10) unsigned NOT NULL auto_increment,
  `idComment` int(10) unsigned NOT NULL,
  `counter` int(11) NOT NULL default '0',
  `counter_valuation` int(11) NOT NULL default '0',
  `valuation_accumulated` int(11) NOT NULL default '0',
  `discriminator` int(4) NOT NULL default '0',
  PRIMARY KEY  (`id`),
  KEY `idComment` (`idComment`),
  CONSTRAINT `image_comment_rates_ibfk_1` FOREIGN KEY (`idComment`) REFERENCES `image_comment` (`id`) ON DELETE CASCADE
) ENGINE=InnoDB DEFAULT CHARSET=utf8;
/*!40101 SET character_set_client = @saved_cs_client */;

--
-- Dumping data for table `image_comment_rates`
--

LOCK TABLES `image_comment_rates` WRITE;
/*!40000 ALTER TABLE `image_comment_rates` DISABLE KEYS */;
/*!40000 ALTER TABLE `image_comment_rates` ENABLE KEYS */;
UNLOCK TABLES;

--
-- Table structure for table `image_gallerie`
--

DROP TABLE IF EXISTS `image_gallerie`;
/*!40101 SET @saved_cs_client     = @@character_set_client */;
/*!40101 SET character_set_client = utf8 */;
CREATE TABLE `image_gallerie` (
  `id` int(10) unsigned NOT NULL auto_increment,
  `idImage` int(10) unsigned default NULL,
  `idGallery` int(10) unsigned default NULL,
  `position` int(10) unsigned default NULL,
  PRIMARY KEY  (`id`),
  KEY `image_gallery` (`idImage`,`idGallery`),
  KEY `idGallery` (`idGallery`),
  CONSTRAINT `image_gallerie_ibfk_1` FOREIGN KEY (`idImage`) REFERENCES `image` (`id`) ON DELETE CASCADE,
  CONSTRAINT `image_gallerie_ibfk_2` FOREIGN KEY (`idGallery`) REFERENCES `gallery` (`id`) ON DELETE CASCADE
) ENGINE=InnoDB DEFAULT CHARSET=utf8;
/*!40101 SET character_set_client = @saved_cs_client */;

--
-- Dumping data for table `image_gallerie`
--

LOCK TABLES `image_gallerie` WRITE;
/*!40000 ALTER TABLE `image_gallerie` DISABLE KEYS */;
/*!40000 ALTER TABLE `image_gallerie` ENABLE KEYS */;
UNLOCK TABLES;

--
-- Table structure for table `invoice`
--

DROP TABLE IF EXISTS `invoice`;
/*!40101 SET @saved_cs_client     = @@character_set_client */;
/*!40101 SET character_set_client = utf8 */;
CREATE TABLE `invoice` (
  `id` int(10) unsigned NOT NULL auto_increment,
  `id_registered_user` int(10) unsigned default NULL,
  `fiscal_name` varchar(255) NOT NULL default '',
  `cif` varchar(15) NOT NULL default '',
  `address` varchar(255) NOT NULL default '',
  `postal_code` varchar(10) NOT NULL default '',
  `town` varchar(255) NOT NULL default '',
  `country` varchar(255) NOT NULL default '',
  `invoice_number` int(10) unsigned NOT NULL default '0',
  `creation_date` datetime default NULL,
  `payment_date` datetime default NULL,
  `payment_expiration_date` datetime default NULL,
  `state` int(11) NOT NULL,
  `credited` tinyint(4) NOT NULL default '0',
  `id_payment` int(11) NOT NULL,
  `total` double NOT NULL default '0',
  `taxes` double NOT NULL default '0',
  `surcharge_equivalence` double NOT NULL default '0',
  `discount` double NOT NULL default '0',
  `taxable_base` double NOT NULL default '0',
  `id_credited_invoice` int(10) unsigned default NULL,
  PRIMARY KEY  (`id`),
  KEY `id_registered_user` (`id_registered_user`),
  KEY `id_credited_invoice` (`id_credited_invoice`),
  CONSTRAINT `invoice_ibfk_1` FOREIGN KEY (`id_registered_user`) REFERENCES `persona_registrada` (`id`) ON DELETE SET NULL,
  CONSTRAINT `invoice_ibfk_2` FOREIGN KEY (`id_credited_invoice`) REFERENCES `invoice` (`id`) ON DELETE SET NULL
) ENGINE=InnoDB DEFAULT CHARSET=utf8;
/*!40101 SET character_set_client = @saved_cs_client */;

--
-- Dumping data for table `invoice`
--

LOCK TABLES `invoice` WRITE;
/*!40000 ALTER TABLE `invoice` DISABLE KEYS */;
/*!40000 ALTER TABLE `invoice` ENABLE KEYS */;
UNLOCK TABLES;

--
-- Table structure for table `invoice_concept`
--

DROP TABLE IF EXISTS `invoice_concept`;
/*!40101 SET @saved_cs_client     = @@character_set_client */;
/*!40101 SET character_set_client = utf8 */;
CREATE TABLE `invoice_concept` (
  `id` int(10) unsigned NOT NULL auto_increment,
  `id_invoice` int(10) unsigned NOT NULL,
  `concept` varchar(255) NOT NULL default '',
  `amount` double NOT NULL default '0',
  `quantity` int(11) NOT NULL default '0',
  `discount` double NOT NULL default '0',
  `taxes` double NOT NULL default '0',
  `surcharge_equivalence` double NOT NULL default '0',
  `comments` varchar(255) NOT NULL default '',
  PRIMARY KEY  (`id`),
  KEY `id_invoice` (`id_invoice`),
  CONSTRAINT `invoice_concept_ibfk_1` FOREIGN KEY (`id_invoice`) REFERENCES `invoice` (`id`) ON DELETE CASCADE
) ENGINE=InnoDB DEFAULT CHARSET=utf8;
/*!40101 SET character_set_client = @saved_cs_client */;

--
-- Dumping data for table `invoice_concept`
--

LOCK TABLES `invoice_concept` WRITE;
/*!40000 ALTER TABLE `invoice_concept` DISABLE KEYS */;
/*!40000 ALTER TABLE `invoice_concept` ENABLE KEYS */;
UNLOCK TABLES;

--
-- Table structure for table `invoice_enumeration_system`
--

DROP TABLE IF EXISTS `invoice_enumeration_system`;
/*!40101 SET @saved_cs_client     = @@character_set_client */;
/*!40101 SET character_set_client = utf8 */;
CREATE TABLE `invoice_enumeration_system` (
  `id` int(10) unsigned NOT NULL auto_increment,
  `name` varchar(255) NOT NULL default '',
  `last_invoice_number` int(10) unsigned NOT NULL default '0',
  `last_created_invoice_date` datetime NOT NULL,
  PRIMARY KEY  (`id`)
) ENGINE=InnoDB DEFAULT CHARSET=utf8;
/*!40101 SET character_set_client = @saved_cs_client */;

--
-- Dumping data for table `invoice_enumeration_system`
--

LOCK TABLES `invoice_enumeration_system` WRITE;
/*!40000 ALTER TABLE `invoice_enumeration_system` DISABLE KEYS */;
/*!40000 ALTER TABLE `invoice_enumeration_system` ENABLE KEYS */;
UNLOCK TABLES;

--
-- Table structure for table `keyword`
--

DROP TABLE IF EXISTS `keyword`;
/*!40101 SET @saved_cs_client     = @@character_set_client */;
/*!40101 SET character_set_client = utf8 */;
CREATE TABLE `keyword` (
  `id` int(10) unsigned NOT NULL auto_increment,
  `palabra` text NOT NULL,
  `idSeccion` int(10) unsigned NOT NULL,
  `posicion` int(10) unsigned NOT NULL default '0',
  PRIMARY KEY  (`id`),
  KEY `idSeccion` (`idSeccion`),
  CONSTRAINT `keyword_ibfk_1` FOREIGN KEY (`idSeccion`) REFERENCES `seccion` (`id`) ON DELETE CASCADE
) ENGINE=InnoDB AUTO_INCREMENT=90 DEFAULT CHARSET=utf8;
/*!40101 SET character_set_client = @saved_cs_client */;

--
-- Dumping data for table `keyword`
--

LOCK TABLES `keyword` WRITE;
/*!40000 ALTER TABLE `keyword` DISABLE KEYS */;
INSERT INTO `keyword` VALUES (20,'Test Genetico Recombine',101,1),(26,'embrioni donati',74,1),(27,'adozione delgi embrioni',74,2),(28,'limite di età',74,3),(29,'embrione del banca',74,4),(30,'senza lista di atesa.',74,5),(31,'inseminazione artificiale eterologa',38,1),(32,'Donatore di sperma anonimo',38,2),(33,'PMA in coppie lesbiche',38,3),(34,'Madri single PMA',38,4),(35,'dona nubile',38,5),(40,'Coppie lesbiche',66,1),(41,'inseminazione artificiale eterologa',66,2),(42,'sperma da donatore anonimo',66,3),(43,'ovodonazione de la coppia ROPA',66,4),(54,'fecondazione assistita spagna',64,1),(55,'fecondazione assistita barcellona',64,2),(56,'fecondazione assistita eterologa',64,3),(68,'adozione delgi embrioni donati',44,1),(69,'Limite di età',44,2),(70,'banca di embrioni',44,3),(71,'ovodonazione barcellona',44,4),(77,'ovodonazione',100,1),(78,'ovodonazione spagna',100,2),(79,'ovodonazione costi spagna',100,3),(80,'ovodonazione barcellona spagna',100,4),(81,'ovodonazione barcellona costi',100,5),(82,'fecondazione assistita Barcellona Spagna',10,1),(83,'inseminazione artificiale barcelona spagna',10,2),(84,'ovodonazione barcellona spagna',10,3),(85,'fecondazione assistita spagna',41,1),(86,'fecondazione eterologa spagna',41,2),(87,'fecondazione assistita barcellona',41,3),(88,'fecondazione eterologa barcellona',41,4),(89,'fecondazione assistita',41,5);
/*!40000 ALTER TABLE `keyword` ENABLE KEYS */;
UNLOCK TABLES;

--
-- Table structure for table `leftlayer`
--

DROP TABLE IF EXISTS `leftlayer`;
/*!40101 SET @saved_cs_client     = @@character_set_client */;
/*!40101 SET character_set_client = utf8 */;
CREATE TABLE `leftlayer` (
  `id` int(10) unsigned NOT NULL auto_increment,
  `tipo` int(11) NOT NULL,
  `idModulo` int(10) unsigned NOT NULL,
  `posicion` int(10) unsigned NOT NULL,
  `idSeccion` int(10) unsigned NOT NULL,
  `fechaBaja` datetime default NULL,
  `fechaAlta` datetime default NULL,
  `parametersValue` text NOT NULL,
  PRIMARY KEY  (`id`),
  KEY `idSeccion` (`idSeccion`),
  CONSTRAINT `leftlayer_ibfk_1` FOREIGN KEY (`idSeccion`) REFERENCES `seccion` (`id`) ON DELETE CASCADE
) ENGINE=InnoDB AUTO_INCREMENT=443 DEFAULT CHARSET=utf8;
/*!40101 SET character_set_client = @saved_cs_client */;

--
-- Dumping data for table `leftlayer`
--

LOCK TABLES `leftlayer` WRITE;
/*!40000 ALTER TABLE `leftlayer` DISABLE KEYS */;
INSERT INTO `leftlayer` VALUES (136,32,2,3,15,NULL,NULL,''),(137,32,2,6,16,NULL,NULL,''),(138,32,2,6,17,NULL,NULL,''),(139,32,2,6,19,NULL,NULL,''),(140,32,2,6,20,NULL,NULL,''),(141,32,2,6,21,NULL,NULL,''),(143,32,2,5,23,NULL,NULL,''),(144,32,2,6,24,NULL,NULL,''),(145,32,2,6,25,NULL,NULL,''),(146,32,2,6,26,NULL,NULL,''),(147,32,2,6,27,NULL,NULL,''),(148,32,2,6,89,NULL,NULL,''),(149,32,2,6,90,NULL,NULL,''),(150,32,2,6,91,NULL,NULL,''),(151,32,2,6,92,NULL,NULL,''),(153,32,2,7,28,NULL,NULL,''),(154,32,2,6,29,NULL,NULL,''),(157,32,2,7,32,NULL,NULL,''),(158,32,2,6,33,NULL,NULL,''),(159,32,2,6,35,NULL,NULL,''),(160,32,2,6,36,NULL,NULL,''),(161,32,2,9,38,NULL,NULL,''),(162,32,2,6,39,NULL,NULL,''),(163,32,2,6,40,NULL,NULL,''),(164,32,2,6,41,NULL,NULL,''),(166,32,2,6,43,NULL,NULL,''),(167,32,2,6,44,NULL,NULL,''),(168,32,2,6,45,NULL,NULL,''),(169,32,2,6,46,NULL,NULL,''),(170,32,2,6,47,NULL,NULL,''),(171,32,2,6,49,NULL,NULL,''),(173,32,2,6,51,NULL,NULL,''),(174,32,2,6,52,NULL,NULL,''),(175,32,2,6,53,NULL,NULL,''),(176,32,2,6,54,NULL,NULL,''),(177,32,2,6,56,NULL,NULL,''),(178,32,2,6,57,NULL,NULL,''),(179,32,2,6,59,NULL,NULL,''),(181,32,2,6,61,NULL,NULL,''),(182,32,2,6,62,NULL,NULL,''),(183,32,2,6,63,NULL,NULL,''),(184,32,2,6,64,NULL,NULL,''),(185,32,2,6,65,NULL,NULL,''),(186,32,2,6,66,NULL,NULL,''),(187,32,2,6,67,NULL,NULL,''),(189,32,2,6,69,NULL,NULL,''),(190,32,2,6,70,NULL,NULL,''),(191,32,2,6,71,NULL,NULL,''),(192,32,2,6,72,NULL,NULL,''),(193,32,2,6,73,NULL,NULL,''),(194,32,2,6,74,NULL,NULL,''),(196,32,2,6,76,NULL,NULL,''),(197,32,2,6,77,NULL,NULL,''),(198,32,2,6,78,NULL,NULL,''),(199,32,2,6,79,NULL,NULL,''),(200,32,2,6,80,NULL,NULL,''),(201,32,2,6,81,NULL,NULL,''),(203,32,2,6,84,NULL,NULL,''),(204,32,2,6,85,NULL,NULL,''),(278,2,2,1,15,NULL,NULL,''),(279,20,2,2,15,NULL,NULL,''),(280,2,2,4,16,NULL,NULL,''),(281,20,2,5,16,NULL,NULL,''),(282,2,2,4,17,NULL,NULL,''),(283,20,2,5,17,NULL,NULL,''),(284,2,2,4,19,NULL,NULL,''),(285,20,2,5,19,NULL,NULL,''),(286,2,2,4,20,NULL,NULL,''),(287,20,2,5,20,NULL,NULL,''),(288,2,2,4,21,NULL,NULL,''),(289,20,2,5,21,NULL,NULL,''),(290,2,2,3,23,NULL,NULL,''),(291,20,2,4,23,NULL,NULL,''),(292,2,2,4,24,NULL,NULL,''),(293,20,2,5,24,NULL,NULL,''),(294,2,2,4,25,NULL,NULL,''),(295,20,2,5,25,NULL,NULL,''),(296,2,2,4,26,NULL,NULL,''),(297,20,2,5,26,NULL,NULL,''),(298,2,2,4,27,NULL,NULL,''),(299,20,2,5,27,NULL,NULL,''),(300,2,2,4,89,NULL,NULL,''),(301,20,2,5,89,NULL,NULL,''),(302,2,2,4,90,NULL,NULL,''),(303,20,2,5,90,NULL,NULL,''),(304,2,2,4,91,NULL,NULL,''),(305,20,2,5,91,NULL,NULL,''),(306,2,2,4,92,NULL,NULL,''),(307,20,2,5,92,NULL,NULL,''),(308,2,2,5,28,NULL,NULL,''),(309,20,2,6,28,NULL,NULL,''),(310,2,2,4,29,NULL,NULL,''),(311,20,2,5,29,NULL,NULL,''),(314,2,2,5,32,NULL,NULL,''),(315,20,2,6,32,NULL,NULL,''),(316,2,2,4,33,NULL,NULL,''),(317,20,2,5,33,NULL,NULL,''),(318,2,3,4,35,NULL,NULL,''),(319,20,3,5,35,NULL,NULL,''),(320,2,3,4,36,NULL,NULL,''),(321,20,3,5,36,NULL,NULL,''),(324,2,3,7,38,NULL,NULL,''),(325,20,3,8,38,NULL,NULL,''),(326,2,3,4,39,NULL,NULL,''),(327,20,3,5,39,NULL,NULL,''),(328,2,3,4,40,NULL,NULL,''),(329,20,3,5,40,NULL,NULL,''),(330,2,3,4,41,NULL,NULL,''),(331,20,3,5,41,NULL,NULL,''),(334,2,3,4,43,NULL,NULL,''),(335,20,3,5,43,NULL,NULL,''),(336,2,3,4,44,NULL,NULL,''),(337,20,3,5,44,NULL,NULL,''),(338,2,3,4,45,NULL,NULL,''),(339,20,3,5,45,NULL,NULL,''),(340,2,3,4,46,NULL,NULL,''),(341,20,3,5,46,NULL,NULL,''),(342,2,3,4,47,NULL,NULL,''),(343,20,3,5,47,NULL,NULL,''),(344,2,3,4,49,NULL,NULL,''),(345,20,3,5,49,NULL,NULL,''),(348,2,4,4,51,NULL,NULL,''),(349,20,4,5,51,NULL,NULL,''),(350,2,4,4,52,NULL,NULL,''),(351,20,4,5,52,NULL,NULL,''),(352,2,4,4,53,NULL,NULL,''),(353,20,4,5,53,NULL,NULL,''),(354,2,4,4,54,NULL,NULL,''),(355,20,4,5,54,NULL,NULL,''),(356,2,4,4,56,NULL,NULL,''),(357,20,4,5,56,NULL,NULL,''),(358,2,4,4,57,NULL,NULL,''),(359,20,4,5,57,NULL,NULL,''),(360,2,4,4,59,NULL,NULL,''),(361,20,4,5,59,NULL,NULL,''),(362,2,4,4,61,NULL,NULL,''),(363,20,4,5,61,NULL,NULL,''),(364,2,4,4,62,NULL,NULL,''),(365,20,4,5,62,NULL,NULL,''),(366,2,4,4,63,NULL,NULL,''),(367,20,4,5,63,NULL,NULL,''),(368,2,4,4,64,NULL,NULL,''),(369,20,4,5,64,NULL,NULL,''),(370,2,4,4,65,NULL,NULL,''),(371,20,4,5,65,NULL,NULL,''),(372,2,4,4,66,NULL,NULL,''),(373,20,4,5,66,NULL,NULL,''),(374,2,4,4,67,NULL,NULL,''),(375,20,4,5,67,NULL,NULL,''),(378,2,5,4,69,NULL,NULL,''),(379,20,5,5,69,NULL,NULL,''),(380,2,5,4,70,NULL,NULL,''),(381,20,5,5,70,NULL,NULL,''),(382,2,5,4,71,NULL,NULL,''),(383,20,5,5,71,NULL,NULL,''),(384,2,5,4,72,NULL,NULL,''),(385,20,5,5,72,NULL,NULL,''),(386,2,5,4,73,NULL,NULL,''),(387,20,5,5,73,NULL,NULL,''),(388,2,5,4,74,NULL,NULL,''),(389,20,5,5,74,NULL,NULL,''),(392,2,5,3,76,NULL,NULL,''),(394,20,5,5,76,NULL,NULL,''),(395,2,5,4,77,NULL,NULL,''),(396,20,5,5,77,NULL,NULL,''),(397,2,5,4,78,NULL,NULL,''),(398,20,5,5,78,NULL,NULL,''),(399,2,5,4,79,NULL,NULL,''),(400,20,5,5,79,NULL,NULL,''),(401,2,5,4,80,NULL,NULL,''),(402,20,5,5,80,NULL,NULL,''),(403,2,5,4,81,NULL,NULL,''),(404,20,5,5,81,NULL,NULL,''),(407,2,6,4,84,NULL,NULL,''),(408,20,6,5,84,NULL,NULL,''),(409,2,6,4,85,NULL,NULL,''),(410,20,6,5,85,NULL,NULL,''),(411,2,2,1,86,NULL,NULL,''),(412,20,2,2,86,NULL,NULL,''),(413,2,2,1,93,NULL,NULL,''),(414,20,2,2,93,NULL,NULL,''),(415,32,2,3,93,NULL,NULL,''),(416,2,2,1,94,NULL,NULL,''),(417,20,2,2,94,NULL,NULL,''),(418,32,2,3,94,NULL,NULL,''),(419,2,2,1,95,NULL,NULL,''),(420,20,2,2,95,NULL,NULL,''),(421,32,2,3,95,NULL,NULL,''),(422,2,2,1,2,NULL,NULL,''),(423,20,2,2,2,NULL,NULL,''),(424,32,2,3,2,NULL,NULL,''),(425,2,2,1,6,NULL,NULL,''),(426,20,2,2,6,NULL,NULL,''),(427,32,2,3,6,NULL,NULL,''),(428,2,2,1,96,NULL,NULL,''),(429,20,2,2,96,NULL,NULL,''),(430,32,2,3,96,NULL,NULL,''),(431,2,3,1,97,NULL,NULL,''),(432,20,3,2,97,NULL,NULL,''),(433,32,2,3,97,NULL,NULL,''),(434,2,2,1,98,NULL,NULL,''),(435,20,2,2,98,NULL,NULL,''),(436,32,2,3,98,NULL,NULL,''),(437,20,3,2,99,NULL,NULL,''),(438,2,3,1,99,NULL,NULL,''),(439,2,3,1,100,NULL,NULL,''),(440,20,3,2,100,NULL,NULL,''),(441,2,3,1,101,NULL,NULL,''),(442,20,3,2,101,NULL,NULL,'');
/*!40000 ALTER TABLE `leftlayer` ENABLE KEYS */;
UNLOCK TABLES;

--
-- Table structure for table `lineacategoria`
--

DROP TABLE IF EXISTS `lineacategoria`;
/*!40101 SET @saved_cs_client     = @@character_set_client */;
/*!40101 SET character_set_client = utf8 */;
CREATE TABLE `lineacategoria` (
  `id` int(10) unsigned NOT NULL auto_increment,
  `idNoticia` int(10) unsigned NOT NULL,
  `idCategoria` int(10) unsigned NOT NULL,
  `fecha_alta` datetime default NULL,
  `fecha_baja` datetime default NULL,
  PRIMARY KEY  (`id`),
  KEY `idNoticia` (`idNoticia`),
  KEY `idCategoria` (`idCategoria`),
  KEY `fecha` (`fecha_alta`,`fecha_baja`),
  CONSTRAINT `lineacategoria_ibfk_1` FOREIGN KEY (`idNoticia`) REFERENCES `noticia` (`id`) ON DELETE CASCADE,
  CONSTRAINT `lineacategoria_ibfk_2` FOREIGN KEY (`idCategoria`) REFERENCES `categorianoticia` (`id`) ON DELETE CASCADE
) ENGINE=InnoDB DEFAULT CHARSET=utf8;
/*!40101 SET character_set_client = @saved_cs_client */;

--
-- Dumping data for table `lineacategoria`
--

LOCK TABLES `lineacategoria` WRITE;
/*!40000 ALTER TABLE `lineacategoria` DISABLE KEYS */;
/*!40000 ALTER TABLE `lineacategoria` ENABLE KEYS */;
UNLOCK TABLES;

--
-- Table structure for table `lineacategoriaimagenes`
--

DROP TABLE IF EXISTS `lineacategoriaimagenes`;
/*!40101 SET @saved_cs_client     = @@character_set_client */;
/*!40101 SET character_set_client = utf8 */;
CREATE TABLE `lineacategoriaimagenes` (
  `id` int(10) unsigned NOT NULL auto_increment,
  `idImagen` int(10) unsigned default NULL,
  `idCategoria` int(10) unsigned default NULL,
  `creationDate` datetime default '0000-00-00 00:00:00',
  `expirationDate` datetime default '0000-00-00 00:00:00',
  PRIMARY KEY  (`id`),
  KEY `image_category` (`idImagen`,`idCategoria`),
  KEY `idCategoria` (`idCategoria`),
  CONSTRAINT `lineacategoriaimagenes_ibfk_1` FOREIGN KEY (`idImagen`) REFERENCES `image` (`id`) ON DELETE CASCADE,
  CONSTRAINT `lineacategoriaimagenes_ibfk_2` FOREIGN KEY (`idCategoria`) REFERENCES `categorianoticia` (`id`) ON DELETE CASCADE
) ENGINE=InnoDB DEFAULT CHARSET=utf8;
/*!40101 SET character_set_client = @saved_cs_client */;

--
-- Dumping data for table `lineacategoriaimagenes`
--

LOCK TABLES `lineacategoriaimagenes` WRITE;
/*!40000 ALTER TABLE `lineacategoriaimagenes` DISABLE KEYS */;
/*!40000 ALTER TABLE `lineacategoriaimagenes` ENABLE KEYS */;
UNLOCK TABLES;

--
-- Table structure for table `lineacategoriavideos`
--

DROP TABLE IF EXISTS `lineacategoriavideos`;
/*!40101 SET @saved_cs_client     = @@character_set_client */;
/*!40101 SET character_set_client = utf8 */;
CREATE TABLE `lineacategoriavideos` (
  `id` int(10) unsigned NOT NULL auto_increment,
  `idVideo` int(10) unsigned NOT NULL,
  `idCategoria` int(10) unsigned NOT NULL,
  `creationDate` datetime default NULL,
  `expirationDate` datetime default NULL,
  PRIMARY KEY  (`id`),
  KEY `idVideo` (`idVideo`),
  KEY `idCategoria` (`idCategoria`),
  CONSTRAINT `lineacategoriavideos_ibfk_1` FOREIGN KEY (`idVideo`) REFERENCES `video` (`id`) ON DELETE CASCADE,
  CONSTRAINT `lineacategoriavideos_ibfk_2` FOREIGN KEY (`idCategoria`) REFERENCES `categorianoticia` (`id`) ON DELETE CASCADE
) ENGINE=InnoDB DEFAULT CHARSET=utf8;
/*!40101 SET character_set_client = @saved_cs_client */;

--
-- Dumping data for table `lineacategoriavideos`
--

LOCK TABLES `lineacategoriavideos` WRITE;
/*!40000 ALTER TABLE `lineacategoriavideos` DISABLE KEYS */;
/*!40000 ALTER TABLE `lineacategoriavideos` ENABLE KEYS */;
UNLOCK TABLES;

--
-- Table structure for table `locations`
--

DROP TABLE IF EXISTS `locations`;
/*!40101 SET @saved_cs_client     = @@character_set_client */;
/*!40101 SET character_set_client = utf8 */;
CREATE TABLE `locations` (
  `id` int(10) unsigned NOT NULL auto_increment,
  `title` varchar(255) NOT NULL,
  `latitude` float NOT NULL default '0',
  `longitude` float NOT NULL default '0',
  PRIMARY KEY  (`id`)
) ENGINE=InnoDB DEFAULT CHARSET=utf8;
/*!40101 SET character_set_client = @saved_cs_client */;

--
-- Dumping data for table `locations`
--

LOCK TABLES `locations` WRITE;
/*!40000 ALTER TABLE `locations` DISABLE KEYS */;
/*!40000 ALTER TABLE `locations` ENABLE KEYS */;
UNLOCK TABLES;

--
-- Table structure for table `logsite`
--

DROP TABLE IF EXISTS `logsite`;
/*!40101 SET @saved_cs_client     = @@character_set_client */;
/*!40101 SET character_set_client = utf8 */;
CREATE TABLE `logsite` (
  `id` int(10) unsigned NOT NULL auto_increment,
  `idObject` int(10) unsigned NOT NULL default '0',
  `tipo` int(10) unsigned NOT NULL default '0',
  `ip` varchar(25) NOT NULL default '',
  `fecha` date NOT NULL default '0000-00-00',
  PRIMARY KEY  (`id`)
) ENGINE=InnoDB DEFAULT CHARSET=utf8;
/*!40101 SET character_set_client = @saved_cs_client */;

--
-- Dumping data for table `logsite`
--

LOCK TABLES `logsite` WRITE;
/*!40000 ALTER TABLE `logsite` DISABLE KEYS */;
/*!40000 ALTER TABLE `logsite` ENABLE KEYS */;
UNLOCK TABLES;

--
-- Table structure for table `mailing`
--

DROP TABLE IF EXISTS `mailing`;
/*!40101 SET @saved_cs_client     = @@character_set_client */;
/*!40101 SET character_set_client = utf8 */;
CREATE TABLE `mailing` (
  `id` int(10) unsigned NOT NULL auto_increment,
  `idNoticia` int(10) unsigned NOT NULL,
  `name` varchar(255) NOT NULL,
  `html` text,
  `startDate` datetime default NULL,
  `endDate` datetime default NULL,
  `totalReceivers` int(10) unsigned NOT NULL,
  `state` tinyint(3) unsigned NOT NULL,
  `receiversLog` text,
  PRIMARY KEY  (`id`),
  KEY `idNoticia` (`idNoticia`),
  CONSTRAINT `mailing_ibfk_1` FOREIGN KEY (`idNoticia`) REFERENCES `noticia` (`id`) ON DELETE CASCADE
) ENGINE=InnoDB DEFAULT CHARSET=utf8;
/*!40101 SET character_set_client = @saved_cs_client */;

--
-- Dumping data for table `mailing`
--

LOCK TABLES `mailing` WRITE;
/*!40000 ALTER TABLE `mailing` DISABLE KEYS */;
/*!40000 ALTER TABLE `mailing` ENABLE KEYS */;
UNLOCK TABLES;

--
-- Table structure for table `mailing_user`
--

DROP TABLE IF EXISTS `mailing_user`;
/*!40101 SET @saved_cs_client     = @@character_set_client */;
/*!40101 SET character_set_client = utf8 */;
CREATE TABLE `mailing_user` (
  `id` int(10) unsigned NOT NULL auto_increment,
  `idMailing` int(10) unsigned NOT NULL,
  `idUser` int(10) unsigned NOT NULL,
  `mail` varchar(255) NOT NULL default '',
  `name` varchar(255) NOT NULL default '',
  PRIMARY KEY  (`id`),
  KEY `idMailing` (`idMailing`),
  KEY `idUser` (`idUser`),
  CONSTRAINT `mailing_user_ibfk_1` FOREIGN KEY (`idMailing`) REFERENCES `mailing` (`id`) ON DELETE CASCADE,
  CONSTRAINT `mailing_user_ibfk_2` FOREIGN KEY (`idUser`) REFERENCES `persona_registrada` (`id`) ON DELETE CASCADE
) ENGINE=InnoDB DEFAULT CHARSET=utf8;
/*!40101 SET character_set_client = @saved_cs_client */;

--
-- Dumping data for table `mailing_user`
--

LOCK TABLES `mailing_user` WRITE;
/*!40000 ALTER TABLE `mailing_user` DISABLE KEYS */;
/*!40000 ALTER TABLE `mailing_user` ENABLE KEYS */;
UNLOCK TABLES;

--
-- Table structure for table `menudetalle`
--

DROP TABLE IF EXISTS `menudetalle`;
/*!40101 SET @saved_cs_client     = @@character_set_client */;
/*!40101 SET character_set_client = utf8 */;
CREATE TABLE `menudetalle` (
  `id` int(10) unsigned NOT NULL auto_increment,
  `idMenu` int(10) unsigned NOT NULL,
  `idParent` int(10) unsigned default NULL,
  `titulo` varchar(255) NOT NULL,
  `image` varchar(255) NOT NULL default '',
  `link` varchar(255) NOT NULL,
  `targetSelf` tinyint(4) NOT NULL default '0',
  `pos` int(10) unsigned NOT NULL,
  PRIMARY KEY  (`id`),
  KEY `idMenu` (`idMenu`),
  KEY `idParent` (`idParent`),
  CONSTRAINT `menudetalle_ibfk_1` FOREIGN KEY (`idMenu`) REFERENCES `menus` (`id`) ON DELETE CASCADE,
  CONSTRAINT `menudetalle_ibfk_2` FOREIGN KEY (`idParent`) REFERENCES `menudetalle` (`id`) ON DELETE CASCADE
) ENGINE=InnoDB AUTO_INCREMENT=355 DEFAULT CHARSET=utf8;
/*!40101 SET character_set_client = @saved_cs_client */;

--
-- Dumping data for table `menudetalle`
--

LOCK TABLES `menudetalle` WRITE;
/*!40000 ALTER TABLE `menudetalle` DISABLE KEYS */;
INSERT INTO `menudetalle` VALUES (1,1,NULL,'l\'istituto','','http://www.institutocefer.com/it/cefer-institute.php',0,2),(2,1,NULL,'cosa facciamo?','','http://www.institutocefer.com/it/cosa-facciamo.php',0,2),(3,1,NULL,'coppie','','http://www.institutocefer.com/it/coppie.php',0,2),(4,1,NULL,'single madri','','http://www.institutocefer.com/it/single-madri.php',0,2),(6,2,NULL,'Benvenuto','','http://www.institutocefer.com/it/benvenuto-cefer-institute.php',0,1),(7,2,NULL,'10 motivi per venire a Cefer','','http://www.institutocefer.com/it/10-motivi-per-venire-a-cefer.php',0,2),(8,2,NULL,'Storia e esperienza','','http://www.institutocefer.com/it/storia-e-esperienza.php',0,3),(9,2,NULL,'Biologica attrezzature mediche','2009/11/arrow_submenu.gif','#',0,4),(10,2,9,'Cefer squadra di Barcellona','','http://www.institutocefer.com/it/cefer-squadra-di-barcellona.php',0,1),(11,2,9,'Cefer squadra di Valenza','','http://www.institutocefer.com/it/cefer-squadra-di-valenza.php',0,2),(12,2,9,'Cefer squadra di Lleida','','http://www.institutocefer.com/it/cefer-squadra-di-lleida.php',0,3),(13,2,NULL,'Le nostre strutture','2009/11/arrow_submenu.gif','#',0,5),(14,2,13,'Cefer strutture a Barcellona','','http://www.institutocefer.com/it/cefer-strutture-a-barcellona.php',0,1),(15,2,13,'Cefer strutture a Valenza','','http://www.institutocefer.com/it/cefer-strutture-a-valenza.php',0,2),(16,2,13,'Cefer strutture a Lleida','','http://www.institutocefer.com/it/cefer-strutture-a-lleida.php',0,3),(17,2,NULL,'Impegno per la qualità','','http://www.institutocefer.com/it/impegno-per-la-qualita.php',0,6),(18,2,NULL,'Contatto','','http://www.institutocefer.com/it/contatto-con-cefer.php',0,7),(19,2,NULL,'FAQ','','http://www.institutocefer.com/it/faq.php',0,8),(20,2,NULL,'Ricerca','','http://www.institutocefer.com/it/ricerca.php',0,9),(21,2,NULL,'Informazioni turistiche','2009/11/arrow_submenu.gif','#',0,10),(22,2,21,'Turismo a Barcellona','2009/11/arrow_submenu.gif','#',0,1),(23,2,21,'Turismo a Valenza','','http://www.institutocefer.com/it/turismo-a-valenza.php',0,2),(24,2,21,'Turismo a Lleida','','http://www.institutocefer.com/it/turismo-a-lleida.php',0,3),(28,3,NULL,'Banca del seme','2009/11/arrow_submenu.gif','#',0,2),(29,3,28,'Anonimo donatore','','http://www.institutocefer.com/it/donatore-di-sperma-anonimo.php',0,1),(30,3,28,'Il congelamento dello sperma','','http://www.institutocefer.com/it/il-congelamento-dello-sperma.php',0,2),(31,3,NULL,'Inseminazione artificiale','','http://www.institutocefer.com/it/inseminazione-artificiale.php',0,3),(32,3,NULL,'Fecondazione Assistita','','http://www.institutocefer.com/it/fecondazione-in-vitro.php',0,4),(34,3,NULL,'Crioconsevazione di ovociti','','http://www.institutocefer.com/it/uovo-di-congelamento.php',0,6),(35,3,NULL,'Embrione Banca','','http://www.institutocefer.com/it/embrione-banca.php',0,7),(36,3,NULL,'DGP','','http://www.institutocefer.com/it/dgp.php',0,8),(37,3,NULL,'Lavaggio dello sperma','','http://www.institutocefer.com/it/lavaggio-dello-sperma.php',0,12),(38,3,NULL,'Sostegno psicologico','','http://www.institutocefer.com/it/sostegno-psicologico.php',0,13),(39,3,NULL,'FAQ','','http://www.institutocefer.com/it/cf-faq.php',0,14),(40,3,NULL,'Contatto','','http://www.institutocefer.com/it/contatto-con-cefer.php',0,15),(41,4,NULL,'Sterilità studi','2009/11/arrow_submenu.gif','#',0,2),(43,4,41,'Sterilità femminile','','http://www.institutocefer.com/it/coppie-sterilita-femminile.php',0,2),(44,4,41,'Sterilità maschile','','http://www.institutocefer.com/it/coppie-sterilita-maschile.php',0,3),(45,4,NULL,'Ripetere Aborti','','http://www.institutocefer.com/it/ripetere-aborti.php',0,2),(46,4,NULL,'Azoospermia dopo vasectomia','','http://www.institutocefer.com/it/azoospermia-dopo-vasectomia.php',0,2),(47,4,NULL,'Banca del seme','2009/11/arrow_submenu.gif','#',0,2),(48,4,47,'Anonimo donatore','','http://www.institutocefer.com/it/coppie-donatore-di-sperma-anonimo.php',0,2),(49,4,47,'Il congelamento dello sperma','','http://www.institutocefer.com/it/coppie-il-congelamento-dello-sperma.php',0,3),(50,4,NULL,'Menopausa, Ovodonazione','','http://www.institutocefer.com/it/menopausa-ovuli-donati.php',0,2),(51,4,NULL,'Coppie discordanti','2009/11/arrow_submenu.gif','#',0,2),(52,4,51,'Lavaggio dello sperma','','http://www.institutocefer.com/it/coppie-lavaggio-dello-sperma.php',0,2),(53,4,51,'HIV+ donne','','http://www.institutocefer.com/it/hiv-donne.php',0,2),(54,4,NULL,'DGP','','http://www.institutocefer.com/it/coppie-dgp.php',0,2),(55,4,NULL,'Fecondazione in vitro','','http://www.institutocefer.com/it/coppie-fecondazione-in-vitro.php',0,2),(56,4,NULL,'Inseminazione artificiale','','http://www.institutocefer.com/it/coppie-inseminazione-artificiale.php',0,2),(57,4,NULL,'Coppie lesbiche','','http://www.institutocefer.com/it/coppie-lesbiche.php',0,2),(58,4,NULL,'FAQ','','http://www.institutocefer.com/it/coppie-faq.php',0,2),(59,4,NULL,'Contatto','','http://www.institutocefer.com/it/contatto-con-cefer.php',0,2),(60,5,NULL,'Singles','','http://www.institutocefer.com/it/singles.php',0,2),(61,5,NULL,'Sperma donatore anonimo','','http://www.institutocefer.com/it/sperma-donatore-anonimo.php',0,2),(62,5,NULL,'Inseminazione artificiale','','http://www.institutocefer.com/it/single-madri-inseminazione-artificiale.php',0,2),(63,5,NULL,'Coppie lesbiche','','http://www.institutocefer.com/it/single-madri-coppie-lesbiche.php',0,2),(64,5,NULL,'Uovo di congelamento','','http://www.institutocefer.com/it/single-madri-uovo-di-congelamento.php',0,2),(65,5,NULL,'Adozione di uova','','http://www.institutocefer.com/it/adozione-di-uova.php',0,2),(67,5,NULL,'Ripetere Aborti','','http://www.institutocefer.com/it/single-madri-ripetere-aborti.php',0,2),(68,5,NULL,'Menopausa','','http://www.institutocefer.com/it/menopausa.php',0,2),(69,5,NULL,'Sterilità femminile','','http://www.institutocefer.com/it/single-madri-sterilita-femminile.php',0,2),(70,5,NULL,'Donna sieropositiva','','http://www.institutocefer.com/it/donna-sieropositiva.php',0,2),(71,5,NULL,'Sostegno psicologico','','http://www.institutocefer.com/it/single-madri-sostegno-psicologico.php',0,2),(72,5,NULL,'FAQ','','http://www.institutocefer.com/it/single-madri-faq.php',0,2),(73,5,NULL,'Contatto','','http://www.institutocefer.com/it/contatto-con-cefer.php',0,2),(74,6,NULL,'Sperma dei donatori','','http://www.institutocefer.com/it/sperma-dei-donatori.php',0,1),(75,6,NULL,'Donazione di Ovociti','','http://www.institutocefer.com/it/donazione-di-ovociti.php',0,2),(96,2,22,'Alloggi','','http://www.institutocefer.com/it/alloggio-a-barcellona.php',0,2),(97,2,22,'Numeri utili','','http://www.institutocefer.com/it/numeri-utili.php',0,3),(98,2,22,'Visitare Barcellona','','http://www.institutocefer.com/it/visitare-barcellona.php',0,4),(99,3,NULL,'EmbryoScope','','http://www.institutocefer.com/it/embryoscope.php',0,9),(100,3,NULL,'IMSI','','http://www.institutocefer.com/it/IMSI.php',0,10),(184,1,NULL,'notizie','','http://www.institutocefer.com/it/news.php',0,2),(352,3,NULL,'News','','http://www.institutocefer.com/it/news.php',0,2),(353,3,NULL,'Ovodonazione','','http://www.institutocefer.com/it/ovodonazione.php',0,5),(354,3,NULL,'Test Genetico Recombine','','http://www.institutocefer.com/it/test_genetico_recombine.php',0,11);
/*!40000 ALTER TABLE `menudetalle` ENABLE KEYS */;
UNLOCK TABLES;

--
-- Table structure for table `menus`
--

DROP TABLE IF EXISTS `menus`;
/*!40101 SET @saved_cs_client     = @@character_set_client */;
/*!40101 SET character_set_client = utf8 */;
CREATE TABLE `menus` (
  `id` int(10) unsigned NOT NULL auto_increment,
  `nombre` varchar(255) NOT NULL,
  `formato` tinyint(3) unsigned NOT NULL,
  `css` text,
  `animaciones` tinyint(3) unsigned NOT NULL,
  `have_state` tinyint(3) unsigned NOT NULL,
  `fechaAlta` datetime NOT NULL default '0000-00-00 00:00:00',
  `fechaPublicacion` datetime default NULL,
  `fechaModificacion` datetime default NULL,
  `useState` tinyint(4) NOT NULL default '0',
  PRIMARY KEY  (`id`)
) ENGINE=InnoDB AUTO_INCREMENT=7 DEFAULT CHARSET=utf8;
/*!40101 SET character_set_client = @saved_cs_client */;

--
-- Dumping data for table `menus`
--

LOCK TABLES `menus` WRITE;
/*!40000 ALTER TABLE `menus` DISABLE KEYS */;
INSERT INTO `menus` VALUES (1,'Menu Cabecera Horizontal',0,'%2F%2A+Navigation+%2A%2F%0D%0A%0D%0A%0D%0A.nav_1+%7Bbackground%3A%23EBEBEB%3B%7D%0D%0A.nav_1+%7B%7D%0D%0A.nav_1+img+%7Bdisplay%3Anone%3B%7D%0D%0A%0D%0A%2F%2A+First+Level+%2A%2F%0D%0A.nav_1+ul+%7Bmargin%3A0%3B+padding%3A0%3B+list-style-type%3Anone%3B+position%3Arelative%3B%7D%0D%0A.nav_1+ul+li+%7Bfloat%3Aleft%3B+position%3Arelative%3B+margin-right%3A1px%3B+color%3Ainherit%3B+font-size%3A11px%3B%7D%0D%0A%0D%0A%2F%2A+Links+Std+%2A%2F%0D%0A.nav_1+ul+li+a%3Alink%2C+.nav_1+ul+li+a%3Aactive%2C+.nav_1+ul+li+a%3Avisited+%7Bdisplay%3Ablock%3B+padding%3A9px+14px%3B+color%3A%23de3348%3B+background%3Ainherit%3B+font-size%3A15px%3B+font-weight%3A700%3B+font-family%3A+Arial%2C+verdana%2C+Helvetica%2C+sans-serif%3B+vertical-align%3Amiddle%3B+border-right%3A1px+solid+%23ccc%3B%7D%0D%0A.nav_1+ul+li+a%3Ahover+%7Bcolor%3A%23de3348%3B+background%3Aurl%28http%3A%2F%2Fwww.institutocefer.com%2Fes%2Fimages%2Fbg_menu_head.gif%29+repeat-x+bottom%3B%7D%0D%0A%0D%0A%2F%2A+Links+Normal+%2A%2F%0D%0A.nav_1+ul+li.nav_1_item_n+a%3Alink%2C+.nav_1+ul+li.nav_1_item_n+a%3Aactive%2C+.nav_1+ul+li.nav_1_item_n+a%3Avisited+%7B%7D%0D%0A.nav_1+ul+li.nav_1_item_n+a%3Ahover+%7B%7D%0D%0A%0D%0A%2F%2A+Links+Selected+%2A%2F%0D%0A.nav_1+ul+li.nav_1_item_s+a%3Alink%2C+.nav_1+ul+li.nav_1_item_s+a%3Aactive%2C+.nav_1+ul+li.nav_1_item_s+a%3Avisited+%7Bbackground%3Aurl%28http%3A%2F%2Fwww.institutocefer.com%2Fes%2Fimages%2Fbg_menu_head.gif%29+repeat-x+bottom%3B%7D%0D%0A.nav_1+ul+li.nav_1_item_s+a%3Ahover+%7Bbackground%3Aurl%28http%3A%2F%2Fwww.institutocefer.com%2Fes%2Fimages%2Fbg_menu_head.gif%29+repeat-x+bottom%3B%7D%0D%0A%0D%0A',0,1,'2009-11-19 00:00:00','2013-02-26 12:40:53','2013-02-26 12:40:50',0),(2,'Menú vertical el Instituto',0,'%2F%2A+Navigation+%2A%2F%0D%0A.content_menu_2+%7B%7D%0D%0A.nav_2+%7B%7D%0D%0A%0D%0A.nav_2+img+%7Bfloat%3Aright%3B+margin-top%3A3px%3B%7D%0D%0A%2F%2A+First+Level+%2A%2F%0D%0A.nav_2+ul+%7Bmargin%3A0%3B+padding%3A0%3B+list-style-type%3Anone%3B+position%3Arelative%3B+border-top%3A1px+solid+%23d4d4d4%3B%7D%0D%0A.nav_2+ul+li+%7Bmargin%3A0%3B+padding%3A0%3B+position%3Arelative%3B+color%3Ainherit%3B+font-size%3A12px%3B+width%3A100%25%3B%7D%0D%0A%0D%0A%2F%2A+Links+Std+%2A%2F%0D%0A.nav_2+ul+li+a%3Alink%2C+.nav_2+ul+li+a%3Aactive%2C+.nav_2+ul+li+a%3Avisited+%7Bdisplay%3Ablock%3B+padding%3A15px+5px%3B+color%3A%23000%3B+background%3A%23f5f5f5%3B+border-top%3A1px+solid+%23fff%3B+border-bottom%3A1px+solid+%23d4d4d4%3B+border-left%3A1px+solid+%23d4d4d4%3B+border-right%3A1px+solid+%23d4d4d4%3B%7D%0D%0A.nav_2+ul+li+a%3Ahover+%7Bdisplay%3Ablock%3B+color%3A%23000%3B+background%3A%23e9e9e9%3B%7D%0D%0A%0D%0A%2F%2A+Links+Normal+%2A%2F%0D%0A.nav_2+ul+li.nav_2_item_n+a%3Alink%2C+.nav_2+ul+li.nav_2_item_n+a%3Aactive%2C+.nav_2+ul+li.nav_2_item_n+a%3Avisited+%7B%7D%0D%0A.nav_2+ul+li.nav_2_item_n+a%3Ahover+%7B%7D%0D%0A%0D%0A%2F%2A+Links+Selected+%2A%2F%0D%0A.nav_2+ul+li.nav_2_item_s+a%3Alink%2C+.nav_2+ul+li.nav_2_item_s+a%3Aactive%2C+.nav_2+ul+li.nav_2_item_s+a%3Avisited+%7Bdisplay%3Ablock%3B+color%3A%23C90000%3B+background%3A%23e9e9e9%3B%7D%0D%0A.nav_2+ul+li.nav_2_item_s+a%3Ahover+%7Bdisplay%3Ablock%3B+background%3A%23e9e9e9%3B%7D%0D%0A%0D%0A%2F%2A+Second+Level+%2A%2F%0D%0A.nav_2+ul+ul+%7Bvisibility%3Ahidden%3B+position%3Aabsolute%3B+top%3A-1px%3B+left%3A193px%3B++margin%3A0%3B+padding%3A0%3B+background%3A%23FFF%3B+border-top%3A1px+solid+%23d4d4d4%3B%7D%0D%0A.nav_2+ul+ul+li.nav_2_item_n+%7Bwidth%3A190px%3B+position%3A+relative%3B%7D%0D%0A.nav_2+ul+ul+li.nav_2_item_s+%7Bwidth%3A190px%3B+position%3A+relative%3B+%7D%0D%0A%0D%0A%2F%2A+Links+Std+Second+Level+%2A%2F%0D%0A.nav_2+ul+ul+li.nav_2_item_n+a%3Alink%2C+.nav_2+ul+ul+li.nav_2_item_n+a%3Aactive%2C+.nav_2+ul+ul+li.nav_2_item_n+a%3Avisited+%7Bdisplay%3Ablock%3B+padding%3A15px+5px%3B+color%3A%23000%3B+background%3A%23f5f5f5%3B+border-top%3A1px+solid+%23fff%3B+border-bottom%3A1px+solid+%23d4d4d4%3B+border-left%3A1px+solid+%23d4d4d4%3B+border-right%3A1px+solid+%23d4d4d4%3B%7D%0D%0A.nav_2+ul+ul+li.nav_2_item_n+a%3Ahover+%7Bdisplay%3Ablock%3B+color%3A%23000%3B+background%3A%23e9e9e9%3B%7D',1,1,'2009-11-20 00:00:00','2009-12-14 13:36:55','2009-12-10 15:29:22',0),(3,'Menú vertical ¿Qué hacemos?',0,'%2F%2A+Navigation+%2A%2F%0D%0A.content_menu_3+%7B%7D%0D%0A.nav_3+%7B%7D%0D%0A%0D%0A.nav_3+img+%7Bfloat%3Aright%3B+margin-top%3A3px%3B%7D%0D%0A%2F%2A+First+Level+%2A%2F%0D%0A.nav_3+ul+%7Bmargin%3A0%3B+padding%3A0%3B+list-style-type%3Anone%3B+position%3Arelative%3B+border-top%3A1px+solid+%23d4d4d4%3B%7D%0D%0A.nav_3+ul+li+%7Bmargin%3A0%3B+padding%3A0%3B+position%3Arelative%3B+color%3Ainherit%3B+font-size%3A12px%3B+width%3A100%25%3B%7D%0D%0A%0D%0A%2F%2A+Links+Std+%2A%2F%0D%0A.nav_3+ul+li+a%3Alink%2C+.nav_3+ul+li+a%3Aactive%2C+.nav_3+ul+li+a%3Avisited+%7Bdisplay%3Ablock%3B+padding%3A15px+5px%3B+color%3A%23000%3B+background%3A%23f5f5f5%3B+border-top%3A1px+solid+%23fff%3B+border-bottom%3A1px+solid+%23d4d4d4%3B+border-left%3A1px+solid+%23d4d4d4%3B+border-right%3A1px+solid+%23d4d4d4%3B%7D%0D%0A.nav_3+ul+li+a%3Ahover+%7Bdisplay%3Ablock%3B+color%3A%23000%3B+background%3A%23e9e9e9%3B%7D%0D%0A%0D%0A%2F%2A+Links+Normal+%2A%2F%0D%0A.nav_3+ul+li.nav_3_item_n+a%3Alink%2C+.nav_3+ul+li.nav_3_item_n+a%3Aactive%2C+.nav_3+ul+li.nav_3_item_n+a%3Avisited+%7B%7D%0D%0A.nav_3+ul+li.nav_3_item_n+a%3Ahover+%7B%7D%0D%0A%0D%0A%2F%2A+Links+Selected+%2A%2F%0D%0A.nav_3+ul+li.nav_3_item_s+a%3Alink%2C+.nav_3+ul+li.nav_3_item_s+a%3Aactive%2C+.nav_3+ul+li.nav_3_item_s+a%3Avisited+%7Bcolor%3A%23C90000%3B+background%3A%23e9e9e9%3B%7D%0D%0A.nav_3+ul+li.nav_3_item_s+a%3Ahover+%7Bbackground%3A%23e9e9e9%3B%7D%0D%0A%0D%0A%2F%2A+Second+Level+%2A%2F%0D%0A.nav_3+ul+ul+%7Bvisibility%3Ahidden%3B+position%3Aabsolute%3B+top%3A-1px%3B+left%3A193px%3B++margin%3A0%3B+padding%3A0%3B+background%3A%23FFF%3B+border-top%3A1px+solid+%23d4d4d4%3B%7D%0D%0A.nav_3+ul+ul+li.nav_3_item_n+%7Bwidth%3A190px%3B+position%3A+relative%3B%7D%0D%0A.nav_3+ul+ul+li.nav_3_item_s+%7Bwidth%3A190px%3B+position%3A+relative%3B+%7D%0D%0A%0D%0A%2F%2A+Links+Std+Second+Level+%2A%2F%0D%0A.nav_3+ul+ul+li.nav_3_item_n+a%3Alink%2C+.nav_3+ul+ul+li.nav_3_item_n+a%3Aactive%2C+.nav_3+ul+ul+li.nav_3_item_n+a%3Avisited+%7Bdisplay%3Ablock%3B+padding%3A15px+5px%3B+color%3A%23000%3B+background%3A%23f5f5f5%3B+border-top%3A1px+solid+%23fff%3B+border-bottom%3A1px+solid+%23d4d4d4%3B+border-left%3A1px+solid+%23d4d4d4%3B+border-right%3A1px+solid+%23d4d4d4%3B%7D%0D%0A.nav_3+ul+ul+li.nav_3_item_n+a%3Ahover+%7Bdisplay%3Ablock%3B+color%3A%23000%3B+background%3A%23e9e9e9%3B%7D',1,1,'2009-11-20 00:00:00','2014-04-25 08:22:20','2014-04-15 09:56:33',0),(4,'Menú vertical parejas',0,'%2F%2A+Navigation+%2A%2F%0D%0A.content_menu_4+%7B%7D%0D%0A.nav_4+%7B%7D%0D%0A%0D%0A.nav_4+img+%7Bfloat%3Aright%3B+margin-top%3A3px%3B%7D%0D%0A%2F%2A+First+Level+%2A%2F%0D%0A.nav_4+ul+%7Bmargin%3A0%3B+padding%3A0%3B+list-style-type%3Anone%3B+position%3Arelative%3B+border-top%3A1px+solid+%23d4d4d4%3B%7D%0D%0A.nav_4+ul+li+%7Bmargin%3A0%3B+padding%3A0%3B+position%3Arelative%3B+color%3Ainherit%3B+font-size%3A12px%3B+width%3A100%25%3B%7D%0D%0A%0D%0A%0D%0A%2F%2A+Links+Std+%2A%2F%0D%0A.nav_4+ul+li+a%3Alink%2C+.nav_4+ul+li+a%3Aactive%2C+.nav_4+ul+li+a%3Avisited+%7Bdisplay%3Ablock%3B+padding%3A15px+5px%3B+color%3A%23000%3B+background%3A%23f5f5f5%3B+border-top%3A1px+solid+%23fff%3B+border-bottom%3A1px+solid+%23d4d4d4%3B+border-left%3A1px+solid+%23d4d4d4%3B+border-right%3A1px+solid+%23d4d4d4%3B%7D%0D%0A.nav_4+ul+li+a%3Ahover+%7Bdisplay%3Ablock%3B+color%3A%23000%3B+background%3A%23e9e9e9%3B%7D%0D%0A%0D%0A%2F%2A+Links+Normal+%2A%2F%0D%0A.nav_4+ul+li.nav_4_item_n+a%3Alink%2C+.nav_4+ul+li.nav_4_item_n+a%3Aactive%2C+.nav_4+ul+li.nav_4_item_n+a%3Avisited+%7B%7D%0D%0A.nav_4+ul+li.nav_4_item_n+a%3Ahover+%7B%7D%0D%0A%0D%0A%2F%2A+Links+Selected+%2A%2F%0D%0A.nav_4+ul+li.nav_4_item_s+a%3Alink%2C+.nav_4+ul+li.nav_3_item_s+a%3Aactive%2C+.nav_4+ul+li.nav_4_item_s+a%3Avisited+%7Bcolor%3A%23C90000%3B+background%3A%23e9e9e9%3B%7D%0D%0A.nav_4+ul+li.nav_4_item_s+a%3Ahover+%7Bbackground%3A%23e9e9e9%3B%7D%0D%0A%0D%0A%2F%2A+Second+Level+%2A%2F%0D%0A.nav_4+ul+ul+%7Bvisibility%3Ahidden%3B+position%3Aabsolute%3B+top%3A-1px%3B+left%3A193px%3B++margin%3A0%3B+padding%3A0%3B+background%3A%23FFF%3B+border-top%3A1px+solid+%23d4d4d4%3B%7D%0D%0A.nav_4+ul+ul+li.nav_4_item_n+%7Bwidth%3A190px%3B+position%3A+relative%3B%7D%0D%0A.nav_4+ul+ul+li.nav_4_item_s+%7Bwidth%3A190px%3B+position%3A+relative%3B+%7D%0D%0A%0D%0A%2F%2A+Links+Std+Second+Level+%2A%2F%0D%0A.nav_4+ul+ul+li.nav_4_item_n+a%3Alink%2C+.nav_4+ul+ul+li.nav_4_item_n+a%3Aactive%2C+.nav_4+ul+ul+li.nav_4_item_n+a%3Avisited+%7Bdisplay%3Ablock%3B+padding%3A15px+5px%3B+color%3A%23000%3B+background%3A%23f5f5f5%3B+border-top%3A1px+solid+%23fff%3B+border-bottom%3A1px+solid+%23d4d4d4%3B+border-left%3A1px+solid+%23d4d4d4%3B+border-right%3A1px+solid+%23d4d4d4%3B%7D%0D%0A.nav_4+ul+ul+li.nav_4_item_n+a%3Ahover+%7Bdisplay%3Ablock%3B+color%3A%23000%3B+background%3A%23e9e9e9%3B%7D',1,1,'2009-11-20 00:00:00','2012-05-11 11:40:40','2012-05-11 11:40:24',0),(5,'Menú vertical madres solteras',0,'%2F%2A+Navigation+%2A%2F%0D%0A.content_menu_5%7B%7D%0D%0A.nav_5+%7B%7D%0D%0A%0D%0A.nav_5+img+%7Bfloat%3Aright%3B+margin-top%3A3px%3B%7D%0D%0A%2F%2A+First+Level+%2A%2F%0D%0A.nav_5+ul+%7Bmargin%3A0%3B+padding%3A0%3B+list-style-type%3Anone%3B+position%3Arelative%3B+border-top%3A1px+solid+%23d4d4d4%3B%7D%0D%0A.nav_5+ul+li+%7Bmargin%3A0%3B+padding%3A0%3B+position%3Arelative%3B+color%3Ainherit%3B+font-size%3A12px%3B+width%3A100%25%3B%7D%0D%0A%0D%0A%0D%0A%2F%2A+Links+Std+%2A%2F%0D%0A.nav_5+ul+li+a%3Alink%2C+.nav_5+ul+li+a%3Aactive%2C+.nav_5+ul+li+a%3Avisited+%7Bdisplay%3Ablock%3B+padding%3A15px+5px%3B+color%3A%23000%3B+background%3A%23f5f5f5%3B+border-top%3A1px+solid+%23fff%3B+border-bottom%3A1px+solid+%23d4d4d4%3B+border-left%3A1px+solid+%23d4d4d4%3B+border-right%3A1px+solid+%23d4d4d4%3B%7D%0D%0A.nav_5+ul+li+a%3Ahover+%7Bdisplay%3Ablock%3B+color%3A%23000%3B+background%3A%23e9e9e9%3B%7D%0D%0A%0D%0A%2F%2A+Links+Normal+%2A%2F%0D%0A.nav_5+ul+li.nav_5_item_n+a%3Alink%2C+.nav_5+ul+li.nav_5_item_n+a%3Aactive%2C+.nav_5+ul+li.nav_5_item_n+a%3Avisited+%7B%7D%0D%0A.nav_5+ul+li.nav_5_item_n+a%3Ahover+%7B%7D%0D%0A%0D%0A%2F%2A+Links+Selected+%2A%2F%0D%0A.nav_5+ul+li.nav_5_item_s+a%3Alink%2C+.nav_5+ul+li.nav_3_item_s+a%3Aactive%2C+.nav_5+ul+li.nav_5_item_s+a%3Avisited+%7Bcolor%3A%23C90000%3B+background%3A%23e9e9e9%3B%7D%0D%0A.nav_5+ul+li.nav_5_item_s+a%3Ahover+%7Bbackground%3A%23e9e9e9%3B%7D%0D%0A%0D%0A%2F%2A+Second+Level+%2A%2F%0D%0A.nav_5+ul+ul+%7Bvisibility%3Ahidden%3B+position%3Aabsolute%3B+top%3A-1px%3B+left%3A193px%3B++margin%3A0%3B+padding%3A0%3B+background%3A%23FFF%3B+border-top%3A1px+solid+%23d4d4d4%3B%7D%0D%0A.nav_5+ul+ul+li.nav_5_item_n+%7Bwidth%3A190px%3B+position%3A+relative%3B%7D%0D%0A.nav_5+ul+ul+li.nav_5_item_s+%7Bwidth%3A190px%3B+position%3A+relative%3B+%7D%0D%0A%0D%0A%2F%2A+Links+Std+Second+Level+%2A%2F%0D%0A.nav_5+ul+ul+li.nav_5_item_n+a%3Alink%2C+.nav_5+ul+ul+li.nav_5_item_n+a%3Aactive%2C+.nav_5+ul+ul+li.nav_5_item_n+a%3Avisited+%7Bdisplay%3Ablock%3B+padding%3A15px+5px%3B+color%3A%23000%3B+background%3A%23f5f5f5%3B+border-top%3A1px+solid+%23fff%3B+border-bottom%3A1px+solid+%23d4d4d4%3B+border-left%3A1px+solid+%23d4d4d4%3B+border-right%3A1px+solid+%23d4d4d4%3B%7D%0D%0A.nav_5+ul+ul+li.nav_5_item_n+a%3Ahover+%7Bdisplay%3Ablock%3B+color%3A%23000%3B+background%3A%23e9e9e9%3B%7D',1,1,'2009-11-20 00:00:00','2009-12-14 13:36:57','2009-12-10 16:05:33',0),(6,'Menú vertical donantes',0,'%2F%2A+Navigation+%2A%2F%0D%0A.content_menu_6+%7B%7D%0D%0A.nav_6+%7B%7D%0D%0A%0D%0A.nav_6+img+%7Bfloat%3Aright%3B+margin-top%3A3px%3B%7D%0D%0A%2F%2A+First+Level+%2A%2F%0D%0A.nav_6+ul+%7Bmargin%3A0%3B+padding%3A0%3B+list-style-type%3Anone%3B+position%3Arelative%3B+border-top%3A1px+solid+%23d4d4d4%3B%7D%0D%0A.nav_6+ul+li+%7Bmargin%3A0%3B+padding%3A0%3B+position%3Arelative%3B+color%3Ainherit%3B+font-size%3A12px%3B+width%3A100%25%3B%7D%0D%0A%0D%0A%0D%0A%2F%2A+Links+Std+%2A%2F%0D%0A.nav_6+ul+li+a%3Alink%2C+.nav_6+ul+li+a%3Aactive%2C+.nav_6+ul+li+a%3Avisited+%7Bdisplay%3Ablock%3B+padding%3A15px+5px%3B+color%3A%23000%3B+background%3A%23f5f5f5%3B+border-top%3A1px+solid+%23fff%3B+border-bottom%3A1px+solid+%23d4d4d4%3B+border-left%3A1px+solid+%23d4d4d4%3B+border-right%3A1px+solid+%23d4d4d4%3B%7D%0D%0A.nav_6+ul+li+a%3Ahover+%7Bdisplay%3Ablock%3B+color%3A%23000%3B+background%3A%23e9e9e9%3B%7D%0D%0A%0D%0A%2F%2A+Links+Normal+%2A%2F%0D%0A.nav_6+ul+li.nav_6_item_n+a%3Alink%2C+.nav_6+ul+li.nav_6_item_n+a%3Aactive%2C+.nav_6+ul+li.nav_6_item_n+a%3Avisited+%7B%7D%0D%0A.nav_6+ul+li.nav_6_item_n+a%3Ahover+%7B%7D%0D%0A%0D%0A%2F%2A+Links+Selected+%2A%2F%0D%0A.nav_6+ul+li.nav_6_item_s+a%3Alink%2C+.nav_6+ul+li.nav_3_item_s+a%3Aactive%2C+.nav_6+ul+li.nav_6_item_s+a%3Avisited+%7Bcolor%3A%23C90000%3B+background%3A%23e9e9e9%3B%7D%0D%0A.nav_6+ul+li.nav_6_item_s+a%3Ahover+%7Bbackground%3A%23e9e9e9%3B%7D%0D%0A%0D%0A%2F%2A+Second+Level+%2A%2F%0D%0A.nav_6+ul+ul+%7Bvisibility%3Ahidden%3B+position%3Aabsolute%3B+top%3A-1px%3B+left%3A193px%3B++margin%3A0%3B+padding%3A0%3B+background%3A%23FFF%3B+border-top%3A1px+solid+%23d4d4d4%3B%7D%0D%0A.nav_6+ul+ul+li.nav_6_item_n+%7Bwidth%3A190px%3B+position%3A+relative%3B%7D%0D%0A.nav_6+ul+ul+li.nav_6_item_s+%7Bwidth%3A190px%3B+position%3A+relative%3B+%7D%0D%0A%0D%0A%2F%2A+Links+Std+Second+Level+%2A%2F%0D%0A.nav_6+ul+ul+li.nav_6_item_n+a%3Alink%2C+.nav_6+ul+ul+li.nav_6_item_n+a%3Aactive%2C+.nav_6+ul+ul+li.nav_6_item_n+a%3Avisited+%7Bdisplay%3Ablock%3B+padding%3A15px+5px%3B+color%3A%23000%3B+background%3A%23f5f5f5%3B+border-top%3A1px+solid+%23fff%3B+border-bottom%3A1px+solid+%23d4d4d4%3B+border-left%3A1px+solid+%23d4d4d4%3B+border-right%3A1px+solid+%23d4d4d4%3B%7D%0D%0A.nav_6+ul+ul+li.nav_6_item_n+a%3Ahover+%7Bdisplay%3Ablock%3B+color%3A%23000%3B+background%3A%23e9e9e9%3B%7D',1,1,'2009-11-20 00:00:00','2009-12-14 13:36:58','2009-12-10 16:06:29',0);
/*!40000 ALTER TABLE `menus` ENABLE KEYS */;
UNLOCK TABLES;

--
-- Table structure for table `notice_comment_rates`
--

DROP TABLE IF EXISTS `notice_comment_rates`;
/*!40101 SET @saved_cs_client     = @@character_set_client */;
/*!40101 SET character_set_client = utf8 */;
CREATE TABLE `notice_comment_rates` (
  `id` int(10) unsigned NOT NULL auto_increment,
  `idComment` int(10) unsigned NOT NULL,
  `counter` int(11) NOT NULL default '0',
  `counter_valuation` int(11) NOT NULL default '0',
  `valuation_accumulated` int(11) NOT NULL default '0',
  `discriminator` int(4) NOT NULL default '0',
  PRIMARY KEY  (`id`),
  KEY `idComment` (`idComment`),
  CONSTRAINT `notice_comment_rates_ibfk_1` FOREIGN KEY (`idComment`) REFERENCES `comentario` (`id`) ON DELETE CASCADE
) ENGINE=InnoDB DEFAULT CHARSET=utf8;
/*!40101 SET character_set_client = @saved_cs_client */;

--
-- Dumping data for table `notice_comment_rates`
--

LOCK TABLES `notice_comment_rates` WRITE;
/*!40000 ALTER TABLE `notice_comment_rates` DISABLE KEYS */;
/*!40000 ALTER TABLE `notice_comment_rates` ENABLE KEYS */;
UNLOCK TABLES;

--
-- Table structure for table `notice_geoinfo`
--

DROP TABLE IF EXISTS `notice_geoinfo`;
/*!40101 SET @saved_cs_client     = @@character_set_client */;
/*!40101 SET character_set_client = utf8 */;
CREATE TABLE `notice_geoinfo` (
  `id` int(10) unsigned NOT NULL auto_increment,
  `id_notice` int(10) unsigned NOT NULL default '0',
  `title` varchar(255) NOT NULL default '',
  `points` longtext NOT NULL,
  `is_polygon` tinyint(1) NOT NULL default '0',
  PRIMARY KEY  (`id`),
  KEY `id_notice` (`id_notice`),
  CONSTRAINT `notice_geoinfo_ibfk_1` FOREIGN KEY (`id_notice`) REFERENCES `noticia` (`id`) ON DELETE CASCADE
) ENGINE=InnoDB DEFAULT CHARSET=utf8;
/*!40101 SET character_set_client = @saved_cs_client */;

--
-- Dumping data for table `notice_geoinfo`
--

LOCK TABLES `notice_geoinfo` WRITE;
/*!40000 ALTER TABLE `notice_geoinfo` DISABLE KEYS */;
/*!40000 ALTER TABLE `notice_geoinfo` ENABLE KEYS */;
UNLOCK TABLES;

--
-- Table structure for table `notice_location`
--

DROP TABLE IF EXISTS `notice_location`;
/*!40101 SET @saved_cs_client     = @@character_set_client */;
/*!40101 SET character_set_client = utf8 */;
CREATE TABLE `notice_location` (
  `id` int(10) unsigned NOT NULL auto_increment,
  `id_notice` int(10) unsigned NOT NULL,
  `title` varchar(255) NOT NULL default '',
  `latitude` float NOT NULL default '0',
  `longitude` float NOT NULL default '0',
  PRIMARY KEY  (`id`),
  KEY `id_notice` (`id_notice`),
  CONSTRAINT `notice_location_ibfk_1` FOREIGN KEY (`id_notice`) REFERENCES `noticia` (`id`) ON DELETE CASCADE
) ENGINE=InnoDB DEFAULT CHARSET=utf8;
/*!40101 SET character_set_client = @saved_cs_client */;

--
-- Dumping data for table `notice_location`
--

LOCK TABLES `notice_location` WRITE;
/*!40000 ALTER TABLE `notice_location` DISABLE KEYS */;
/*!40000 ALTER TABLE `notice_location` ENABLE KEYS */;
UNLOCK TABLES;

--
-- Table structure for table `notice_rates`
--

DROP TABLE IF EXISTS `notice_rates`;
/*!40101 SET @saved_cs_client     = @@character_set_client */;
/*!40101 SET character_set_client = utf8 */;
CREATE TABLE `notice_rates` (
  `id` int(10) unsigned NOT NULL auto_increment,
  `idNotice` int(10) unsigned NOT NULL,
  `counter` int(11) NOT NULL default '0',
  `counter_valuation` int(11) NOT NULL default '0',
  `valuation_accumulated` int(11) NOT NULL default '0',
  `discriminator` int(4) NOT NULL default '0',
  PRIMARY KEY  (`id`),
  KEY `idNotice` (`idNotice`),
  CONSTRAINT `notice_rates_ibfk_1` FOREIGN KEY (`idNotice`) REFERENCES `noticia` (`id`) ON DELETE CASCADE
) ENGINE=InnoDB DEFAULT CHARSET=utf8;
/*!40101 SET character_set_client = @saved_cs_client */;

--
-- Dumping data for table `notice_rates`
--

LOCK TABLES `notice_rates` WRITE;
/*!40000 ALTER TABLE `notice_rates` DISABLE KEYS */;
/*!40000 ALTER TABLE `notice_rates` ENABLE KEYS */;
UNLOCK TABLES;

--
-- Table structure for table `noticia`
--

DROP TABLE IF EXISTS `noticia`;
/*!40101 SET @saved_cs_client     = @@character_set_client */;
/*!40101 SET character_set_client = utf8 */;
CREATE TABLE `noticia` (
  `id` int(10) unsigned NOT NULL auto_increment,
  `nombre` varchar(255) NOT NULL,
  `codigo` int(11) NOT NULL,
  `comentarios` tinyint(3) unsigned NOT NULL,
  `imprimir` tinyint(3) unsigned NOT NULL,
  `mail` tinyint(3) unsigned NOT NULL,
  `fechaAlta` date NOT NULL,
  `fechaModificacion` datetime default NULL,
  `fechaPublicacion` datetime default NULL,
  `noticia_html` text,
  `busqueda` text,
  `idPlantilla` int(10) unsigned NOT NULL,
  `idDetalle` int(11) NOT NULL,
  `fechaInicio` datetime default NULL,
  `fechaFin` date default NULL,
  `estado` int(10) unsigned NOT NULL,
  `tipo` tinyint(3) unsigned NOT NULL,
  `useFechaPublicacion` tinyint(3) unsigned NOT NULL default '1',
  `owner` int(11) NOT NULL default '-1',
  `internalViewer` varchar(255) default NULL,
  `alternativeName` varchar(255) NOT NULL,
  `showPublicationTime` tinyint(4) NOT NULL default '0',
  `showCategoryPath` tinyint(4) NOT NULL default '0',
  `showEmbeddedComments` tinyint(4) NOT NULL default '0',
  `showPromotionContentLinks` tinyint(4) NOT NULL default '0',
  `showRelatedNotices` tinyint(4) NOT NULL default '0',
  `use_vote` tinyint(4) NOT NULL default '0',
  `use_valuation` tinyint(4) NOT NULL default '0',
  PRIMARY KEY  (`id`),
  KEY `alta` (`fechaAlta`),
  KEY `fecha` (`fechaPublicacion`,`fechaModificacion`),
  KEY `idDetalle` (`idDetalle`),
  KEY `inicio` (`fechaInicio`),
  KEY `estado` (`estado`,`tipo`)
) ENGINE=InnoDB AUTO_INCREMENT=119 DEFAULT CHARSET=utf8;
/*!40101 SET character_set_client = @saved_cs_client */;

--
-- Dumping data for table `noticia`
--

LOCK TABLES `noticia` WRITE;
/*!40000 ALTER TABLE `noticia` DISABLE KEYS */;
INSERT INTO `noticia` VALUES (1,'Proves Bab',1,1,1,1,'2009-11-20','2009-11-20 11:36:28','2011-06-29 11:42:26',NULL,NULL,5,-1,'2009-11-20 11:37:13','0000-00-00',3,2,0,1,'viewer','lorem_ipsum_is_simply_dummy_text_of_the_printing_and_typesetting_industry._001',0,0,1,1,1,0,0),(2,'IMG MENU: El instituto',2,0,0,0,'2009-11-20','2009-12-14 11:15:01','2011-06-29 11:42:26',NULL,NULL,11,-1,'2009-11-20 18:20:06','0000-00-00',3,2,0,1,'viewer','img_menu__el_instituto_002',0,0,0,0,0,0,0),(3,'IMG MENU: ¿Qué hacemos?',3,0,0,0,'2009-11-20','2009-12-14 11:15:37','2011-06-29 11:42:26',NULL,NULL,11,-1,'2009-11-20 18:40:14','0000-00-00',3,2,0,1,'viewer','img_menu__que_hacemos_003',0,0,0,0,0,0,0),(4,'IMG MENU: Parejas',4,0,0,0,'2009-11-20','2009-12-14 11:16:25','2011-06-29 11:42:26',NULL,NULL,11,-1,'2009-11-20 18:50:18','0000-00-00',3,2,0,1,'viewer','img_menu__parejas_004',0,0,0,0,0,0,0),(5,'IMG MENU: Madres solteras',5,0,0,0,'2009-11-20','2009-12-14 11:17:02','2011-06-29 11:42:26',NULL,NULL,11,-1,'2009-11-20 18:50:18','0000-00-00',3,2,0,1,'viewer','img_menu__madres_solteras_005',0,0,0,0,0,0,0),(6,'IMG MENU: Donates',6,0,0,0,'2009-11-20','2009-12-14 11:17:48','2011-06-29 11:42:26',NULL,NULL,11,-1,'2009-11-20 18:50:19','0000-00-00',3,2,0,1,'viewer','img_menu__donates_006',0,0,0,0,0,0,0),(7,'COLABORADORES: Anacer',7,0,0,0,'2009-11-20','2009-11-20 19:14:47','2011-06-29 11:42:26',NULL,NULL,11,-1,'2009-11-20 19:15:03','0000-00-00',3,2,0,1,'viewer','colaboradores__anacer_007',0,0,0,0,0,0,0),(8,'PORTADA: Información',8,0,0,0,'2009-11-23','2013-03-22 07:32:01','2013-03-22 07:32:01',NULL,NULL,11,-1,'2009-11-23 14:04:19','0000-00-00',3,2,0,3,'viewer','portada__informacion_008',0,0,0,0,0,0,0),(9,'PORTADA: DGP',9,0,0,0,'2009-11-23','2010-04-09 10:39:45','2011-06-29 11:42:22',NULL,NULL,11,-1,'2009-11-23 16:55:36','0000-00-00',3,2,0,1,'viewer','portada__dgp_009',0,0,0,0,0,0,0),(10,'PORTADA: Donar semen',10,0,0,0,'2009-11-23','2010-04-09 10:40:47','2011-06-29 11:42:22',NULL,NULL,11,-1,'2009-11-23 16:56:48','0000-00-00',3,2,0,1,'viewer','portada__donar_semen_010',0,0,0,0,0,0,0),(11,'PORTADA: inseminación',11,0,0,0,'2009-11-23','2013-04-26 08:47:36','2013-04-26 08:47:36',NULL,NULL,11,-1,'2009-11-23 16:58:03','0000-00-00',3,2,0,3,'viewer','portada__inseminacion_011',0,0,0,0,0,0,0),(12,'PORTADA: Área pacientes',12,0,0,0,'2009-11-23','2013-01-14 22:53:16','2013-01-14 22:53:16',NULL,NULL,11,-1,'2009-11-23 19:16:20','0000-00-00',3,2,0,3,'viewer','portada__Area_pacientes_012',0,0,0,0,0,0,0),(13,'PORTADA: Área profesionales',13,0,0,0,'2009-11-23','2013-01-14 22:55:55','2013-01-14 22:55:55',NULL,NULL,11,-1,'2009-11-23 19:16:20','0000-00-00',3,2,0,3,'viewer','portada__Area_profesionales_013',0,0,0,0,0,0,0),(14,'CONTACTAR: Consulta online',14,0,0,0,'2009-11-23','2009-12-14 11:28:08','2011-06-29 11:42:22',NULL,NULL,11,-1,'2009-11-23 21:16:23','0000-00-00',3,2,0,1,'viewer','contactar__consulta_online_014',0,0,0,0,0,0,0),(15,'CONTACTAR: Solicitar cita',15,0,0,0,'2009-11-23','2010-02-23 19:48:15','2011-06-29 11:42:22',NULL,NULL,11,-1,'2009-11-23 21:16:23','0000-00-00',3,2,0,1,'viewer','contactar__solicitar_cita_015',0,0,0,0,0,0,0),(16,'CONTACTAR: ¿Qué debo hacer?',16,0,0,0,'2009-11-23','2009-12-14 11:29:39','2011-06-29 11:42:22',NULL,NULL,11,-1,'2009-11-23 21:16:23','0000-00-00',3,2,0,1,'viewer','contactar__que_debo_hacer_016',0,0,0,0,0,0,0),(17,'CONTACTAR: Cefer en Google',17,0,0,0,'2009-11-23','2009-12-14 11:30:07','2011-06-29 11:42:22',NULL,NULL,11,-1,'2009-11-23 21:16:24','0000-00-00',3,2,0,1,'viewer','contactar__cefer_en_google_017',0,0,0,0,0,0,0),(18,'El INSTITUTO: Bienvenida',18,0,1,1,'2009-11-26','2013-05-16 08:23:48','2013-05-16 08:23:48',NULL,NULL,2,-1,'2009-11-26 13:54:07','0000-00-00',3,2,0,3,'viewer','benvenuto_a_l_istituto_cefer_018',0,0,0,0,0,0,0),(19,'El INSTITUTO: Historia y experiencia',19,0,1,1,'2009-11-26','2009-12-11 09:49:07','2011-06-29 11:42:17',NULL,NULL,3,-1,'2009-11-26 14:21:05','0000-00-00',3,2,0,1,'viewer','storia_e_esperienza_di_l_istituto_cefer_019',0,0,0,1,0,0,0),(20,'El INSTITUTO: 10 razones para venir a Cefer',20,0,1,1,'2009-11-26','2013-03-22 07:37:57','2013-03-22 07:37:57',NULL,NULL,3,-1,'2009-11-26 14:26:11','0000-00-00',3,2,0,3,'viewer','10_motivi_per_venire_a_cefer_020',0,0,0,0,0,0,0),(21,'El INSTITUTO: El equipo: Dr. Simón Marina',21,0,1,1,'2009-11-26','2009-12-11 09:51:40','2011-06-29 11:42:17',NULL,NULL,2,-1,'2009-11-26 16:27:53','0000-00-00',3,2,0,1,'viewer','dott._simon_marina_avendano_021',0,0,0,0,0,0,0),(22,'El INSTITUTO: El equipo: Dr. David Marina Roncero',22,0,1,1,'2009-11-26','2009-12-11 09:52:24','2011-06-29 11:42:17',NULL,NULL,2,-1,'2009-11-26 16:29:48','0000-00-00',3,2,0,1,'viewer','dott._david_marina_roncero_022',0,0,0,0,0,0,0),(23,'El INSTITUTO: El equipo: Dr. Fernando Marina',23,0,1,1,'2009-11-26','2009-12-11 09:53:00','2011-06-29 11:42:17',NULL,NULL,2,-1,'2009-11-26 16:34:50','0000-00-00',3,2,0,1,'viewer','dott._fernando_marina_rugero_023',0,0,0,0,0,0,0),(24,'El INSTITUTO: El equipo: Dra. Immaculada Jové ',24,0,1,1,'2009-11-26','2009-12-11 09:54:45','2011-06-29 11:42:17',NULL,NULL,2,-1,'2009-11-26 16:36:55','0000-00-00',3,2,0,1,'viewer','dott.ssa_immaculada_jove_i_alegre_024',0,0,0,0,0,0,0),(25,'El INSTITUTO: El equipo: Dr. Xavier Garcia Parra',25,0,1,1,'2009-11-26','2010-02-22 14:25:55','2011-06-29 11:42:02',NULL,NULL,2,-1,'2009-11-26 16:40:28','0000-00-00',3,2,0,3,'viewer','dott._xavier_garcia-parra_rodriguez_025',0,0,0,0,0,0,0),(26,'El INSTITUTO: El equipo: Dra. Susana Egozcue ',26,0,1,1,'2009-11-26','2009-12-11 09:56:33','2011-06-29 11:42:12',NULL,NULL,2,-1,'2009-11-26 16:43:35','0000-00-00',3,2,0,1,'viewer','dott.ssa_susana_egozcue_vilarasau_026',0,0,0,0,0,0,0),(28,'El INSTITUTO: El equipo: Dra. Flor Molfino',28,0,1,1,'2009-11-26','2015-01-20 07:54:59','2015-01-20 07:54:59',NULL,NULL,2,-1,'2009-11-26 16:46:13','0000-00-00',3,2,0,3,'viewer','dott.ssa_flor_molfino_028',0,0,0,0,0,0,0),(29,'El INSTITUTO: El equipo V: Dr. Francisco Sánchez Ballester',29,0,1,1,'2009-11-26','2009-12-11 09:59:30','2011-06-29 11:42:12',NULL,NULL,2,-1,'2009-11-26 16:50:39','0000-00-00',3,2,0,1,'viewer','dott._francisco_sanchez_ballester_029',0,0,0,0,0,0,0),(30,'El INSTITUTO: El equipo V: Nuria Galiana',30,0,1,1,'2009-11-26','2009-12-11 10:01:12','2011-06-29 11:42:12',NULL,NULL,2,-1,'2009-11-26 16:52:38','0000-00-00',3,2,0,1,'viewer','nuria_galiana_030',0,0,0,0,0,0,0),(31,'El INSTITUTO: El equipo LL: Gema Valls I Ricart',31,0,1,1,'2009-11-26','2009-12-11 10:03:17','2011-06-29 11:42:12',NULL,NULL,2,-1,'2009-11-26 16:55:19','0000-00-00',3,2,0,1,'viewer','gema_valls_i_ricart_031',0,0,0,0,0,0,0),(32,'El INSTITUTO: El equipo LL: Xavier Pascual García',32,0,1,1,'2009-11-26','2009-12-11 10:03:52','2011-06-29 11:42:12',NULL,NULL,2,-1,'2009-11-26 16:56:56','0000-00-00',3,2,0,1,'viewer','xavier_pascual_garcia_032',0,0,0,0,0,0,0),(33,'El INSTITUTO: El equipo LL: Anabel Carrasco',33,0,1,1,'2009-11-26','2009-12-11 10:04:17','2011-06-29 11:42:12',NULL,NULL,2,-1,'2009-11-26 16:59:25','0000-00-00',3,2,0,1,'viewer','anabel_carrasco_033',0,0,0,0,0,0,0),(34,'El INSTITUTO: Instalaciones Barcelona',34,0,1,1,'2009-11-26','2013-12-31 09:05:57','2013-12-31 09:05:57',NULL,NULL,3,-1,'2009-11-26 17:16:11','0000-00-00',3,2,0,3,'viewer','barcellona_teknon,_ufficio_21_034',0,0,0,0,0,0,0),(35,'El INSTITUTO: Instalaciones Barcelona 2',35,0,1,1,'2009-11-26','2013-12-31 09:06:16','2013-12-31 09:06:16',NULL,NULL,3,-1,'2009-11-26 17:18:16','0000-00-00',3,2,0,3,'viewer','barcellona_valero_(banca_del_seme)_035',0,0,0,0,0,0,0),(36,'El INSTITUTO: Instalaciones Valencia',36,0,1,1,'2009-11-26','2009-12-11 10:14:53','2011-06-29 11:42:12',NULL,NULL,3,-1,'2009-11-26 17:22:39','0000-00-00',3,2,0,1,'viewer','cefer_valenza_036',0,0,0,0,0,0,0),(37,'El INSTITUTO: Instalaciones Lleida',37,0,1,1,'2009-11-26','2013-12-31 09:11:56','2013-12-31 09:11:56',NULL,NULL,3,-1,'2009-11-26 17:26:28','0000-00-00',3,2,0,3,'viewer','cefer_lleida_037',0,0,0,0,0,0,0),(38,'El INSTITUTO: Compromiso de calidad',38,0,1,1,'2009-11-26','2009-12-11 10:20:15','2011-06-29 11:42:12',NULL,NULL,3,-1,'2009-11-26 17:30:02','0000-00-00',3,2,0,1,'viewer','obiettivi_e_politica_della_qualita_038',0,0,0,0,0,0,0),(39,'El INSTITUTO: Investigación: Chromosome aneuploidy rates',39,0,0,0,'2009-11-26','2009-11-26 17:37:25','2011-06-29 11:42:17',NULL,NULL,5,-1,'2009-11-26 17:35:15','0000-00-00',3,2,0,1,'viewer','chromosome_aneuploidy_rates_in_cleavage-stage_embryos_from_males_with_abnormal_meiotic_segregation._039',0,0,0,0,0,0,0),(40,'El INSTITUTO: Investigación: Sperm aneuploidy screening',40,0,0,0,'2009-11-26','2009-11-26 17:38:55','2011-06-29 11:42:17',NULL,NULL,5,-1,'2009-11-26 17:38:36','0000-00-00',3,2,0,1,'viewer','sperm_aneuploidy_screening_by_fish_in_310_infertile_men_040',0,0,0,0,0,0,0),(41,'El INSTITUTO: Investigación: Cancellation of ovarian-stimulation',41,0,0,0,'2009-11-26','2009-11-26 17:39:53','2011-06-29 11:42:17',NULL,NULL,5,-1,'2009-11-26 17:40:04','0000-00-00',3,2,0,1,'viewer','cancellation_of_ovarian-stimulation_cycles_performed_on_not_patients_egg_donors__reasons_and_costs_041',0,0,0,0,0,0,0),(42,'El INSTITUTO: Investigación: Sperm aneuploidy',42,0,0,0,'2009-11-26','2009-12-11 10:29:46','2011-06-29 11:42:12',NULL,NULL,5,-1,'2009-11-26 17:41:48','0000-00-00',3,2,0,1,'viewer','sperm_aneuploidy_screening_by_fish_in_310_infertile_men_042',0,0,0,0,0,0,0),(43,'El INSTITUTO: Investigación: Congreso',43,0,0,0,'2009-11-26','2009-12-11 10:35:10','2011-06-29 11:42:12',NULL,NULL,3,-1,'2009-11-26 17:46:01','0000-00-00',3,2,0,1,'viewer','riproduzione_cefer_istituto_ha_organizzato_una_conferenza_sulle_tecniche_di_riproduzione_assistita_043',0,0,0,0,0,0,0),(44,'El INSTITUTO: Investigación: congresos 2004',44,0,0,0,'2009-11-26','2009-12-11 10:38:40','2011-06-29 11:42:07',NULL,NULL,3,-1,'2009-11-26 17:49:34','0000-00-00',3,2,0,1,'viewer','d&#8217;altro_canto,_l&#8217;instituto_de_reproduccion_cefer_ha_presentato_i_seguenti_lavori_nel_cor_044',0,0,0,0,0,0,0),(45,'Esterilidad femenina',46,0,1,1,'2009-11-26','2009-12-11 11:25:21','2011-06-29 11:42:07',NULL,NULL,9,-1,'2009-11-26 18:56:38','0000-00-00',3,2,0,1,'viewer','sterilita_femminile_045',0,0,0,0,0,0,0),(46,'Esterilidad masculina',47,0,1,1,'2009-11-26','2009-12-11 11:35:59','2011-06-29 11:42:07',NULL,NULL,9,-1,'2009-11-26 19:10:47','0000-00-00',3,2,0,1,'viewer','sterilita_maschile_046',0,0,0,0,0,0,0),(47,'Donante anónimo',48,0,1,1,'2009-11-26','2013-12-24 10:07:07','2013-12-24 10:07:08',NULL,NULL,9,-1,'2009-11-26 19:15:27','0000-00-00',3,2,0,3,'viewer','sperma_dei_donatori_anonime_047',0,0,0,0,0,0,0),(48,'Congelación de semen',49,0,1,1,'2009-11-26','2009-12-11 11:40:47','2011-06-29 11:42:07',NULL,NULL,5,-1,'2009-11-26 19:19:37','0000-00-00',3,2,0,1,'viewer','banca_del_seme_048',0,0,0,0,0,0,0),(49,'Inseminación artificial',50,0,1,1,'2009-11-26','2013-12-24 10:07:46','2013-12-24 10:07:46',NULL,NULL,3,-1,'2009-11-26 19:23:20','0000-00-00',3,2,0,3,'viewer','inseminazione_artificiale_049',0,0,0,0,0,0,0),(50,'Fecundación in Vitro',51,0,1,1,'2009-11-26','2014-03-14 09:30:34','2014-03-14 09:30:34',NULL,NULL,9,-1,'2009-11-26 19:29:53','0000-00-00',3,2,0,3,'viewer','_fecondazione_assistita_-_iniezione_intracitoplasmatica_dello_spermatozoo_(icsi)_050',0,0,0,0,0,0,0),(51,'Recepción óvulos donados ',52,0,1,1,'2009-11-26','2014-02-27 08:26:55','2014-02-27 08:26:55',NULL,NULL,9,-1,'2009-11-26 20:40:51','0000-00-00',3,2,0,3,'viewer','_ovodonazione_in_spagna_-_ricevere_uova_donate_051',0,0,0,0,0,0,0),(52,'DGP',53,0,1,1,'2009-11-26','2009-12-11 11:56:57','2011-06-29 11:42:07',NULL,NULL,5,-1,'2009-11-26 21:00:25','0000-00-00',3,2,0,1,'viewer','dgp_-_diagnosi_genetica_preimpianto_052',0,0,0,0,0,0,0),(53,'Congelación de óvulos',54,0,1,1,'2009-11-26','2009-12-11 11:51:53','2011-06-29 11:42:07',NULL,NULL,5,-1,'2009-11-26 21:03:30','0000-00-00',3,2,0,1,'viewer','uovo_di_congelamento_053',0,0,0,0,0,0,0),(54,'Banco de embriones',55,0,1,1,'2009-11-26','2014-04-08 12:58:20','2014-04-08 12:29:01',NULL,'Limite di età per ricever embrione del banca o fara l\' adozione delgi embrioni donati è da 57 anni. senza lista di atesa.',3,-1,'2009-11-26 21:05:32','0000-00-00',3,2,0,3,'viewer','embrione_banca-_adozione_di_embrioni_donati_(limite_di_eta_fino_57_anni)._054',0,0,0,0,0,0,0),(55,'Lavado de semen',56,0,1,1,'2009-11-27','2013-12-24 10:15:29','2013-12-24 10:15:29',NULL,NULL,3,-1,'2009-11-27 10:42:51','0000-00-00',3,2,0,3,'viewer','lavaggio_dello_sperma_055',0,0,0,0,0,0,0),(56,'Apoyo sicológico',57,0,1,1,'2009-11-27','2009-12-11 12:02:56','2011-06-29 11:42:02',NULL,NULL,5,-1,'2009-11-27 10:48:42','0000-00-00',3,2,0,1,'viewer','ti_senti_depresso_056',0,0,0,0,0,0,0),(57,'Abortos de repetición',58,0,1,1,'2009-11-27','2009-12-11 12:07:13','2011-06-29 11:42:02',NULL,NULL,2,-1,'2009-11-27 11:59:34','0000-00-00',3,2,0,1,'viewer','ripetere_aborti_057',0,0,0,0,0,0,0),(58,'  Azoospermia',59,0,1,1,'2009-11-27','2009-12-11 12:09:15','2011-06-29 11:41:59',NULL,NULL,5,-1,'2009-11-27 12:02:39','0000-00-00',3,2,0,1,'viewer','azoospermia_058',0,0,0,0,0,0,0),(60,'Mujer VIH+',62,0,1,1,'2009-11-27','2009-12-11 12:14:27','2011-06-29 11:41:59',NULL,NULL,3,-1,'2009-11-27 12:24:31','0000-00-00',3,2,0,1,'viewer','hiv+_donne_060',0,0,0,0,0,0,0),(61,'Parejas lesbianas',63,0,1,1,'2009-11-27','2013-12-24 10:17:42','2013-12-24 10:17:42',NULL,'Coppie lesbiche\r\novodonazione de la coppia ROPA\r\nprima  banca dil seme a Barcellona.\r\nSperma de la banca o sperma da donatore anonimo\r\ninseminazione artificiale eterologa',2,-1,'2009-11-27 12:30:18','0000-00-00',3,2,0,3,'viewer','coppie_lesbiche_061',0,0,0,0,0,0,0),(62,'Solteras / Singles',64,0,1,1,'2009-11-27','2009-12-11 12:18:06','2011-06-29 11:41:59',NULL,NULL,5,-1,'2009-11-27 12:32:03','0000-00-00',3,2,0,1,'viewer','singles_062',0,0,0,0,0,0,0),(63,'Preguntas más frecuentes',65,0,1,1,'2009-11-27','2009-12-11 10:22:51','2011-06-29 11:42:02',NULL,NULL,5,-1,'2009-11-27 12:47:23','0000-00-00',3,2,0,1,'viewer','faq_063',0,0,0,0,0,0,0),(64,'Donante de semen',66,0,1,1,'2009-11-27','2011-03-23 08:13:43','2011-06-29 11:41:59',NULL,NULL,9,-1,'2009-11-27 12:54:00','0000-00-00',3,2,0,3,'viewer','sperma_dei_donatori_064',0,0,0,0,0,0,0),(65,'Protección de datos',67,0,1,0,'2009-11-27','2014-03-06 12:25:21','2014-03-06 12:25:21',NULL,NULL,5,-1,'2009-11-27 16:46:36','0000-00-00',3,2,0,1,'viewer','protezione_dei_dati_065',0,0,0,0,0,0,0),(66,'Donación de óvulos',76,0,1,1,'2009-11-27','2014-10-13 11:10:02','2014-10-13 11:10:02',NULL,NULL,9,-1,'2009-11-27 17:06:27','0000-00-00',3,2,0,3,'viewer','donazione_di_ovociti_066',0,0,0,0,0,0,0),(67,'Pruebas Bab',77,0,1,1,'2009-11-30','2009-11-30 17:53:40','2011-06-29 11:41:59',NULL,NULL,5,-1,'2009-11-30 11:36:55','0000-00-00',3,2,0,1,'viewer','lorem_ipsum_dolor_sit_amet_067',0,0,0,1,1,0,0),(68,'Alojamiento Barcelona',78,1,1,1,'2009-11-30','2010-03-23 11:22:35','2011-06-29 11:41:59',NULL,NULL,5,67,'2009-11-30 11:36:55','0000-00-00',3,2,0,3,'viewer','',0,0,0,0,0,0,0),(69,'Contactar: ¿Qué debo hacer?',79,0,1,0,'2009-11-30','2009-12-11 12:39:49','2011-06-29 11:41:51',NULL,NULL,5,-1,'2009-11-30 13:03:23','0000-00-00',3,2,0,1,'viewer','contatto,_che_cosa_devo_fare_069',0,0,0,0,0,0,0),(70,'Contactar ¿Dónde estamos?',80,0,1,1,'2009-11-30','2010-02-18 21:41:27','2011-06-29 11:41:51',NULL,NULL,5,-1,'2009-11-30 13:09:49','0000-00-00',3,2,0,3,'viewer','contatto_dove_siamo_070',0,0,0,0,0,0,0),(71,'El INSTITUTO: Teléfonos de interés',83,0,1,1,'2009-11-30','2009-12-11 10:47:42','2011-06-29 11:41:59',NULL,NULL,5,-1,'2009-11-30 13:54:42','0000-00-00',3,2,0,1,'viewer','numeri_utili_071',0,0,0,0,0,0,0),(72,'El INSTITUTO: visitar la ciudad de Barcelona',84,0,1,1,'2009-11-30','2009-12-11 11:17:59','2011-06-29 11:41:51',NULL,NULL,2,-1,'2009-11-30 14:02:13','0000-00-00',3,2,0,1,'viewer','visitare_barcellona_072',0,0,0,0,0,0,0),(73,'El INSTITUTO: visitar la ciudad de Barcelona (Resumen)',85,0,0,0,'2009-11-30','2009-12-11 11:18:54','2011-06-29 11:41:51',NULL,NULL,2,72,'2009-11-30 14:02:13','0000-00-00',3,2,0,1,'viewer','',0,0,0,0,0,0,0),(74,'El INSTITUTO: Bus turistico',86,0,1,1,'2009-11-30','2009-12-11 11:11:32','2011-06-29 11:41:51',NULL,NULL,2,-1,'2009-11-30 14:06:39','0000-00-00',3,2,0,1,'viewer','barcellona_bus_turistic_074',0,0,0,0,0,0,0),(75,'El INSTITUTO: Bus turistico (Resumen)',87,0,0,0,'2009-11-30','2009-12-11 11:11:22','2011-06-29 11:41:51',NULL,NULL,2,74,'2009-11-30 14:06:39','0000-00-00',3,2,0,1,'viewer','',0,0,0,0,0,0,0),(76,'El INSTITUTO: Shopping',88,0,1,1,'2009-11-30','2009-12-11 11:03:05','2011-06-29 11:41:59',NULL,NULL,2,-1,'2009-11-30 14:21:59','0000-00-00',3,2,0,1,'viewer','barcellona_shopping_line_076',0,0,0,0,0,0,0),(77,'El INSTITUTO: Shopping (Resumen)',89,0,0,0,'2009-11-30','2009-12-11 11:14:57','2011-06-29 11:41:59',NULL,NULL,2,76,'2009-11-30 14:21:59','0000-00-00',3,2,0,1,'viewer','',0,0,0,0,0,0,0),(78,'El INSTITUTO: Cultura de Barcelona',90,0,0,0,'2009-11-30','2011-03-08 19:02:53','2011-06-29 11:41:51',NULL,NULL,2,-1,'2009-11-30 14:28:05','0000-00-00',3,2,0,1,'viewer','barcellona_cultura_078',0,0,0,0,0,0,0),(79,'El INSTITUTO: Cultura de Barcelona (Resumen)',91,0,1,1,'2009-11-30','2009-12-11 10:55:42','2011-06-29 11:41:51',NULL,NULL,2,78,'2009-11-30 14:28:05','0000-00-00',3,2,0,1,'viewer','',0,0,0,0,0,0,0),(80,'EL INSTITUTO: El equipo: Dra. Mónica Redondo',117,0,1,1,'2010-02-11','2012-03-01 09:17:16','2012-03-01 09:17:16',NULL,NULL,2,-1,'2010-02-11 11:53:16','0000-00-00',3,2,0,3,'viewer','_dra._monica_redondo_ania_(ginecologa_del_instituto_de_reproduccion_cefer)_080',0,0,0,0,0,0,0),(81,'Centros Cefer (columna derecha)',122,0,0,0,'2009-12-30','2010-02-16 17:02:33','2011-06-29 11:41:51',NULL,NULL,11,-1,'2010-02-16 17:03:08','0000-00-00',3,2,0,1,'viewer','centros_cefer_(columna_derecha)_081',0,0,0,0,0,0,0),(82,'Telefonos Cefer',127,0,0,0,'2009-12-30','2013-01-25 12:38:38','2013-01-25 12:38:38',NULL,NULL,11,-1,'2010-02-16 17:03:08','0000-00-00',3,2,0,1,'viewer','telefonos_cefer_082',0,0,0,0,0,0,0),(83,'Solicitar cita (columna derecha)',132,0,0,0,'2009-12-30','2010-03-19 20:14:11','2011-06-29 11:41:51',NULL,NULL,11,-1,'2010-02-16 17:03:08','0000-00-00',3,2,0,1,'viewer','solicitar_cita_(columna_derecha)_083',0,0,0,0,0,0,0),(84,'Consulta online (columna derecha)',137,0,0,0,'2009-12-30','2010-03-19 20:16:08','2011-06-29 11:41:51',NULL,NULL,11,-1,'2010-02-16 17:03:08','0000-00-00',3,2,0,1,'viewer','consulta_online_(columna_derecha)_084',0,0,0,0,0,0,0),(85,'Centros Cefer',142,0,0,0,'2009-12-30','2010-02-16 17:42:18','2011-06-29 11:41:51',NULL,NULL,11,-1,'2010-02-16 17:42:23','0000-00-00',3,2,0,1,'viewer','centros_cefer_085',0,0,0,0,0,0,0),(86,'HOME: Centros',148,0,0,0,'2010-02-16','2010-03-03 18:34:43','2011-06-29 11:41:44',NULL,NULL,12,-1,'2010-02-16 20:06:20','0000-00-00',3,2,0,1,'viewer','home__centros_086',0,0,0,0,0,0,0),(87,'El INSTITUTO: Investigación: Zaragoza 2006 2',166,0,0,0,'2010-03-23','2010-03-23 09:08:51','2011-06-29 11:41:44',NULL,NULL,5,-1,'2010-03-23 09:52:21','0000-00-00',3,2,0,3,'viewer','demanda_de_donacion_de_ovulos_o_embriones_en_mujeres_fisiologicamente_esteriles_(edad_=45_anos)_087',0,0,0,0,0,0,0),(88,'El INSTITUTO: Investigación: Zaragoza 2006 3',171,0,0,0,'2010-03-23','2010-03-23 09:10:03','2011-06-29 11:41:44',NULL,NULL,5,-1,'2010-03-23 09:52:21','0000-00-00',3,2,0,3,'viewer','estudio_de_mil_donantes_de_semen__aceptados_y_no_aceptados_088',0,0,0,0,0,0,0),(89,'El INSTITUTO: Investigación: Zaragoza 2006 4',176,0,0,0,'2010-03-23','2010-03-23 09:11:23','2011-06-29 11:41:44',NULL,NULL,5,-1,'2010-03-23 09:52:21','0000-00-00',3,2,0,3,'viewer','resultados_de_598_estudios_de_fish_en_espermatozoides_089',0,0,0,0,0,0,0),(90,'El INSTITUTO: Investigación: Zaragoza 2006 5',181,0,0,0,'2010-03-23','2010-03-23 09:16:27','2011-06-29 11:41:44',NULL,NULL,5,-1,'2010-03-23 09:52:21','0000-00-00',3,2,0,3,'viewer','tecnicas_de_reproduccion_asistida_en_pacientes_infectados_de_vih-1._doce_anos_de_experiencia_090',0,0,0,0,0,0,0),(91,'EL INSTITUTO: Investigacion Lyon 2007',186,0,0,0,'2010-03-23','2010-03-23 09:17:38','2011-06-29 11:41:44',NULL,NULL,5,-1,'2010-03-23 09:52:21','0000-00-00',3,2,0,3,'viewer','evolution_of_clinical_pregnancies_in_recipient_patients_over_age_45_achieved_using_donor_eggs_091',0,0,0,0,0,0,0),(92,'EL INSTITUTO: Investigacion Lyon 2007 2',191,0,0,0,'2010-03-23','2010-03-23 09:18:35','2011-06-29 11:41:44',NULL,NULL,5,-1,'2010-03-23 09:52:21','0000-00-00',3,2,0,3,'viewer','comparison_between_fresh_and_cryopreserved_donated_oocytes_092',0,0,0,0,0,0,0),(93,'EL INSTITUTO: Investigacion Alicante 2007',196,0,0,0,'2010-03-23','2010-03-23 09:19:46','2011-06-29 11:41:38',NULL,NULL,5,-1,'2010-03-23 09:52:21','0000-00-00',3,2,0,3,'viewer','microdeleciones_del_cromosoma_y_e_implicaciones_en_la_infertilidad_masculina__experiencia_de_la_asoc_093',0,0,0,0,0,0,0),(94,'EL INSTITUTO: Investigacion Bilbao 2007',201,0,0,0,'2010-03-23','2010-03-23 09:24:19','2011-06-29 11:41:38',NULL,NULL,5,-1,'2010-03-23 09:52:21','0000-00-00',3,2,0,3,'viewer','evolucion_de_los_parametros_seminales_de_candidatos_a_donantes_de_semen_a_lo_largo_de_30_anos_094',0,0,0,0,0,0,0),(95,'EL INSTITUTO: Investigacion Bilbao 2007 2',206,0,0,0,'2010-03-23','2010-03-23 09:25:16','2011-06-29 11:41:38',NULL,NULL,5,-1,'2010-03-23 09:52:21','0000-00-00',3,2,0,3,'viewer','pacientes_con_mas_de_25_ovocitos._es_mejor_congelar_todos_los_embriones_o_hacer_transferencia_en_fr_095',0,0,0,0,0,0,0),(96,'EL INSTITUTO: Investigacion Bilbao 2007 3',211,0,0,0,'2010-03-23','2010-03-23 09:26:19','2011-06-29 11:41:38',NULL,NULL,5,-1,'2010-03-23 09:52:21','0000-00-00',3,2,0,3,'viewer','relacion_entre_el_numero_y_la_distribucion_de_los_precursores_nucleolares_y_la_tasa_de_aneuploidias_096',0,0,0,0,0,0,0),(97,'El INSTITUTO: Investigacion: Praga1',216,0,0,0,'2010-03-23','2010-03-23 09:01:08','2011-06-29 11:41:44',NULL,NULL,5,-1,'2010-03-23 09:56:09','0000-00-00',3,2,0,3,'viewer','twelve_years&#8217;_experience_in_assisted_reproduction_with_hiv-1-seropositive_men_097',0,0,0,0,0,0,0),(98,'El INSTITUTO: Investigacion Zaragoza 2006',221,0,0,0,'2010-03-23','2010-03-23 09:06:28','2011-06-29 11:41:44',NULL,NULL,5,-1,'2010-03-23 09:56:09','0000-00-00',3,2,0,3,'viewer','motivos_y_costes_de_la_cancelacion_de_ciclos_de_estimulacion_ovarica_en_donantes_de_ovocitos_098',0,0,0,0,0,0,0),(99,'Alojamiento Barcelona',227,1,1,1,'2010-03-23','2010-03-23 12:06:46','2011-06-29 11:41:38',NULL,NULL,5,-1,'2010-03-23 12:06:54','0000-00-00',3,2,0,3,'viewer','alberghi_e_appartamenti_vicino_a_instituto_cefer_099',0,0,0,0,0,0,0),(100,'Turismo Lleida',233,0,0,0,'2010-03-23','2010-03-23 12:37:42','2011-06-29 11:41:38',NULL,NULL,5,-1,NULL,'0000-00-00',3,2,0,3,'viewer','turismo_lleida_100',0,0,0,0,0,0,0),(101,'Turismo Lleida',238,0,0,0,'2010-03-23','2010-03-23 12:51:55','2011-06-29 11:41:38',NULL,NULL,5,-1,'2010-03-23 12:49:50','0000-00-00',3,2,0,3,'viewer','tourisme_de_lleida_101',0,0,0,0,0,0,0),(102,'BANNER FERTILITY SHOW',245,0,0,0,'2010-08-31','2010-08-31 12:56:21','2011-06-29 11:41:38',NULL,NULL,13,-1,'2010-08-31 12:46:09','0000-00-00',3,2,0,1,'viewer','banner_fertility_show_102',0,0,0,0,0,0,0),(103,'EL INSTITUTO: El equipo: Dra. Nuria Porta',250,0,1,1,'2010-12-09','2010-12-09 10:51:28','2011-06-29 11:41:38',NULL,NULL,2,-1,'2010-12-09 11:22:42','0000-00-00',3,2,0,3,'viewer','dra._nuria_porta_de_la_riva_(ginecologa_del_instituto_de_reproduccion_cefer)_103',0,0,0,0,0,0,0),(104,'EmbryoScope',272,0,1,1,'2011-04-13','2013-12-24 10:16:21','2013-12-24 10:16:21',NULL,NULL,9,-1,'2011-06-17 11:41:23','0000-00-00',3,2,0,3,'viewer','embryoscope__molto_piu_di_un_video_dei_vostri_embrioni_104',0,0,0,0,0,0,0),(105,'IMSI',288,0,1,1,'2011-08-30','2011-10-19 11:13:41','2011-10-19 11:13:41',NULL,NULL,5,-1,'2011-10-19 09:49:46','0000-00-00',3,2,0,3,'viewer','imsi_(microiniezione_di_spermatozoi_morfologicamente_selezionati)_105',0,0,0,0,0,0,0),(106,'El INSTITUTO: investigación ASESA 2012',306,0,0,0,'2012-08-17','2012-08-17 10:58:08','2012-08-17 10:58:08',NULL,'FISH en espermatozoide. V Congreso Iberoamericano de Andrología',5,-1,NULL,'0000-00-00',3,2,0,3,'viewer','',0,0,0,0,0,0,0),(107,'',317,0,0,0,'0000-00-00','0000-00-00 00:00:00','0000-00-00 00:00:00','','',0,-1,NULL,'0000-00-00',0,0,0,-1,'','',0,0,0,0,0,0,0),(108,'COLABORADORES: Ass. Families Gays i Lesbianes',322,0,0,0,'2012-11-29','2012-11-29 16:27:39','2012-11-29 16:27:39',NULL,NULL,11,-1,'2012-11-29 16:31:29','0000-00-00',3,2,0,1,'viewer','colaboradores__ass._families_gays_i_lesbianes_108',0,0,0,0,0,0,0),(109,'Primeras visitas gratuitas',332,0,1,1,'2013-01-31','2013-10-09 12:38:20','2013-10-09 12:38:21',NULL,NULL,5,-1,'2013-02-26 12:19:04','0000-00-00',3,2,0,3,'viewer','le_prime_visite_gratis_109',0,0,0,0,0,0,0),(110,'Primeras visitas gratuitas (Resumen)',336,0,0,0,'2013-02-26','2013-10-09 12:32:05','2013-10-09 12:32:05',NULL,NULL,5,109,'2013-02-26 12:19:04','0000-00-00',3,2,0,3,'viewer','',0,0,0,0,0,0,0),(111,'ROPA',354,0,1,1,'2013-05-02','2013-05-02 13:23:19','2013-05-02 13:23:19',NULL,'Recepción de óvulos de la pareja',2,-1,NULL,'0000-00-00',3,2,0,3,'viewer','',0,0,0,0,0,0,0),(112,'cefer-instalaciones',360,0,0,0,'2013-05-16','2013-05-16 08:04:19','2013-05-16 08:04:41',NULL,NULL,11,-1,'2013-05-16 08:25:29','0000-00-00',3,2,0,3,'viewer','cefer-instalaciones_112',0,0,0,0,0,0,0),(113,'Test Genético Recombine',376,0,1,1,'2013-09-27','2013-09-27 14:14:43','2013-09-27 14:14:43',NULL,'Test Genético Recombine',5,-1,'2013-10-04 07:29:40','0000-00-00',3,2,0,3,'viewer','test_genetico_recombine_(en_colaborarcion_con_reprogenetics)_113',0,0,0,0,0,0,0),(114,'EmbryoScope (Resumen)',387,0,0,0,'2013-11-05','2013-11-05 06:26:59','2013-11-05 06:26:59',NULL,NULL,12,104,'2011-06-17 11:41:23','0000-00-00',3,2,0,3,'viewer','',0,0,0,0,0,0,0),(115,'Fecondazione Assistita Spagna',395,0,1,1,'2014-04-15','2014-04-25 08:43:08','2014-04-25 08:43:08',NULL,'Fecondazione Assistita Spagna',9,-1,'2014-04-15 09:58:59','0000-00-00',3,2,0,3,'viewer','_fecondazione_assistita_barcellona_spagna-_iniezione_intracitoplasmatica_dello_spermatozoo_(icsi)_115',0,0,0,0,0,0,0),(116,'El INSTITUTO: El equipo: Dra Susana Royo',404,0,1,1,'2015-01-20','2015-01-20 07:41:42','2015-01-20 07:41:42',NULL,NULL,2,-1,'2015-01-20 07:43:27','0000-00-00',3,2,0,3,'viewer','dra._susana_royo_(ginecologa_del_instituto_de_reproduccion_cefer)_116',0,0,0,0,0,0,0),(117,'El INSTITUTO: El equipo: Dra Begoña Varo',411,0,1,1,'2015-04-13','2015-04-13 10:38:26','2015-04-13 10:38:26',NULL,'El INSTITUTO: El equipo: Dra Begoña Varo',2,-1,'2015-04-13 10:45:50','0000-00-00',3,2,0,3,'viewer','dra._begona_varo_(ginecologa_del_instituto_de_reproduccion_cefer)_117',0,0,0,0,0,0,0),(118,'El INSTITUTO: El equipo: Dra Yolanda Garcia',416,0,1,1,'2015-04-13','2015-04-13 10:30:11','2015-04-13 10:30:11',NULL,NULL,2,-1,'2015-04-13 10:45:50','0000-00-00',3,2,0,3,'viewer','dra._yolanda_garcia_(ginecologa_del_instituto_de_reproduccion_cefer)_118',0,0,0,0,0,0,0);
/*!40000 ALTER TABLE `noticia` ENABLE KEYS */;
UNLOCK TABLES;

--
-- Table structure for table `opcion`
--

DROP TABLE IF EXISTS `opcion`;
/*!40101 SET @saved_cs_client     = @@character_set_client */;
/*!40101 SET character_set_client = utf8 */;
CREATE TABLE `opcion` (
  `id` int(10) unsigned NOT NULL auto_increment,
  `nombre` varchar(255) NOT NULL default '',
  `votos` int(10) unsigned NOT NULL default '0',
  `imagen` varchar(255) default NULL,
  `descripcion` varchar(255) default NULL,
  `idEncuesta` int(10) unsigned NOT NULL,
  PRIMARY KEY  (`id`),
  KEY `idEncuesta` (`idEncuesta`),
  CONSTRAINT `opcion_ibfk_1` FOREIGN KEY (`idEncuesta`) REFERENCES `encuesta` (`id`) ON DELETE CASCADE
) ENGINE=InnoDB DEFAULT CHARSET=utf8;
/*!40101 SET character_set_client = @saved_cs_client */;

--
-- Dumping data for table `opcion`
--

LOCK TABLES `opcion` WRITE;
/*!40000 ALTER TABLE `opcion` DISABLE KEYS */;
/*!40000 ALTER TABLE `opcion` ENABLE KEYS */;
UNLOCK TABLES;

--
-- Table structure for table `payments`
--

DROP TABLE IF EXISTS `payments`;
/*!40101 SET @saved_cs_client     = @@character_set_client */;
/*!40101 SET character_set_client = utf8 */;
CREATE TABLE `payments` (
  `id` int(10) unsigned NOT NULL auto_increment,
  `title` varchar(100) default NULL,
  `acronym` varchar(10) default NULL,
  `description` varchar(255) default NULL,
  PRIMARY KEY  (`id`)
) ENGINE=InnoDB DEFAULT CHARSET=utf8;
/*!40101 SET character_set_client = @saved_cs_client */;

--
-- Dumping data for table `payments`
--

LOCK TABLES `payments` WRITE;
/*!40000 ALTER TABLE `payments` DISABLE KEYS */;
/*!40000 ALTER TABLE `payments` ENABLE KEYS */;
UNLOCK TABLES;

--
-- Table structure for table `perfil`
--

DROP TABLE IF EXISTS `perfil`;
/*!40101 SET @saved_cs_client     = @@character_set_client */;
/*!40101 SET character_set_client = utf8 */;
CREATE TABLE `perfil` (
  `id` int(10) unsigned NOT NULL auto_increment,
  `nombre` varchar(255) default '',
  PRIMARY KEY  (`id`)
) ENGINE=InnoDB DEFAULT CHARSET=utf8;
/*!40101 SET character_set_client = @saved_cs_client */;

--
-- Dumping data for table `perfil`
--

LOCK TABLES `perfil` WRITE;
/*!40000 ALTER TABLE `perfil` DISABLE KEYS */;
/*!40000 ALTER TABLE `perfil` ENABLE KEYS */;
UNLOCK TABLES;

--
-- Table structure for table `perfil_seccion`
--

DROP TABLE IF EXISTS `perfil_seccion`;
/*!40101 SET @saved_cs_client     = @@character_set_client */;
/*!40101 SET character_set_client = utf8 */;
CREATE TABLE `perfil_seccion` (
  `id` int(10) unsigned NOT NULL auto_increment,
  `idPerfil` int(10) unsigned NOT NULL,
  `idSeccion` int(10) unsigned NOT NULL,
  PRIMARY KEY  (`id`),
  KEY `idPerfil` (`idPerfil`),
  KEY `idSeccion` (`idSeccion`),
  CONSTRAINT `perfil_seccion_ibfk_1` FOREIGN KEY (`idPerfil`) REFERENCES `perfil` (`id`) ON DELETE CASCADE,
  CONSTRAINT `perfil_seccion_ibfk_2` FOREIGN KEY (`idSeccion`) REFERENCES `seccion` (`id`) ON DELETE CASCADE
) ENGINE=InnoDB DEFAULT CHARSET=utf8;
/*!40101 SET character_set_client = @saved_cs_client */;

--
-- Dumping data for table `perfil_seccion`
--

LOCK TABLES `perfil_seccion` WRITE;
/*!40000 ALTER TABLE `perfil_seccion` DISABLE KEYS */;
/*!40000 ALTER TABLE `perfil_seccion` ENABLE KEYS */;
UNLOCK TABLES;

--
-- Table structure for table `perfil_tipo`
--

DROP TABLE IF EXISTS `perfil_tipo`;
/*!40101 SET @saved_cs_client     = @@character_set_client */;
/*!40101 SET character_set_client = utf8 */;
CREATE TABLE `perfil_tipo` (
  `id` int(10) unsigned NOT NULL auto_increment,
  `idPerfil` int(10) unsigned default NULL,
  `idTipo` int(10) unsigned NOT NULL,
  PRIMARY KEY  (`id`),
  KEY `idPerfil` (`idPerfil`),
  KEY `idTipo` (`idTipo`),
  CONSTRAINT `perfil_tipo_ibfk_1` FOREIGN KEY (`idPerfil`) REFERENCES `perfil` (`id`) ON DELETE CASCADE,
  CONSTRAINT `perfil_tipo_ibfk_2` FOREIGN KEY (`idTipo`) REFERENCES `persona_registrada_tipo` (`id`) ON DELETE CASCADE
) ENGINE=InnoDB DEFAULT CHARSET=utf8;
/*!40101 SET character_set_client = @saved_cs_client */;

--
-- Dumping data for table `perfil_tipo`
--

LOCK TABLES `perfil_tipo` WRITE;
/*!40000 ALTER TABLE `perfil_tipo` DISABLE KEYS */;
/*!40000 ALTER TABLE `perfil_tipo` ENABLE KEYS */;
UNLOCK TABLES;

--
-- Table structure for table `persona_registrada`
--

DROP TABLE IF EXISTS `persona_registrada`;
/*!40101 SET @saved_cs_client     = @@character_set_client */;
/*!40101 SET character_set_client = utf8 */;
CREATE TABLE `persona_registrada` (
  `id` int(10) unsigned NOT NULL auto_increment,
  `ref` varchar(50) NOT NULL default '',
  `pwd` varchar(50) NOT NULL default '',
  `pwd_md5` varchar(150) NOT NULL default '',
  `mail` varchar(100) NOT NULL default '',
  `dni` varchar(100) NOT NULL default '',
  `nombre` varchar(50) NOT NULL default '',
  `apellido1` varchar(50) NOT NULL default '',
  `apellido2` varchar(50) NOT NULL default '',
  `direccion` varchar(50) NOT NULL default '',
  `cp` varchar(50) NOT NULL default '',
  `poblacion` varchar(50) NOT NULL default '',
  `provincia` varchar(100) NOT NULL default '',
  `pais` varchar(100) NOT NULL default '',
  `telefono` varchar(50) NOT NULL default '',
  `movil` varchar(50) NOT NULL default '',
  `empresa` varchar(50) NOT NULL default '',
  `cargo` varchar(50) NOT NULL default '',
  `registerDate` datetime default '0000-00-00 00:00:00',
  `fechaAlta` date default NULL,
  `fechaBaja` date default NULL,
  `motivoBaja` varchar(255) default NULL,
  `activado` tinyint(4) default NULL,
  `observaciones1` text NOT NULL,
  `observaciones2` text NOT NULL,
  `observaciones3` text NOT NULL,
  `observaciones4` text NOT NULL,
  `chkEnews` tinyint(3) unsigned NOT NULL default '0',
  `chkSms` tinyint(3) unsigned NOT NULL default '0',
  `chkEcommerce` tinyint(3) unsigned NOT NULL default '0',
  `chkEmpleado` tinyint(3) unsigned NOT NULL default '0',
  `idDepartment` int(10) unsigned NOT NULL,
  `id_tipo_persona_reg` int(10) unsigned default NULL,
  `image` varchar(255) NOT NULL default '',
  PRIMARY KEY  (`id`)
) ENGINE=InnoDB DEFAULT CHARSET=utf8;
/*!40101 SET character_set_client = @saved_cs_client */;

--
-- Dumping data for table `persona_registrada`
--

LOCK TABLES `persona_registrada` WRITE;
/*!40000 ALTER TABLE `persona_registrada` DISABLE KEYS */;
/*!40000 ALTER TABLE `persona_registrada` ENABLE KEYS */;
UNLOCK TABLES;

--
-- Table structure for table `persona_registrada_campos_tipo`
--

DROP TABLE IF EXISTS `persona_registrada_campos_tipo`;
/*!40101 SET @saved_cs_client     = @@character_set_client */;
/*!40101 SET character_set_client = utf8 */;
CREATE TABLE `persona_registrada_campos_tipo` (
  `id` int(10) unsigned NOT NULL auto_increment,
  `idPersonaRegistradaTipo` int(10) unsigned NOT NULL,
  `campo` varchar(255) NOT NULL,
  `std` tinyint(3) unsigned NOT NULL,
  `tipo` tinyint(4) NOT NULL,
  `enum` text NOT NULL,
  PRIMARY KEY  (`id`),
  KEY `idPersonaRegistradaTipo` (`idPersonaRegistradaTipo`),
  CONSTRAINT `persona_registrada_campos_tipo_ibfk_1` FOREIGN KEY (`idPersonaRegistradaTipo`) REFERENCES `persona_registrada_tipo` (`id`) ON DELETE CASCADE
) ENGINE=InnoDB DEFAULT CHARSET=utf8;
/*!40101 SET character_set_client = @saved_cs_client */;

--
-- Dumping data for table `persona_registrada_campos_tipo`
--

LOCK TABLES `persona_registrada_campos_tipo` WRITE;
/*!40000 ALTER TABLE `persona_registrada_campos_tipo` DISABLE KEYS */;
/*!40000 ALTER TABLE `persona_registrada_campos_tipo` ENABLE KEYS */;
UNLOCK TABLES;

--
-- Table structure for table `persona_registrada_location`
--

DROP TABLE IF EXISTS `persona_registrada_location`;
/*!40101 SET @saved_cs_client     = @@character_set_client */;
/*!40101 SET character_set_client = utf8 */;
CREATE TABLE `persona_registrada_location` (
  `id` int(10) unsigned NOT NULL auto_increment,
  `idPersonaRegistrada` int(10) unsigned NOT NULL,
  `latitud` float NOT NULL default '0',
  `longitud` float NOT NULL default '0',
  PRIMARY KEY  (`id`),
  KEY `idPersonaRegistrada` (`idPersonaRegistrada`),
  CONSTRAINT `persona_registrada_location_ibfk_1` FOREIGN KEY (`idPersonaRegistrada`) REFERENCES `persona_registrada` (`id`) ON DELETE CASCADE
) ENGINE=InnoDB DEFAULT CHARSET=utf8;
/*!40101 SET character_set_client = @saved_cs_client */;

--
-- Dumping data for table `persona_registrada_location`
--

LOCK TABLES `persona_registrada_location` WRITE;
/*!40000 ALTER TABLE `persona_registrada_location` DISABLE KEYS */;
/*!40000 ALTER TABLE `persona_registrada_location` ENABLE KEYS */;
UNLOCK TABLES;

--
-- Table structure for table `persona_registrada_tipo`
--

DROP TABLE IF EXISTS `persona_registrada_tipo`;
/*!40101 SET @saved_cs_client     = @@character_set_client */;
/*!40101 SET character_set_client = utf8 */;
CREATE TABLE `persona_registrada_tipo` (
  `id` int(10) unsigned NOT NULL auto_increment,
  `nombre` varchar(50) NOT NULL default '',
  `idParent` int(10) unsigned default NULL,
  `descripcion` text,
  `tableName` varchar(255) default NULL,
  `image` varchar(255) NOT NULL default '',
  PRIMARY KEY  (`id`)
) ENGINE=InnoDB DEFAULT CHARSET=utf8;
/*!40101 SET character_set_client = @saved_cs_client */;

--
-- Dumping data for table `persona_registrada_tipo`
--

LOCK TABLES `persona_registrada_tipo` WRITE;
/*!40000 ALTER TABLE `persona_registrada_tipo` DISABLE KEYS */;
/*!40000 ALTER TABLE `persona_registrada_tipo` ENABLE KEYS */;
UNLOCK TABLES;

--
-- Table structure for table `poll_comment`
--

DROP TABLE IF EXISTS `poll_comment`;
/*!40101 SET @saved_cs_client     = @@character_set_client */;
/*!40101 SET character_set_client = utf8 */;
CREATE TABLE `poll_comment` (
  `id` int(10) unsigned NOT NULL auto_increment,
  `author` varchar(255) NOT NULL,
  `description` text,
  `creationDate` date NOT NULL,
  `publicationDate` datetime default NULL,
  `modificationDate` datetime default NULL,
  `position` int(10) unsigned NOT NULL,
  `state` int(10) unsigned NOT NULL default '0',
  `ip_address` varchar(255) NOT NULL,
  `idPoll` int(10) unsigned NOT NULL,
  PRIMARY KEY  (`id`),
  KEY `idPoll` (`idPoll`),
  CONSTRAINT `poll_comment_ibfk_1` FOREIGN KEY (`idPoll`) REFERENCES `encuesta` (`id`) ON DELETE CASCADE
) ENGINE=InnoDB DEFAULT CHARSET=utf8;
/*!40101 SET character_set_client = @saved_cs_client */;

--
-- Dumping data for table `poll_comment`
--

LOCK TABLES `poll_comment` WRITE;
/*!40000 ALTER TABLE `poll_comment` DISABLE KEYS */;
/*!40000 ALTER TABLE `poll_comment` ENABLE KEYS */;
UNLOCK TABLES;

--
-- Table structure for table `poll_comment_rates`
--

DROP TABLE IF EXISTS `poll_comment_rates`;
/*!40101 SET @saved_cs_client     = @@character_set_client */;
/*!40101 SET character_set_client = utf8 */;
CREATE TABLE `poll_comment_rates` (
  `id` int(10) unsigned NOT NULL auto_increment,
  `idComment` int(10) unsigned NOT NULL,
  `counter` int(11) NOT NULL default '0',
  `counter_valuation` int(11) NOT NULL default '0',
  `valuation_accumulated` int(11) NOT NULL default '0',
  `discriminator` int(4) NOT NULL default '0',
  PRIMARY KEY  (`id`),
  KEY `idComment` (`idComment`),
  CONSTRAINT `poll_comment_rates_ibfk_1` FOREIGN KEY (`idComment`) REFERENCES `poll_comment` (`id`) ON DELETE CASCADE
) ENGINE=InnoDB DEFAULT CHARSET=utf8;
/*!40101 SET character_set_client = @saved_cs_client */;

--
-- Dumping data for table `poll_comment_rates`
--

LOCK TABLES `poll_comment_rates` WRITE;
/*!40000 ALTER TABLE `poll_comment_rates` DISABLE KEYS */;
/*!40000 ALTER TABLE `poll_comment_rates` ENABLE KEYS */;
UNLOCK TABLES;

--
-- Table structure for table `product`
--

DROP TABLE IF EXISTS `product`;
/*!40101 SET @saved_cs_client     = @@character_set_client */;
/*!40101 SET character_set_client = utf8 */;
CREATE TABLE `product` (
  `id` int(10) unsigned NOT NULL auto_increment,
  `idFamily` int(10) unsigned NOT NULL default '0',
  `idType` int(10) unsigned NOT NULL default '0',
  `id_trademark` int(10) unsigned default NULL,
  `id_provider` int(10) unsigned default NULL,
  `name` varchar(255) default NULL,
  `creationDate` date default NULL,
  `lastModifyDate` date default NULL,
  `stock` float default NULL,
  `price` float default NULL,
  `tax` float default NULL,
  `forSale` tinyint(4) default NULL,
  `discontinued` tinyint(3) unsigned default '0',
  `new` tinyint(4) default '0',
  `offer` tinyint(4) default '0',
  `starred` tinyint(4) default '0',
  `position` int(10) unsigned NOT NULL default '0',
  `description` text NOT NULL,
  `image` varchar(255) NOT NULL default '',
  `comments` tinyint(4) default '0',
  `showEmbeddedComments` tinyint(4) default '0',
  `print` tinyint(4) default '0',
  `sendMail` tinyint(4) default '0',
  `reference` varchar(255) NOT NULL default '',
  `alternative_name` varchar(255) NOT NULL default '',
  `surcharge_equivalence` double default '0',
  `is_pack` tinyint(1) NOT NULL default '0',
  PRIMARY KEY  (`id`),
  KEY `idFamily` (`idFamily`),
  KEY `idType` (`idType`),
  KEY `name` (`name`),
  KEY `discont_sale` (`discontinued`,`forSale`),
  KEY `reference` (`reference`),
  KEY `id_trademark` (`id_trademark`)
) ENGINE=InnoDB DEFAULT CHARSET=utf8;
/*!40101 SET character_set_client = @saved_cs_client */;

--
-- Dumping data for table `product`
--

LOCK TABLES `product` WRITE;
/*!40000 ALTER TABLE `product` DISABLE KEYS */;
/*!40000 ALTER TABLE `product` ENABLE KEYS */;
UNLOCK TABLES;

--
-- Table structure for table `productImages`
--

DROP TABLE IF EXISTS `productImages`;
/*!40101 SET @saved_cs_client     = @@character_set_client */;
/*!40101 SET character_set_client = utf8 */;
CREATE TABLE `productImages` (
  `id` int(10) unsigned NOT NULL auto_increment,
  `fileName` varchar(255) default NULL,
  `link` varchar(255) default NULL,
  `target` varchar(255) default NULL,
  PRIMARY KEY  (`id`)
) ENGINE=InnoDB DEFAULT CHARSET=utf8;
/*!40101 SET character_set_client = @saved_cs_client */;

--
-- Dumping data for table `productImages`
--

LOCK TABLES `productImages` WRITE;
/*!40000 ALTER TABLE `productImages` DISABLE KEYS */;
/*!40000 ALTER TABLE `productImages` ENABLE KEYS */;
UNLOCK TABLES;

--
-- Table structure for table `product_attributes`
--

DROP TABLE IF EXISTS `product_attributes`;
/*!40101 SET @saved_cs_client     = @@character_set_client */;
/*!40101 SET character_set_client = utf8 */;
CREATE TABLE `product_attributes` (
  `id` int(10) unsigned NOT NULL auto_increment,
  `idAttribute` int(10) unsigned NOT NULL,
  `idProduct` int(10) unsigned NOT NULL,
  `position` int(11) NOT NULL default '0',
  PRIMARY KEY  (`id`),
  KEY `idAttribute` (`idAttribute`),
  KEY `idProduct` (`idProduct`)
) ENGINE=InnoDB DEFAULT CHARSET=utf8;
/*!40101 SET character_set_client = @saved_cs_client */;

--
-- Dumping data for table `product_attributes`
--

LOCK TABLES `product_attributes` WRITE;
/*!40000 ALTER TABLE `product_attributes` DISABLE KEYS */;
/*!40000 ALTER TABLE `product_attributes` ENABLE KEYS */;
UNLOCK TABLES;

--
-- Table structure for table `product_comment`
--

DROP TABLE IF EXISTS `product_comment`;
/*!40101 SET @saved_cs_client     = @@character_set_client */;
/*!40101 SET character_set_client = utf8 */;
CREATE TABLE `product_comment` (
  `id` int(10) unsigned NOT NULL auto_increment,
  `author` varchar(255) NOT NULL,
  `description` text,
  `creationDate` date NOT NULL,
  `publicationDate` datetime default NULL,
  `modificationDate` datetime default NULL,
  `position` int(10) unsigned NOT NULL,
  `state` int(10) unsigned NOT NULL default '0',
  `idProduct` int(10) unsigned NOT NULL,
  PRIMARY KEY  (`id`),
  KEY `idProduct` (`idProduct`),
  CONSTRAINT `product_comment_ibfk_1` FOREIGN KEY (`idProduct`) REFERENCES `product` (`id`) ON DELETE CASCADE
) ENGINE=InnoDB DEFAULT CHARSET=utf8;
/*!40101 SET character_set_client = @saved_cs_client */;

--
-- Dumping data for table `product_comment`
--

LOCK TABLES `product_comment` WRITE;
/*!40000 ALTER TABLE `product_comment` DISABLE KEYS */;
/*!40000 ALTER TABLE `product_comment` ENABLE KEYS */;
UNLOCK TABLES;

--
-- Table structure for table `product_comment_rates`
--

DROP TABLE IF EXISTS `product_comment_rates`;
/*!40101 SET @saved_cs_client     = @@character_set_client */;
/*!40101 SET character_set_client = utf8 */;
CREATE TABLE `product_comment_rates` (
  `id` int(10) unsigned NOT NULL auto_increment,
  `idComment` int(10) unsigned NOT NULL,
  `counter` int(11) NOT NULL default '0',
  `counter_valuation` int(11) NOT NULL default '0',
  `valuation_accumulated` int(11) NOT NULL default '0',
  `discriminator` int(4) NOT NULL default '0',
  PRIMARY KEY  (`id`),
  KEY `idComment` (`idComment`),
  CONSTRAINT `product_comment_rates_ibfk_1` FOREIGN KEY (`idComment`) REFERENCES `product_comment` (`id`) ON DELETE CASCADE
) ENGINE=InnoDB DEFAULT CHARSET=utf8;
/*!40101 SET character_set_client = @saved_cs_client */;

--
-- Dumping data for table `product_comment_rates`
--

LOCK TABLES `product_comment_rates` WRITE;
/*!40000 ALTER TABLE `product_comment_rates` DISABLE KEYS */;
/*!40000 ALTER TABLE `product_comment_rates` ENABLE KEYS */;
UNLOCK TABLES;

--
-- Table structure for table `product_discounts`
--

DROP TABLE IF EXISTS `product_discounts`;
/*!40101 SET @saved_cs_client     = @@character_set_client */;
/*!40101 SET character_set_client = utf8 */;
CREATE TABLE `product_discounts` (
  `id` int(10) unsigned NOT NULL auto_increment,
  `idProduct` int(10) unsigned default NULL,
  `idFamily` int(10) unsigned default NULL,
  `idUserRegisteredType` int(10) unsigned default NULL,
  `name` varchar(255) default NULL,
  `discount` double NOT NULL default '0',
  `init_time` datetime default NULL,
  `end_time` datetime default NULL,
  `is_generic` tinyint(1) unsigned default '1',
  `price` double default '0',
  `creationDate` datetime NOT NULL default '0000-00-00 00:00:00',
  `modificationDate` datetime default '0000-00-00 00:00:00',
  PRIMARY KEY  (`id`),
  KEY `idProduct` (`idProduct`),
  KEY `idFamily` (`idFamily`),
  KEY `idUserRegisteredType` (`idUserRegisteredType`)
) ENGINE=InnoDB DEFAULT CHARSET=utf8;
/*!40101 SET character_set_client = @saved_cs_client */;

--
-- Dumping data for table `product_discounts`
--

LOCK TABLES `product_discounts` WRITE;
/*!40000 ALTER TABLE `product_discounts` DISABLE KEYS */;
/*!40000 ALTER TABLE `product_discounts` ENABLE KEYS */;
UNLOCK TABLES;

--
-- Table structure for table `products_pack`
--

DROP TABLE IF EXISTS `products_pack`;
/*!40101 SET @saved_cs_client     = @@character_set_client */;
/*!40101 SET character_set_client = utf8 */;
CREATE TABLE `products_pack` (
  `id` int(10) unsigned NOT NULL auto_increment,
  `id_product_pack` int(10) unsigned NOT NULL,
  `id_product` int(10) unsigned NOT NULL,
  PRIMARY KEY  (`id`),
  KEY `id_product_pack` (`id_product_pack`),
  KEY `id_product` (`id_product`)
) ENGINE=InnoDB DEFAULT CHARSET=utf8;
/*!40101 SET character_set_client = @saved_cs_client */;

--
-- Dumping data for table `products_pack`
--

LOCK TABLES `products_pack` WRITE;
/*!40000 ALTER TABLE `products_pack` DISABLE KEYS */;
/*!40000 ALTER TABLE `products_pack` ENABLE KEYS */;
UNLOCK TABLES;

--
-- Table structure for table `promotions`
--

DROP TABLE IF EXISTS `promotions`;
/*!40101 SET @saved_cs_client     = @@character_set_client */;
/*!40101 SET character_set_client = utf8 */;
CREATE TABLE `promotions` (
  `id` int(10) unsigned NOT NULL auto_increment,
  `id_product` int(10) unsigned default NULL,
  `id_family` int(10) unsigned default NULL,
  `id_user_registered_type` int(10) unsigned default NULL,
  `name` varchar(255) NOT NULL default '',
  `items_obtained` int(10) unsigned NOT NULL,
  `items_purchased` int(10) unsigned NOT NULL,
  `init_time` datetime default NULL,
  `end_time` datetime default NULL,
  PRIMARY KEY  (`id`)
) ENGINE=InnoDB DEFAULT CHARSET=utf8;
/*!40101 SET character_set_client = @saved_cs_client */;

--
-- Dumping data for table `promotions`
--

LOCK TABLES `promotions` WRITE;
/*!40000 ALTER TABLE `promotions` DISABLE KEYS */;
/*!40000 ALTER TABLE `promotions` ENABLE KEYS */;
UNLOCK TABLES;

--
-- Table structure for table `providers`
--

DROP TABLE IF EXISTS `providers`;
/*!40101 SET @saved_cs_client     = @@character_set_client */;
/*!40101 SET character_set_client = utf8 */;
CREATE TABLE `providers` (
  `id` int(10) unsigned NOT NULL auto_increment,
  `name` varchar(255) NOT NULL default '',
  `address` varchar(255) NOT NULL default '',
  `city` varchar(255) NOT NULL default '',
  `country` varchar(255) default NULL,
  `cp` varchar(50) NOT NULL default '',
  `phone` varchar(50) NOT NULL default '',
  `mail` varchar(255) default NULL,
  `cif` varchar(100) NOT NULL default '',
  `register_date` datetime NOT NULL default '0000-00-00 00:00:00',
  `note` text,
  PRIMARY KEY  (`id`),
  KEY `name` (`name`)
) ENGINE=InnoDB DEFAULT CHARSET=utf8;
/*!40101 SET character_set_client = @saved_cs_client */;

--
-- Dumping data for table `providers`
--

LOCK TABLES `providers` WRITE;
/*!40000 ALTER TABLE `providers` DISABLE KEYS */;
/*!40000 ALTER TABLE `providers` ENABLE KEYS */;
UNLOCK TABLES;

--
-- Table structure for table `related_external_notice`
--

DROP TABLE IF EXISTS `related_external_notice`;
/*!40101 SET @saved_cs_client     = @@character_set_client */;
/*!40101 SET character_set_client = utf8 */;
CREATE TABLE `related_external_notice` (
  `id` int(10) unsigned NOT NULL auto_increment,
  `id_notice` int(10) unsigned NOT NULL,
  `id_external_notice` int(10) unsigned NOT NULL,
  `creation_date` datetime NOT NULL,
  `title` varchar(255) NOT NULL default '',
  `description` varchar(255) NOT NULL default '',
  `url` varchar(255) NOT NULL default '',
  PRIMARY KEY  (`id`),
  KEY `id_notice` (`id_notice`),
  CONSTRAINT `related_external_notice_ibfk_1` FOREIGN KEY (`id_notice`) REFERENCES `noticia` (`id`) ON DELETE CASCADE
) ENGINE=InnoDB DEFAULT CHARSET=utf8;
/*!40101 SET character_set_client = @saved_cs_client */;

--
-- Dumping data for table `related_external_notice`
--

LOCK TABLES `related_external_notice` WRITE;
/*!40000 ALTER TABLE `related_external_notice` DISABLE KEYS */;
/*!40000 ALTER TABLE `related_external_notice` ENABLE KEYS */;
UNLOCK TABLES;

--
-- Table structure for table `related_notice`
--

DROP TABLE IF EXISTS `related_notice`;
/*!40101 SET @saved_cs_client     = @@character_set_client */;
/*!40101 SET character_set_client = utf8 */;
CREATE TABLE `related_notice` (
  `id` int(10) unsigned NOT NULL auto_increment,
  `id_notice_a` int(10) unsigned NOT NULL,
  `id_notice_b` int(10) unsigned NOT NULL,
  `title` varchar(255) default '',
  PRIMARY KEY  (`id`),
  KEY `id_notice_a` (`id_notice_a`),
  KEY `id_notice_b` (`id_notice_b`),
  CONSTRAINT `related_notice_ibfk_1` FOREIGN KEY (`id_notice_a`) REFERENCES `noticia` (`id`) ON DELETE CASCADE,
  CONSTRAINT `related_notice_ibfk_2` FOREIGN KEY (`id_notice_b`) REFERENCES `noticia` (`id`) ON DELETE CASCADE
) ENGINE=InnoDB DEFAULT CHARSET=utf8;
/*!40101 SET character_set_client = @saved_cs_client */;

--
-- Dumping data for table `related_notice`
--

LOCK TABLES `related_notice` WRITE;
/*!40000 ALTER TABLE `related_notice` DISABLE KEYS */;
/*!40000 ALTER TABLE `related_notice` ENABLE KEYS */;
UNLOCK TABLES;

--
-- Table structure for table `related_product`
--

DROP TABLE IF EXISTS `related_product`;
/*!40101 SET @saved_cs_client     = @@character_set_client */;
/*!40101 SET character_set_client = utf8 */;
CREATE TABLE `related_product` (
  `id` int(10) unsigned NOT NULL auto_increment,
  `id_product_a` int(10) unsigned NOT NULL default '0',
  `id_product_b` int(10) unsigned NOT NULL default '0',
  `title` varchar(255) default '',
  PRIMARY KEY  (`id`)
) ENGINE=InnoDB DEFAULT CHARSET=utf8;
/*!40101 SET character_set_client = @saved_cs_client */;

--
-- Dumping data for table `related_product`
--

LOCK TABLES `related_product` WRITE;
/*!40000 ALTER TABLE `related_product` DISABLE KEYS */;
/*!40000 ALTER TABLE `related_product` ENABLE KEYS */;
UNLOCK TABLES;

--
-- Table structure for table `related_to_gallery`
--

DROP TABLE IF EXISTS `related_to_gallery`;
/*!40101 SET @saved_cs_client     = @@character_set_client */;
/*!40101 SET character_set_client = utf8 */;
CREATE TABLE `related_to_gallery` (
  `id` int(10) unsigned NOT NULL auto_increment,
  `id_notice` int(10) unsigned NOT NULL,
  `id_gallery` int(10) unsigned NOT NULL,
  `title` varchar(255) default NULL,
  PRIMARY KEY  (`id`),
  KEY `id_notice` (`id_notice`),
  KEY `id_gallery` (`id_gallery`),
  CONSTRAINT `related_to_gallery_ibfk_1` FOREIGN KEY (`id_notice`) REFERENCES `noticia` (`id`) ON DELETE CASCADE,
  CONSTRAINT `related_to_gallery_ibfk_2` FOREIGN KEY (`id_gallery`) REFERENCES `gallery` (`id`) ON DELETE CASCADE
) ENGINE=InnoDB DEFAULT CHARSET=utf8;
/*!40101 SET character_set_client = @saved_cs_client */;

--
-- Dumping data for table `related_to_gallery`
--

LOCK TABLES `related_to_gallery` WRITE;
/*!40000 ALTER TABLE `related_to_gallery` DISABLE KEYS */;
/*!40000 ALTER TABLE `related_to_gallery` ENABLE KEYS */;
UNLOCK TABLES;

--
-- Table structure for table `related_to_library_2009`
--

DROP TABLE IF EXISTS `related_to_library_2009`;
/*!40101 SET @saved_cs_client     = @@character_set_client */;
/*!40101 SET character_set_client = utf8 */;
CREATE TABLE `related_to_library_2009` (
  `id` int(10) unsigned NOT NULL auto_increment,
  `id_notice` int(10) unsigned NOT NULL,
  `id_library` int(10) unsigned NOT NULL,
  `title` varchar(255) default NULL,
  PRIMARY KEY  (`id`),
  KEY `id_notice` (`id_notice`),
  KEY `id_library` (`id_library`),
  CONSTRAINT `related_to_library_2009_ibfk_1` FOREIGN KEY (`id_library`) REFERENCES `hemeroteca_2009` (`id`) ON DELETE CASCADE,
  CONSTRAINT `related_to_library_2009_ibfk_2` FOREIGN KEY (`id_notice`) REFERENCES `noticia` (`id`) ON DELETE CASCADE
) ENGINE=InnoDB DEFAULT CHARSET=utf8;
/*!40101 SET character_set_client = @saved_cs_client */;

--
-- Dumping data for table `related_to_library_2009`
--

LOCK TABLES `related_to_library_2009` WRITE;
/*!40000 ALTER TABLE `related_to_library_2009` DISABLE KEYS */;
/*!40000 ALTER TABLE `related_to_library_2009` ENABLE KEYS */;
UNLOCK TABLES;

--
-- Table structure for table `related_to_library_2010`
--

DROP TABLE IF EXISTS `related_to_library_2010`;
/*!40101 SET @saved_cs_client     = @@character_set_client */;
/*!40101 SET character_set_client = utf8 */;
CREATE TABLE `related_to_library_2010` (
  `id` int(10) unsigned NOT NULL auto_increment,
  `id_notice` int(10) unsigned NOT NULL,
  `id_library` int(10) unsigned NOT NULL,
  `title` varchar(255) default NULL,
  PRIMARY KEY  (`id`),
  KEY `id_notice` (`id_notice`),
  KEY `id_library` (`id_library`),
  CONSTRAINT `related_to_library_2010_ibfk_1` FOREIGN KEY (`id_library`) REFERENCES `hemeroteca_2010` (`id`) ON DELETE CASCADE,
  CONSTRAINT `related_to_library_2010_ibfk_2` FOREIGN KEY (`id_notice`) REFERENCES `noticia` (`id`) ON DELETE CASCADE
) ENGINE=InnoDB DEFAULT CHARSET=utf8;
/*!40101 SET character_set_client = @saved_cs_client */;

--
-- Dumping data for table `related_to_library_2010`
--

LOCK TABLES `related_to_library_2010` WRITE;
/*!40000 ALTER TABLE `related_to_library_2010` DISABLE KEYS */;
/*!40000 ALTER TABLE `related_to_library_2010` ENABLE KEYS */;
UNLOCK TABLES;

--
-- Table structure for table `related_to_library_2011`
--

DROP TABLE IF EXISTS `related_to_library_2011`;
/*!40101 SET @saved_cs_client     = @@character_set_client */;
/*!40101 SET character_set_client = utf8 */;
CREATE TABLE `related_to_library_2011` (
  `id` int(10) unsigned NOT NULL auto_increment,
  `id_notice` int(10) unsigned NOT NULL,
  `id_library` int(10) unsigned NOT NULL,
  `title` varchar(255) default NULL,
  PRIMARY KEY  (`id`),
  KEY `id_notice` (`id_notice`),
  KEY `id_library` (`id_library`),
  CONSTRAINT `related_to_library_2011_ibfk_1` FOREIGN KEY (`id_library`) REFERENCES `hemeroteca_2011` (`id`) ON DELETE CASCADE,
  CONSTRAINT `related_to_library_2011_ibfk_2` FOREIGN KEY (`id_notice`) REFERENCES `noticia` (`id`) ON DELETE CASCADE
) ENGINE=InnoDB DEFAULT CHARSET=utf8;
/*!40101 SET character_set_client = @saved_cs_client */;

--
-- Dumping data for table `related_to_library_2011`
--

LOCK TABLES `related_to_library_2011` WRITE;
/*!40000 ALTER TABLE `related_to_library_2011` DISABLE KEYS */;
/*!40000 ALTER TABLE `related_to_library_2011` ENABLE KEYS */;
UNLOCK TABLES;

--
-- Table structure for table `related_to_library_2012`
--

DROP TABLE IF EXISTS `related_to_library_2012`;
/*!40101 SET @saved_cs_client     = @@character_set_client */;
/*!40101 SET character_set_client = utf8 */;
CREATE TABLE `related_to_library_2012` (
  `id` int(10) unsigned NOT NULL auto_increment,
  `id_notice` int(10) unsigned NOT NULL,
  `id_library` int(10) unsigned NOT NULL,
  `title` varchar(255) default NULL,
  PRIMARY KEY  (`id`),
  KEY `id_notice` (`id_notice`),
  KEY `id_library` (`id_library`),
  CONSTRAINT `related_to_library_2012_ibfk_1` FOREIGN KEY (`id_library`) REFERENCES `hemeroteca_2012` (`id`) ON DELETE CASCADE,
  CONSTRAINT `related_to_library_2012_ibfk_2` FOREIGN KEY (`id_notice`) REFERENCES `noticia` (`id`) ON DELETE CASCADE
) ENGINE=InnoDB DEFAULT CHARSET=utf8;
/*!40101 SET character_set_client = @saved_cs_client */;

--
-- Dumping data for table `related_to_library_2012`
--

LOCK TABLES `related_to_library_2012` WRITE;
/*!40000 ALTER TABLE `related_to_library_2012` DISABLE KEYS */;
/*!40000 ALTER TABLE `related_to_library_2012` ENABLE KEYS */;
UNLOCK TABLES;

--
-- Table structure for table `related_to_library_2013`
--

DROP TABLE IF EXISTS `related_to_library_2013`;
/*!40101 SET @saved_cs_client     = @@character_set_client */;
/*!40101 SET character_set_client = utf8 */;
CREATE TABLE `related_to_library_2013` (
  `id` int(10) unsigned NOT NULL auto_increment,
  `id_notice` int(10) unsigned NOT NULL,
  `id_library` int(10) unsigned NOT NULL,
  `title` varchar(255) default NULL,
  PRIMARY KEY  (`id`),
  KEY `id_notice` (`id_notice`),
  KEY `id_library` (`id_library`),
  CONSTRAINT `related_to_library_2013_ibfk_1` FOREIGN KEY (`id_library`) REFERENCES `hemeroteca_2013` (`id`) ON DELETE CASCADE,
  CONSTRAINT `related_to_library_2013_ibfk_2` FOREIGN KEY (`id_notice`) REFERENCES `noticia` (`id`) ON DELETE CASCADE
) ENGINE=InnoDB DEFAULT CHARSET=utf8;
/*!40101 SET character_set_client = @saved_cs_client */;

--
-- Dumping data for table `related_to_library_2013`
--

LOCK TABLES `related_to_library_2013` WRITE;
/*!40000 ALTER TABLE `related_to_library_2013` DISABLE KEYS */;
/*!40000 ALTER TABLE `related_to_library_2013` ENABLE KEYS */;
UNLOCK TABLES;

--
-- Table structure for table `related_to_library_2014`
--

DROP TABLE IF EXISTS `related_to_library_2014`;
/*!40101 SET @saved_cs_client     = @@character_set_client */;
/*!40101 SET character_set_client = utf8 */;
CREATE TABLE `related_to_library_2014` (
  `id` int(10) unsigned NOT NULL auto_increment,
  `id_notice` int(10) unsigned NOT NULL,
  `id_library` int(10) unsigned NOT NULL,
  `title` varchar(255) default NULL,
  PRIMARY KEY  (`id`),
  KEY `id_notice` (`id_notice`),
  KEY `id_library` (`id_library`),
  CONSTRAINT `related_to_library_2014_ibfk_1` FOREIGN KEY (`id_library`) REFERENCES `hemeroteca_2014` (`id`) ON DELETE CASCADE,
  CONSTRAINT `related_to_library_2014_ibfk_2` FOREIGN KEY (`id_notice`) REFERENCES `noticia` (`id`) ON DELETE CASCADE
) ENGINE=InnoDB DEFAULT CHARSET=utf8;
/*!40101 SET character_set_client = @saved_cs_client */;

--
-- Dumping data for table `related_to_library_2014`
--

LOCK TABLES `related_to_library_2014` WRITE;
/*!40000 ALTER TABLE `related_to_library_2014` DISABLE KEYS */;
/*!40000 ALTER TABLE `related_to_library_2014` ENABLE KEYS */;
UNLOCK TABLES;

--
-- Table structure for table `related_to_library_2015`
--

DROP TABLE IF EXISTS `related_to_library_2015`;
/*!40101 SET @saved_cs_client     = @@character_set_client */;
/*!40101 SET character_set_client = utf8 */;
CREATE TABLE `related_to_library_2015` (
  `id` int(10) unsigned NOT NULL auto_increment,
  `id_notice` int(10) unsigned NOT NULL,
  `id_library` int(10) unsigned NOT NULL,
  `title` varchar(255) default NULL,
  PRIMARY KEY  (`id`),
  KEY `id_notice` (`id_notice`),
  KEY `id_library` (`id_library`),
  CONSTRAINT `related_to_library_2015_ibfk_1` FOREIGN KEY (`id_library`) REFERENCES `hemeroteca_2015` (`id`) ON DELETE CASCADE,
  CONSTRAINT `related_to_library_2015_ibfk_2` FOREIGN KEY (`id_notice`) REFERENCES `noticia` (`id`) ON DELETE CASCADE
) ENGINE=InnoDB DEFAULT CHARSET=utf8;
/*!40101 SET character_set_client = @saved_cs_client */;

--
-- Dumping data for table `related_to_library_2015`
--

LOCK TABLES `related_to_library_2015` WRITE;
/*!40000 ALTER TABLE `related_to_library_2015` DISABLE KEYS */;
/*!40000 ALTER TABLE `related_to_library_2015` ENABLE KEYS */;
UNLOCK TABLES;

--
-- Table structure for table `related_to_video`
--

DROP TABLE IF EXISTS `related_to_video`;
/*!40101 SET @saved_cs_client     = @@character_set_client */;
/*!40101 SET character_set_client = utf8 */;
CREATE TABLE `related_to_video` (
  `id` int(10) unsigned NOT NULL auto_increment,
  `id_notice` int(10) unsigned NOT NULL,
  `id_video` int(10) unsigned NOT NULL,
  `title` varchar(255) default NULL,
  PRIMARY KEY  (`id`),
  KEY `id_video` (`id_video`),
  KEY `id_notice` (`id_notice`),
  CONSTRAINT `related_to_video_ibfk_1` FOREIGN KEY (`id_notice`) REFERENCES `noticia` (`id`) ON DELETE CASCADE,
  CONSTRAINT `related_to_video_ibfk_2` FOREIGN KEY (`id_video`) REFERENCES `video` (`id`) ON DELETE CASCADE
) ENGINE=InnoDB DEFAULT CHARSET=utf8;
/*!40101 SET character_set_client = @saved_cs_client */;

--
-- Dumping data for table `related_to_video`
--

LOCK TABLES `related_to_video` WRITE;
/*!40000 ALTER TABLE `related_to_video` DISABLE KEYS */;
/*!40000 ALTER TABLE `related_to_video` ENABLE KEYS */;
UNLOCK TABLES;

--
-- Table structure for table `related_video`
--

DROP TABLE IF EXISTS `related_video`;
/*!40101 SET @saved_cs_client     = @@character_set_client */;
/*!40101 SET character_set_client = utf8 */;
CREATE TABLE `related_video` (
  `id` int(10) unsigned NOT NULL auto_increment,
  `id_video_a` int(10) unsigned NOT NULL,
  `id_video_b` int(10) unsigned NOT NULL,
  `title` varchar(255) default '',
  PRIMARY KEY  (`id`),
  KEY `id_video_a` (`id_video_a`),
  KEY `id_video_b` (`id_video_b`),
  CONSTRAINT `related_video_ibfk_1` FOREIGN KEY (`id_video_a`) REFERENCES `video` (`id`) ON DELETE CASCADE,
  CONSTRAINT `related_video_ibfk_2` FOREIGN KEY (`id_video_b`) REFERENCES `video` (`id`) ON DELETE CASCADE
) ENGINE=InnoDB DEFAULT CHARSET=utf8;
/*!40101 SET character_set_client = @saved_cs_client */;

--
-- Dumping data for table `related_video`
--

LOCK TABLES `related_video` WRITE;
/*!40000 ALTER TABLE `related_video` DISABLE KEYS */;
/*!40000 ALTER TABLE `related_video` ENABLE KEYS */;
UNLOCK TABLES;

--
-- Table structure for table `rightlayer`
--

DROP TABLE IF EXISTS `rightlayer`;
/*!40101 SET @saved_cs_client     = @@character_set_client */;
/*!40101 SET character_set_client = utf8 */;
CREATE TABLE `rightlayer` (
  `id` int(10) unsigned NOT NULL auto_increment,
  `tipo` int(11) NOT NULL,
  `idModulo` int(10) unsigned NOT NULL,
  `posicion` int(10) unsigned NOT NULL,
  `idSeccion` int(10) unsigned NOT NULL,
  `fechaBaja` datetime default NULL,
  `fechaAlta` datetime default NULL,
  `parametersValue` text NOT NULL,
  PRIMARY KEY  (`id`),
  KEY `idSeccion` (`idSeccion`),
  CONSTRAINT `rightlayer_ibfk_1` FOREIGN KEY (`idSeccion`) REFERENCES `seccion` (`id`) ON DELETE CASCADE
) ENGINE=InnoDB AUTO_INCREMENT=111 DEFAULT CHARSET=utf8;
/*!40101 SET character_set_client = @saved_cs_client */;

--
-- Dumping data for table `rightlayer`
--

LOCK TABLES `rightlayer` WRITE;
/*!40000 ALTER TABLE `rightlayer` DISABLE KEYS */;
INSERT INTO `rightlayer` VALUES (1,32,100,1,15,NULL,NULL,''),(2,32,100,1,16,NULL,NULL,''),(3,32,100,1,17,NULL,NULL,''),(4,32,100,1,19,NULL,NULL,''),(5,32,100,1,20,NULL,NULL,''),(6,32,100,1,21,NULL,NULL,''),(7,32,100,1,23,NULL,NULL,''),(8,32,100,1,24,NULL,NULL,''),(9,32,100,1,25,NULL,NULL,''),(10,32,100,1,26,NULL,NULL,''),(11,32,100,1,89,NULL,NULL,''),(12,32,100,1,90,NULL,NULL,''),(13,32,100,1,91,NULL,NULL,''),(14,32,100,1,92,NULL,NULL,''),(15,32,100,1,28,NULL,NULL,''),(16,32,100,1,29,NULL,NULL,''),(17,32,100,1,93,NULL,NULL,''),(18,32,100,1,94,NULL,NULL,''),(19,32,100,1,95,NULL,NULL,''),(20,32,100,1,32,NULL,NULL,''),(21,32,100,1,33,NULL,NULL,''),(34,32,100,1,49,NULL,NULL,''),(48,32,100,1,67,NULL,NULL,''),(60,32,100,1,81,NULL,NULL,''),(63,32,100,1,86,NULL,NULL,''),(64,32,100,1,96,NULL,NULL,''),(65,32,100,1,2,NULL,NULL,''),(68,32,108,1,35,NULL,NULL,''),(69,32,100,1,98,NULL,NULL,''),(70,32,108,1,36,NULL,NULL,''),(71,32,108,1,38,NULL,NULL,''),(72,32,108,1,39,NULL,NULL,''),(73,32,108,1,40,NULL,NULL,''),(74,32,108,1,41,NULL,NULL,''),(76,32,108,1,43,NULL,NULL,''),(77,32,108,1,44,NULL,NULL,''),(78,32,108,1,45,NULL,NULL,''),(79,32,108,1,97,NULL,NULL,''),(80,32,108,1,46,NULL,NULL,''),(81,32,108,1,47,NULL,NULL,''),(82,32,108,1,51,NULL,NULL,''),(83,32,108,1,52,NULL,NULL,''),(84,32,108,1,53,NULL,NULL,''),(85,32,108,1,54,NULL,NULL,''),(86,32,108,1,56,NULL,NULL,''),(87,32,108,1,57,NULL,NULL,''),(88,32,108,1,59,NULL,NULL,''),(89,32,108,1,61,NULL,NULL,''),(90,32,108,1,62,NULL,NULL,''),(91,32,108,1,63,NULL,NULL,''),(92,32,108,1,64,NULL,NULL,''),(93,32,108,1,65,NULL,NULL,''),(94,32,108,1,66,NULL,NULL,''),(95,32,108,1,69,NULL,NULL,''),(96,32,108,1,70,NULL,NULL,''),(97,32,108,1,71,NULL,NULL,''),(98,32,108,1,72,NULL,NULL,''),(99,32,108,1,73,NULL,NULL,''),(100,32,108,1,74,NULL,NULL,''),(101,32,108,1,76,NULL,NULL,''),(102,32,108,1,77,NULL,NULL,''),(103,32,108,1,78,NULL,NULL,''),(104,32,108,1,79,NULL,NULL,''),(105,32,108,1,80,NULL,NULL,''),(106,32,108,1,84,NULL,NULL,''),(107,32,108,1,85,NULL,NULL,''),(108,32,108,1,99,NULL,NULL,''),(109,32,108,1,100,NULL,NULL,''),(110,32,108,1,101,NULL,NULL,'');
/*!40000 ALTER TABLE `rightlayer` ENABLE KEYS */;
UNLOCK TABLES;

--
-- Table structure for table `rss`
--

DROP TABLE IF EXISTS `rss`;
/*!40101 SET @saved_cs_client     = @@character_set_client */;
/*!40101 SET character_set_client = utf8 */;
CREATE TABLE `rss` (
  `id` int(10) unsigned NOT NULL auto_increment,
  `title` varchar(255) NOT NULL,
  `creationDate` datetime NOT NULL,
  `publicationDate` datetime default '0000-00-00 00:00:00',
  `modificationDate` datetime NOT NULL,
  `state` tinyint(3) unsigned NOT NULL default '0',
  PRIMARY KEY  (`id`)
) ENGINE=InnoDB DEFAULT CHARSET=utf8;
/*!40101 SET character_set_client = @saved_cs_client */;

--
-- Dumping data for table `rss`
--

LOCK TABLES `rss` WRITE;
/*!40000 ALTER TABLE `rss` DISABLE KEYS */;
/*!40000 ALTER TABLE `rss` ENABLE KEYS */;
UNLOCK TABLES;

--
-- Table structure for table `seccion`
--

DROP TABLE IF EXISTS `seccion`;
/*!40101 SET @saved_cs_client     = @@character_set_client */;
/*!40101 SET character_set_client = utf8 */;
CREATE TABLE `seccion` (
  `id` int(10) unsigned NOT NULL auto_increment,
  `idParent` int(10) unsigned NOT NULL default '0',
  `nombre` text NOT NULL,
  `titulo` text,
  `descripcion` text,
  `posicion` int(10) unsigned NOT NULL,
  `fechaAlta` date NOT NULL,
  `fechaPublicacion` datetime default NULL,
  `fechaModificacion` datetime default NULL,
  `obligatoria` tinyint(3) unsigned NOT NULL,
  `publicable` tinyint(3) unsigned NOT NULL,
  `tipo` tinyint(3) unsigned NOT NULL,
  `codigo` int(10) unsigned NOT NULL default '1',
  `fileName` varchar(255) NOT NULL,
  `idStructcss` int(11) NOT NULL default '-1',
  `idStylecss` int(11) NOT NULL default '-1',
  `head` text NOT NULL,
  `foot` text NOT NULL,
  `private` tinyint(3) unsigned NOT NULL,
  `customLogin` varchar(255) default NULL,
  `metaTagDistribution` varchar(255) default NULL,
  `metaTagPageTopic` varchar(255) default NULL,
  `metaTagPageType` varchar(255) default NULL,
  `metaTagLanguage` varchar(255) default NULL,
  `metaTagRobots` varchar(255) default NULL,
  `metaTagResourceType` varchar(255) default NULL,
  `metaTagRevisitAfter` tinyint(4) default '1',
  `metaTagExpires` datetime default NULL,
  `sectionType` tinyint(3) unsigned default '0',
  `phpcode` text NOT NULL,
  `headcode` text NOT NULL,
  `bodycode` text NOT NULL,
  PRIMARY KEY  (`id`),
  KEY `idStructcss` (`idStructcss`),
  KEY `idStylecss` (`idStylecss`),
  CONSTRAINT `seccion_ibfk_1` FOREIGN KEY (`idStructcss`) REFERENCES `estilo` (`id`),
  CONSTRAINT `seccion_ibfk_2` FOREIGN KEY (`idStylecss`) REFERENCES `estilo` (`id`)
) ENGINE=InnoDB AUTO_INCREMENT=106 DEFAULT CHARSET=utf8;
/*!40101 SET character_set_client = @saved_cs_client */;

--
-- Dumping data for table `seccion`
--

LOCK TABLES `seccion` WRITE;
/*!40000 ALTER TABLE `seccion` DISABLE KEYS */;
INSERT INTO `seccion` VALUES (1,0,'Casa','CEFER specialisti della riproduzione assistita','CEFER specialisti della riproduzione assistita',1,'2009-11-19','2015-01-13 12:55:46','2013-11-05 06:27:54',1,1,0,1,'index',3,2,'','',0,NULL,'global',NULL,NULL,NULL,NULL,NULL,1,'2012-11-08 12:57:58',0,'','%3Cscript+type%3D%22text%2Fjavascript%22+src%3D%22https%3A%2F%2Fapis.google.com%2Fjs%2Fplusone.js%22%3E%0D%0A++%7Blang%3A+%27it%27%7D%0D%0A%3C%2Fscript%3E%0D%0A','%3Cbody%3E'),(2,0,'New','New',NULL,1,'2009-11-19','2014-03-06 12:36:46','2009-12-30 19:16:59',1,1,0,1,'viewer',1,2,'','',0,NULL,NULL,NULL,NULL,NULL,NULL,NULL,1,NULL,1,'','%3Ctitle%3E%3C%3Fphp+++if+%28isset%28%24_REQUEST%5B%27titleNotice%27%5D%29%29++echo+%24_REQUEST%5B%27titleNotice%27%5D%3B+%3F%3E%3C%2Ftitle%3E%0D%0A%3Cmeta+name%3D%22title%22+content%3D%22%3C%3Fphp+++if+%28isset%28%24_REQUEST%5B%27titleNotice%27%5D%29%29++echo+%24_REQUEST%5B%27titleNotice%27%5D%3B+%3F%3E%22%2F%3E%0D%0A%3C%3Fphp%0D%0Arequire_once%28%22admin%2Flib%2Fdb%2Fcms%2FNoticia.php%22%29%3B%0D%0Arequire_once%28%22admin%2Flib%2Fdb%2Femarketing%2Fstats%2FStatsNotice.php%22%29%3B%0D%0A%0D%0Aif+%28isset%28%24_REQUEST%5B%27IDN%27%5D%29%29+%7B%0D%0A%09%24noticia+%3D+new+Noticia%28%24_REQUEST%5B%27IDN%27%5D%2C+%24connLang%29%3B%0D%0A%09if+%28%24noticia-%3EgetId%28%29+%21%3D+-1%29++%7B%0D%0A%09%09echo+%22%3Ctitle%3E%22.%24noticia-%3EgetTitle%28%29.%22%3C%2Ftitle%3E%22%3B%0D%0A%09%09%24stats+%3D+new+StatsNotice%28-1%2C+%24connLang%29%3B%0D%0A%09%09%24stats-%3EsetIdNotice%28%24noticia-%3EgetId%28%29%29%3B%0D%0A%09%09%24stats-%3EDBCountImpression%28%29%3B%0D%0A%09%7D%0D%0A%7D+%3F%3E','%3Cbody%3E'),(3,0,'Ricerche','Ricerche',NULL,1,'2009-11-19','2014-03-06 12:36:46','2009-11-19 10:22:34',1,1,0,1,'ricerche',1,2,'','',0,NULL,NULL,NULL,NULL,NULL,NULL,NULL,1,NULL,1,'','',''),(4,0,'Periodici','Periodici',NULL,1,'2009-11-19','2014-03-06 12:36:46','2009-11-19 10:22:34',1,1,0,1,'periodici',1,2,'','',0,NULL,NULL,NULL,NULL,NULL,NULL,NULL,1,NULL,1,'','',''),(5,0,'Commenti','Commenti',NULL,1,'2009-11-19','2014-03-06 12:36:46','2009-11-19 10:22:34',1,1,0,1,'commenti',1,2,'','',0,NULL,NULL,NULL,NULL,NULL,NULL,NULL,1,NULL,1,'','',''),(6,0,'Invia ad un amico','Invia ad un amico',NULL,1,'2009-11-19','2014-03-06 12:36:47','2009-11-30 15:58:25',1,1,0,1,'invia_ad_un_amico',1,2,'','',0,NULL,NULL,NULL,NULL,NULL,NULL,NULL,1,NULL,1,'','','%3Cbody%3E'),(7,0,'Voto sondaggio','Voto sondaggio',NULL,1,'2009-11-19','2014-03-06 12:36:47','2009-11-19 10:22:34',1,1,0,1,'voto_sondaggio',1,2,'','',0,NULL,NULL,NULL,NULL,NULL,NULL,NULL,1,NULL,1,'','',''),(8,0,'Agenda','Agenda',NULL,1,'2009-11-19','2014-03-06 12:36:47','2009-11-19 10:22:34',1,1,0,1,'agenda',1,2,'','',0,NULL,NULL,NULL,NULL,NULL,NULL,NULL,1,NULL,1,'','',''),(9,0,'Login','Login',NULL,1,'2009-11-19','2014-03-06 12:36:47','2009-11-30 13:17:29',1,1,0,1,'login',3,2,'','',0,NULL,NULL,NULL,NULL,NULL,NULL,NULL,1,NULL,1,'','',''),(10,1,'L\'istituto','CEFER Procrezione Medicalmente Assistita Barcellona Spagna','Centri de Procrezione Medicalmente Assistita a Barcellona Spagna. Inseminazione artificiale eterologa. Fecondazione assistita eterologa. Ovodonazione.',1,'2009-11-19','2015-01-13 12:55:47','2014-04-24 13:07:53',0,1,1,1,'cefer-institute',1,2,'','',0,NULL,'global','Medicine','Product Info','it','robots.txt',NULL,1,'1999-11-30 00:00:00',0,'header%28%27Location%3A+benvenuto-cefer-institute.php%27%29%3B','','%3Cbody%3E'),(11,1,'Cosa facciamo?','Cosa facciamo?',NULL,2,'2009-11-19','2015-01-13 12:55:53','2009-12-10 15:15:19',0,1,1,1,'cosa-facciamo',1,2,'','',0,NULL,NULL,NULL,NULL,NULL,NULL,NULL,1,'0000-00-00 00:00:00',0,'header%28%27Location%3A+sterilita-femminile.php%27%29%3B','','%3Cbody%3E'),(12,1,'Coppie','Coppie',NULL,3,'2009-11-19','2015-01-13 12:55:58','2009-12-10 15:16:19',0,1,1,1,'coppie',1,2,'','',0,NULL,NULL,NULL,NULL,NULL,NULL,NULL,1,'0000-00-00 00:00:00',0,'header%28%27Location%3A+coppie-sterilita-femminile.php%27%29%3B','','%3Cbody%3E'),(13,1,'Single madri','Single madri',NULL,4,'2009-11-19','2015-01-13 12:56:02','2009-12-10 15:17:22',0,1,1,1,'single-madri',1,2,'','',0,NULL,NULL,NULL,NULL,NULL,NULL,NULL,1,'0000-00-00 00:00:00',0,'header%28%27Location%3A+singles.php%27%29%3B','','%3Cbody%3E'),(15,10,'Benvenuto','Benvenuto',NULL,1,'2009-11-19','2015-01-13 12:55:47','2013-05-16 08:24:05',0,1,1,1,'benvenuto-cefer-institute',1,2,'','',0,NULL,NULL,NULL,NULL,NULL,NULL,NULL,1,'0000-00-00 00:00:00',0,'','%3Cscript+type%3D%22text%2Fjavascript%22+src%3D%22https%3A%2F%2Fapis.google.com%2Fjs%2Fplusone.js%22%3E%0D%0A++%7Blang%3A+%27it%27%7D%0D%0A%3C%2Fscript%3E','%3Cbody%3E'),(16,10,'10 motivi per venire a Cefer','10 motivi per venire a Cefer',NULL,2,'2009-11-19','2015-01-13 12:55:53','2011-06-29 11:22:37',0,1,1,1,'10-motivi-per-venire-a-cefer',1,2,'','',0,NULL,NULL,NULL,NULL,NULL,NULL,NULL,1,'0000-00-00 00:00:00',0,'','%3Cscript+type%3D%22text%2Fjavascript%22+src%3D%22https%3A%2F%2Fapis.google.com%2Fjs%2Fplusone.js%22%3E%0D%0A++%7Blang%3A+%27it%27%7D%0D%0A%3C%2Fscript%3E','%3Cbody%3E'),(17,10,'Storia e esperienza','Storia e esperienza',NULL,3,'2009-11-19','2015-01-13 12:55:58','2011-06-29 11:22:44',0,1,1,1,'storia-e-esperienza',1,2,'','',0,NULL,NULL,NULL,NULL,NULL,NULL,NULL,1,'0000-00-00 00:00:00',0,'','%3Cscript+type%3D%22text%2Fjavascript%22+src%3D%22https%3A%2F%2Fapis.google.com%2Fjs%2Fplusone.js%22%3E%0D%0A++%7Blang%3A+%27it%27%7D%0D%0A%3C%2Fscript%3E','%3Cbody%3E'),(18,10,'Biologica attrezzature mediche','Biologica attrezzature mediche',NULL,4,'2009-11-19','2015-01-13 12:56:02','2009-12-10 15:13:29',0,1,1,1,'biologica-attrezzature-mediche',1,2,'','',0,NULL,NULL,NULL,NULL,NULL,NULL,NULL,1,'0000-00-00 00:00:00',0,'header%28%27Location%3A+cefer-squadra-di-barcellona.php%27%29%3B','','%3Cbody%3E'),(19,18,'Cefer squadra di Barcellona','Cefer squadra di Barcellona',NULL,1,'2009-11-19','2015-01-20 07:55:07','2011-06-29 11:22:52',0,1,1,1,'cefer-squadra-di-barcellona',1,2,'','',0,NULL,NULL,NULL,NULL,NULL,NULL,NULL,1,'0000-00-00 00:00:00',0,'','%3Cscript+type%3D%22text%2Fjavascript%22+src%3D%22https%3A%2F%2Fapis.google.com%2Fjs%2Fplusone.js%22%3E%0D%0A++%7Blang%3A+%27it%27%7D%0D%0A%3C%2Fscript%3E','%3Cbody%3E'),(20,18,'Cefer squadra di Valenza','Cefer squadra di Valenza',NULL,2,'2009-11-19','2015-04-13 10:45:49','2015-04-13 10:45:42',0,1,1,1,'cefer-squadra-di-valenza',1,2,'','',0,NULL,NULL,NULL,NULL,NULL,NULL,NULL,1,'0000-00-00 00:00:00',0,'','%3Cscript+type%3D%22text%2Fjavascript%22+src%3D%22https%3A%2F%2Fapis.google.com%2Fjs%2Fplusone.js%22%3E%0D%0A++%7Blang%3A+%27it%27%7D%0D%0A%3C%2Fscript%3E','%3Cbody%3E'),(21,18,'Cefer squadra di Lleida','Cefer squadra di Lleida',NULL,3,'2009-11-19','2015-01-13 12:55:59','2011-06-29 11:23:08',0,1,1,1,'cefer-squadra-di-lleida',1,2,'','',0,NULL,NULL,NULL,NULL,NULL,NULL,NULL,1,'0000-00-00 00:00:00',0,'','%3Cscript+type%3D%22text%2Fjavascript%22+src%3D%22https%3A%2F%2Fapis.google.com%2Fjs%2Fplusone.js%22%3E%0D%0A++%7Blang%3A+%27it%27%7D%0D%0A%3C%2Fscript%3E','%3Cbody%3E'),(22,10,'Le nostre strutture','Le nostre strutture',NULL,5,'2009-11-19','2015-01-13 12:56:04','2009-12-10 15:13:53',0,1,1,1,'le-nostre-strutture',1,2,'','',0,NULL,NULL,NULL,NULL,NULL,NULL,NULL,1,'0000-00-00 00:00:00',0,'header%28%27Location%3A+cefer-strutture-a-barcellona.php%27%29%3B','','%3Cbody%3E'),(23,22,'Cefer strutture a Barcellona','Cefer strutture a Barcellona',NULL,1,'2009-11-19','2015-01-13 12:55:49','2011-06-29 11:23:16',0,1,1,1,'cefer-strutture-a-barcellona',1,2,'','',0,NULL,NULL,NULL,NULL,NULL,NULL,NULL,1,'0000-00-00 00:00:00',0,'','%3Cscript+type%3D%22text%2Fjavascript%22+src%3D%22https%3A%2F%2Fapis.google.com%2Fjs%2Fplusone.js%22%3E%0D%0A++%7Blang%3A+%27it%27%7D%0D%0A%3C%2Fscript%3E','%3Cbody%3E'),(24,22,'Cefer strutture a Valenza','Cefer strutture a Valenza',NULL,2,'2009-11-19','2015-01-13 12:55:54','2011-06-29 11:23:23',0,1,1,1,'cefer-strutture-a-valenza',1,2,'','',0,NULL,NULL,NULL,NULL,NULL,NULL,NULL,1,'0000-00-00 00:00:00',0,'','%3Cscript+type%3D%22text%2Fjavascript%22+src%3D%22https%3A%2F%2Fapis.google.com%2Fjs%2Fplusone.js%22%3E%0D%0A++%7Blang%3A+%27it%27%7D%0D%0A%3C%2Fscript%3E','%3Cbody%3E'),(25,22,'Cefer strutture a Lleida','Cefer strutture a Lleida',NULL,3,'2009-11-19','2015-01-13 12:55:59','2011-06-29 11:23:29',0,1,1,1,'cefer-strutture-a-lleida',1,2,'','',0,NULL,NULL,NULL,NULL,NULL,NULL,NULL,1,'0000-00-00 00:00:00',0,'','%3Cscript+type%3D%22text%2Fjavascript%22+src%3D%22https%3A%2F%2Fapis.google.com%2Fjs%2Fplusone.js%22%3E%0D%0A++%7Blang%3A+%27it%27%7D%0D%0A%3C%2Fscript%3E','%3Cbody%3E'),(26,10,'Impegno per la qualità','Impegno per la qualità',NULL,6,'2009-11-19','2015-01-13 12:56:05','2011-06-29 11:23:38',0,1,1,1,'impegno-per-la-qualita',1,2,'','',0,NULL,NULL,NULL,NULL,NULL,NULL,NULL,1,'0000-00-00 00:00:00',0,'','%3Cscript+type%3D%22text%2Fjavascript%22+src%3D%22https%3A%2F%2Fapis.google.com%2Fjs%2Fplusone.js%22%3E%0D%0A++%7Blang%3A+%27it%27%7D%0D%0A%3C%2Fscript%3E','%3Cbody%3E'),(27,10,'Contatto','Contatto',NULL,7,'2009-11-19','2015-01-13 12:56:07','2011-06-29 11:23:55',0,1,1,1,'contatto-con-cefer',3,2,'','',0,NULL,NULL,NULL,NULL,NULL,NULL,NULL,1,'0000-00-00 00:00:00',0,'','%3Cscript+type%3D%22text%2Fjavascript%22+src%3D%22https%3A%2F%2Fapis.google.com%2Fjs%2Fplusone.js%22%3E%0D%0A++%7Blang%3A+%27it%27%7D%0D%0A%3C%2Fscript%3E','%3Cbody%3E'),(28,10,'FAQ','FAQ',NULL,8,'2009-11-19','2015-01-13 12:56:08','2011-06-29 11:24:28',0,1,1,1,'faq',1,2,'','',0,NULL,NULL,NULL,NULL,NULL,NULL,NULL,1,'0000-00-00 00:00:00',0,'','%3Cscript+type%3D%22text%2Fjavascript%22+src%3D%22https%3A%2F%2Fapis.google.com%2Fjs%2Fplusone.js%22%3E%0D%0A++%7Blang%3A+%27it%27%7D%0D%0A%3C%2Fscript%3E','%3Cbody%3E'),(29,10,'Ricerca','Ricerca',NULL,9,'2009-11-19','2015-01-13 12:56:10','2011-06-29 11:24:37',0,1,1,1,'ricerca',1,2,'','',0,NULL,NULL,NULL,NULL,NULL,NULL,NULL,1,'0000-00-00 00:00:00',0,'','%3Cscript+type%3D%22text%2Fjavascript%22+src%3D%22https%3A%2F%2Fapis.google.com%2Fjs%2Fplusone.js%22%3E%0D%0A++%7Blang%3A+%27it%27%7D%0D%0A%3C%2Fscript%3E','%3Cbody%3E'),(30,10,'Informazioni turistiche','Informazioni turistiche',NULL,10,'2009-11-19','2015-01-13 12:56:12','2009-12-10 15:14:40',0,1,1,1,'informazioni-turistiche',1,2,'','',0,NULL,NULL,NULL,NULL,NULL,NULL,NULL,1,'0000-00-00 00:00:00',0,'header%28%27Location%3A+alloggio-a-barcellona.php%27%29%3B','','%3Cbody%3E'),(31,30,'Turismo a Barcellona','Turismo a Barcellona',NULL,1,'2009-11-19','2015-01-13 12:55:49','2009-12-10 15:14:25',0,1,1,1,'turismo-a-barcellona',1,2,'','',0,NULL,NULL,NULL,NULL,NULL,NULL,NULL,1,'0000-00-00 00:00:00',0,'header%28%27Location%3A+alloggio-a-barcellona.php%27%29%3B','','%3Cbody%3E'),(32,30,'Turismo a Valenza','Turismo a Valenza',NULL,2,'2009-11-19','2015-01-13 12:55:54','2011-06-29 11:25:19',0,1,1,1,'turismo-a-valenza',1,2,'','',0,NULL,NULL,NULL,NULL,NULL,NULL,NULL,1,'0000-00-00 00:00:00',0,'','%3Cscript+type%3D%22text%2Fjavascript%22+src%3D%22https%3A%2F%2Fapis.google.com%2Fjs%2Fplusone.js%22%3E%0D%0A++%7Blang%3A+%27it%27%7D%0D%0A%3C%2Fscript%3E','%3Cbody%3E'),(33,30,'Turismo a Lleida','Turismo a Lleida',NULL,3,'2009-11-19','2015-01-13 12:55:59','2011-06-29 11:25:29',0,1,1,1,'turismo-a-lleida',1,2,'','',0,NULL,NULL,NULL,NULL,NULL,NULL,NULL,1,'0000-00-00 00:00:00',0,'','%3Cscript+type%3D%22text%2Fjavascript%22+src%3D%22https%3A%2F%2Fapis.google.com%2Fjs%2Fplusone.js%22%3E%0D%0A++%7Blang%3A+%27it%27%7D%0D%0A%3C%2Fscript%3E','%3Cbody%3E'),(34,11,'Sterilità studi','Sterilità studi',NULL,1,'2009-11-19','2015-01-13 12:55:49','2009-12-10 15:15:09',0,1,1,1,'sterilita-studi',1,2,'','',0,NULL,NULL,NULL,NULL,NULL,NULL,NULL,1,'0000-00-00 00:00:00',0,'header%28%27Location%3A+sterilita-femminile.php%27%29%3B','','%3Cbody%3E'),(35,34,'Sterilità femminile','Sterilità femminile',NULL,1,'2009-11-19','2015-01-13 12:55:49','2011-06-29 11:25:43',0,1,1,1,'sterilita-femminile',1,2,'','',0,NULL,NULL,NULL,NULL,NULL,NULL,NULL,1,'0000-00-00 00:00:00',0,'ob_start%28%29%3B','%3Cscript+type%3D%22text%2Fjavascript%22+src%3D%22https%3A%2F%2Fapis.google.com%2Fjs%2Fplusone.js%22%3E%0D%0A++%7Blang%3A+%27it%27%7D%0D%0A%3C%2Fscript%3E','%3Cbody%3E'),(36,34,'Sterilità maschile','Sterilità maschile',NULL,2,'2009-11-19','2015-01-13 12:55:54','2011-06-29 11:25:55',0,1,1,1,'sterilita-maschile',1,2,'','',0,NULL,NULL,NULL,NULL,NULL,NULL,NULL,1,'0000-00-00 00:00:00',0,'ob_start%28%29%3B','%3Cscript+type%3D%22text%2Fjavascript%22+src%3D%22https%3A%2F%2Fapis.google.com%2Fjs%2Fplusone.js%22%3E%0D%0A++%7Blang%3A+%27it%27%7D%0D%0A%3C%2Fscript%3E','%3Cbody%3E'),(37,11,'Banca del seme','Banca del seme',NULL,2,'2009-11-19','2015-01-13 12:55:55','2009-12-10 15:15:40',0,1,1,1,'banca-del-seme',1,2,'','',0,NULL,NULL,NULL,NULL,NULL,NULL,NULL,1,'0000-00-00 00:00:00',0,'header%28%27Location%3A+donatore-di-sperma-anonimo.php%27%29%3B','','%3Cbody%3E'),(38,37,'Anonimo donatore','Donatore di sperma anonimo','la prima banca de sperma alla Spagan in Barcellona. Il donatore di sperma deve essere anonimo, sano e fertile. Anche il donatore è giavne 22 anni.\r\nAnche Madri single dona nubile o coppie lesbiche possono utilizare la inseminazione artificiale eterologa oppure la in vitro',1,'2009-11-19','2015-01-13 12:55:50','2013-12-23 15:59:11',0,1,1,1,'donatore-di-sperma-anonimo',1,2,'','',0,NULL,'global','Medicine','Product Info','italiano',NULL,NULL,1,'1999-11-30 00:00:00',0,'ob_start%28%29%3B','%3Cscript+type%3D%22text%2Fjavascript%22+src%3D%22https%3A%2F%2Fapis.google.com%2Fjs%2Fplusone.js%22%3E%0D%0A++%7Blang%3A+%27it%27%7D%0D%0A%3C%2Fscript%3E','%3Cbody%3E'),(39,37,'Il congelamento dello sperma','Il congelamento dello sperma',NULL,2,'2009-11-19','2015-01-13 12:55:55','2011-06-29 11:26:17',0,1,1,1,'il-congelamento-dello-sperma',1,2,'','',0,NULL,NULL,NULL,NULL,NULL,NULL,NULL,1,'0000-00-00 00:00:00',0,'ob_start%28%29%3B','%3Cscript+type%3D%22text%2Fjavascript%22+src%3D%22https%3A%2F%2Fapis.google.com%2Fjs%2Fplusone.js%22%3E%0D%0A++%7Blang%3A+%27it%27%7D%0D%0A%3C%2Fscript%3E','%3Cbody%3E'),(40,11,'Inseminazione artificiale','Inseminazione artificiale',NULL,3,'2009-11-19','2015-01-13 12:56:00','2011-06-29 11:26:31',0,1,1,1,'inseminazione-artificiale',1,2,'','',0,NULL,NULL,NULL,NULL,NULL,NULL,NULL,1,'0000-00-00 00:00:00',0,'ob_start%28%29%3B','%3Cscript+type%3D%22text%2Fjavascript%22+src%3D%22https%3A%2F%2Fapis.google.com%2Fjs%2Fplusone.js%22%3E%0D%0A++%7Blang%3A+%27it%27%7D%0D%0A%3C%2Fscript%3E','%3Cbody%3E'),(41,11,'Fecondazione in vitro','Fecondazione Assistita','Fecondazione Assistita in Barcellona Spagna. La Fecondazione in Vitro consiste nel selezionare uno spermatozoo ed introdurlo in un ovulo maturo',4,'2009-11-19','2015-01-13 12:56:02','2014-04-25 08:15:24',0,1,1,1,'fecondazione-assistita-barcellona-spagna',1,2,'','',0,NULL,'global','Medicine','Product Info','it','robots.txt',NULL,1,'2025-11-30 00:00:00',0,'ob_start%28%29%3B','%3Cscript+type%3D%22text%2Fjavascript%22+src%3D%22https%3A%2F%2Fapis.google.com%2Fjs%2Fplusone.js%22%3E%0D%0A++%7Blang%3A+%27it%27%7D%0D%0A%3C%2Fscript%3E','%3Cbody%3E'),(43,11,'Uovo di congelamento','Uovo di congelamento',NULL,6,'2009-11-19','2015-01-13 12:56:06','2011-06-29 11:27:03',0,1,1,1,'uovo-di-congelamento',1,2,'','',0,NULL,NULL,NULL,NULL,NULL,NULL,NULL,1,'0000-00-00 00:00:00',0,'ob_start%28%29%3B','%3Cscript+type%3D%22text%2Fjavascript%22+src%3D%22https%3A%2F%2Fapis.google.com%2Fjs%2Fplusone.js%22%3E%0D%0A++%7Blang%3A+%27it%27%7D%0D%0A%3C%2Fscript%3E','%3Cbody%3E'),(44,11,'Embrione Banca','Embrione Banca','Limite di età per ricever embrione de la banca o fara l\' adozione delgi embrioni donati è da 57 anni.',7,'2009-11-19','2015-01-13 12:56:07','2014-04-08 12:27:00',0,1,1,1,'embrione-banca',1,2,'','',0,NULL,'global','Medicine','Product Info','italiano','robots.txt',NULL,1,'1999-11-30 00:00:00',0,'ob_start%28%29%3B','%3Cscript+type%3D%22text%2Fjavascript%22+src%3D%22https%3A%2F%2Fapis.google.com%2Fjs%2Fplusone.js%22%3E%0D%0A++%7Blang%3A+%27it%27%7D%0D%0A%3C%2Fscript%3E','%3Cbody%3E'),(45,11,'DGP','DGP',NULL,8,'2009-11-19','2015-01-13 12:56:08','2011-06-29 11:27:21',0,1,1,1,'dgp',1,2,'','',0,NULL,NULL,NULL,NULL,NULL,NULL,NULL,1,'0000-00-00 00:00:00',0,'ob_start%28%29%3B','%3Cscript+type%3D%22text%2Fjavascript%22+src%3D%22https%3A%2F%2Fapis.google.com%2Fjs%2Fplusone.js%22%3E%0D%0A++%7Blang%3A+%27it%27%7D%0D%0A%3C%2Fscript%3E','%3Cbody%3E'),(46,11,'Lavaggio dello sperma','Lavaggio dello sperma',NULL,10,'2009-11-19','2015-01-13 12:56:12','2011-06-29 11:27:43',0,1,1,1,'lavaggio-dello-sperma',1,2,'','',0,NULL,NULL,NULL,NULL,NULL,NULL,NULL,1,'0000-00-00 00:00:00',0,'ob_start%28%29%3B','%3Cscript+type%3D%22text%2Fjavascript%22+src%3D%22https%3A%2F%2Fapis.google.com%2Fjs%2Fplusone.js%22%3E%0D%0A++%7Blang%3A+%27it%27%7D%0D%0A%3C%2Fscript%3E','%3Cbody%3E'),(47,11,'Sostegno psicologico','Sostegno psicologico',NULL,10,'2009-11-19','2015-01-13 12:56:12','2011-06-29 11:27:54',0,1,1,1,'sostegno-psicologico',1,2,'','',0,NULL,NULL,NULL,NULL,NULL,NULL,NULL,1,'0000-00-00 00:00:00',0,'ob_start%28%29%3B','%3Cscript+type%3D%22text%2Fjavascript%22+src%3D%22https%3A%2F%2Fapis.google.com%2Fjs%2Fplusone.js%22%3E%0D%0A++%7Blang%3A+%27it%27%7D%0D%0A%3C%2Fscript%3E','%3Cbody%3E'),(49,11,'FAQ','FAQ',NULL,11,'2009-11-19','2015-01-13 12:56:13','2011-06-29 11:28:05',0,1,1,1,'cf-faq',1,2,'','',0,NULL,NULL,NULL,NULL,NULL,NULL,NULL,1,'0000-00-00 00:00:00',0,'','%3Cscript+type%3D%22text%2Fjavascript%22+src%3D%22https%3A%2F%2Fapis.google.com%2Fjs%2Fplusone.js%22%3E%0D%0A++%7Blang%3A+%27it%27%7D%0D%0A%3C%2Fscript%3E','%3Cbody%3E'),(50,12,'Sterilità studi','Sterilità studi',NULL,1,'2009-11-19','2015-01-13 12:55:50','2009-12-10 15:16:07',0,1,1,1,'coppie-sterilita-studi',1,2,'','',0,NULL,NULL,NULL,NULL,NULL,NULL,NULL,1,'0000-00-00 00:00:00',0,'header%28%27Location%3A+coppie-sterilita-femminile.php%27%29%3B','','%3Cbody%3E'),(51,50,'Sterilità femminile','Sterilità femminile',NULL,1,'2009-11-19','2015-01-13 12:55:50','2011-06-29 11:33:20',0,1,1,1,'coppie-sterilita-femminile',1,2,'','',0,NULL,NULL,NULL,NULL,NULL,NULL,NULL,1,'0000-00-00 00:00:00',0,'ob_start%28%29%3B','%3Cscript+type%3D%22text%2Fjavascript%22+src%3D%22https%3A%2F%2Fapis.google.com%2Fjs%2Fplusone.js%22%3E%0D%0A++%7Blang%3A+%27it%27%7D%0D%0A%3C%2Fscript%3E','%3Cbody%3E'),(52,50,'Sterilità maschile','Sterilità maschile',NULL,2,'2009-11-19','2015-01-13 12:55:55','2011-06-29 11:33:36',0,1,1,1,'coppie-sterilita-maschile',1,2,'','',0,NULL,NULL,NULL,NULL,NULL,NULL,NULL,1,'0000-00-00 00:00:00',0,'ob_start%28%29%3B','%3Cscript+type%3D%22text%2Fjavascript%22+src%3D%22https%3A%2F%2Fapis.google.com%2Fjs%2Fplusone.js%22%3E%0D%0A++%7Blang%3A+%27it%27%7D%0D%0A%3C%2Fscript%3E','%3Cbody%3E'),(53,12,'Ripetere Aborti','Ripetere Aborti',NULL,2,'2009-11-19','2015-01-13 12:55:56','2011-06-29 11:33:47',0,1,1,1,'ripetere-aborti',1,2,'','',0,NULL,NULL,NULL,NULL,NULL,NULL,NULL,1,'0000-00-00 00:00:00',0,'ob_start%28%29%3B','%3Cscript+type%3D%22text%2Fjavascript%22+src%3D%22https%3A%2F%2Fapis.google.com%2Fjs%2Fplusone.js%22%3E%0D%0A++%7Blang%3A+%27it%27%7D%0D%0A%3C%2Fscript%3E','%3Cbody%3E'),(54,12,'Azoospermia dopo vasectomia','Azoospermia dopo vasectomia',NULL,3,'2009-11-19','2015-01-13 12:56:00','2011-06-29 11:33:56',0,1,1,1,'azoospermia-dopo-vasectomia',1,2,'','',0,NULL,NULL,NULL,NULL,NULL,NULL,NULL,1,'0000-00-00 00:00:00',0,'ob_start%28%29%3B','%3Cscript+type%3D%22text%2Fjavascript%22+src%3D%22https%3A%2F%2Fapis.google.com%2Fjs%2Fplusone.js%22%3E%0D%0A++%7Blang%3A+%27it%27%7D%0D%0A%3C%2Fscript%3E','%3Cbody%3E'),(55,12,'Banca del seme','Banca del seme',NULL,4,'2009-11-19','2015-01-13 12:56:02','2009-12-10 15:16:40',0,1,1,1,'coppie-banca-del-seme',1,2,'','',0,NULL,NULL,NULL,NULL,NULL,NULL,NULL,1,'0000-00-00 00:00:00',0,'header%28%27Location%3A+coppie-donatore-di-sperma-anonimo.php%27%29%3B','','%3Cbody%3E'),(56,55,'Anonimo donatore','Anonimo donatore',NULL,1,'2009-11-19','2015-01-13 12:55:51','2011-06-29 11:34:07',0,1,1,1,'coppie-donatore-di-sperma-anonimo',1,2,'','',0,NULL,NULL,NULL,NULL,NULL,NULL,NULL,1,'0000-00-00 00:00:00',0,'ob_start%28%29%3B','%3Cscript+type%3D%22text%2Fjavascript%22+src%3D%22https%3A%2F%2Fapis.google.com%2Fjs%2Fplusone.js%22%3E%0D%0A++%7Blang%3A+%27it%27%7D%0D%0A%3C%2Fscript%3E','%3Cbody%3E'),(57,55,'Il congelamento dello sperma','Il congelamento dello sperma',NULL,2,'2009-11-19','2015-01-13 12:55:56','2011-06-29 11:34:20',0,1,1,1,'coppie-il-congelamento-dello-sperma',1,2,'','',0,NULL,NULL,NULL,NULL,NULL,NULL,NULL,1,'0000-00-00 00:00:00',0,'ob_start%28%29%3B','%3Cscript+type%3D%22text%2Fjavascript%22+src%3D%22https%3A%2F%2Fapis.google.com%2Fjs%2Fplusone.js%22%3E%0D%0A++%7Blang%3A+%27it%27%7D%0D%0A%3C%2Fscript%3E','%3Cbody%3E'),(59,12,'Menopausa, ha donato le uova','Menopausa, ha donato le uova',NULL,5,'2009-11-19','2015-01-13 12:56:04','2011-06-29 11:34:33',0,1,1,1,'menopausa-ovuli-donati',1,2,'','',0,NULL,NULL,NULL,NULL,NULL,NULL,NULL,1,'0000-00-00 00:00:00',0,'ob_start%28%29%3B','%3Cscript+type%3D%22text%2Fjavascript%22+src%3D%22https%3A%2F%2Fapis.google.com%2Fjs%2Fplusone.js%22%3E%0D%0A++%7Blang%3A+%27it%27%7D%0D%0A%3C%2Fscript%3E','%3Cbody%3E'),(60,12,'Coppie discordanti','Coppie discordanti',NULL,6,'2009-11-19','2015-01-13 12:56:06','2009-12-10 15:17:01',0,1,1,1,'coppie-discordanti',1,2,'','',0,NULL,NULL,NULL,NULL,NULL,NULL,NULL,1,'0000-00-00 00:00:00',0,'header%28%27Location%3A+coppie-lavaggio-dello-sperma.php%27%29%3B','','%3Cbody%3E'),(61,60,'Lavaggio dello sperma','Lavaggio dello sperma',NULL,1,'2009-11-19','2015-01-13 12:55:51','2011-06-29 11:34:45',0,1,1,1,'coppie-lavaggio-dello-sperma',1,2,'','',0,NULL,NULL,NULL,NULL,NULL,NULL,NULL,1,'0000-00-00 00:00:00',0,'ob_start%28%29%3B','%3Cscript+type%3D%22text%2Fjavascript%22+src%3D%22https%3A%2F%2Fapis.google.com%2Fjs%2Fplusone.js%22%3E%0D%0A++%7Blang%3A+%27it%27%7D%0D%0A%3C%2Fscript%3E','%3Cbody%3E'),(62,60,'HIV+ donne','HIV+ donne',NULL,2,'2009-11-19','2015-01-13 12:55:56','2011-06-29 11:34:56',0,1,1,1,'hiv-donne',1,2,'','',0,NULL,NULL,NULL,NULL,NULL,NULL,NULL,1,'0000-00-00 00:00:00',0,'ob_start%28%29%3B','%3Cscript+type%3D%22text%2Fjavascript%22+src%3D%22https%3A%2F%2Fapis.google.com%2Fjs%2Fplusone.js%22%3E%0D%0A++%7Blang%3A+%27it%27%7D%0D%0A%3C%2Fscript%3E','%3Cbody%3E'),(63,12,'DGP','DGP',NULL,7,'2009-11-19','2015-01-13 12:56:07','2011-06-29 11:35:10',0,1,1,1,'coppie-dgp',1,2,'','',0,NULL,NULL,NULL,NULL,NULL,NULL,NULL,1,'0000-00-00 00:00:00',0,'ob_start%28%29%3B','%3Cscript+type%3D%22text%2Fjavascript%22+src%3D%22https%3A%2F%2Fapis.google.com%2Fjs%2Fplusone.js%22%3E%0D%0A++%7Blang%3A+%27it%27%7D%0D%0A%3C%2Fscript%3E','%3Cbody%3E'),(64,12,'Fecondazione in vitro','Fecondazione in vitro','Fecondazione in vitro Barcellona',8,'2009-11-19','2015-01-13 12:56:09','2014-03-14 09:04:08',0,1,1,1,'coppie-fecondazione-in-vitro',1,2,'','',0,NULL,'global','Medicine','Product Info','it','robots.txt',NULL,1,'2025-11-30 00:00:00',0,'ob_start%28%29%3B','%3Cscript+type%3D%22text%2Fjavascript%22+src%3D%22https%3A%2F%2Fapis.google.com%2Fjs%2Fplusone.js%22%3E%0D%0A++%7Blang%3A+%27it%27%7D%0D%0A%3C%2Fscript%3E','%3Cbody%3E'),(65,12,'Inseminazione artificiale','Inseminazione artificiale',NULL,9,'2009-11-19','2015-01-13 12:56:10','2011-06-29 11:35:38',0,1,1,1,'coppie-inseminazione-artificiale',1,2,'','',0,NULL,NULL,NULL,NULL,NULL,NULL,NULL,1,'0000-00-00 00:00:00',0,'ob_start%28%29%3B','%3Cscript+type%3D%22text%2Fjavascript%22+src%3D%22https%3A%2F%2Fapis.google.com%2Fjs%2Fplusone.js%22%3E%0D%0A++%7Blang%3A+%27it%27%7D%0D%0A%3C%2Fscript%3E','%3Cbody%3E'),(66,12,'Coppie lesbiche','Coppie lesbiche','Coppie lesbiche\r\novodonazione de la coppia ROPA\r\nseme de la banca o sperma da donatore anonimo\r\ninseminazione artificiale eterologa',10,'2009-11-19','2015-01-13 12:56:12','2013-12-23 16:05:11',0,1,1,1,'coppie-lesbiche',1,2,'','',0,NULL,'global','Medicine','Product Info','italiano',NULL,NULL,1,'1999-11-30 00:00:00',0,'ob_start%28%29%3B','%3Cscript+type%3D%22text%2Fjavascript%22+src%3D%22https%3A%2F%2Fapis.google.com%2Fjs%2Fplusone.js%22%3E%0D%0A++%7Blang%3A+%27it%27%7D%0D%0A%3C%2Fscript%3E','%3Cbody%3E'),(67,12,'FAQ','FAQ',NULL,11,'2009-11-19','2015-01-13 12:56:14','2011-06-29 11:36:12',0,1,1,1,'coppie-faq',1,2,'','',0,NULL,NULL,NULL,NULL,NULL,NULL,NULL,1,'0000-00-00 00:00:00',0,'','%3Cscript+type%3D%22text%2Fjavascript%22+src%3D%22https%3A%2F%2Fapis.google.com%2Fjs%2Fplusone.js%22%3E%0D%0A++%7Blang%3A+%27it%27%7D%0D%0A%3C%2Fscript%3E','%3Cbody%3E'),(69,13,'Singles','Singles',NULL,1,'2009-11-19','2015-01-13 12:55:51','2011-06-29 11:36:22',0,1,1,1,'singles',1,2,'','',0,NULL,NULL,NULL,NULL,NULL,NULL,NULL,1,'0000-00-00 00:00:00',0,'ob_start%28%29%3B','%3Cscript+type%3D%22text%2Fjavascript%22+src%3D%22https%3A%2F%2Fapis.google.com%2Fjs%2Fplusone.js%22%3E%0D%0A++%7Blang%3A+%27it%27%7D%0D%0A%3C%2Fscript%3E','%3Cbody%3E'),(70,13,'Sperma donatore anonimo','Sperma donatore anonimo',NULL,2,'2009-11-19','2015-01-13 12:55:56','2011-06-29 11:36:38',0,1,1,1,'sperma-donatore-anonimo',1,2,'','',0,NULL,NULL,NULL,NULL,NULL,NULL,NULL,1,'0000-00-00 00:00:00',0,'ob_start%28%29%3B','%3Cscript+type%3D%22text%2Fjavascript%22+src%3D%22https%3A%2F%2Fapis.google.com%2Fjs%2Fplusone.js%22%3E%0D%0A++%7Blang%3A+%27it%27%7D%0D%0A%3C%2Fscript%3E','%3Cbody%3E'),(71,13,'Inseminazione artificiale','Inseminazione artificiale',NULL,3,'2009-11-19','2015-01-13 12:56:00','2011-06-29 11:36:50',0,1,1,1,'single-madri-inseminazione-artificiale',1,2,'','',0,NULL,NULL,NULL,NULL,NULL,NULL,NULL,1,'0000-00-00 00:00:00',0,'ob_start%28%29%3B','%3Cscript+type%3D%22text%2Fjavascript%22+src%3D%22https%3A%2F%2Fapis.google.com%2Fjs%2Fplusone.js%22%3E%0D%0A++%7Blang%3A+%27it%27%7D%0D%0A%3C%2Fscript%3E','%3Cbody%3E'),(72,13,'Coppie lesbiche','Coppie lesbiche',NULL,4,'2009-11-19','2015-01-13 12:56:03','2011-06-29 11:37:02',0,1,1,1,'single-madri-coppie-lesbiche',1,2,'','',0,NULL,NULL,NULL,NULL,NULL,NULL,NULL,1,'0000-00-00 00:00:00',0,'ob_start%28%29%3B','%3Cscript+type%3D%22text%2Fjavascript%22+src%3D%22https%3A%2F%2Fapis.google.com%2Fjs%2Fplusone.js%22%3E%0D%0A++%7Blang%3A+%27it%27%7D%0D%0A%3C%2Fscript%3E','%3Cbody%3E'),(73,13,'Uovo di congelamento','Uovo di congelamento',NULL,5,'2009-11-19','2015-01-13 12:56:04','2011-06-29 11:37:16',0,1,1,1,'single-madri-uovo-di-congelamento',1,2,'','',0,NULL,NULL,NULL,NULL,NULL,NULL,NULL,1,'0000-00-00 00:00:00',0,'ob_start%28%29%3B','%3Cscript+type%3D%22text%2Fjavascript%22+src%3D%22https%3A%2F%2Fapis.google.com%2Fjs%2Fplusone.js%22%3E%0D%0A++%7Blang%3A+%27it%27%7D%0D%0A%3C%2Fscript%3E','%3Cbody%3E'),(74,13,'Adozione di embrioni donati','Adozione di embrioni','Limite di età per ricevere embrione del banca o fara l\' adozione delgi embrioni donati limite di età 57 anni. senza lista di atesa.',6,'2009-11-19','2015-01-13 12:56:06','2013-12-23 15:23:59',0,1,1,1,'adozione-di-uova',1,2,'','',0,NULL,'global','Medicine','Product Info','italiano',NULL,NULL,1,'1999-11-30 00:00:00',0,'ob_start%28%29%3B','%3Cscript+type%3D%22text%2Fjavascript%22+src%3D%22https%3A%2F%2Fapis.google.com%2Fjs%2Fplusone.js%22%3E%0D%0A++%7Blang%3A+%27it%27%7D%0D%0A%3C%2Fscript%3E','%3Cbody%3E'),(76,13,'Ripetere Aborti','Ripetere Aborti',NULL,8,'2009-11-19','2015-01-13 12:56:09','2011-06-29 11:37:39',0,1,1,1,'single-madri-ripetere-aborti',1,2,'','',0,NULL,NULL,NULL,NULL,NULL,NULL,NULL,1,'0000-00-00 00:00:00',0,'ob_start%28%29%3B','%3Cscript+type%3D%22text%2Fjavascript%22+src%3D%22https%3A%2F%2Fapis.google.com%2Fjs%2Fplusone.js%22%3E%0D%0A++%7Blang%3A+%27it%27%7D%0D%0A%3C%2Fscript%3E','%3Cbody%3E'),(77,13,'Menopausa','Menopausa',NULL,9,'2009-11-19','2015-01-13 12:56:11','2011-06-29 11:37:52',0,1,1,1,'menopausa',1,2,'','',0,NULL,NULL,NULL,NULL,NULL,NULL,NULL,1,'0000-00-00 00:00:00',0,'ob_start%28%29%3B','%3Cscript+type%3D%22text%2Fjavascript%22+src%3D%22https%3A%2F%2Fapis.google.com%2Fjs%2Fplusone.js%22%3E%0D%0A++%7Blang%3A+%27it%27%7D%0D%0A%3C%2Fscript%3E','%3Cbody%3E'),(78,13,'Sterilità femminile','Sterilità femminile',NULL,10,'2009-11-19','2015-01-13 12:56:13','2011-06-29 11:38:04',0,1,1,1,'single-madri-sterilita-femminile',1,2,'','',0,NULL,NULL,NULL,NULL,NULL,NULL,NULL,1,'0000-00-00 00:00:00',0,'ob_start%28%29%3B','%3Cscript+type%3D%22text%2Fjavascript%22+src%3D%22https%3A%2F%2Fapis.google.com%2Fjs%2Fplusone.js%22%3E%0D%0A++%7Blang%3A+%27it%27%7D%0D%0A%3C%2Fscript%3E','%3Cbody%3E'),(79,13,'Donna sieropositiva','Donna sieropositiva',NULL,11,'2009-11-19','2015-01-13 12:56:14','2011-06-29 11:38:17',0,1,1,1,'donna-sieropositiva',1,2,'','',0,NULL,NULL,NULL,NULL,NULL,NULL,NULL,1,'0000-00-00 00:00:00',0,'ob_start%28%29%3B','%3Cscript+type%3D%22text%2Fjavascript%22+src%3D%22https%3A%2F%2Fapis.google.com%2Fjs%2Fplusone.js%22%3E%0D%0A++%7Blang%3A+%27it%27%7D%0D%0A%3C%2Fscript%3E','%3Cbody%3E'),(80,13,'Sostegno psicologico','Sostegno psicologico',NULL,12,'2009-11-19','2015-01-13 12:56:14','2011-06-29 11:38:29',0,1,1,1,'single-madri-sostegno-psicologico',1,2,'','',0,NULL,NULL,NULL,NULL,NULL,NULL,NULL,1,'0000-00-00 00:00:00',0,'ob_start%28%29%3B','%3Cscript+type%3D%22text%2Fjavascript%22+src%3D%22https%3A%2F%2Fapis.google.com%2Fjs%2Fplusone.js%22%3E%0D%0A++%7Blang%3A+%27it%27%7D%0D%0A%3C%2Fscript%3E','%3Cbody%3E'),(81,13,'FAQ','FAQ',NULL,13,'2009-11-19','2015-01-13 12:56:15','2011-06-29 11:38:43',0,1,1,1,'single-madri-faq',1,2,'','',0,NULL,NULL,NULL,NULL,NULL,NULL,NULL,1,'0000-00-00 00:00:00',0,'','%3Cscript+type%3D%22text%2Fjavascript%22+src%3D%22https%3A%2F%2Fapis.google.com%2Fjs%2Fplusone.js%22%3E%0D%0A++%7Blang%3A+%27it%27%7D%0D%0A%3C%2Fscript%3E','%3Cbody%3E'),(83,1,'Donatori','Donatori',NULL,5,'2009-11-19','2015-01-13 12:56:05','2009-12-10 15:17:42',0,1,1,1,'donatori',1,2,'','',0,NULL,NULL,NULL,NULL,NULL,NULL,NULL,1,'0000-00-00 00:00:00',0,'header%28%27Location%3A+sperma-dei-donatori.php%27%29%3B','','%3Cbody%3E'),(84,83,'Sperma dei donatori','Sperma dei donatori',NULL,1,'2009-11-19','2015-01-13 12:55:52','2011-06-29 11:40:26',0,1,1,1,'sperma-dei-donatori',1,2,'','',0,NULL,NULL,NULL,NULL,NULL,NULL,NULL,1,'0000-00-00 00:00:00',0,'ob_start%28%29%3B','%3Cscript+type%3D%22text%2Fjavascript%22+src%3D%22https%3A%2F%2Fapis.google.com%2Fjs%2Fplusone.js%22%3E%0D%0A++%7Blang%3A+%27it%27%7D%0D%0A%3C%2Fscript%3E','%3Cbody%3E'),(85,83,'Donazione di Ovociti','Donazione di Ovociti',NULL,2,'2009-11-19','2015-01-13 12:55:57','2011-06-29 11:40:36',0,1,1,1,'donazione-di-ovociti',1,2,'','',0,NULL,NULL,NULL,NULL,NULL,NULL,NULL,1,'0000-00-00 00:00:00',0,'ob_start%28%29%3B','%3Cscript+type%3D%22text%2Fjavascript%22+src%3D%22https%3A%2F%2Fapis.google.com%2Fjs%2Fplusone.js%22%3E%0D%0A++%7Blang%3A+%27it%27%7D%0D%0A%3C%2Fscript%3E','%3Cbody%3E'),(86,1,'Protezione dei dati','Protezione dei dati',NULL,6,'2009-11-19','2015-01-13 12:56:06','2011-06-29 11:40:47',0,1,1,1,'protezione-dei-dati',1,2,'','',0,NULL,NULL,NULL,NULL,NULL,NULL,NULL,1,'0000-00-00 00:00:00',0,'','%3Cscript+type%3D%22text%2Fjavascript%22+src%3D%22https%3A%2F%2Fapis.google.com%2Fjs%2Fplusone.js%22%3E%0D%0A++%7Blang%3A+%27it%27%7D%0D%0A%3C%2Fscript%3E','%3Cbody%3E'),(87,1,'Area pazienti','Area pazienti',NULL,7,'2009-11-19','2015-01-13 12:56:08','2009-11-30 13:18:14',0,1,1,1,'area-pazienti',1,2,'','',1,'login.php',NULL,NULL,NULL,NULL,NULL,NULL,1,'0000-00-00 00:00:00',0,'','',''),(88,1,'Area professionisti','Area professionisti',NULL,8,'2009-11-19','2015-01-13 12:56:09','2009-11-30 13:18:32',0,1,1,1,'area-professionisti',1,2,'','',1,'login.php',NULL,NULL,NULL,NULL,NULL,NULL,1,'0000-00-00 00:00:00',0,'','',''),(89,27,'Effettuare una consultazione on-line','Effettuare una consultazione on-line',NULL,1,'2009-11-19','2015-01-13 12:55:52','2011-06-29 11:23:45',0,1,1,1,'consultazione-on-line',1,2,'','',0,NULL,NULL,NULL,NULL,NULL,NULL,NULL,1,'0000-00-00 00:00:00',0,'','%3Cscript+type%3D%22text%2Fjavascript%22+src%3D%22https%3A%2F%2Fapis.google.com%2Fjs%2Fplusone.js%22%3E%0D%0A++%7Blang%3A+%27it%27%7D%0D%0A%3C%2Fscript%3E','%3Cbody%3E'),(90,27,'chiedere un appuntamento','chiedere un appuntamento',NULL,2,'2009-11-19','2015-01-13 12:55:57','2011-06-29 11:24:03',0,1,1,1,'richiedi-un-appuntamento',1,2,'','',0,NULL,NULL,NULL,NULL,NULL,NULL,NULL,1,'0000-00-00 00:00:00',0,'','%3Cscript+type%3D%22text%2Fjavascript%22+src%3D%22https%3A%2F%2Fapis.google.com%2Fjs%2Fplusone.js%22%3E%0D%0A++%7Blang%3A+%27it%27%7D%0D%0A%3C%2Fscript%3E','%3Cbody%3E'),(91,27,'La mia prima visita, che cosa devo fare?','La mia prima visita, che cosa devo fare?',NULL,3,'2009-11-19','2015-01-13 12:56:01','2011-06-29 11:24:12',0,1,1,1,'che-cosa-devo-fare',1,2,'','',0,NULL,NULL,NULL,NULL,NULL,NULL,NULL,1,'0000-00-00 00:00:00',0,'','%3Cscript+type%3D%22text%2Fjavascript%22+src%3D%22https%3A%2F%2Fapis.google.com%2Fjs%2Fplusone.js%22%3E%0D%0A++%7Blang%3A+%27it%27%7D%0D%0A%3C%2Fscript%3E','%3Cbody%3E'),(92,27,'Cefer su Google® Maps','Cefer su Google® Maps',NULL,4,'2009-11-19','2015-01-13 12:56:03','2011-06-29 11:24:20',0,1,1,1,'cefer-su-GoogleMaps',1,2,'','',0,NULL,NULL,NULL,NULL,NULL,NULL,NULL,1,'0000-00-00 00:00:00',0,'','%3Cscript+type%3D%22text%2Fjavascript%22+src%3D%22https%3A%2F%2Fapis.google.com%2Fjs%2Fplusone.js%22%3E%0D%0A++%7Blang%3A+%27it%27%7D%0D%0A%3C%2Fscript%3E','%3Cbody%3E'),(93,31,'Alloggi','Alloggi',NULL,1,'2009-11-26','2015-01-13 12:55:52','2011-06-29 11:24:49',0,1,1,1,'alloggio-a-barcellona',1,2,'','',0,NULL,NULL,NULL,NULL,NULL,NULL,NULL,1,'0000-00-00 00:00:00',0,'','%3Cscript+type%3D%22text%2Fjavascript%22+src%3D%22https%3A%2F%2Fapis.google.com%2Fjs%2Fplusone.js%22%3E%0D%0A++%7Blang%3A+%27it%27%7D%0D%0A%3C%2Fscript%3E','%3Cbody%3E'),(94,31,'Numeri utili','Numeri utili',NULL,2,'2009-11-26','2015-01-13 12:55:57','2011-06-29 11:24:57',0,1,1,1,'numeri-utili',1,2,'','',0,NULL,NULL,NULL,NULL,NULL,NULL,NULL,1,'0000-00-00 00:00:00',0,'','%3Cscript+type%3D%22text%2Fjavascript%22+src%3D%22https%3A%2F%2Fapis.google.com%2Fjs%2Fplusone.js%22%3E%0D%0A++%7Blang%3A+%27it%27%7D%0D%0A%3C%2Fscript%3E','%3Cbody%3E'),(95,31,'Visitare Barcellona','Visitare Barcellona',NULL,3,'2009-11-26','2015-01-13 12:56:01','2011-06-29 11:25:09',0,1,1,1,'visitare-barcellona',1,2,'','',0,NULL,NULL,NULL,NULL,NULL,NULL,NULL,1,'0000-00-00 00:00:00',0,'','%3Cscript+type%3D%22text%2Fjavascript%22+src%3D%22https%3A%2F%2Fapis.google.com%2Fjs%2Fplusone.js%22%3E%0D%0A++%7Blang%3A+%27it%27%7D%0D%0A%3C%2Fscript%3E','%3Cbody%3E'),(96,0,'News','News',NULL,2,'2009-12-30','2015-01-13 12:55:58','2013-02-26 12:46:50',0,1,1,1,'news',1,2,'','',0,NULL,NULL,NULL,NULL,NULL,NULL,NULL,1,'0000-00-00 00:00:00',0,'','',''),(97,11,'EmbryoScope',NULL,NULL,8,'2011-06-17','2015-01-13 12:56:10','2011-06-29 11:27:32',0,1,1,1,'embryoscope',1,2,'','',0,NULL,NULL,NULL,NULL,NULL,NULL,NULL,1,'0000-00-00 00:00:00',0,'ob_start%28%29%3B','%3Cscript+type%3D%22text%2Fjavascript%22+src%3D%22https%3A%2F%2Fapis.google.com%2Fjs%2Fplusone.js%22%3E%0D%0A++%7Blang%3A+%27it%27%7D%0D%0A%3C%2Fscript%3E','%3Cbody%3E'),(98,0,'Richiesta di conferma',NULL,NULL,2,'2011-06-21','2014-03-06 12:36:48','2011-06-21 09:33:13',0,1,1,1,'richiesta-di-conferma',1,2,'','',0,NULL,NULL,NULL,NULL,NULL,NULL,NULL,1,'0000-00-00 00:00:00',1,'','',''),(99,11,'IMSI',NULL,NULL,9,'2011-10-19','2015-01-13 12:56:11','2011-10-19 09:54:27',0,1,1,1,'IMSI',1,2,'','',0,NULL,NULL,NULL,NULL,NULL,NULL,NULL,1,'0000-00-00 00:00:00',0,'','',''),(100,11,'Ovodonazione','Ovodonazione','Ovodonazione a Spagna. L\'ovodonazione è una tecnica di fecondazione assistita di tipo eterologo che prevede la donazione di ovociti da una donna ad un\'altra.',5,'2013-04-26','2015-01-13 12:56:05','2014-04-15 10:00:21',0,1,1,1,'ovodonazione',1,2,'','',0,NULL,'global','Medicine','Product Info','it','robots.txt',NULL,1,'1999-11-30 00:00:00',0,'','','%3Cbody%3E'),(101,11,'Test_Genetico_Recombine','Test Genetico Recombine','Test Genetico Recombine',12,'2013-10-04','2015-01-13 12:56:15','2013-10-04 07:29:19',0,1,1,1,'test_genetico_recombine',1,2,'','',0,NULL,'global','Medicine','Product Info',NULL,'robots.txt',NULL,1,'2025-12-31 00:00:00',0,'','',''),(102,104,'Landing coppie lesbiche','Coppie lesbiche',NULL,9,'2014-02-11','2015-01-13 12:56:11','2014-12-01 16:52:02',0,1,1,1,'landing-coppie-lesbiche',4,5,'%09%09%3Cdiv+class%3D%22logo%22%3E%3Ca+href%3D%22%3C%3Fphp+echo+DOMAIN%3B+%3F%3E%22+title%3D%22%3C%3Fphp+echo+NAME_SITE%3B+%3F%3E%22%3E%3C%2Fa%3E%3C%2Fdiv%3E%0D%0A%09%09%3Cdiv+class%3D%22reasons%22%3E%0D%0A%09%09%09%3Cdiv+class%3D%22reasons_title%22%3E%3C%3Fphp+echo+CLI_LPL_ReasonsTitle%3B+%3F%3E%3C%2Fdiv%3E%0D%0A%09%09%09%3Cdiv+class%3D%22reasons1%22%3E%3Cspan%3E%3C%3Fphp+echo+CLI_LPL_Reason1%3B+%3F%3E%3C%2Fspan%3E%3C%2Fdiv%3E%0D%0A%09%09%09%3Cdiv+class%3D%22reasons2%22%3E%3Cspan%3E%3C%3Fphp+echo+CLI_LPL_Reason2%3B+%3F%3E%3C%2Fspan%3E%3C%2Fdiv%3E%0D%0A%09%09%09%3Cdiv+class%3D%22reasons3%22%3E%3Cspan%3E%3C%3Fphp+echo+CLI_LPL_Reason3%3B+%3F%3E%3C%2Fspan%3E%3C%2Fdiv%3E%0D%0A%09%09%3C%2Fdiv%3E','%09%09%3Cdiv+class%3D%22footer%22%3E%0D%0A%09%09%09%3Ca+href%3D%22%3C%3Fphp+echo+DOMAIN%3B+%3F%3E%22+title%3D%22%3C%3Fphp+echo+NAME_SITE%3B+%3F%3E%22%3E%3C%3Fphp+echo+CLI_LPL_Footer1%3B+%3F%3E%3C%2Fa%3E%A0%A0%7C%A0%A0%3C%3Fphp+echo+CLI_LPL_Footer2%3B+%3F%3E%A0%A0%7C%A0%A0%3C%3Fphp+echo+CLI_LPL_Footer3%3B+%3F%3E+%0D%0A%09%09%09%09%3Ca+href%3D%22%3C%3Fphp+echo+CLI_LPL_FooterFacebookLink%3B+%3F%3E%22+title%3D%22%3C%3Fphp+echo+CLI_LPL_FooterFacebookName%3B+%3F%3E%22+class%3D%22fb%22+target%3D%22_blank%22%3E%3C%2Fa%3E%0D%0A%09%09%09%09%3Ca+href%3D%22%3C%3Fphp+echo+CLI_LPL_FooterTwitterLink%3B+%3F%3E%22+title%3D%22%3C%3Fphp+echo+CLI_LPL_FooterTwitterName%3B+%3F%3E%22+class%3D%22tw%22+target%3D%22_blank%22%3E%3C%2Fa%3E%0D%0A%09%09%09%09%3Ca+href%3D%22%3C%3Fphp+echo+CLI_LPL_FooterGoogleLink%3B+%3F%3E%22+title%3D%22%3C%3Fphp+echo+CLI_LPL_FooterGoogleName%3B+%3F%3E%22+class%3D%22gplus%22+target%3D%22_blank%22%3E%3C%2Fa%3E%0D%0A%09%09%3C%2Fdiv%3E',0,NULL,'global',NULL,NULL,'it','all',NULL,15,'1999-11-30 00:00:00',0,'','%3C%21--+IT+--%3E%0D%0A%3Clink+href%3D%27http%3A%2F%2Ffonts.googleapis.com%2Fcss%3Ffamily%3DTitillium%2BWeb%3A400%2C200%2C200italic%2C300%2C300italic%2C400italic%2C600%2C600italic%2C700%2C700italic%2C900%27+rel%3D%27stylesheet%27+type%3D%27text%2Fcss%27%3E%0D%0A%3Cmeta+property%3D%22og%3Atitle%22+content%3D%22Coppie+lesbiche%2C+avete+voglia+di+un+bambino%3F%22+%2F%3E%0D%0A%3Cmeta+property%3D%22og%3Adescription%22+content%3D%22Una+maternit%E0+divisa+%E8+possibile+con+le+nuove+tecnologie+riproduttive.%22+%2F%3E%0D%0A%3Cmeta+property%3D%22og%3Atype%22+content%3D%22website%22+%2F%3E%0D%0A%3Cmeta+property%3D%22og%3Aurl%22+content%3D%22http%3A%2F%2Fwww.institutocefer.com%2Fit%2Flanding-coppie-lesbiche.php%22+%2F%3E%0D%0A%3Cmeta+property%3D%22og%3Aimage%22+content%3D%22http%3A%2F%2Fwww.institutocefer.com%2Fes%2Fimages%2Flpl_logo.png%22+%2F%3E','%3Cbody%3E'),(103,104,'Landing gravidanza','Gravidanza',NULL,3,'2014-10-10','2015-01-13 12:56:01','2014-10-17 18:25:26',0,1,1,1,'landing-gravidanza',6,7,'%3Cscript+type%3D%22text%2Fjavascript%22%3E%0D%0Avar+gaJsHost+%3D+%28%28%22https%3A%22+%3D%3D+document.location.protocol%29+%3F+%22https%3A%2F%2Fssl.%22+%3A+%22http%3A%2F%2Fwww.%22%29%3B%0D%0Adocument.write%28unescape%28%22%253Cscript+src%3D%27%22+%2B+gaJsHost+%2B+%22google-analytics.com%2Fga.js%27+type%3D%27text%2Fjavascript%27%253E%253C%2Fscript%253E%22%29%29%3B%0D%0A%3C%2Fscript%3E%0D%0A%3Cscript+type%3D%22text%2Fjavascript%22%3E%0D%0Atry%0D%0A%7B+var+pageTracker+%3D+_gat._getTracker%28%22UA-1534644-1%22%29%3B+pageTracker._trackPageview%28%29%3B+%7D%0D%0Acatch%28err%29+%7B%7D%3C%2Fscript%3E','%3C%3Fphp+%2F%2A+void+%2A%2F+%3F%3E',0,NULL,'global',NULL,NULL,NULL,NULL,NULL,1,'1999-11-30 00:00:00',0,'','%3Clink+rel%3D%22alternate%22+type%3D%22text%2Fhtml%22+hreflang%3D%22es%22+lang%3D%22es%22+href%3D%22http%3A%2F%2Fwww.institutocefer.com%2Fes%22+title%3D%22Espa%F1ol%22+%2F%3E%0D%0A%3Clink+rel%3D%22alternate%22+type%3D%22text%2Fhtml%22+hreflang%3D%22cat%22+lang%3D%22cat%22+href%3D%22http%3A%2F%2Fwww.institutocefer.com%2Fcat%22+title%3D%22Catal%E0%22+%2F%3E%0D%0A%3Clink+rel%3D%22alternate%22+type%3D%22text%2Fhtml%22+hreflang%3D%22it%22+lang%3D%22it%22+href%3D%22http%3A%2F%2Fwww.institutocefer.com%2Fit%22+title%3D%22italiano%22+%2F%3E%0D%0A%3Clink+rel%3D%22alternate%22+type%3D%22text%2Fhtml%22+hreflang%3D%22fr%22+lang%3D%22fr%22+href%3D%22http%3A%2F%2Fwww.institutocefer.com%2Ffr%22+title%3D%22fran%E7ais%22+%2F%3E%0D%0A%3Clink+rel%3D%22alternate%22+type%3D%22text%2Fhtml%22+hreflang%3D%22en%22+lang%3D%22de%22+href%3D%22http%3A%2F%2Fwww.institutocefer.com%2Fen%22+title%3D%22English%22+%2F%3E%0D%0A%3Clink+rel%3D%22alternate%22+type%3D%22text%2Fhtml%22+hreflang%3D%22de%22+lang%3D%22de%22+href%3D%22http%3A%2F%2Fwww.institutocefer.com%2Fde%22+title%3D%22Deutsch%22+%2F%3E%0D%0A%0D%0A%0D%0A%3Clink+href%3D%27http%3A%2F%2Ffonts.googleapis.com%2Fcss%3Ffamily%3DTitillium%2BWeb%3A400%2C900%2C700italic%2C700%2C600italic%2C600%2C400italic%2C300italic%2C300%2C200italic%2C200%27+rel%3D%27stylesheet%27+type%3D%27text%2Fcss%27%3E%0D%0A%3Cscript+src%3D%22http%3A%2F%2Fcode.jquery.com%2Fjquery-1.10.2.min.js%22%3E%3C%2Fscript%3E%0D%0A%3Cscript%3Evar+jq+%3D+jQuery.noConflict%28%29%3B%3C%2Fscript%3E%0D%0A','%3Cbody%3E'),(104,0,'Landings',NULL,NULL,4,'2014-10-17','2015-01-13 12:56:03','2014-10-17 18:25:16',0,1,1,1,'landings',1,2,'','',0,NULL,NULL,NULL,NULL,NULL,NULL,NULL,1,'0000-00-00 00:00:00',0,'','',''),(105,104,'Landing donación de óvulos','Donazione di Ovuli Promozione','Donazione di Ovuli Promozione',10,'2014-12-01','2015-01-13 12:56:13','2014-12-01 16:54:47',0,1,1,1,'Donazione-di-Ovuli-Promozione',8,7,'%3Cscript+type%3D%22text%2Fjavascript%22%3E%0D%0Avar+gaJsHost+%3D+%28%28%22https%3A%22+%3D%3D+document.location.protocol%29+%3F+%22https%3A%2F%2Fssl.%22+%3A+%22http%3A%2F%2Fwww.%22%29%3B%0D%0Adocument.write%28unescape%28%22%253Cscript+src%3D%27%22+%2B+gaJsHost+%2B+%22google-analytics.com%2Fga.js%27+type%3D%27text%2Fjavascript%27%253E%253C%2Fscript%253E%22%29%29%3B%0D%0A%3C%2Fscript%3E%0D%0A%3Cscript+type%3D%22text%2Fjavascript%22%3E%0D%0Atry%0D%0A%7B+var+pageTracker+%3D+_gat._getTracker%28%22UA-1534644-1%22%29%3B+pageTracker._trackPageview%28%29%3B+%7D%0D%0Acatch%28err%29+%7B%7D%3C%2Fscript%3E','%3C%3Fphp+%2F%2A+void+%2A%2F+%3F%3E',0,NULL,'global',NULL,NULL,NULL,NULL,NULL,1,'1999-11-30 00:00:00',0,'','%3Clink+rel%3D%22alternate%22+type%3D%22text%2Fhtml%22+hreflang%3D%22es%22+lang%3D%22es%22+href%3D%22http%3A%2F%2Fwww.institutocefer.com%2Fes%22+title%3D%22Espa%F1ol%22+%2F%3E%0D%0A%3Clink+rel%3D%22alternate%22+type%3D%22text%2Fhtml%22+hreflang%3D%22cat%22+lang%3D%22cat%22+href%3D%22http%3A%2F%2Fwww.institutocefer.com%2Fcat%22+title%3D%22Catal%E0%22+%2F%3E%0D%0A%3Clink+rel%3D%22alternate%22+type%3D%22text%2Fhtml%22+hreflang%3D%22it%22+lang%3D%22it%22+href%3D%22http%3A%2F%2Fwww.institutocefer.com%2Fit%22+title%3D%22italiano%22+%2F%3E%0D%0A%3Clink+rel%3D%22alternate%22+type%3D%22text%2Fhtml%22+hreflang%3D%22fr%22+lang%3D%22fr%22+href%3D%22http%3A%2F%2Fwww.institutocefer.com%2Ffr%22+title%3D%22fran%E7ais%22+%2F%3E%0D%0A%3Clink+rel%3D%22alternate%22+type%3D%22text%2Fhtml%22+hreflang%3D%22en%22+lang%3D%22de%22+href%3D%22http%3A%2F%2Fwww.institutocefer.com%2Fen%22+title%3D%22English%22+%2F%3E%0D%0A%3Clink+rel%3D%22alternate%22+type%3D%22text%2Fhtml%22+hreflang%3D%22de%22+lang%3D%22de%22+href%3D%22http%3A%2F%2Fwww.institutocefer.com%2Fde%22+title%3D%22Deutsch%22+%2F%3E%0D%0A%0D%0A%0D%0A%3Clink+href%3D%27http%3A%2F%2Ffonts.googleapis.com%2Fcss%3Ffamily%3DTitillium%2BWeb%3A400%2C900%2C700italic%2C700%2C600italic%2C600%2C400italic%2C300italic%2C300%2C200italic%2C200%27+rel%3D%27stylesheet%27+type%3D%27text%2Fcss%27%3E%0D%0A%3Cscript+src%3D%22http%3A%2F%2Fcode.jquery.com%2Fjquery-1.10.2.min.js%22%3E%3C%2Fscript%3E%0D%0A%3Cscript%3Evar+jq+%3D+jQuery.noConflict%28%29%3B%3C%2Fscript%3E','%3Cbody%3E');
/*!40000 ALTER TABLE `seccion` ENABLE KEYS */;
UNLOCK TABLES;

--
-- Table structure for table `section_category`
--

DROP TABLE IF EXISTS `section_category`;
/*!40101 SET @saved_cs_client     = @@character_set_client */;
/*!40101 SET character_set_client = utf8 */;
CREATE TABLE `section_category` (
  `id` int(10) unsigned NOT NULL auto_increment,
  `id_section` int(10) unsigned NOT NULL,
  `id_category` int(10) unsigned NOT NULL,
  PRIMARY KEY  (`id`),
  KEY `id_section` (`id_section`),
  KEY `id_category` (`id_category`),
  CONSTRAINT `section_category_ibfk_1` FOREIGN KEY (`id_section`) REFERENCES `seccion` (`id`) ON DELETE CASCADE,
  CONSTRAINT `section_category_ibfk_2` FOREIGN KEY (`id_category`) REFERENCES `categorianoticia` (`id`) ON DELETE CASCADE
) ENGINE=InnoDB DEFAULT CHARSET=utf8;
/*!40101 SET character_set_client = @saved_cs_client */;

--
-- Dumping data for table `section_category`
--

LOCK TABLES `section_category` WRITE;
/*!40000 ALTER TABLE `section_category` DISABLE KEYS */;
/*!40000 ALTER TABLE `section_category` ENABLE KEYS */;
UNLOCK TABLES;

--
-- Table structure for table `sms`
--

DROP TABLE IF EXISTS `sms`;
/*!40101 SET @saved_cs_client     = @@character_set_client */;
/*!40101 SET character_set_client = utf8 */;
CREATE TABLE `sms` (
  `id` int(10) unsigned NOT NULL auto_increment,
  `content` varchar(255) default NULL,
  `name` varchar(255) default NULL,
  `creationDate` date default NULL,
  `modificationDate` date default NULL,
  `sendingDate` date default NULL,
  `state` tinyint(3) unsigned default NULL,
  `receiversLog` text,
  `sendingState` tinyint(3) unsigned default NULL,
  PRIMARY KEY  (`id`)
) ENGINE=InnoDB DEFAULT CHARSET=utf8;
/*!40101 SET character_set_client = @saved_cs_client */;

--
-- Dumping data for table `sms`
--

LOCK TABLES `sms` WRITE;
/*!40000 ALTER TABLE `sms` DISABLE KEYS */;
/*!40000 ALTER TABLE `sms` ENABLE KEYS */;
UNLOCK TABLES;

--
-- Table structure for table `sms_user`
--

DROP TABLE IF EXISTS `sms_user`;
/*!40101 SET @saved_cs_client     = @@character_set_client */;
/*!40101 SET character_set_client = utf8 */;
CREATE TABLE `sms_user` (
  `id` int(10) unsigned NOT NULL auto_increment,
  `idSms` int(10) unsigned NOT NULL,
  `idUser` int(10) unsigned NOT NULL,
  `smsPhone` varchar(20) NOT NULL,
  `name` varchar(255) NOT NULL,
  PRIMARY KEY  (`id`),
  KEY `idSms` (`idSms`),
  KEY `idUser` (`idUser`),
  CONSTRAINT `sms_user_ibfk_1` FOREIGN KEY (`idSms`) REFERENCES `sms` (`id`) ON DELETE CASCADE,
  CONSTRAINT `sms_user_ibfk_2` FOREIGN KEY (`idUser`) REFERENCES `persona_registrada` (`id`) ON DELETE CASCADE
) ENGINE=InnoDB DEFAULT CHARSET=utf8;
/*!40101 SET character_set_client = @saved_cs_client */;

--
-- Dumping data for table `sms_user`
--

LOCK TABLES `sms_user` WRITE;
/*!40000 ALTER TABLE `sms_user` DISABLE KEYS */;
/*!40000 ALTER TABLE `sms_user` ENABLE KEYS */;
UNLOCK TABLES;

--
-- Table structure for table `smsinput`
--

DROP TABLE IF EXISTS `smsinput`;
/*!40101 SET @saved_cs_client     = @@character_set_client */;
/*!40101 SET character_set_client = utf8 */;
CREATE TABLE `smsinput` (
  `id` int(10) unsigned NOT NULL auto_increment,
  `fecha` datetime default NULL,
  `movil` varchar(25) default NULL,
  `destino` varchar(25) default NULL,
  `operador` varchar(255) default NULL,
  `mensaje` varchar(255) NOT NULL default '',
  `estado` varchar(20) NOT NULL default '',
  PRIMARY KEY  (`id`)
) ENGINE=InnoDB DEFAULT CHARSET=utf8;
/*!40101 SET character_set_client = @saved_cs_client */;

--
-- Dumping data for table `smsinput`
--

LOCK TABLES `smsinput` WRITE;
/*!40000 ALTER TABLE `smsinput` DISABLE KEYS */;
/*!40000 ALTER TABLE `smsinput` ENABLE KEYS */;
UNLOCK TABLES;

--
-- Table structure for table `social_network_links`
--

DROP TABLE IF EXISTS `social_network_links`;
/*!40101 SET @saved_cs_client     = @@character_set_client */;
/*!40101 SET character_set_client = utf8 */;
CREATE TABLE `social_network_links` (
  `id` int(10) unsigned NOT NULL auto_increment,
  `name` varchar(255) NOT NULL,
  `url` varchar(255) NOT NULL,
  `active` int(1) default '0',
  `image_icon` varchar(255) NOT NULL,
  KEY `id` (`id`)
) ENGINE=InnoDB DEFAULT CHARSET=utf8;
/*!40101 SET character_set_client = @saved_cs_client */;

--
-- Dumping data for table `social_network_links`
--

LOCK TABLES `social_network_links` WRITE;
/*!40000 ALTER TABLE `social_network_links` DISABLE KEYS */;
/*!40000 ALTER TABLE `social_network_links` ENABLE KEYS */;
UNLOCK TABLES;

--
-- Table structure for table `sound`
--

DROP TABLE IF EXISTS `sound`;
/*!40101 SET @saved_cs_client     = @@character_set_client */;
/*!40101 SET character_set_client = utf8 */;
CREATE TABLE `sound` (
  `id` int(10) unsigned NOT NULL auto_increment,
  `nombre` varchar(255) default NULL,
  `fichero` varchar(255) default NULL,
  `size` int(11) NOT NULL default '0',
  `fecha_alta` date NOT NULL default '0000-00-00',
  PRIMARY KEY  (`id`)
) ENGINE=InnoDB DEFAULT CHARSET=utf8;
/*!40101 SET character_set_client = @saved_cs_client */;

--
-- Dumping data for table `sound`
--

LOCK TABLES `sound` WRITE;
/*!40000 ALTER TABLE `sound` DISABLE KEYS */;
/*!40000 ALTER TABLE `sound` ENABLE KEYS */;
UNLOCK TABLES;

--
-- Table structure for table `stats_mailing`
--

DROP TABLE IF EXISTS `stats_mailing`;
/*!40101 SET @saved_cs_client     = @@character_set_client */;
/*!40101 SET character_set_client = utf8 */;
CREATE TABLE `stats_mailing` (
  `id` int(10) unsigned NOT NULL auto_increment,
  `idMailing` int(10) unsigned NOT NULL default '0',
  `hitsCounter` int(10) unsigned NOT NULL default '0',
  `clicksCounter` int(10) unsigned NOT NULL default '0',
  `year` int(10) unsigned NOT NULL default '0',
  `month` tinyint(3) unsigned NOT NULL default '0',
  PRIMARY KEY  (`id`),
  KEY `id` (`id`)
) ENGINE=InnoDB DEFAULT CHARSET=utf8;
/*!40101 SET character_set_client = @saved_cs_client */;

--
-- Dumping data for table `stats_mailing`
--

LOCK TABLES `stats_mailing` WRITE;
/*!40000 ALTER TABLE `stats_mailing` DISABLE KEYS */;
/*!40000 ALTER TABLE `stats_mailing` ENABLE KEYS */;
UNLOCK TABLES;

--
-- Table structure for table `stats_notice`
--

DROP TABLE IF EXISTS `stats_notice`;
/*!40101 SET @saved_cs_client     = @@character_set_client */;
/*!40101 SET character_set_client = utf8 */;
CREATE TABLE `stats_notice` (
  `id` int(10) unsigned NOT NULL auto_increment,
  `idNotice` int(10) unsigned NOT NULL default '0',
  `hitsCounter` int(10) unsigned NOT NULL default '0',
  `year` int(10) unsigned NOT NULL default '0',
  `month` tinyint(3) unsigned NOT NULL default '0',
  `day_01` int(10) unsigned NOT NULL default '0',
  `day_02` int(10) unsigned NOT NULL default '0',
  `day_03` int(10) unsigned NOT NULL default '0',
  `day_04` int(10) unsigned NOT NULL default '0',
  `day_05` int(10) unsigned NOT NULL default '0',
  `day_06` int(10) unsigned NOT NULL default '0',
  `day_07` int(10) unsigned NOT NULL default '0',
  `day_08` int(10) unsigned NOT NULL default '0',
  `day_09` int(10) unsigned NOT NULL default '0',
  `day_10` int(10) unsigned NOT NULL default '0',
  `day_11` int(10) unsigned NOT NULL default '0',
  `day_12` int(10) unsigned NOT NULL default '0',
  `day_13` int(10) unsigned NOT NULL default '0',
  `day_14` int(10) unsigned NOT NULL default '0',
  `day_15` int(10) unsigned NOT NULL default '0',
  `day_16` int(10) unsigned NOT NULL default '0',
  `day_17` int(10) unsigned NOT NULL default '0',
  `day_18` int(10) unsigned NOT NULL default '0',
  `day_19` int(10) unsigned NOT NULL default '0',
  `day_20` int(10) unsigned NOT NULL default '0',
  `day_21` int(10) unsigned NOT NULL default '0',
  `day_22` int(10) unsigned NOT NULL default '0',
  `day_23` int(10) unsigned NOT NULL default '0',
  `day_24` int(10) unsigned NOT NULL default '0',
  `day_25` int(10) unsigned NOT NULL default '0',
  `day_26` int(10) unsigned NOT NULL default '0',
  `day_27` int(10) unsigned NOT NULL default '0',
  `day_28` int(10) unsigned NOT NULL default '0',
  `day_29` int(10) unsigned NOT NULL default '0',
  `day_30` int(10) unsigned NOT NULL default '0',
  `day_31` int(10) unsigned NOT NULL default '0',
  PRIMARY KEY  (`id`),
  KEY `id` (`id`)
) ENGINE=InnoDB AUTO_INCREMENT=455 DEFAULT CHARSET=utf8;
/*!40101 SET character_set_client = @saved_cs_client */;

--
-- Dumping data for table `stats_notice`
--

LOCK TABLES `stats_notice` WRITE;
/*!40000 ALTER TABLE `stats_notice` DISABLE KEYS */;
INSERT INTO `stats_notice` VALUES (1,78,1,2009,12,0,0,0,0,0,0,0,0,0,0,1,0,0,0,0,0,0,0,0,0,0,0,0,0,0,0,0,0,0,0,0),(2,76,1,2009,12,0,0,0,0,0,0,0,0,0,0,1,0,0,0,0,0,0,0,0,0,0,0,0,0,0,0,0,0,0,0,0),(3,74,1,2009,12,0,0,0,0,0,0,0,0,0,0,1,0,0,0,0,0,0,0,0,0,0,0,0,0,0,0,0,0,0,0,0),(4,72,1,2009,12,0,0,0,0,0,0,0,0,0,0,1,0,0,0,0,0,0,0,0,0,0,0,0,0,0,0,0,0,0,0,0),(5,72,2,2010,1,0,0,0,0,0,0,0,0,0,0,2,0,0,0,0,0,0,0,0,0,0,0,0,0,0,0,0,0,0,0,0),(6,78,5,2010,2,0,0,0,0,0,0,0,0,0,0,0,0,0,0,0,0,0,0,0,1,0,0,0,0,0,0,3,1,0,0,0),(7,72,2,2010,2,0,0,0,0,0,0,0,0,0,0,0,0,0,0,0,0,0,0,0,1,0,0,0,0,0,0,0,1,0,0,0),(8,74,2,2010,2,0,0,0,0,0,0,0,0,0,0,0,0,0,0,0,0,0,0,0,1,0,0,0,0,1,0,0,0,0,0,0),(9,76,2,2010,2,0,0,0,0,0,0,0,0,0,0,0,0,0,0,0,0,0,0,0,1,0,0,0,1,0,0,0,0,0,0,0),(10,67,6,2010,2,0,0,0,0,0,0,0,0,0,0,0,0,0,0,0,0,0,0,0,1,1,0,1,1,1,0,0,1,0,0,0),(11,78,18,2010,3,1,1,0,2,1,0,3,0,2,0,0,0,0,0,0,0,1,0,1,1,0,0,0,2,3,0,0,0,0,0,0),(12,67,16,2010,3,0,1,0,1,1,1,0,0,0,0,0,2,0,1,0,0,1,0,1,0,0,0,3,0,4,0,0,0,0,0,0),(13,76,5,2010,3,0,0,1,0,0,0,0,0,0,0,0,0,0,0,0,0,0,0,1,0,0,0,0,0,3,0,0,0,0,0,0),(14,72,7,2010,3,0,0,0,1,0,0,0,0,0,0,0,0,0,0,0,0,0,0,1,0,0,0,0,0,5,0,0,0,0,0,0),(15,74,5,2010,3,0,0,0,1,0,0,0,0,0,0,0,0,0,0,0,0,0,0,1,0,0,0,0,3,0,0,0,0,0,0,0),(16,99,11,2010,3,0,0,0,0,0,0,0,0,0,0,0,0,0,0,0,0,0,0,0,0,0,0,1,0,0,1,0,0,2,7,0),(17,78,16,2010,4,0,3,1,1,0,1,0,1,0,1,0,0,1,1,0,0,0,1,1,0,0,2,0,0,1,0,0,0,0,1,0),(18,99,21,2010,4,0,0,2,0,0,4,0,0,1,0,0,0,0,1,1,1,1,2,0,0,1,1,0,1,0,1,2,1,0,1,0),(19,72,7,2010,4,0,0,1,0,0,0,1,0,0,0,1,0,0,2,0,0,0,0,1,0,0,0,0,0,0,0,0,0,0,1,0),(20,74,8,2010,4,0,0,1,0,0,0,1,0,0,0,1,0,1,1,0,0,0,0,1,0,0,0,0,0,0,1,0,0,1,0,0),(21,76,6,2010,4,0,0,1,0,0,1,0,0,0,1,0,0,1,0,0,0,0,0,1,0,0,0,0,0,0,0,0,0,1,0,0),(22,67,5,2010,4,0,0,0,0,0,0,1,0,0,2,0,0,1,0,0,0,0,0,1,0,0,0,0,0,0,0,0,0,0,0,0),(23,67,4,2010,5,1,0,0,0,0,0,0,0,0,0,0,0,0,0,1,0,0,0,0,0,0,0,0,1,0,0,0,1,0,0,0),(24,99,30,2010,5,0,0,4,0,0,1,0,1,0,2,0,0,0,4,3,0,0,5,1,1,0,1,1,1,0,1,1,3,0,0,0),(25,78,15,2010,5,0,0,0,2,0,0,0,0,1,0,0,1,0,5,0,1,0,1,0,0,0,0,0,0,1,0,0,0,2,0,1),(26,74,5,2010,5,0,0,0,0,0,0,0,0,0,1,0,0,0,3,1,0,0,0,0,0,0,0,0,0,0,0,0,0,0,0,0),(27,72,5,2010,5,0,0,0,0,0,0,0,0,0,0,0,0,0,3,0,0,0,1,0,0,0,0,1,0,0,0,0,0,0,0,0),(28,76,4,2010,5,0,0,0,0,0,0,0,0,0,0,0,0,0,3,0,0,0,0,0,0,0,0,0,0,0,0,1,0,0,0,0),(29,99,32,2010,6,2,2,2,0,1,2,0,1,2,0,0,3,8,1,1,0,2,0,0,0,1,0,1,0,0,0,3,0,0,0,0),(30,72,6,2010,6,2,0,1,0,0,0,0,0,0,1,0,0,0,0,1,0,0,0,0,0,0,0,0,0,1,0,0,0,0,0,0),(31,74,6,2010,6,2,0,1,0,0,0,0,2,0,0,0,0,0,0,0,0,0,0,0,1,0,0,0,0,0,0,0,0,0,0,0),(32,76,7,2010,6,2,0,1,1,0,1,0,0,0,0,0,0,0,0,1,0,0,0,0,0,0,0,0,1,0,0,0,0,0,0,0),(33,78,17,2010,6,3,0,1,1,0,0,1,0,0,0,0,1,1,2,0,0,0,0,1,0,1,1,0,0,0,0,0,4,0,0,0),(34,67,3,2010,6,0,1,0,1,0,0,0,0,0,0,0,0,0,0,0,0,0,0,0,0,0,1,0,0,0,0,0,0,0,0,0),(35,99,23,2010,7,2,0,1,1,0,0,0,1,1,0,0,1,0,4,0,0,2,0,2,1,2,0,1,0,0,0,4,0,0,0,0),(36,78,18,2010,7,1,0,0,1,1,2,0,0,1,0,0,2,1,3,2,0,0,0,1,0,0,0,1,0,1,0,1,0,0,0,0),(37,72,5,2010,7,0,1,0,1,0,0,0,0,0,1,0,0,0,1,0,0,0,0,0,0,0,0,0,0,0,0,0,0,1,0,0),(38,67,4,2010,7,0,0,1,0,0,0,0,0,0,0,0,1,0,0,0,0,1,0,0,0,0,0,0,0,0,0,0,0,0,0,1),(39,74,7,2010,7,0,0,0,1,0,0,0,1,1,0,0,0,0,1,0,0,0,0,0,0,0,0,0,0,0,1,0,0,1,1,0),(40,76,5,2010,7,0,0,0,1,0,1,0,0,0,0,0,0,0,1,0,0,0,0,0,0,0,0,0,0,0,0,0,0,1,1,0),(41,74,13,2010,8,2,1,0,0,2,0,0,3,0,2,0,0,0,0,0,0,0,0,1,1,0,0,0,0,0,0,0,1,0,0,0),(42,76,7,2010,8,1,1,1,0,1,0,0,1,0,1,0,0,0,0,0,0,0,0,0,0,0,0,0,0,0,0,0,1,0,0,0),(43,72,7,2010,8,1,1,0,1,0,0,0,1,1,1,0,0,0,0,0,0,0,0,0,0,0,0,0,0,0,0,0,1,0,0,0),(44,99,22,2010,8,0,1,0,0,2,10,1,0,0,2,0,1,0,0,0,0,1,0,0,0,0,0,1,0,1,0,0,1,1,0,0),(45,78,8,2010,8,0,1,0,0,0,0,0,1,0,1,0,0,0,2,0,0,0,0,0,0,0,0,1,0,0,1,0,1,0,0,0),(46,67,2,2010,8,0,0,0,0,0,0,0,0,0,0,0,0,0,0,0,0,0,0,0,0,1,0,0,0,0,1,0,0,0,0,0),(47,99,29,2010,9,0,6,0,2,0,0,0,0,2,2,0,0,0,0,0,1,0,3,1,0,0,2,2,1,0,2,1,0,1,3,0),(48,76,3,2010,9,0,0,1,0,0,0,0,0,0,0,0,0,0,0,0,0,0,0,0,0,0,0,0,0,1,0,0,0,1,0,0),(49,74,8,2010,9,0,0,0,1,0,0,0,0,0,1,0,2,0,0,0,0,2,0,0,0,0,0,0,0,0,1,0,0,1,0,0),(50,72,3,2010,9,0,0,0,0,0,0,0,0,1,0,0,0,0,0,0,0,0,0,0,0,0,0,0,0,0,0,0,0,1,1,0),(51,78,9,2010,9,0,0,0,0,0,0,0,0,1,0,1,1,0,0,0,0,0,0,0,2,0,0,0,0,0,0,0,2,1,1,0),(52,67,1,2010,9,0,0,0,0,0,0,0,0,0,0,0,0,0,0,1,0,0,0,0,0,0,0,0,0,0,0,0,0,0,0,0),(53,99,32,2010,10,9,0,3,1,2,1,0,3,3,0,2,0,0,1,0,1,2,0,0,0,0,0,0,1,0,1,0,0,1,1,0),(54,74,10,2010,10,1,0,0,1,1,0,0,0,1,0,0,0,0,0,0,0,1,0,0,0,1,0,1,2,0,0,0,0,0,1,0),(55,78,14,2010,10,0,0,2,1,1,0,0,0,1,0,1,0,0,0,0,0,0,2,0,0,2,0,1,0,0,2,0,0,0,1,0),(56,72,8,2010,10,0,0,0,0,1,0,0,0,1,0,0,1,0,0,0,0,0,2,0,0,2,0,0,0,0,0,0,0,0,1,0),(57,76,5,2010,10,0,0,0,0,1,0,0,0,1,0,0,0,0,0,0,0,1,0,0,0,1,0,0,0,0,0,0,0,0,1,0),(58,67,1,2010,10,0,0,0,0,0,0,0,0,0,0,0,0,0,0,0,1,0,0,0,0,0,0,0,0,0,0,0,0,0,0,0),(59,99,37,2010,11,1,2,0,0,0,1,0,0,1,0,0,0,0,1,0,2,1,0,0,1,0,1,10,1,10,1,0,2,1,1,0),(60,78,5,2010,11,0,1,0,0,0,0,0,0,0,0,0,0,0,1,0,0,0,1,0,1,1,0,0,0,0,0,0,0,0,0,0),(61,67,1,2010,11,0,0,0,0,1,0,0,0,0,0,0,0,0,0,0,0,0,0,0,0,0,0,0,0,0,0,0,0,0,0,0),(62,76,6,2010,11,0,0,0,0,0,0,0,1,0,0,0,0,0,0,0,0,0,0,0,1,2,0,0,0,0,0,0,0,2,0,0),(63,74,7,2010,11,0,0,0,0,0,0,0,0,3,0,1,0,1,1,0,0,0,0,0,0,1,0,0,0,0,0,0,0,0,0,0),(64,72,5,2010,11,0,0,0,0,0,0,0,0,1,0,0,1,0,0,0,0,0,0,0,0,1,0,1,0,1,0,0,0,0,0,0),(65,78,8,2010,12,1,0,0,0,0,1,0,0,2,1,0,0,0,1,0,1,0,0,0,0,0,1,0,0,0,0,0,0,0,0,0),(66,74,15,2010,12,1,0,0,0,1,0,0,0,1,2,0,0,0,1,0,1,0,1,0,4,0,1,1,0,0,1,0,0,0,0,0),(67,72,8,2010,12,0,0,0,1,1,0,1,0,1,1,0,0,0,0,0,1,0,0,0,0,0,1,0,0,0,1,0,0,0,0,0),(68,67,6,2010,12,0,0,0,0,1,0,0,0,0,0,0,0,0,0,0,0,0,1,0,4,0,0,0,0,0,0,0,0,0,0,0),(69,99,20,2010,12,0,0,0,0,0,3,0,0,1,1,1,0,0,1,0,2,0,1,0,6,1,1,0,0,0,0,0,0,0,1,1),(70,76,8,2010,12,0,0,0,0,0,0,0,0,1,1,1,0,0,1,0,1,0,0,0,0,1,1,0,0,0,0,0,0,0,1,0),(71,78,10,2011,1,0,1,0,0,2,0,0,0,1,1,0,0,0,1,0,0,0,0,0,0,0,1,0,0,1,0,0,0,1,1,0),(72,74,11,2011,1,0,0,0,0,1,0,0,0,0,1,0,0,1,2,0,1,0,0,0,0,0,0,0,0,1,0,0,0,1,1,2),(73,99,15,2011,1,0,0,0,0,1,0,0,0,0,1,1,1,0,0,0,0,2,1,1,0,0,2,2,0,0,1,0,0,0,1,1),(74,67,2,2011,1,0,0,0,0,0,0,0,1,0,0,0,0,0,0,0,0,0,0,0,0,0,0,0,0,0,0,0,1,0,0,0),(75,76,6,2011,1,0,0,0,0,0,0,0,0,0,1,0,1,0,0,0,0,0,1,0,0,0,0,0,0,0,0,0,0,1,1,1),(76,72,6,2011,1,0,0,0,0,0,0,0,0,0,1,0,0,0,0,1,0,1,0,1,0,0,0,0,0,0,0,0,0,1,1,0),(77,78,7,2011,2,1,0,0,0,0,0,1,0,0,0,0,1,0,1,0,1,1,0,0,0,0,0,0,0,1,0,0,0,0,0,0),(78,72,8,2011,2,3,0,1,0,0,0,0,0,1,0,0,1,0,1,0,0,0,0,0,0,0,0,0,1,0,0,0,0,0,0,0),(79,99,29,2011,2,4,1,1,1,0,0,0,1,1,0,0,0,0,0,1,1,4,2,1,0,5,0,1,1,3,1,0,0,0,0,0),(80,74,9,2011,2,0,0,1,0,0,0,0,0,0,0,1,1,0,3,0,1,0,0,0,0,0,0,1,1,0,0,0,0,0,0,0),(81,76,11,2011,2,0,0,0,1,0,1,0,0,0,0,0,1,0,1,0,0,0,0,0,0,3,0,0,0,0,1,3,0,0,0,0),(82,67,1,2011,2,0,0,0,0,0,0,0,0,0,0,0,0,0,0,0,0,1,0,0,0,0,0,0,0,0,0,0,0,0,0,0),(83,99,25,2011,3,1,0,2,5,1,0,0,0,2,0,0,1,1,0,0,2,0,2,0,1,0,1,0,1,0,1,0,1,3,0,0),(84,74,11,2011,3,0,1,1,0,0,1,0,0,0,0,0,1,0,0,0,0,1,1,0,0,0,1,0,2,1,0,1,0,0,0,0),(85,72,12,2011,3,0,0,1,1,0,0,0,2,0,0,0,0,0,0,0,2,0,1,0,0,0,1,0,1,1,0,1,0,1,0,0),(86,76,15,2011,3,0,0,1,1,0,0,0,4,0,0,0,0,1,1,0,0,0,1,1,1,1,1,0,1,1,0,0,0,0,0,0),(87,78,14,2011,3,0,0,1,0,0,0,0,3,1,1,0,0,0,0,0,0,0,1,0,0,0,1,0,1,2,0,0,2,0,0,1),(88,67,3,2011,3,0,0,0,1,0,0,0,0,0,1,0,0,0,0,0,0,0,0,0,0,0,0,0,0,0,0,0,0,0,0,1),(89,28,2,2011,3,0,0,0,0,0,0,0,0,0,0,0,0,0,0,0,0,0,0,0,0,0,0,0,0,0,0,0,0,1,1,0),(90,78,6,2011,4,5,0,0,0,0,0,0,0,0,0,0,0,0,0,0,0,0,0,0,0,0,0,1,0,0,0,0,0,0,0,0),(91,99,27,2011,4,2,10,4,0,1,2,0,0,0,0,0,2,0,0,0,0,0,2,1,1,0,0,0,0,1,0,0,1,0,0,0),(92,76,6,2011,4,0,0,4,0,0,0,0,0,0,1,0,0,0,1,0,0,0,0,0,0,0,0,0,0,0,0,0,0,0,0,0),(93,74,8,2011,4,0,0,1,1,0,1,0,0,0,0,0,0,0,0,0,2,1,1,0,0,0,1,0,0,0,0,0,0,0,0,0),(94,28,1,2011,4,0,0,0,1,0,0,0,0,0,0,0,0,0,0,0,0,0,0,0,0,0,0,0,0,0,0,0,0,0,0,0),(95,72,5,2011,4,0,0,0,0,1,0,0,0,0,0,0,0,0,0,0,0,0,2,0,1,0,0,0,0,0,1,0,0,0,0,0),(96,67,1,2011,4,0,0,0,0,0,0,0,0,0,0,0,0,0,0,0,0,0,0,0,1,0,0,0,0,0,0,0,0,0,0,0),(97,99,21,2011,5,0,0,1,0,2,0,0,1,0,5,0,1,0,0,0,0,0,0,0,0,0,1,0,1,7,1,0,0,0,1,0),(98,74,12,2011,5,0,0,1,0,2,0,1,1,1,0,0,0,0,1,1,0,1,0,0,1,0,0,0,0,0,0,1,0,1,0,0),(99,78,5,2011,5,0,0,0,1,0,0,0,0,1,0,0,0,0,0,2,0,0,0,0,0,0,0,1,0,0,0,0,0,0,0,0),(100,76,9,2011,5,0,0,0,0,1,1,0,0,1,0,0,0,0,0,1,0,3,0,0,0,0,0,0,0,0,1,1,0,0,0,0),(101,72,5,2011,5,0,0,0,0,0,0,0,0,2,0,0,0,0,0,1,0,0,0,0,0,0,0,0,0,0,1,0,0,0,0,1),(102,67,2,2011,5,0,0,0,0,0,0,0,0,0,1,0,0,0,0,0,0,0,0,0,0,0,0,0,0,0,0,0,0,0,1,0),(103,99,30,2011,6,0,2,1,3,0,0,1,3,0,1,4,0,0,0,0,0,0,0,3,0,0,1,1,0,0,2,3,3,2,0,0),(104,72,6,2011,6,0,1,0,0,0,0,0,0,0,0,0,0,0,0,1,0,0,0,2,0,1,1,0,0,0,0,0,0,0,0,0),(105,78,8,2011,6,0,1,0,0,0,1,0,0,0,0,1,0,0,0,0,0,0,0,1,0,0,1,1,0,0,0,1,0,1,0,0),(106,52,1,2011,6,0,1,0,0,0,0,0,0,0,0,0,0,0,0,0,0,0,0,0,0,0,0,0,0,0,0,0,0,0,0,0),(107,74,18,2011,6,0,0,0,0,0,1,0,0,0,0,2,0,0,0,0,1,1,0,5,1,2,1,0,0,0,0,1,1,0,2,0),(108,76,8,2011,6,0,0,0,0,0,0,0,1,1,0,0,0,0,0,0,0,1,0,1,0,0,1,0,2,0,1,0,0,0,0,0),(109,49,1,2011,6,0,0,0,0,0,0,0,0,0,0,0,1,0,0,0,0,0,0,0,0,0,0,0,0,0,0,0,0,0,0,0),(110,67,1,2011,6,0,0,0,0,0,0,0,0,0,0,0,0,0,0,0,0,0,0,1,0,0,0,0,0,0,0,0,0,0,0,0),(111,78,10,2011,7,1,0,0,0,0,1,0,1,0,0,0,0,1,0,0,0,1,0,1,0,2,0,0,0,0,0,0,0,0,0,2),(112,99,21,2011,7,1,0,0,0,0,2,1,2,1,0,0,0,2,1,0,0,0,0,2,0,0,0,1,0,0,0,2,0,0,4,2),(113,72,13,2011,7,0,0,0,0,3,2,0,1,0,0,0,0,0,1,0,0,0,0,1,0,0,0,0,1,1,1,0,0,0,0,2),(114,74,18,2011,7,0,0,0,0,1,1,2,1,0,0,1,0,0,0,1,0,1,1,1,1,1,0,1,0,0,0,1,0,1,0,3),(115,76,18,2011,7,0,0,0,0,0,1,0,1,1,0,0,1,0,0,0,0,1,0,1,0,1,0,0,2,3,0,3,0,0,0,3),(116,67,2,2011,7,0,0,0,0,0,0,0,0,1,0,0,0,0,0,0,0,0,0,0,0,0,0,0,0,0,0,0,0,1,0,0),(117,99,15,2011,8,2,1,0,0,0,0,1,0,1,2,0,0,0,0,0,1,1,1,0,1,0,1,0,1,1,0,0,0,0,1,0),(118,78,18,2011,8,2,0,0,0,2,0,1,0,1,1,0,0,1,1,0,0,1,0,0,0,0,0,1,0,0,4,2,0,0,1,0),(119,72,15,2011,8,1,0,0,0,0,1,1,0,2,0,0,0,0,2,0,0,2,0,0,0,0,0,0,0,2,3,0,1,0,0,0),(120,74,16,2011,8,1,1,0,0,0,0,2,0,2,1,0,1,0,1,0,1,0,0,1,0,0,0,0,0,1,2,0,1,0,1,0),(121,76,14,2011,8,1,0,0,0,0,1,1,0,1,0,0,0,0,1,0,0,2,0,1,0,0,2,0,0,0,4,0,0,0,0,0),(122,67,2,2011,8,0,0,0,0,0,0,0,0,0,0,0,0,0,0,0,0,0,1,0,0,0,1,0,0,0,0,0,0,0,0,0),(123,99,21,2011,9,0,0,1,0,0,3,1,1,0,0,0,4,1,2,0,1,0,0,0,1,0,1,0,3,1,1,0,0,0,0,0),(124,76,16,2011,9,0,0,1,0,0,1,0,1,0,0,0,0,1,0,0,1,0,0,0,0,4,0,5,1,0,0,0,0,1,0,0),(125,72,9,2011,9,0,0,1,1,0,0,0,0,0,0,0,0,0,0,0,0,0,0,0,0,4,0,0,1,1,0,0,0,1,0,0),(126,74,15,2011,9,0,0,0,1,1,2,0,0,0,0,0,0,0,0,1,0,0,0,1,0,4,1,0,1,1,0,2,0,0,0,0),(127,78,10,2011,9,0,0,0,0,2,0,0,0,0,0,0,0,0,0,0,0,0,1,0,2,3,0,0,1,0,0,0,1,0,0,0),(128,67,2,2011,9,0,0,0,0,0,0,0,1,0,0,0,0,0,0,0,0,0,0,0,0,0,0,0,0,0,0,0,0,0,1,0),(129,51,6,2011,9,0,0,0,0,0,0,0,0,0,0,0,0,0,0,0,0,0,0,0,0,0,0,0,0,0,3,1,2,0,0,0),(130,20,1,2011,9,0,0,0,0,0,0,0,0,0,0,0,0,0,0,0,0,0,0,0,0,0,0,0,0,0,1,0,0,0,0,0),(131,72,7,2011,10,1,0,0,0,0,0,0,0,0,1,0,1,0,0,1,0,0,0,2,0,0,0,0,0,0,0,0,1,0,0,0),(132,76,15,2011,10,1,0,0,0,2,0,1,2,0,0,0,0,0,0,0,0,0,0,5,0,0,0,0,2,0,0,0,2,0,0,0),(133,49,1,2011,10,0,0,1,0,0,0,0,0,0,0,0,0,0,0,0,0,0,0,0,0,0,0,0,0,0,0,0,0,0,0,0),(134,74,10,2011,10,0,0,0,1,0,0,1,0,0,0,0,0,1,0,1,0,0,0,1,1,0,1,0,0,0,1,0,0,1,1,0),(135,51,1,2011,10,0,0,0,1,0,0,0,0,0,0,0,0,0,0,0,0,0,0,0,0,0,0,0,0,0,0,0,0,0,0,0),(136,99,9,2011,10,0,0,0,0,2,0,1,0,0,1,0,0,0,0,0,1,0,0,3,0,1,0,0,0,0,0,0,0,0,0,0),(137,78,7,2011,10,0,0,0,0,0,0,0,0,0,0,2,0,0,0,0,0,1,0,2,0,0,0,0,0,0,2,0,0,0,0,0),(138,105,2,2011,10,0,0,0,0,0,0,0,0,0,0,0,0,0,0,0,0,0,0,2,0,0,0,0,0,0,0,0,0,0,0,0),(139,67,1,2011,10,0,0,0,0,0,0,0,0,0,0,0,0,0,0,0,0,0,0,1,0,0,0,0,0,0,0,0,0,0,0,0),(140,78,9,2011,11,1,0,0,1,0,0,0,0,0,0,1,0,0,0,0,0,0,0,3,0,0,2,0,0,0,0,0,0,1,0,0),(141,99,19,2011,11,1,0,1,0,0,0,0,0,0,0,3,0,1,0,0,2,1,1,0,0,0,2,0,1,0,2,0,4,0,0,0),(142,72,5,2011,11,1,0,0,0,1,0,1,0,0,0,0,0,0,0,1,0,0,0,0,0,0,0,0,0,0,0,1,0,0,0,0),(143,76,14,2011,11,0,0,1,0,0,0,0,0,1,2,0,0,1,0,2,0,0,1,0,0,2,0,0,0,0,1,1,0,2,0,0),(144,74,9,2011,11,0,0,1,1,1,1,0,0,0,1,0,0,0,0,1,0,0,0,0,1,0,0,0,0,1,0,1,0,0,0,0),(145,67,2,2011,11,0,0,0,0,0,0,0,0,1,0,0,0,0,0,0,0,0,0,0,0,0,0,0,0,0,0,0,0,0,1,0),(146,99,16,2011,12,1,1,0,0,1,0,0,0,3,1,2,0,0,0,1,1,1,0,0,0,1,0,1,0,0,0,0,0,0,0,2),(147,76,14,2011,12,0,1,0,0,0,0,0,0,4,0,0,2,0,0,0,0,0,0,0,1,1,0,0,1,1,0,0,0,1,1,1),(148,72,10,2011,12,0,0,0,1,0,0,0,0,1,0,1,0,0,0,0,1,0,0,0,0,2,0,1,0,0,0,0,1,1,0,1),(149,74,12,2011,12,0,0,0,0,1,0,0,0,0,0,0,0,2,0,0,1,0,2,1,2,1,0,0,0,0,1,0,0,0,0,1),(150,78,7,2011,12,0,0,0,0,0,1,0,0,0,0,0,0,1,0,2,0,0,0,0,0,1,0,0,0,0,0,0,0,0,0,2),(151,67,1,2011,12,0,0,0,0,0,0,0,0,0,0,0,0,0,0,0,0,0,0,0,0,1,0,0,0,0,0,0,0,0,0,0),(152,74,12,2012,1,2,0,0,1,1,1,0,1,1,0,0,0,0,0,0,2,0,0,0,0,0,1,0,0,0,1,0,0,1,0,0),(153,99,33,2012,1,1,3,9,0,2,5,1,0,3,0,0,0,0,0,2,2,0,0,0,0,1,1,0,0,0,0,0,0,1,1,1),(154,78,7,2012,1,0,0,1,0,1,0,0,0,0,1,0,0,0,0,0,0,1,0,0,0,0,1,0,1,0,1,0,0,0,0,0),(155,72,2,2012,1,0,0,0,0,0,0,1,0,0,0,0,0,0,1,0,0,0,0,0,0,0,0,0,0,0,0,0,0,0,0,0),(156,76,5,2012,1,0,0,0,0,0,0,1,0,0,0,2,0,0,0,0,0,0,0,0,1,0,0,0,0,0,0,1,0,0,0,0),(157,67,1,2012,1,0,0,0,0,0,0,0,0,0,0,1,0,0,0,0,0,0,0,0,0,0,0,0,0,0,0,0,0,0,0,0),(158,67,2,2012,2,1,0,0,0,0,0,0,0,0,0,0,0,0,0,0,0,0,0,0,0,0,1,0,0,0,0,0,0,0,0,0),(159,99,21,2012,2,1,0,0,0,1,0,0,0,0,0,3,0,1,0,4,1,0,1,0,1,0,1,1,2,1,0,2,1,0,0,0),(160,76,8,2012,2,0,1,0,0,0,1,0,0,0,1,0,0,0,3,0,0,0,0,1,0,0,0,0,0,0,0,0,1,0,0,0),(161,74,14,2012,2,0,0,1,1,1,2,1,1,0,0,0,0,0,0,0,0,2,0,1,0,0,1,2,0,0,0,1,0,0,0,0),(162,78,9,2012,2,0,0,0,1,1,1,0,0,0,0,2,0,0,2,0,1,0,0,0,1,0,0,0,0,0,0,0,0,0,0,0),(163,72,2,2012,2,0,0,0,0,0,1,0,0,0,0,0,0,0,0,0,0,0,0,0,1,0,0,0,0,0,0,0,0,0,0,0),(164,72,4,2012,3,1,0,0,0,0,0,0,0,0,0,0,0,0,1,0,1,0,0,0,0,0,0,0,0,1,0,0,0,0,0,0),(165,99,14,2012,3,1,0,1,0,0,0,0,0,0,1,0,0,0,0,1,1,0,0,0,2,0,0,0,2,1,0,1,0,0,0,3),(166,76,9,2012,3,0,1,2,0,0,0,1,2,0,0,0,0,0,1,0,0,0,0,0,0,0,0,1,0,1,0,0,0,0,0,0),(167,74,7,2012,3,0,0,1,0,0,1,0,0,1,0,1,0,0,1,0,0,0,0,1,0,0,0,0,0,0,0,1,0,0,0,0),(168,78,7,2012,3,0,0,0,0,0,1,0,0,0,0,0,0,0,1,1,0,0,0,0,1,0,1,0,0,1,0,1,0,0,0,0),(169,67,1,2012,3,0,0,0,0,0,0,0,0,0,0,0,0,0,1,0,0,0,0,0,0,0,0,0,0,0,0,0,0,0,0,0),(170,74,16,2012,4,1,0,1,1,1,0,4,0,1,1,0,0,1,0,0,0,1,0,0,1,0,1,1,0,0,0,1,0,0,0,0),(171,99,41,2012,4,1,1,1,1,1,0,5,0,1,0,7,0,1,3,6,0,3,0,0,2,0,1,0,0,4,0,0,0,2,1,0),(172,72,12,2012,4,0,1,1,1,2,0,0,0,0,0,0,0,0,0,1,0,1,0,3,1,0,0,0,0,0,0,1,0,0,0,0),(173,76,8,2012,4,0,0,1,1,1,0,0,0,0,0,1,0,1,0,0,0,1,0,0,0,1,0,0,0,0,0,0,1,0,0,0),(174,78,10,2012,4,0,0,1,1,2,1,0,0,0,0,1,0,0,0,0,0,2,0,0,1,0,0,0,0,0,0,1,0,0,0,0),(175,67,2,2012,4,0,0,0,1,0,0,0,0,0,0,0,0,0,0,0,0,0,0,0,0,0,0,0,0,1,0,0,0,0,0,0),(176,61,1,2012,4,0,0,0,0,0,0,0,0,0,0,0,0,1,0,0,0,0,0,0,0,0,0,0,0,0,0,0,0,0,0,0),(177,50,3,2012,4,0,0,0,0,0,0,0,0,0,0,0,0,0,0,0,0,3,0,0,0,0,0,0,0,0,0,0,0,0,0,0),(178,78,10,2012,5,0,0,1,1,0,0,0,1,1,0,0,1,0,1,0,0,0,1,0,0,0,1,0,0,0,0,0,1,1,0,0),(179,72,7,2012,5,0,0,1,0,0,0,0,0,1,0,0,1,0,0,0,0,0,2,0,0,0,0,0,0,0,0,0,1,0,1,0),(180,74,14,2012,5,0,0,1,0,1,0,0,0,3,0,0,1,2,1,0,0,2,1,0,0,0,0,0,0,0,0,0,1,0,1,0),(181,76,22,2012,5,0,0,2,2,0,0,0,0,1,0,0,2,0,0,0,1,1,1,0,0,3,0,2,0,1,0,0,1,4,1,0),(182,99,18,2012,5,0,0,1,0,0,0,4,0,0,0,0,2,0,0,1,3,0,0,1,0,0,0,0,0,1,1,0,1,2,1,0),(183,67,1,2012,5,0,0,0,0,0,0,0,0,0,0,0,0,0,0,0,1,0,0,0,0,0,0,0,0,0,0,0,0,0,0,0),(184,99,25,2012,6,2,0,0,1,0,0,0,0,0,1,0,0,7,4,0,0,2,1,0,1,1,0,1,2,0,0,0,1,1,0,0),(185,78,5,2012,6,1,0,0,0,0,0,0,0,0,0,0,0,0,0,0,0,0,0,2,2,0,0,0,0,0,0,0,0,0,0,0),(186,76,11,2012,6,0,1,0,0,0,0,0,0,0,0,0,0,0,0,1,0,0,0,1,5,0,0,0,0,2,0,1,0,0,0,0),(187,74,9,2012,6,0,0,1,1,0,0,0,0,0,1,0,0,0,0,0,0,1,0,1,1,1,1,0,1,0,0,0,0,0,0,0),(188,67,2,2012,6,0,0,0,0,0,1,0,0,0,0,0,0,0,0,0,0,0,0,0,0,0,0,0,0,0,0,1,0,0,0,0),(189,72,3,2012,6,0,0,0,0,0,0,0,1,0,0,0,0,0,0,0,0,0,0,1,0,0,0,0,0,0,0,0,0,0,1,0),(190,74,34,2012,7,1,0,0,0,1,0,11,3,4,1,0,0,0,0,0,0,0,1,0,0,1,0,1,8,0,1,0,0,1,0,0),(191,76,29,2012,7,0,0,0,1,0,1,13,2,4,1,0,0,0,0,1,0,0,0,0,0,1,0,0,1,2,1,1,0,0,0,0),(192,99,36,2012,7,0,0,0,1,1,1,10,3,4,3,0,0,4,0,0,0,0,0,0,1,1,2,0,0,1,1,0,1,1,0,1),(193,72,14,2012,7,0,0,0,0,0,1,2,3,4,1,0,0,0,2,0,0,0,0,0,0,0,0,0,0,1,0,0,0,0,0,0),(194,78,29,2012,7,0,0,0,0,0,0,7,2,5,2,0,10,0,0,0,0,0,0,0,0,0,0,0,1,0,0,0,0,1,0,1),(195,67,2,2012,7,0,0,0,0,0,0,0,0,1,0,0,0,0,0,0,0,0,1,0,0,0,0,0,0,0,0,0,0,0,0,0),(196,61,1,2012,7,0,0,0,0,0,0,0,0,0,0,0,0,0,0,0,0,0,0,0,0,0,0,1,0,0,0,0,0,0,0,0),(197,72,6,2012,8,2,0,0,0,0,0,0,0,0,0,0,0,0,1,0,0,0,0,0,0,0,0,0,0,1,0,0,0,0,1,1),(198,99,13,2012,8,0,1,0,0,1,0,1,0,0,1,0,1,1,1,0,1,0,0,0,0,1,0,1,0,1,1,1,0,0,0,0),(199,74,15,2012,8,0,0,0,0,1,0,0,2,0,0,0,0,0,0,0,1,1,0,2,0,0,1,0,1,1,0,2,0,1,2,0),(200,78,7,2012,8,0,0,0,0,0,1,0,0,0,1,0,1,0,0,0,0,0,0,0,1,1,0,0,0,1,0,0,0,0,1,0),(201,76,8,2012,8,0,0,0,0,0,0,0,0,0,0,0,1,1,0,0,0,1,0,0,0,0,2,0,2,1,0,0,0,0,0,0),(202,99,38,2012,9,1,0,2,0,2,0,1,1,0,1,1,2,0,1,1,1,2,2,3,0,2,0,6,3,2,1,2,0,0,1,0),(203,74,24,2012,9,0,1,0,0,1,0,0,3,0,0,0,2,1,1,0,0,1,6,1,0,1,0,1,1,0,0,2,0,0,2,0),(204,76,9,2012,9,0,0,0,1,0,0,1,0,0,0,0,0,0,0,0,1,1,0,1,0,1,0,0,0,0,1,0,0,0,2,0),(205,72,13,2012,9,0,0,0,0,0,0,1,1,0,4,0,0,0,0,0,0,1,0,1,1,1,0,0,0,1,0,0,1,0,1,0),(206,78,9,2012,9,0,0,0,0,0,0,0,0,1,0,0,0,0,0,0,1,0,0,1,0,2,0,0,2,0,0,1,0,0,1,0),(207,67,2,2012,9,0,0,0,0,0,0,0,0,1,0,0,0,0,0,0,0,0,1,0,0,0,0,0,0,0,0,0,0,0,0,0),(208,51,1,2012,9,0,0,0,0,0,0,0,0,0,0,0,0,0,0,0,0,0,0,0,0,0,0,0,0,0,0,0,1,0,0,0),(209,72,17,2012,10,1,0,0,0,1,0,3,3,0,0,0,0,1,1,0,0,3,1,0,0,0,0,1,0,0,0,0,1,0,1,0),(210,99,41,2012,10,2,1,0,2,1,1,2,1,0,1,0,0,3,3,3,0,7,1,0,0,1,0,1,2,0,1,1,3,1,0,3),(211,74,28,2012,10,1,0,2,0,1,1,2,1,1,0,0,0,1,3,2,0,3,1,0,0,0,2,1,0,0,1,0,3,0,0,2),(212,78,18,2012,10,0,0,1,0,0,0,3,0,0,0,0,0,0,2,0,0,4,0,0,0,0,2,0,0,0,0,0,1,4,0,1),(213,76,19,2012,10,0,0,1,1,0,0,1,0,1,0,0,0,2,1,0,0,2,2,0,0,0,2,0,0,0,1,0,2,0,0,3),(214,51,3,2012,10,0,0,0,0,1,0,0,0,0,0,0,0,0,0,0,0,0,0,0,0,0,0,0,0,1,0,0,0,1,0,0),(215,67,2,2012,10,0,0,0,0,0,0,0,0,1,0,0,0,0,0,0,0,0,0,0,0,0,0,0,0,0,0,0,1,0,0,0),(216,51,4,2012,11,0,1,0,0,0,0,0,0,0,0,0,0,0,0,0,0,1,0,0,1,0,0,0,0,0,0,0,0,0,1,0),(217,99,24,2012,11,0,0,1,0,0,4,4,0,1,2,0,0,0,1,0,2,2,0,0,1,1,2,0,2,0,1,0,0,0,0,0),(218,76,13,2012,11,0,0,1,0,0,0,0,0,0,1,0,0,0,0,0,0,1,1,0,1,1,0,1,2,1,0,3,0,0,0,0),(219,72,11,2012,11,0,0,0,1,0,0,0,0,0,0,1,0,0,0,0,0,1,1,0,0,1,0,0,0,0,0,5,0,0,1,0),(220,78,7,2012,11,0,0,0,1,0,0,0,0,0,0,0,0,0,0,0,0,1,1,0,0,1,0,0,0,0,1,2,0,0,0,0),(221,74,21,2012,11,0,0,0,0,0,0,1,1,0,3,0,0,0,0,0,0,2,0,2,0,1,0,1,1,1,0,5,1,1,1,0),(222,67,1,2012,11,0,0,0,0,0,0,0,0,0,0,1,0,0,0,0,0,0,0,0,0,0,0,0,0,0,0,0,0,0,0,0),(223,76,15,2012,12,1,0,2,1,0,0,0,1,1,1,1,0,0,0,0,0,1,0,0,0,0,1,1,0,1,0,1,0,0,2,0),(224,99,20,2012,12,1,1,2,0,0,1,0,1,3,0,2,0,0,0,0,1,2,0,1,0,1,1,0,0,1,0,0,0,1,1,0),(225,74,24,2012,12,1,0,2,1,0,1,0,0,2,0,0,1,0,1,0,0,3,0,2,2,0,2,1,0,0,0,2,1,1,1,0),(226,72,10,2012,12,1,0,1,2,0,0,0,0,1,0,0,0,0,0,0,0,1,0,2,0,0,1,0,0,0,0,0,0,0,1,0),(227,78,13,2012,12,0,0,2,2,0,0,0,0,1,0,0,0,0,0,0,0,1,1,0,0,0,1,0,1,0,0,0,2,0,2,0),(228,51,4,2012,12,0,0,1,0,0,0,0,0,1,0,0,0,0,0,0,0,1,0,0,0,0,1,0,0,0,0,0,0,0,0,0),(229,67,1,2012,12,0,0,0,0,1,0,0,0,0,0,0,0,0,0,0,0,0,0,0,0,0,0,0,0,0,0,0,0,0,0,0),(230,99,39,2013,1,2,1,5,1,2,0,1,1,4,0,1,1,0,1,3,1,0,1,2,1,0,4,0,2,1,0,1,0,1,2,0),(231,74,26,2013,1,1,0,0,1,2,0,1,2,0,0,1,0,0,0,0,4,0,0,1,1,0,0,0,1,2,1,2,1,0,5,0),(232,78,27,2013,1,1,0,0,3,2,0,1,1,1,0,0,0,2,1,0,0,2,0,1,0,0,0,0,5,1,0,2,0,1,2,1),(233,76,16,2013,1,0,0,2,1,1,0,0,1,0,1,0,0,1,0,0,2,0,0,1,0,0,0,1,0,0,3,0,0,1,1,0),(234,72,13,2013,1,0,0,0,3,1,0,0,2,0,0,0,0,0,0,0,0,0,0,1,0,0,0,1,0,0,1,1,0,0,2,1),(235,51,4,2013,1,0,0,0,0,0,0,0,1,0,0,0,0,0,0,0,0,0,0,0,0,1,0,0,0,1,0,0,0,0,1,0),(236,34,2,2013,1,0,0,0,0,0,0,0,0,0,0,0,0,0,0,0,0,2,0,0,0,0,0,0,0,0,0,0,0,0,0,0),(237,67,1,2013,1,0,0,0,0,0,0,0,0,0,0,0,0,0,0,0,0,1,0,0,0,0,0,0,0,0,0,0,0,0,0,0),(238,72,11,2013,2,1,0,2,0,0,0,0,0,0,1,0,2,0,0,0,0,0,0,3,0,0,0,2,0,0,0,0,0,0,0,0),(239,99,31,2013,2,1,4,1,0,1,2,3,0,1,1,0,2,0,2,1,0,0,1,4,2,0,1,1,0,1,0,1,1,0,0,0),(240,74,22,2013,2,1,0,4,0,0,2,0,1,1,0,1,1,0,1,0,0,1,1,5,0,0,0,0,1,0,1,0,1,0,0,0),(241,76,14,2013,2,0,0,1,0,0,2,1,0,0,0,0,1,0,0,2,0,1,0,3,0,1,0,1,0,0,0,0,1,0,0,0),(242,78,16,2013,2,0,0,2,0,0,1,0,0,0,0,0,1,1,0,0,1,0,1,3,1,1,1,2,0,0,1,0,0,0,0,0),(243,51,3,2013,2,0,0,1,0,0,1,0,0,0,0,1,0,0,0,0,0,0,0,0,0,0,0,0,0,0,0,0,0,0,0,0),(244,109,14,2013,2,0,0,0,0,0,0,0,0,0,0,0,0,0,0,0,0,0,0,0,0,0,0,0,0,0,3,6,5,0,0,0),(245,67,1,2013,2,0,0,0,0,0,0,0,0,0,0,0,0,0,0,0,0,0,0,0,0,0,0,0,0,0,0,1,0,0,0,0),(246,109,229,2013,3,10,4,10,9,3,7,6,1,9,10,4,4,10,6,8,3,3,9,6,9,12,5,2,8,9,14,7,8,10,11,12),(247,76,19,2013,3,2,0,0,0,0,0,1,0,0,1,0,0,2,2,1,0,0,1,1,0,0,1,2,0,1,1,0,1,2,0,0),(248,74,27,2013,3,2,1,0,1,0,0,0,0,0,2,0,1,1,2,2,1,0,2,1,0,2,1,1,1,1,1,2,0,0,1,1),(249,72,13,2013,3,1,0,0,0,0,0,0,0,0,1,0,0,1,1,2,0,2,1,1,0,0,1,0,1,0,1,0,0,0,0,0),(250,78,22,2013,3,1,1,0,1,0,0,0,0,0,3,0,1,0,2,1,1,1,0,1,1,1,1,1,0,1,2,0,0,0,1,1),(251,99,43,2013,3,2,2,0,1,7,2,0,1,1,1,1,1,0,1,0,2,2,5,0,2,0,2,1,1,1,1,3,0,1,1,1),(252,51,5,2013,3,1,0,0,0,0,0,0,0,0,0,0,0,0,1,0,0,0,1,0,0,0,0,2,0,0,0,0,0,0,0,0),(253,67,1,2013,3,0,0,0,0,0,0,0,0,0,0,0,0,0,0,0,0,0,1,0,0,0,0,0,0,0,0,0,0,0,0,0),(254,109,120,2013,4,7,6,5,7,6,3,6,4,3,5,5,3,2,2,7,5,1,3,2,4,3,9,1,3,5,6,2,1,2,2,0),(255,72,14,2013,4,2,0,1,1,1,1,1,1,0,1,1,0,0,0,0,0,0,1,0,0,1,0,1,0,0,1,0,0,0,0,0),(256,74,30,2013,4,2,1,0,0,2,1,2,1,1,3,0,0,0,3,0,1,0,3,1,1,2,0,0,2,1,2,0,1,0,0,0),(257,99,42,2013,4,1,0,0,0,2,1,1,2,0,1,0,2,3,12,2,1,0,1,1,2,5,0,0,0,2,2,0,1,0,0,0),(258,76,21,2013,4,1,1,2,0,2,1,1,0,1,0,0,1,2,0,0,0,1,0,0,2,1,1,0,1,0,2,0,0,1,0,0),(259,78,19,2013,4,1,1,0,0,1,1,1,0,1,1,0,1,0,1,0,0,0,1,0,2,1,0,0,0,0,2,1,0,2,1,0),(260,51,1,2013,4,0,0,0,0,1,0,0,0,0,0,0,0,0,0,0,0,0,0,0,0,0,0,0,0,0,0,0,0,0,0,0),(261,99,32,2013,5,2,3,1,0,0,1,0,1,0,1,4,2,1,1,1,3,4,0,1,0,0,0,2,0,0,1,0,0,1,1,1),(262,109,95,2013,5,4,5,2,1,3,5,3,4,2,3,3,4,7,1,3,2,2,5,1,2,3,5,1,1,3,2,3,3,5,3,4),(263,78,18,2013,5,2,1,2,0,0,0,0,0,0,1,1,0,2,0,1,3,0,0,1,0,0,0,0,1,1,0,0,1,1,0,0),(264,72,13,2013,5,1,1,0,1,1,1,0,1,0,0,1,1,1,0,0,1,0,0,0,0,0,0,0,0,0,0,0,1,2,0,0),(265,76,15,2013,5,1,1,2,0,0,0,1,0,0,1,1,0,1,0,1,0,1,0,1,1,0,0,0,1,0,0,0,1,0,1,0),(266,74,31,2013,5,2,2,2,0,1,0,6,2,1,0,2,0,3,1,0,0,2,1,0,0,0,1,1,1,1,1,0,0,0,1,0),(267,51,3,2013,5,0,1,0,0,0,0,0,0,0,0,0,0,1,0,0,0,0,0,0,0,0,1,0,0,0,0,0,0,0,0,0),(268,67,1,2013,5,0,0,0,0,1,0,0,0,0,0,0,0,0,0,0,0,0,0,0,0,0,0,0,0,0,0,0,0,0,0,0),(269,109,97,2013,6,7,2,1,4,3,4,3,4,3,6,4,2,2,5,2,1,3,1,2,5,2,5,3,4,3,5,1,3,3,4,0),(270,76,20,2013,6,4,1,0,0,1,1,0,1,1,0,0,1,1,1,0,1,0,0,0,1,0,0,0,2,2,0,0,0,1,1,0),(271,99,28,2013,6,1,0,1,0,1,3,0,3,0,1,0,1,1,3,0,0,1,0,1,1,1,0,0,2,1,0,2,0,2,2,0),(272,78,17,2013,6,0,0,1,1,0,3,0,0,0,1,0,0,0,1,0,1,0,1,1,1,0,0,0,2,0,1,1,2,0,0,0),(273,74,21,2013,6,0,0,1,0,1,4,0,0,0,1,0,0,0,3,0,1,0,1,1,1,0,2,0,2,1,0,1,0,1,0,0),(274,51,5,2013,6,0,0,0,0,0,1,0,0,0,0,0,0,0,1,0,0,0,0,0,0,0,0,0,2,0,0,0,1,0,0,0),(275,72,9,2013,6,0,0,0,0,0,1,0,2,1,0,0,0,0,1,0,0,0,0,1,1,0,0,0,2,0,0,0,0,0,0,0),(276,99,48,2013,7,1,1,0,2,0,1,1,1,1,0,0,1,2,1,5,4,0,2,3,1,1,1,2,4,2,0,1,3,4,1,2),(277,109,91,2013,7,3,3,3,3,3,2,3,2,4,1,2,6,4,3,4,0,4,6,1,1,3,3,2,9,1,5,2,1,3,1,3),(278,51,6,2013,7,1,1,0,0,0,0,1,0,0,0,0,0,0,0,0,0,0,0,0,0,0,1,1,0,0,0,0,0,0,0,1),(279,67,1,2013,7,0,1,0,0,0,0,0,0,0,0,0,0,0,0,0,0,0,0,0,0,0,0,0,0,0,0,0,0,0,0,0),(280,78,16,2013,7,0,2,2,0,0,1,1,0,0,0,1,0,0,1,1,0,0,0,1,0,0,1,0,0,3,0,0,0,0,2,0),(281,74,32,2013,7,0,1,2,0,1,0,1,0,0,0,1,1,0,0,2,4,1,2,1,0,0,1,2,3,1,0,0,1,6,1,0),(282,76,17,2013,7,0,1,1,1,1,0,0,1,1,0,0,1,0,1,0,1,1,0,0,1,1,0,0,0,1,1,0,0,2,1,0),(283,72,8,2013,7,0,0,0,0,0,1,0,0,1,0,0,0,0,0,0,1,0,0,0,2,0,0,1,0,0,0,0,1,0,1,0),(284,78,13,2013,8,2,0,0,0,0,1,0,2,1,1,0,0,0,0,1,0,1,0,1,0,1,0,0,1,0,0,0,1,0,0,0),(285,74,25,2013,8,2,1,1,0,0,0,1,1,4,2,0,0,1,1,1,0,3,0,0,0,1,1,0,0,1,1,0,1,2,0,0),(286,72,9,2013,8,2,1,0,0,0,0,0,0,2,1,0,0,1,0,0,0,1,0,0,0,0,0,0,0,0,0,0,0,0,1,0),(287,109,73,2013,8,4,2,2,1,1,2,3,1,2,2,1,1,2,0,1,1,2,5,3,3,3,3,4,4,3,3,3,1,4,2,4),(288,99,20,2013,8,1,1,0,1,0,2,0,0,0,1,0,1,0,1,1,0,0,1,1,0,1,1,0,1,1,0,1,2,0,2,0),(289,76,20,2013,8,1,1,0,0,0,1,1,2,2,1,1,0,0,1,0,3,1,0,0,1,1,0,1,1,0,0,0,0,1,0,0),(290,67,1,2013,8,0,0,0,0,0,0,0,0,0,0,1,0,0,0,0,0,0,0,0,0,0,0,0,0,0,0,0,0,0,0,0),(291,51,1,2013,8,0,0,0,0,0,0,0,0,0,0,0,0,0,0,0,0,1,0,0,0,0,0,0,0,0,0,0,0,0,0,0),(292,109,60,2013,9,2,1,2,1,3,2,1,1,4,1,1,2,2,3,3,1,1,1,6,3,2,3,2,1,3,2,3,1,1,1,0),(293,99,34,2013,9,2,0,0,1,1,0,1,1,0,1,1,0,0,3,0,0,0,1,5,1,1,1,10,1,1,0,1,0,0,1,0),(294,74,17,2013,9,1,1,0,0,0,0,3,0,1,1,1,0,0,0,0,0,0,1,2,2,0,1,1,0,0,0,0,2,0,0,0),(295,72,12,2013,9,1,0,1,0,0,0,1,1,0,0,0,0,1,0,0,0,2,1,0,1,0,0,1,0,0,0,1,1,0,0,0),(296,78,13,2013,9,1,1,0,0,0,1,1,0,1,1,0,0,0,0,0,1,0,1,1,1,0,0,1,0,1,0,1,0,0,0,0),(297,76,16,2013,9,1,0,0,0,1,1,1,0,1,1,1,2,0,0,0,0,0,0,0,1,1,0,1,0,1,1,1,0,1,0,0),(298,51,2,2013,9,0,1,0,0,0,0,0,0,0,0,0,0,0,0,0,0,0,0,1,0,0,0,0,0,0,0,0,0,0,0,0),(299,109,71,2013,10,2,1,4,1,3,1,1,3,3,3,1,5,2,6,2,1,1,3,2,1,3,3,1,4,3,2,0,6,2,1,0),(300,72,7,2013,10,0,1,1,0,0,0,0,0,0,0,0,1,0,0,0,0,0,0,1,1,0,0,1,0,0,0,0,0,0,0,1),(301,74,14,2013,10,0,0,1,1,1,0,1,0,0,0,0,3,0,0,0,0,0,0,0,1,1,0,0,0,1,1,2,0,0,0,1),(302,99,16,2013,10,0,0,0,1,0,0,1,1,2,1,0,0,1,4,1,0,0,0,0,0,0,0,1,1,0,0,1,0,0,0,1),(303,51,6,2013,10,0,0,0,0,0,2,0,0,0,0,0,0,0,0,0,0,1,0,0,0,1,1,0,0,0,0,1,0,0,0,0),(304,78,8,2013,10,0,0,0,0,0,0,0,0,0,0,0,3,0,1,0,1,0,0,0,0,0,0,0,0,0,0,0,0,1,0,2),(305,76,5,2013,10,0,0,0,0,0,0,0,0,0,0,0,1,0,0,1,0,0,0,0,0,0,0,0,0,0,0,0,1,1,0,1),(306,67,1,2013,10,0,0,0,0,0,0,0,0,0,0,0,0,0,0,0,0,0,0,0,0,0,0,0,1,0,0,0,0,0,0,0),(307,55,33,2013,10,0,0,0,0,0,0,0,0,0,0,0,0,0,0,0,0,0,0,0,0,0,0,0,0,0,0,0,3,10,13,7),(308,109,31,2013,11,2,2,4,2,0,0,1,0,1,1,1,2,1,1,1,0,0,2,0,1,1,1,1,0,0,2,1,1,1,1,0),(309,55,24,2013,11,2,0,2,5,7,5,0,1,1,0,0,1,0,0,0,0,0,0,0,0,0,0,0,0,0,0,0,0,0,0,0),(310,99,30,2013,11,0,3,0,0,0,9,8,0,0,0,0,0,1,1,1,2,0,1,0,1,0,1,0,0,0,1,0,0,1,0,0),(311,74,10,2013,11,0,1,0,0,0,1,0,0,0,0,0,0,0,0,0,0,0,1,0,0,0,1,0,2,1,1,1,1,0,0,0),(312,76,7,2013,11,0,0,1,0,0,0,0,0,0,0,0,1,1,0,0,0,0,1,0,0,0,0,0,1,0,0,1,1,0,0,0),(313,104,46,2013,11,0,0,0,0,1,1,0,4,2,1,1,3,3,2,1,1,1,3,1,2,1,3,2,1,1,0,3,3,3,2,0),(314,72,5,2013,11,0,0,0,0,1,0,0,0,0,0,0,0,0,0,0,0,0,1,0,0,0,0,0,0,0,0,2,1,0,0,0),(315,51,2,2013,11,0,0,0,0,0,1,0,0,0,0,0,0,0,0,0,0,0,0,0,0,0,0,0,1,0,0,0,0,0,0,0),(316,78,11,2013,11,0,0,0,0,0,0,0,0,0,1,1,0,0,0,0,0,1,1,0,0,0,0,1,2,0,0,1,2,1,0,0),(317,104,73,2013,12,1,3,2,2,3,2,1,1,3,3,3,1,2,3,2,2,1,2,4,3,1,2,2,3,3,3,5,4,1,3,2),(318,78,8,2013,12,0,0,1,1,0,0,1,3,0,0,0,0,1,0,0,0,0,0,1,0,0,0,0,0,0,0,0,0,0,0,0),(319,76,7,2013,12,0,0,0,1,0,0,1,0,0,0,1,0,0,0,1,0,0,0,1,1,0,0,0,0,0,0,0,0,1,0,0),(320,109,14,2013,12,0,0,0,0,1,0,1,1,0,0,0,1,0,1,0,1,1,1,0,0,0,0,0,0,0,2,0,0,1,1,2),(321,99,25,2013,12,0,0,0,0,0,6,8,0,0,0,0,0,0,0,0,1,0,4,1,1,1,0,0,1,0,1,0,0,1,0,0),(322,72,11,2013,12,0,0,0,0,0,0,2,0,1,0,0,1,0,0,0,0,0,0,1,0,0,0,0,0,0,0,6,0,0,0,0),(323,51,3,2013,12,0,0,0,0,0,0,1,0,0,0,0,0,0,0,0,0,1,0,0,0,0,0,0,0,0,0,0,1,0,0,0),(324,74,7,2013,12,0,0,0,0,0,0,1,0,1,1,0,1,0,0,0,0,0,1,1,0,0,0,0,0,1,0,0,0,0,0,0),(325,67,1,2013,12,0,0,0,0,0,0,0,0,0,0,0,0,0,0,0,0,0,0,0,0,0,0,0,0,0,1,0,0,0,0,0),(326,104,55,2014,1,2,1,4,1,2,3,3,1,1,2,2,2,1,1,1,1,2,2,2,0,2,2,2,1,1,2,2,1,2,3,3),(327,99,31,2014,1,1,0,0,2,1,0,0,0,0,1,3,1,6,1,1,1,0,1,3,1,1,1,2,0,0,1,2,0,1,0,0),(328,109,10,2014,1,1,0,0,0,0,0,0,2,0,0,0,1,0,0,0,0,0,0,2,1,0,0,1,0,0,0,0,0,1,1,0),(329,51,4,2014,1,0,1,0,0,0,0,1,0,0,0,0,0,1,0,0,0,0,0,0,0,0,0,1,0,0,0,0,0,0,0,0),(330,76,11,2014,1,0,0,1,1,0,1,0,1,1,0,0,0,1,0,0,0,1,1,0,0,0,1,1,0,0,0,0,0,1,0,0),(331,78,9,2014,1,0,0,0,2,0,1,0,0,0,0,0,0,0,0,0,1,0,0,0,0,0,1,1,1,0,0,0,0,0,1,1),(332,74,17,2014,1,0,0,0,2,0,0,0,2,0,1,1,1,0,1,0,2,0,0,0,1,1,0,1,0,1,0,0,0,0,1,2),(333,72,8,2014,1,0,0,0,1,0,0,0,0,0,1,0,0,0,0,0,1,1,0,1,0,0,0,1,0,0,0,0,1,1,0,0),(334,67,1,2014,1,0,0,0,0,0,0,0,0,1,0,0,0,0,0,0,0,0,0,0,0,0,0,0,0,0,0,0,0,0,0,0),(335,104,53,2014,2,1,3,1,3,2,2,2,2,1,2,2,2,1,4,1,2,0,2,3,2,2,2,2,0,2,2,1,4,0,0,0),(336,99,32,2014,2,1,1,0,0,0,1,0,8,5,0,1,2,1,0,3,0,3,0,2,0,1,0,0,2,0,0,0,1,0,0,0),(337,74,21,2014,2,0,1,0,1,0,0,0,1,0,1,0,1,3,1,0,1,1,0,2,2,0,4,1,0,0,0,1,0,0,0,0),(338,76,14,2014,2,0,0,0,3,2,0,0,0,2,0,0,0,0,0,0,0,0,1,2,0,0,0,2,1,0,1,0,0,0,0,0),(339,109,8,2014,2,0,0,0,0,1,1,1,1,0,0,0,0,0,0,1,0,0,0,0,0,0,0,0,1,0,2,0,0,0,0,0),(340,72,5,2014,2,0,0,0,0,0,0,0,1,0,0,0,0,0,0,0,0,0,0,2,0,0,0,1,0,0,0,0,1,0,0,0),(341,78,8,2014,2,0,0,0,0,0,0,0,1,0,0,0,0,0,0,0,0,0,0,2,2,0,0,1,0,0,2,0,0,0,0,0),(342,51,2,2014,2,0,0,0,0,0,0,0,0,2,0,0,0,0,0,0,0,0,0,0,0,0,0,0,0,0,0,0,0,0,0,0),(343,104,52,2014,3,2,1,2,0,4,1,3,2,2,1,0,2,1,3,3,2,1,1,1,1,1,1,1,5,2,2,1,3,1,1,1),(344,78,14,2014,3,1,0,0,0,0,0,0,0,0,2,0,3,0,0,0,0,0,0,1,0,0,0,0,1,2,0,0,2,1,0,1),(345,109,4,2014,3,0,2,0,0,0,0,0,1,0,0,0,0,0,0,0,0,0,0,0,0,0,0,0,1,0,0,0,0,0,0,0),(346,76,5,2014,3,0,1,0,0,0,0,0,0,0,1,0,0,0,0,1,0,1,0,0,0,0,0,0,0,1,0,0,0,0,0,0),(347,99,30,2014,3,0,2,0,0,2,2,3,0,1,0,1,4,0,2,0,0,3,0,1,2,0,0,1,1,0,0,1,2,0,1,1),(348,72,9,2014,3,0,0,0,1,0,0,0,0,0,2,0,1,0,0,0,0,0,0,0,0,1,0,0,1,1,0,0,2,0,0,0),(349,74,14,2014,3,0,0,0,0,0,0,1,0,1,1,0,0,0,0,0,0,0,0,1,2,2,1,0,1,1,0,0,1,0,1,1),(350,72,7,2014,4,1,0,0,0,0,0,1,0,0,0,0,0,0,0,0,0,0,0,0,0,0,0,0,2,0,0,3,0,0,0,0),(351,78,16,2014,4,1,0,1,0,0,0,0,0,2,0,1,0,0,0,0,0,1,2,1,0,0,1,2,1,0,0,3,0,0,0,0),(352,109,9,2014,4,2,0,0,0,0,1,0,0,0,0,1,0,0,0,0,0,0,1,0,0,0,0,2,0,0,0,2,0,0,0,0),(353,76,13,2014,4,1,0,0,0,0,1,0,2,0,0,0,0,1,0,1,0,0,2,0,1,0,0,1,1,0,0,1,0,0,1,0),(354,104,46,2014,4,1,1,1,1,1,1,1,1,2,1,1,3,0,1,1,1,1,2,2,2,1,1,3,1,2,2,6,2,2,1,0),(355,74,25,2014,4,1,0,0,1,0,0,1,1,0,0,0,0,1,0,0,0,0,4,1,1,0,2,6,1,1,0,3,0,0,1,0),(356,99,20,2014,4,0,0,0,1,1,0,2,0,1,0,0,0,0,0,0,0,0,1,2,2,0,0,1,2,0,0,6,1,0,0,0),(357,67,2,2014,4,0,0,0,0,0,0,0,0,0,0,0,0,0,0,0,0,0,0,0,0,0,0,0,0,0,0,2,0,0,0,0),(358,51,1,2014,4,0,0,0,0,0,0,0,0,0,0,0,0,0,0,0,0,0,0,0,0,0,0,0,0,0,0,0,1,0,0,0),(359,76,6,2014,5,2,0,0,1,0,0,0,0,0,0,1,0,1,1,0,0,0,0,0,0,0,0,0,0,0,0,0,0,0,0,0),(360,78,7,2014,5,1,0,0,0,0,0,0,0,0,0,1,0,0,1,0,0,0,0,0,0,1,0,0,0,1,1,0,0,1,0,0),(361,104,46,2014,5,1,1,1,1,1,2,1,4,2,1,2,2,1,2,1,2,1,1,1,1,2,1,2,1,2,1,1,2,1,2,2),(362,99,25,2014,5,1,1,1,0,2,1,1,1,0,0,2,1,2,0,2,2,0,0,0,0,0,2,0,2,1,0,3,0,0,0,0),(363,74,11,2014,5,0,0,0,1,1,0,0,0,0,0,3,1,0,1,0,0,0,1,0,1,1,0,0,0,0,0,0,0,0,0,1),(364,109,4,2014,5,0,0,0,0,1,0,0,0,0,0,1,0,0,1,0,0,0,0,0,0,0,0,0,0,0,0,0,0,0,1,0),(365,72,5,2014,5,0,0,0,0,0,1,0,0,0,0,1,0,0,1,1,0,0,1,0,0,0,0,0,0,0,0,0,0,0,0,0),(366,74,17,2014,6,2,1,0,0,1,0,0,0,0,1,0,0,0,2,0,0,1,0,2,0,1,0,0,1,2,0,0,0,3,0,0),(367,104,47,2014,6,1,2,2,1,3,2,1,1,3,1,1,2,1,1,0,2,1,1,1,2,2,1,1,1,3,1,1,3,3,2,0),(368,99,36,2014,6,1,2,13,0,1,0,0,4,0,0,0,0,0,2,1,2,1,1,1,0,1,0,1,1,1,0,1,1,1,0,0),(369,78,9,2014,6,0,1,0,0,1,0,1,1,0,0,0,0,0,0,0,0,0,0,0,0,1,0,2,0,0,0,1,0,1,0,0),(370,72,8,2014,6,0,1,0,0,1,0,0,0,0,0,0,0,0,0,0,0,0,0,0,0,2,0,0,0,2,0,0,0,1,1,0),(371,76,13,2014,6,0,1,1,0,1,4,1,0,0,0,0,0,0,0,0,0,0,0,2,0,2,0,0,0,1,0,0,0,0,0,0),(372,51,7,2014,6,0,0,0,0,0,0,1,0,0,0,0,0,0,0,0,0,0,0,0,0,0,0,2,0,1,0,2,0,1,0,0),(373,109,7,2014,6,0,0,0,0,0,0,0,1,0,0,0,0,0,0,0,1,0,1,1,0,0,0,0,2,0,0,0,0,1,0,0),(374,99,17,2014,7,1,1,0,0,0,1,1,0,0,0,0,0,1,0,0,1,0,1,0,0,1,0,1,1,1,1,0,1,2,2,0),(375,104,25,2014,7,1,1,3,2,1,2,3,1,0,0,0,0,0,0,0,0,2,2,0,2,0,0,1,0,0,0,0,0,1,2,1),(376,76,18,2014,7,0,2,0,0,0,1,0,1,0,2,0,0,1,0,0,0,0,0,0,2,0,0,1,0,0,1,0,0,0,1,6),(377,109,6,2014,7,0,1,0,0,0,0,0,0,0,0,1,0,0,0,0,0,0,0,0,0,0,0,0,0,0,0,0,1,0,3,0),(378,72,11,2014,7,0,1,0,1,0,2,0,0,1,0,0,0,0,0,0,0,0,0,0,1,0,0,1,1,0,0,0,0,0,1,2),(379,78,12,2014,7,0,0,0,0,0,1,0,0,1,0,0,0,1,1,0,0,0,0,0,1,1,0,1,0,1,0,0,0,0,2,2),(380,74,19,2014,7,0,0,0,0,0,1,1,0,2,0,0,0,0,1,1,0,0,0,0,2,0,0,1,0,1,0,1,0,2,4,2),(381,67,1,2014,7,0,0,0,0,0,0,0,0,0,1,0,0,0,0,0,0,0,0,0,0,0,0,0,0,0,0,0,0,0,0,0),(382,104,22,2014,8,3,0,2,1,2,1,0,0,0,0,1,0,0,1,2,0,1,0,1,0,1,0,0,1,0,1,0,0,3,1,0),(383,99,23,2014,8,0,2,2,2,0,0,0,1,0,0,0,0,0,0,2,1,0,0,2,0,1,1,1,1,0,1,1,2,2,0,1),(384,78,11,2014,8,0,0,0,1,0,0,0,0,0,0,0,2,1,0,0,2,1,0,0,0,0,0,0,0,1,0,0,0,2,0,1),(385,76,16,2014,8,0,0,0,1,0,0,1,0,0,0,0,0,1,2,0,1,0,0,0,0,1,0,0,0,1,0,1,2,2,1,2),(386,74,12,2014,8,0,0,0,1,0,0,0,1,0,0,0,0,0,0,3,1,0,0,0,0,1,0,1,0,0,0,1,0,3,0,0),(387,72,7,2014,8,0,0,0,0,0,0,0,1,0,0,1,0,0,0,1,1,0,0,1,0,0,0,0,0,0,0,0,0,2,0,0),(388,67,1,2014,8,0,0,0,0,0,0,0,1,0,0,0,0,0,0,0,0,0,0,0,0,0,0,0,0,0,0,0,0,0,0,0),(389,109,2,2014,8,0,0,0,0,0,0,0,0,0,0,0,0,0,1,0,0,0,0,0,0,0,0,0,1,0,0,0,0,0,0,0),(390,51,1,2014,8,0,0,0,0,0,0,0,0,0,0,0,0,0,0,0,0,0,0,0,0,0,0,0,0,0,1,0,0,0,0,0),(391,99,20,2014,9,2,1,0,1,0,1,0,0,0,0,1,0,2,2,0,0,1,2,1,0,0,0,2,0,1,1,1,0,0,1,0),(392,104,16,2014,9,0,1,0,2,0,0,1,1,0,2,0,0,0,0,0,0,2,1,0,0,1,0,0,0,0,1,0,2,0,2,0),(393,76,9,2014,9,0,0,0,0,0,0,1,0,0,0,0,0,0,1,1,0,2,0,0,0,0,0,0,0,1,0,1,0,0,2,0),(394,74,12,2014,9,0,0,0,0,0,0,1,1,0,0,1,1,0,0,0,0,1,0,0,0,0,1,3,0,0,0,0,0,2,1,0),(395,78,9,2014,9,0,0,0,0,0,0,0,0,0,1,0,0,1,1,1,0,1,0,0,0,1,0,0,1,0,1,0,0,0,1,0),(396,72,6,2014,9,0,0,0,0,0,0,0,0,0,1,0,1,0,0,0,0,1,0,0,0,1,0,0,0,0,0,0,0,1,1,0),(397,109,3,2014,9,0,0,0,0,0,0,0,0,0,0,0,1,0,0,0,0,0,1,0,1,0,0,0,0,0,0,0,0,0,0,0),(398,51,1,2014,9,0,0,0,0,0,0,0,0,0,0,0,0,0,0,1,0,0,0,0,0,0,0,0,0,0,0,0,0,0,0,0),(399,99,34,2014,10,1,3,0,1,0,0,0,0,1,1,1,1,0,7,6,0,1,1,1,1,2,0,3,0,1,1,0,0,0,1,0),(400,104,24,2014,10,0,3,0,0,0,1,1,1,0,1,0,0,1,1,2,0,1,1,0,0,1,0,3,0,2,1,0,2,1,0,1),(401,78,13,2014,10,0,1,0,0,0,1,0,0,0,0,0,0,0,1,1,1,0,2,1,0,1,1,2,0,1,0,0,0,0,0,0),(402,74,17,2014,10,0,0,1,1,1,0,0,0,0,0,0,1,0,2,1,0,0,3,0,1,0,0,2,0,3,0,1,0,0,0,0),(403,76,62,2014,10,0,0,0,1,0,0,0,0,0,0,0,0,0,1,1,0,1,10,10,11,10,11,5,0,1,0,0,0,0,0,0),(404,72,12,2014,10,0,0,0,0,0,1,3,0,0,0,0,0,1,1,1,0,0,1,0,0,0,0,3,0,1,0,0,0,0,0,0),(405,67,1,2014,10,0,0,0,0,0,0,0,0,0,0,1,0,0,0,0,0,0,0,0,0,0,0,0,0,0,0,0,0,0,0,0),(406,109,4,2014,10,0,0,0,0,0,0,0,0,0,0,0,0,0,0,0,0,0,1,0,0,0,2,0,0,0,0,0,0,0,0,1),(407,109,7,2014,11,1,0,0,0,0,0,0,0,0,0,0,0,0,0,0,0,0,0,0,0,0,0,2,0,1,3,0,0,0,0,0),(408,104,31,2014,11,2,0,1,2,0,1,0,1,0,3,1,3,1,1,1,0,1,0,1,1,1,2,1,0,0,4,1,0,2,0,0),(409,74,13,2014,11,0,1,0,0,1,0,0,0,0,1,0,0,0,1,1,0,0,0,0,0,2,0,0,0,0,3,3,0,0,0,0),(410,78,16,2014,11,0,0,1,0,0,0,1,0,1,0,0,1,0,1,0,1,0,0,0,1,1,0,0,1,0,4,0,0,1,2,0),(411,99,35,2014,11,0,0,0,1,1,1,11,2,0,1,1,2,0,2,0,1,0,0,1,0,1,1,1,0,1,4,1,1,1,0,0),(412,76,14,2014,11,0,0,0,0,2,0,0,1,0,1,1,0,1,1,0,1,0,0,0,0,0,0,0,1,0,4,0,1,0,0,0),(413,72,7,2014,11,0,0,0,0,0,0,0,0,0,1,0,1,0,1,1,0,0,0,0,1,0,0,0,0,0,1,0,1,0,0,0),(414,51,1,2014,11,0,0,0,0,0,0,0,0,0,0,0,1,0,0,0,0,0,0,0,0,0,0,0,0,0,0,0,0,0,0,0),(415,104,28,2014,12,1,3,0,1,0,1,1,1,0,0,0,0,1,1,0,3,1,3,1,1,0,0,2,0,1,1,2,1,1,0,1),(416,74,20,2014,12,1,2,1,0,0,0,1,0,0,0,0,1,0,1,1,3,2,0,1,0,0,0,2,0,1,0,0,1,1,0,1),(417,76,13,2014,12,1,1,0,0,0,0,0,1,0,0,0,0,0,0,0,3,1,0,0,1,0,1,2,0,0,2,0,0,0,0,0),(418,99,24,2014,12,0,3,0,0,2,0,0,1,0,1,0,0,2,1,2,4,0,0,1,0,2,0,3,1,0,0,0,0,0,1,0),(419,78,11,2014,12,0,1,0,0,0,0,0,0,0,0,0,0,0,0,0,3,1,0,0,0,1,0,2,0,1,1,0,0,1,0,0),(420,72,13,2014,12,0,1,1,0,0,0,0,0,0,1,0,0,0,0,1,3,0,3,1,0,0,0,2,0,0,0,0,0,0,0,0),(421,109,4,2014,12,0,0,0,0,0,0,0,0,0,0,0,0,1,0,0,0,0,0,1,0,0,0,0,0,0,0,0,0,1,1,0),(422,51,1,2014,12,0,0,0,0,0,0,0,0,0,0,0,0,0,0,0,0,1,0,0,0,0,0,0,0,0,0,0,0,0,0,0),(423,67,1,2014,12,0,0,0,0,0,0,0,0,0,0,0,0,0,0,0,0,0,0,0,0,0,1,0,0,0,0,0,0,0,0,0),(424,99,18,2015,1,1,0,0,0,0,0,2,1,1,0,0,1,1,0,1,1,1,0,0,2,1,1,0,0,0,0,0,2,1,0,1),(425,104,23,2015,1,0,0,2,4,0,0,1,0,0,1,0,1,0,1,1,0,2,0,0,1,2,0,0,2,1,0,0,1,2,0,1),(426,74,8,2015,1,0,0,1,0,0,0,1,0,0,0,0,1,0,1,1,0,1,0,0,0,0,0,0,0,0,0,1,0,1,0,0),(427,76,12,2015,1,0,0,0,0,0,0,1,0,0,0,1,1,1,0,2,1,2,0,2,0,0,0,0,0,0,0,0,0,1,0,0),(428,72,7,2015,1,0,0,0,0,0,0,1,0,0,0,0,0,0,0,1,2,0,0,2,0,0,0,0,0,0,0,0,0,1,0,0),(429,109,8,2015,1,0,0,0,0,0,0,1,0,0,0,0,0,0,0,0,2,1,0,0,0,0,0,0,3,1,0,0,0,0,0,0),(430,78,6,2015,1,0,0,0,0,0,0,0,1,0,0,1,0,0,0,1,0,1,0,0,0,0,0,0,0,0,0,0,1,1,0,0),(431,67,1,2015,1,0,0,0,0,0,0,0,0,1,0,0,0,0,0,0,0,0,0,0,0,0,0,0,0,0,0,0,0,0,0,0),(432,51,1,2015,1,0,0,0,0,0,0,0,0,0,0,0,0,0,0,0,0,0,0,0,0,0,0,0,1,0,0,0,0,0,0,0),(433,99,53,2015,2,1,0,0,3,4,3,3,8,7,0,4,0,1,1,2,0,0,2,2,1,2,2,0,3,1,0,2,1,0,0,0),(434,78,13,2015,2,1,0,0,0,1,1,1,0,1,0,0,0,0,0,0,0,1,3,0,0,0,0,2,0,1,0,0,1,0,0,0),(435,72,9,2015,2,1,0,0,0,0,0,1,0,1,0,0,0,0,0,0,1,0,1,0,0,0,1,1,0,1,0,1,0,0,0,0),(436,74,15,2015,2,1,2,0,0,1,1,1,0,1,0,0,0,0,1,0,0,0,1,0,0,2,1,1,0,1,1,0,0,0,0,0),(437,76,12,2015,2,1,0,1,0,1,0,0,0,1,0,0,0,0,1,2,0,0,1,0,0,0,1,1,0,2,0,0,0,0,0,0),(438,104,27,2015,2,1,0,0,0,1,0,3,1,1,0,1,0,1,1,0,0,1,2,1,0,2,1,6,1,1,0,0,2,0,0,0),(439,109,4,2015,2,0,0,0,0,1,0,0,0,0,0,0,1,1,0,0,0,0,0,0,0,0,0,0,0,0,0,0,1,0,0,0),(440,76,18,2015,3,2,0,0,1,0,0,0,0,0,0,1,1,0,1,0,0,1,1,1,2,1,1,1,1,0,0,2,0,0,1,0),(441,104,32,2015,3,0,1,2,1,2,0,1,0,2,1,1,1,0,2,0,1,2,0,1,2,3,3,1,1,0,0,2,1,1,0,0),(442,99,27,2015,3,0,1,2,3,2,0,0,0,0,1,2,2,0,1,2,1,1,1,1,1,0,1,0,1,1,0,2,1,0,0,0),(443,78,15,2015,3,0,0,1,1,0,0,0,0,0,0,1,1,0,1,0,0,2,1,1,1,0,1,0,1,0,0,1,1,0,0,1),(444,74,22,2015,3,0,0,2,1,0,0,0,0,0,0,3,1,0,1,0,1,1,0,2,1,0,2,1,1,0,0,1,1,2,0,1),(445,72,12,2015,3,0,0,0,1,0,0,0,0,0,0,1,1,0,1,0,0,1,0,2,1,0,1,0,1,0,0,1,1,0,0,0),(446,109,3,2015,3,0,0,0,0,0,0,0,0,0,0,0,1,0,0,0,0,0,0,1,0,0,0,0,0,0,0,0,1,0,0,0),(447,104,33,2015,4,2,1,2,2,2,2,1,1,0,4,1,1,0,1,1,0,1,3,1,1,0,0,1,2,1,2,0,0,0,0,0),(448,74,40,2015,4,2,1,3,1,2,2,3,1,1,5,1,2,3,2,0,3,0,1,1,0,0,1,0,3,0,2,0,0,0,0,0),(449,99,82,2015,4,1,1,2,2,1,2,4,3,3,2,4,6,3,4,4,3,3,2,2,1,1,3,10,3,4,6,2,0,0,0,0),(450,72,18,2015,4,1,0,3,0,1,1,0,1,0,2,0,2,0,1,0,0,0,1,1,0,0,0,0,2,0,2,0,0,0,0,0),(451,76,17,2015,4,1,0,2,0,1,1,0,1,0,2,0,2,0,1,0,0,0,1,1,0,0,0,0,1,0,2,1,0,0,0,0),(452,78,25,2015,4,1,0,2,0,1,3,0,4,0,2,0,2,0,1,1,0,0,1,2,1,0,0,0,1,0,3,0,0,0,0,0),(453,109,6,2015,4,0,0,0,0,0,0,1,0,0,1,0,1,0,0,0,0,1,0,0,0,0,1,0,0,0,1,0,0,0,0,0),(454,67,1,2015,4,0,0,0,0,0,0,0,0,0,0,0,1,0,0,0,0,0,0,0,0,0,0,0,0,0,0,0,0,0,0,0);
/*!40000 ALTER TABLE `stats_notice` ENABLE KEYS */;
UNLOCK TABLES;

--
-- Table structure for table `stats_product`
--

DROP TABLE IF EXISTS `stats_product`;
/*!40101 SET @saved_cs_client     = @@character_set_client */;
/*!40101 SET character_set_client = utf8 */;
CREATE TABLE `stats_product` (
  `id` int(10) unsigned NOT NULL auto_increment,
  `idProduct` int(10) unsigned NOT NULL default '0',
  `hitsCounter` int(10) unsigned NOT NULL default '0',
  `year` int(10) unsigned NOT NULL default '0',
  `month` tinyint(3) unsigned NOT NULL default '0',
  `day_01` int(10) unsigned NOT NULL default '0',
  `day_02` int(10) unsigned NOT NULL default '0',
  `day_03` int(10) unsigned NOT NULL default '0',
  `day_04` int(10) unsigned NOT NULL default '0',
  `day_05` int(10) unsigned NOT NULL default '0',
  `day_06` int(10) unsigned NOT NULL default '0',
  `day_07` int(10) unsigned NOT NULL default '0',
  `day_08` int(10) unsigned NOT NULL default '0',
  `day_09` int(10) unsigned NOT NULL default '0',
  `day_10` int(10) unsigned NOT NULL default '0',
  `day_11` int(10) unsigned NOT NULL default '0',
  `day_12` int(10) unsigned NOT NULL default '0',
  `day_13` int(10) unsigned NOT NULL default '0',
  `day_14` int(10) unsigned NOT NULL default '0',
  `day_15` int(10) unsigned NOT NULL default '0',
  `day_16` int(10) unsigned NOT NULL default '0',
  `day_17` int(10) unsigned NOT NULL default '0',
  `day_18` int(10) unsigned NOT NULL default '0',
  `day_19` int(10) unsigned NOT NULL default '0',
  `day_20` int(10) unsigned NOT NULL default '0',
  `day_21` int(10) unsigned NOT NULL default '0',
  `day_22` int(10) unsigned NOT NULL default '0',
  `day_23` int(10) unsigned NOT NULL default '0',
  `day_24` int(10) unsigned NOT NULL default '0',
  `day_25` int(10) unsigned NOT NULL default '0',
  `day_26` int(10) unsigned NOT NULL default '0',
  `day_27` int(10) unsigned NOT NULL default '0',
  `day_28` int(10) unsigned NOT NULL default '0',
  `day_29` int(10) unsigned NOT NULL default '0',
  `day_30` int(10) unsigned NOT NULL default '0',
  `day_31` int(10) unsigned NOT NULL default '0',
  PRIMARY KEY  (`id`),
  KEY `id` (`id`)
) ENGINE=InnoDB DEFAULT CHARSET=utf8;
/*!40101 SET character_set_client = @saved_cs_client */;

--
-- Dumping data for table `stats_product`
--

LOCK TABLES `stats_product` WRITE;
/*!40000 ALTER TABLE `stats_product` DISABLE KEYS */;
/*!40000 ALTER TABLE `stats_product` ENABLE KEYS */;
UNLOCK TABLES;

--
-- Table structure for table `stats_sound`
--

DROP TABLE IF EXISTS `stats_sound`;
/*!40101 SET @saved_cs_client     = @@character_set_client */;
/*!40101 SET character_set_client = utf8 */;
CREATE TABLE `stats_sound` (
  `id` int(10) unsigned NOT NULL auto_increment,
  `idSound` int(10) unsigned NOT NULL default '0',
  `hitsCounter` int(10) unsigned NOT NULL default '0',
  `year` int(10) unsigned NOT NULL default '0',
  `month` tinyint(3) unsigned NOT NULL default '0',
  PRIMARY KEY  (`id`),
  KEY `id` (`id`)
) ENGINE=InnoDB DEFAULT CHARSET=utf8;
/*!40101 SET character_set_client = @saved_cs_client */;

--
-- Dumping data for table `stats_sound`
--

LOCK TABLES `stats_sound` WRITE;
/*!40000 ALTER TABLE `stats_sound` DISABLE KEYS */;
/*!40000 ALTER TABLE `stats_sound` ENABLE KEYS */;
UNLOCK TABLES;

--
-- Table structure for table `stats_user_mailing`
--

DROP TABLE IF EXISTS `stats_user_mailing`;
/*!40101 SET @saved_cs_client     = @@character_set_client */;
/*!40101 SET character_set_client = utf8 */;
CREATE TABLE `stats_user_mailing` (
  `id` int(10) unsigned NOT NULL auto_increment,
  `idStatsMailing` int(10) unsigned NOT NULL default '0',
  `idRegisteredUser` int(10) unsigned NOT NULL default '0',
  `hitsCounter` int(10) unsigned NOT NULL default '0',
  `clicksCounter` int(10) unsigned NOT NULL default '0',
  `linksSet` text NOT NULL,
  `firstDate` datetime default NULL,
  `lastDate` datetime default NULL,
  PRIMARY KEY  (`id`),
  KEY `id` (`id`)
) ENGINE=InnoDB DEFAULT CHARSET=utf8;
/*!40101 SET character_set_client = @saved_cs_client */;

--
-- Dumping data for table `stats_user_mailing`
--

LOCK TABLES `stats_user_mailing` WRITE;
/*!40000 ALTER TABLE `stats_user_mailing` DISABLE KEYS */;
/*!40000 ALTER TABLE `stats_user_mailing` ENABLE KEYS */;
UNLOCK TABLES;

--
-- Table structure for table `stats_video`
--

DROP TABLE IF EXISTS `stats_video`;
/*!40101 SET @saved_cs_client     = @@character_set_client */;
/*!40101 SET character_set_client = utf8 */;
CREATE TABLE `stats_video` (
  `id` int(10) unsigned NOT NULL auto_increment,
  `idVideo` int(10) unsigned NOT NULL default '0',
  `hitsCounter` int(10) unsigned NOT NULL default '0',
  `year` int(10) unsigned NOT NULL default '0',
  `month` tinyint(3) unsigned NOT NULL default '0',
  PRIMARY KEY  (`id`),
  KEY `id` (`id`)
) ENGINE=InnoDB DEFAULT CHARSET=utf8;
/*!40101 SET character_set_client = @saved_cs_client */;

--
-- Dumping data for table `stats_video`
--

LOCK TABLES `stats_video` WRITE;
/*!40000 ALTER TABLE `stats_video` DISABLE KEYS */;
/*!40000 ALTER TABLE `stats_video` ENABLE KEYS */;
UNLOCK TABLES;

--
-- Table structure for table `tariff`
--

DROP TABLE IF EXISTS `tariff`;
/*!40101 SET @saved_cs_client     = @@character_set_client */;
/*!40101 SET character_set_client = utf8 */;
CREATE TABLE `tariff` (
  `id` int(10) unsigned NOT NULL auto_increment,
  `name` varchar(255) NOT NULL,
  `creation_date` datetime NOT NULL,
  `modification_date` datetime default NULL,
  `active` tinyint(3) unsigned NOT NULL default '0',
  PRIMARY KEY  (`id`)
) ENGINE=InnoDB DEFAULT CHARSET=utf8;
/*!40101 SET character_set_client = @saved_cs_client */;

--
-- Dumping data for table `tariff`
--

LOCK TABLES `tariff` WRITE;
/*!40000 ALTER TABLE `tariff` DISABLE KEYS */;
/*!40000 ALTER TABLE `tariff` ENABLE KEYS */;
UNLOCK TABLES;

--
-- Table structure for table `tariff_products`
--

DROP TABLE IF EXISTS `tariff_products`;
/*!40101 SET @saved_cs_client     = @@character_set_client */;
/*!40101 SET character_set_client = utf8 */;
CREATE TABLE `tariff_products` (
  `id` int(10) unsigned NOT NULL auto_increment,
  `id_tariff` int(10) unsigned NOT NULL,
  `id_product` int(10) unsigned NOT NULL,
  `price` float NOT NULL default '0',
  `creation_date` datetime NOT NULL,
  `modification_date` datetime default NULL,
  PRIMARY KEY  (`id`),
  KEY `id_tariff` (`id_tariff`),
  KEY `id_product` (`id_product`),
  CONSTRAINT `tariff_products_ibfk_1` FOREIGN KEY (`id_tariff`) REFERENCES `tariff` (`id`) ON DELETE CASCADE,
  CONSTRAINT `tariff_products_ibfk_2` FOREIGN KEY (`id_product`) REFERENCES `product` (`id`) ON DELETE CASCADE
) ENGINE=InnoDB DEFAULT CHARSET=utf8;
/*!40101 SET character_set_client = @saved_cs_client */;

--
-- Dumping data for table `tariff_products`
--

LOCK TABLES `tariff_products` WRITE;
/*!40000 ALTER TABLE `tariff_products` DISABLE KEYS */;
/*!40000 ALTER TABLE `tariff_products` ENABLE KEYS */;
UNLOCK TABLES;

--
-- Table structure for table `tariff_user_types`
--

DROP TABLE IF EXISTS `tariff_user_types`;
/*!40101 SET @saved_cs_client     = @@character_set_client */;
/*!40101 SET character_set_client = utf8 */;
CREATE TABLE `tariff_user_types` (
  `id` int(10) unsigned NOT NULL auto_increment,
  `id_tariff` int(10) unsigned NOT NULL,
  `id_user_type` int(10) unsigned NOT NULL,
  PRIMARY KEY  (`id`),
  KEY `id_tariff` (`id_tariff`),
  KEY `id_user_type` (`id_user_type`),
  CONSTRAINT `tariff_user_types_ibfk_1` FOREIGN KEY (`id_tariff`) REFERENCES `tariff` (`id`) ON DELETE CASCADE,
  CONSTRAINT `tariff_user_types_ibfk_2` FOREIGN KEY (`id_user_type`) REFERENCES `persona_registrada_tipo` (`id`) ON DELETE CASCADE
) ENGINE=InnoDB DEFAULT CHARSET=utf8;
/*!40101 SET character_set_client = @saved_cs_client */;

--
-- Dumping data for table `tariff_user_types`
--

LOCK TABLES `tariff_user_types` WRITE;
/*!40000 ALTER TABLE `tariff_user_types` DISABLE KEYS */;
/*!40000 ALTER TABLE `tariff_user_types` ENABLE KEYS */;
UNLOCK TABLES;

--
-- Table structure for table `top`
--

DROP TABLE IF EXISTS `top`;
/*!40101 SET @saved_cs_client     = @@character_set_client */;
/*!40101 SET character_set_client = utf8 */;
CREATE TABLE `top` (
  `id` int(10) unsigned NOT NULL auto_increment,
  `tipo` int(11) NOT NULL default '0',
  `idModulo` int(10) unsigned NOT NULL default '0',
  `posicion` int(10) unsigned NOT NULL default '0',
  `idSeccion` int(10) unsigned NOT NULL,
  `fechaBaja` datetime default NULL,
  `fechaAlta` datetime default NULL,
  `parametersValue` text NOT NULL,
  PRIMARY KEY  (`id`),
  KEY `idSeccion` (`idSeccion`),
  CONSTRAINT `top_ibfk_1` FOREIGN KEY (`idSeccion`) REFERENCES `seccion` (`id`) ON DELETE CASCADE
) ENGINE=InnoDB AUTO_INCREMENT=4 DEFAULT CHARSET=utf8;
/*!40101 SET character_set_client = @saved_cs_client */;

--
-- Dumping data for table `top`
--

LOCK TABLES `top` WRITE;
/*!40000 ALTER TABLE `top` DISABLE KEYS */;
INSERT INTO `top` VALUES (2,3,54,2,1,NULL,NULL,''),(3,20,1,3,1,NULL,NULL,'');
/*!40000 ALTER TABLE `top` ENABLE KEYS */;
UNLOCK TABLES;

--
-- Table structure for table `trademarks`
--

DROP TABLE IF EXISTS `trademarks`;
/*!40101 SET @saved_cs_client     = @@character_set_client */;
/*!40101 SET character_set_client = utf8 */;
CREATE TABLE `trademarks` (
  `id` int(10) unsigned NOT NULL auto_increment,
  `name` varchar(255) NOT NULL default '',
  `description` text,
  `image` varchar(255) NOT NULL default '',
  PRIMARY KEY  (`id`),
  KEY `name` (`name`)
) ENGINE=InnoDB DEFAULT CHARSET=utf8;
/*!40101 SET character_set_client = @saved_cs_client */;

--
-- Dumping data for table `trademarks`
--

LOCK TABLES `trademarks` WRITE;
/*!40000 ALTER TABLE `trademarks` DISABLE KEYS */;
/*!40000 ALTER TABLE `trademarks` ENABLE KEYS */;
UNLOCK TABLES;

--
-- Table structure for table `type`
--

DROP TABLE IF EXISTS `type`;
/*!40101 SET @saved_cs_client     = @@character_set_client */;
/*!40101 SET character_set_client = utf8 */;
CREATE TABLE `type` (
  `id` int(10) unsigned NOT NULL auto_increment,
  `valuesTableName` varchar(255) default NULL,
  `name` varchar(255) default NULL,
  `template` text,
  `templateProd` text,
  `description` text,
  PRIMARY KEY  (`id`)
) ENGINE=InnoDB DEFAULT CHARSET=utf8;
/*!40101 SET character_set_client = @saved_cs_client */;

--
-- Dumping data for table `type`
--

LOCK TABLES `type` WRITE;
/*!40000 ALTER TABLE `type` DISABLE KEYS */;
/*!40000 ALTER TABLE `type` ENABLE KEYS */;
UNLOCK TABLES;

--
-- Table structure for table `user_favorite_notices`
--

DROP TABLE IF EXISTS `user_favorite_notices`;
/*!40101 SET @saved_cs_client     = @@character_set_client */;
/*!40101 SET character_set_client = utf8 */;
CREATE TABLE `user_favorite_notices` (
  `id` int(10) unsigned NOT NULL auto_increment,
  `id_registered_user` int(10) unsigned NOT NULL,
  `id_row` int(11) NOT NULL default '-1',
  `title` varchar(255) NOT NULL default '',
  `category` varchar(255) NOT NULL default '',
  `origen` varchar(255) NOT NULL default '',
  `link` varchar(255) NOT NULL default '',
  `date_add` datetime NOT NULL default '0000-00-00 00:00:00',
  `date_publish_notice` datetime NOT NULL default '0000-00-00 00:00:00',
  PRIMARY KEY  (`id`),
  KEY `id_row` (`id_row`),
  KEY `id_registered_user` (`id_registered_user`),
  CONSTRAINT `user_favorite_notices_ibfk_1` FOREIGN KEY (`id_registered_user`) REFERENCES `persona_registrada` (`id`) ON DELETE CASCADE
) ENGINE=InnoDB DEFAULT CHARSET=utf8;
/*!40101 SET character_set_client = @saved_cs_client */;

--
-- Dumping data for table `user_favorite_notices`
--

LOCK TABLES `user_favorite_notices` WRITE;
/*!40000 ALTER TABLE `user_favorite_notices` DISABLE KEYS */;
/*!40000 ALTER TABLE `user_favorite_notices` ENABLE KEYS */;
UNLOCK TABLES;

--
-- Table structure for table `usersTargetMarketing`
--

DROP TABLE IF EXISTS `usersTargetMarketing`;
/*!40101 SET @saved_cs_client     = @@character_set_client */;
/*!40101 SET character_set_client = utf8 */;
CREATE TABLE `usersTargetMarketing` (
  `id` int(10) unsigned NOT NULL auto_increment,
  `idObject` int(10) unsigned NOT NULL,
  `type` tinyint(3) unsigned NOT NULL,
  `idUserReceiver` int(10) unsigned NOT NULL,
  `idOwner` int(11) NOT NULL,
  PRIMARY KEY  (`id`),
  KEY `idUserReceiver` (`idUserReceiver`),
  CONSTRAINT `usersTargetMarketing_ibfk_1` FOREIGN KEY (`idUserReceiver`) REFERENCES `persona_registrada` (`id`) ON DELETE CASCADE
) ENGINE=InnoDB DEFAULT CHARSET=utf8;
/*!40101 SET character_set_client = @saved_cs_client */;

--
-- Dumping data for table `usersTargetMarketing`
--

LOCK TABLES `usersTargetMarketing` WRITE;
/*!40000 ALTER TABLE `usersTargetMarketing` DISABLE KEYS */;
/*!40000 ALTER TABLE `usersTargetMarketing` ENABLE KEYS */;
UNLOCK TABLES;

--
-- Table structure for table `valor`
--

DROP TABLE IF EXISTS `valor`;
/*!40101 SET @saved_cs_client     = @@character_set_client */;
/*!40101 SET character_set_client = utf8 */;
CREATE TABLE `valor` (
  `id` int(10) unsigned NOT NULL auto_increment,
  `texto` text,
  `imagen` varchar(255) default NULL,
  `idNoticia` int(10) unsigned NOT NULL,
  `idCampo` int(11) NOT NULL,
  PRIMARY KEY  (`id`),
  KEY `texto` (`texto`(255)),
  KEY `idNoticia` (`idNoticia`),
  KEY `idCampo` (`idCampo`),
  CONSTRAINT `valor_ibfk_1` FOREIGN KEY (`idNoticia`) REFERENCES `noticia` (`id`) ON DELETE CASCADE
) ENGINE=InnoDB AUTO_INCREMENT=456 DEFAULT CHARSET=utf8;
/*!40101 SET character_set_client = @saved_cs_client */;

--
-- Dumping data for table `valor`
--

LOCK TABLES `valor` WRITE;
/*!40000 ALTER TABLE `valor` DISABLE KEYS */;
INSERT INTO `valor` VALUES (1,'Lorem Ipsum is simply dummy text of the printing and typesetting industry. ','',1,13),(2,'','',1,14),(3,'Lorem Ipsum is simply dummy text of the printing and typesetting industry. Lorem Ipsum has been the industry\'s standard dummy text ever since the 1500s, when an unknown printer took a galley of type and scrambled it to make a type specimen book. It has survived not only five centuries, but also the leap into electronic typesetting, remaining essentially unchanged. It was popularised in the 1960s with the release of Letraset sheets containing Lorem Ipsum passages, and more recently with desktop publishing software like Aldus PageMaker including versions of Lorem Ipsum.<br />\r\n<br />\r\nLorem Ipsum is simply dummy text of the printing and typesetting industry. Lorem Ipsum has been the industry\'s standard dummy text ever since the 1500s, when an unknown printer took a galley of type and scrambled it to make a type specimen book. It has survived not only five centuries, but also the leap into electronic typesetting, remaining essentially unchanged. It was popularised in the 1960s with the release of Letraset sheets containing Lorem Ipsum passages, and more recently with desktop publishing software like Aldus PageMaker including versions of Lorem Ipsum.','',1,15),(4,'|','2009/12/head_menu_instituto.jpg',2,39),(5,'|','2009/12/head_menu_que_hacemos.jpg',3,39),(6,'|','2009/12/head_menu_parejas.jpg',4,39),(7,'|','2009/12/head_menu_parejas.jpg',5,39),(8,'|','2009/12/head_menu_donates.jpg',6,39),(9,'|','2009/11/logo_anacer.jpg',7,39),(10,'http://www.institutocefer.com/it/consultazione-on-line.php|_self','2013/03/portada_formularioit.jpg',8,39),(11,'http://www.institutocefer.com/it/donatore-di-sperma-anonimo.php|_self','2010/04/1_eterologa.jpg',9,39),(12,'http://www.institutocefer.com/it/dgp.php|_self','2010/04/2_dpg.jpg',10,39),(13,'http://www.institutocefer.com/it/ovodonazione.php|_self','2010/04/3_eterologa.jpg',11,39),(14,'https://soporte.institutocefer.com/|_self','2009/11/area_pacientes.jpg',12,39),(15,'https://soporte.institutocefer.com/staff|_self','2009/11/area_profesional.jpg',13,39),(16,'http://www.institutocefer.com/it/consultazione-on-line.php|_self','2009/12/contactar_consulta.jpg',14,39),(17,'http://www.institutocefer.com/it/richiedi-un-appuntamento.php|_self','2010/02/contactar_cita.jpg',15,39),(18,'http://www.institutocefer.com/it/che-cosa-devo-fare.php|_self','2009/12/contactar_que_hacer.jpg',16,39),(19,'http://www.institutocefer.com/it/cefer-su-GoogleMaps.php|_self','2009/12/contactar_google.jpg',17,39),(20,'|','2013/05/dr_simom_marina3.jpg',18,2),(21,'Benvenuto a l\'istituto Cefer',NULL,18,3),(22,'&#160;',NULL,18,4),(23,'L\'Istituto di Riproduzione CEFER si dedica allo studio e trattamento della sterilità, che ha un versante umano importante. Il nostro obbiettivo è di offrire un trattamento cordiale e fornire alla coppia tutte le informazioni richieste, in modo completo. È importante che la coppia si senta a proprio agio con il personale con cui si relaziona per poter approfondire con più efficacia il problema e la soluzione che propone la nostra equipe medica.<br />\r\n<br />\r\nÈ noto che il 15% delle coppie ha problemi di fertilità.<br />\r\n<br />\r\nIn un 30% approssimativo di queste coppie, il problema è della donna. In un altro 30% è un problema dell&#8217;uomo e nel terzo restante entrambi i membri della coppia presentano difficoltà o il problema è d&#8217;origine sconosciuta. Per questo la coppia deve essere studiata e trattata come un&#8217;unità: l&#8217;uomo e la donna. <br />\r\nLa diagnosi ed il trattamento della sterilità richiedono uno studio integrale della coppia, esigendo la partecipazione di professionisti in diverse discipline con un obbiettivo comune. L&#8217;equipe dell&#8217;Istituto CEFER è formato da più di 60 professionisti tra andrologi, ginecologi, citogenetisti, biologi, urologi e personale ausiliario in grado di attendere al lato umano e scientifico di cui ha necessità ogni coppia (o donna).<br />\r\n<br />\r\nLa nostra struttura organizzativa ci permette di attendere, senza necessità di spostarsi in un altro centro, al 100% dei requisiti diagnostici e terapeutici.<br />\r\n<br />\r\nIl centro dispone di tutte le tecniche d&#8217;applicazione clinica, tanto diagnostiche che terapeutiche: studi andrologici e ginecologici, citogenetici, analisi del seme, Inseminazione Artificiale (IA), Fecondazione In Vitro (FIV), tecnica di microiniezione spermatica (ICSI), ecclosione assistita (hatching), Banca del seme, Banca degli Ovuli e Banca degli Embrioni, selezione del sesso (entro i limiti di legge), diagnosi genetica dell&#8217;embrione prima del transfer nell&#8217;utero (Diagnosi Genetica Preimpianto (DGP), studi dei cromosomi degli spermatozoi (tecnica del FISH), studi cromosomici meiotici in biopsia del testicolo. Riproduzione Assistita in persone o coppie sieropositive all&#8217;HIV (virus dell&#8217;AIDS) o virus dell&#8217;epatite C.',NULL,18,5),(24,'|','2009/11/hisoria_y_experiencia.jpg',19,6),(25,'Storia e esperienza di l\'istituto Cefer',NULL,19,7),(26,'',NULL,19,8),(27,'<strong>L&#8217;Istituto di Riproduzione CEFER è un centro medico privato interdisciplinare dedicato allo studio ed al trattamento di problemi legati alla Riproduzione Umana. </strong><br />\r\n<br />\r\nHa iniziato la sua attività nel 1977, organizzando la prima Banca del Seme di Spagna.<br />\r\n<br />\r\nNel 1982 ha cominciato ad eseguire la Fecondazione In Vitro (FIV), ed è un centro pioniere in questa tecnica.<br />\r\n<br />\r\nNel 1993 già contava con un programma di donazione di ovuli in funzione.<br />\r\n<br />\r\nLo stesso anno s&#8217;iniziarono i lavaggi di seme proveniente da uomini sieropositivi al virus dell&#8217;HIV (virus dell&#8217;AIDS) finalizzati a conseguire una gravidanza senza rischio di contagio per il partner. L&#8217;Istituto di Riproduzione CEFER è stato il primo in Spagna ed il secondo a livello mondiale nello sviluppare questa tecnica.<br />\r\n<br />\r\nNel 1999 il Dott. Simón Marina pubblicò la prima opera a livello mondiale su un metodo semplice per ottenere spermatozoi in uomini paraplegici che non eiaculano.<br />\r\n<br />\r\nAlla fine del 2001, l&#8217;Istituto di Riproduzione CEFER organizzò la prima Banca di ovuli di Spagna.<br />\r\n<br />\r\nGli studi dei cromosomi meiotici in collaborazione con la Dott.ssa Egozcue e l&#8217;applicazione sistematica della tecnica del FISH sugli spermatozoi per sapere se il loro contenuto cromosomico sia corretto o meno, sono altri aspetti di rilievo nel lavoro quotidiano dell&#8217;Istituto CEFER.<br />\r\n<br />\r\nLa generalizzazione della tecnica FIV- ICSI e la disponibilità di una Banca di Embrioni sono altri fatti che garantiscono l&#8217;esperienza del l&#8217;Istituto CEFER nel campo della Riproduzione Umana.',NULL,19,9),(28,'|',NULL,20,6),(29,'10 motivi per venire a Cefer',NULL,20,7),(30,'&#160;',NULL,20,8),(31,'<ol>\r\n    <li><strong>Perché è un centro pioniere</strong>\r\n    <ol>\r\n        <li>Ha iniziato la sua attività nel 1977, organizzando la prima Banca del Seme di Spagna.</li>\r\n        <li>Pioniere nella Fecondazione In Vitro (FIV).</li>\r\n        <li>Pioniere nel lavaggio del seme in uomini sieropositivi al HIV (virus del l\'AIDS) e HCV (virus del l\'epatite C).</li>\r\n        <li>Primo centro ad ottenere spermatozoidi mediante massaggio prostatico in pazienti con paraplegia che non eiaculano.</li>\r\n        <li>Primo centro in Spagna a conseguire la nascita di un bimbo a partire da ovuli previamente congelati.<br />\r\n        &#160;</li>\r\n    </ol>\r\n    </li>\r\n    <li><strong>Perché si occupa dello studio del maschio.</strong><br />\r\n    Nel l\'Istituto di Riproduzione CEFER si tratta la coppia come una unità riproduttiva. Il paziente non è il seme, ma luomo.   <br />\r\n    &#160;</li>\r\n    <li><strong>Perché non cè lista dattesa</strong>, né per ottenere un appuntamento né per effettuare qualsiasi trattamento.<br />\r\n    &#160;</li>\r\n    <li><strong>Perché rimane aperto per tutto l\'anno</strong> in modo che si possa ricevere attenzioni mediche durante i periodi di ferie.<br />\r\n    &#160;</li>\r\n    <li><strong>Perché viene rispettata la sua opinione</strong> per quanto riguarda la tecnica da utilizzare, se ci sono diverse opzioni possibili.<br />\r\n    &#160;</li>\r\n    <li><strong>Perché in tutti i casi di Fecondazione in Vitro (FIV) si esegue con microiniezione spermatica (ICSI).</strong><br />\r\n    &#160;</li>\r\n    <li><strong>Perché si garantisce il trattamento corretto seguito dalla donatrice di ovuli:</strong> Le si pone il trattamento proprio nello stesso Istituto CEFER.<br />\r\n    &#160;</li>\r\n    <li><strong>Perché gli/le donatori/donatrici vengono sottoposti alle più strette e complete indagini mediche</strong> per accertare eventuali alterazioni cliniche, cromosomiche o genetiche.<br />\r\n    &#160;</li>\r\n    <li><strong>Perché le indagini mediche richieste ai nostri pazienti si effettuano nei nostri propri laboratori.</strong>   <br />\r\n    &#160;</li>\r\n    <li><strong>Per la cura personalizzata</strong> che si da ad ogni coppia o donna.</li>\r\n</ol>',NULL,20,9),(32,'|','2009/11/director_de_cefer.jpg',21,2),(33,'Dott. Simón Marina Avendaño',NULL,21,3),(34,'',NULL,21,4),(35,'&#8226; Laureato in Medicina e Chirurgia presso l&#8217;Università di Siviglia. &#8226; Specialista in Endocrinologia presso l&#8217;Università di Barcellona. &#8226; Formazione realizzata presso i seguenti centri: Centro di Ricerca sulla Riproduzione (Buenos Aires); Houston Fertility Institute (Texas); Cornell Medical Center di New York; reparto di ginecologia dell&#8217;Università di Kiel (Germania); Eastern Virginia Medical School (Norfolk, Virginia). &#8226; Collaboratore ed editore di diverse pubblicazioni nazionali ed internazionali. e Presidente dell&#8217;Associazione Spagnola di Andrologia (ASESA) dal 1985 al 1989.&#8226; Organizzatore del primo banco del seme della Spagna nel 1977. &#8226; Direttore dell&#8217;Instituto de ReproducciónCEFER.&#8226; Rappresentante della Spagna nell&#8217;Executive Council dell&#8217;International Society of Andrology  &#8226; In diverse occasioni Premio EDIMSA come medico dell&#8217;anno.',NULL,21,5),(36,'|','2009/11/davidmarina.gif',22,2),(37,'Dott. David Marina Roncero&#160;',NULL,22,3),(38,'',NULL,22,4),(39,'&#8226;  Laureato in Medicina presso l&#8217;Università di Lleida nell&#8217;anno 2000. &#8226;  Formazione presso l&#8217;Unità di Riproduzione Umana dell&#8217;Ospedale Universitario della Santa Creu i Sant Pau di Barcellona nel 2003.&#8226;  Pratiche nella Bourn Hall Clinic di Cambridge nel 2004.',NULL,22,5),(40,'|','2009/11/fernando_marina.jpg',23,2),(41,'Dott. Fernando Marina Rugero&#160;',NULL,23,3),(42,'',NULL,23,4),(43,'&#8226;  Dottore cum laude in Scienze Biologiche presso l&#8217;Università Autonoma di Barcellona (UAB) nell&#8217;anno 2001. &#8226;  Formazione in tecniche di ICSI presso il Center for Reproductive Medicine, Free University Hospital di Bruxelles e la Schoysman Infertility Management Foundation, van Helmont Hospital di Vilvoorde nel 1994. &#8226;  Formazione in laboratorio di Embriología nel Cornell University Medical Center-New York Hospital. Department of Obstetrics and Gynecology, The Center for Reproductive Medicine and Infertility di New York nel 1995. &#8226;  Ha presentato più di 130 comunicazioni a congressi nazionali ed internazionali e ha pubblicato 40 articoli in riviste scientifiche specializzate.',NULL,23,5),(44,'|','2009/11/inmaculada_jove.jpg',24,2),(45,'Dott.ssa Immaculada Jové i Alegre&#160;',NULL,24,3),(46,'',NULL,24,4),(47,'&#8226;  Laureata in Medicina e Specialista in Ostetricia e Ginecologia presso l&#8217;Università Autonoma di Barcellona. &#8226;  Dottoressa cum laude in Medicina presso l&#8217;Università di Barcellona. &#8226;  Ginecologa collaboratrice dell&#8217;Unità di Fertilizzazione Assistita del Reparto di Ostetricia e Ginecologia dell&#8217;Hospital Clínic di Barcellona dal 1987 al 1992. &#8226;  Ginecologa responsabile del Reparto di Sterilità di Ginemedex, TCB ed EMECE di Barcellona dal 1992 al 2000. &#8226;  Ginecologa dell&#8217;Instituto de Reproducción CEFER di Barcellona dal 2000.',NULL,24,5),(48,'|','2009/11/xavier_garcia.jpg',25,2),(49,'Dott. Xavier García-Parra Rodríguez',NULL,25,3),(50,'',NULL,25,4),(51,'&#8226;  Laureato in Medicina e Chirurgia presso l&#8217;Università Autonoma di Barcellona. &#8226;  Specialista in Ostetricia e Ginecologia presso l&#8217;Institut Dexeus di Barcellona. &#8226;  Diploma Europeo di Endoscopia Ginecologica presso l&#8217;Università di Clermont-Ferrand. &#8226;  Aiuto, specialista in Fertilizzazione Umana presso l&#8217;Instituto de Reproducción CEFER di Barcellona. &#8226;  Le sue pubblicazioni e i suoi studi si sono rivolti all&#8217;ambito delle tecniche di fertilizzazione assistita. Membro della Sociedad Española de Fertilidad. Membro della Sociedad Española de Ginecología y Obstetricia',NULL,25,5),(52,'|','2009/11/susana_egozcue.JPG',26,2),(53,'Dott.ssa Susana Egozcue Vilarasau&#160;',NULL,26,3),(54,'',NULL,26,4),(55,'&#8226; Laurea in Medicina e Chirurgia presso l\'Università Autonoma di Barcellona. &#8226; Specialista in Genetica Clinica del Ramon y Cajal Hospital (Madrid). &#8226; Specialista in Andrologia Puigvert dalla Fondazione di Barcellona. &#8226; Direttore della Egozcue Genetica: Laboratorio di Genetica (lo studio della meiosi nella biopsia testicolare). &#8226; Autore di numerosi articoli e presentazioni scientifiche in riviste mediche, meeting e congressi nazionali ed internazionali.',NULL,26,5),(60,'|','2015/01/dra_flor_molfino2.jpg',28,2),(61,'Dott.ssa Flor Molfino',NULL,28,3),(62,'&#160;',NULL,28,4),(63,'<p class=\"MsoNormal\"><span lang=\"IT\" style=\"mso-bidi-font-size:\r\n13.0pt;font-family:&quot;Arial&quot;,&quot;sans-serif&quot;;color:#666666\">La Dottoressa Molfino Florencia si è laureata in Medicina nel 1996. Ha finito la suaspecialità in Ginecologia e Ostetrizia, presso l&#8217; Università di Buenos Aires nel 2001. Nel 2002 fu Capa dei Tirocinanti in Ginecologia nell&#8217;Ospedale B. Houssay, Bs. As. Ha fatto la sua formazione nell&#8217;area di Medicina della Riproduzione nell&#8217;Ospedale Vall d&#180;Hebron, Barcelona, tra 2002-2005. FECUNMED. Medicina dellaRiproduzione (Marzo 2006 &#8211; Marzo 2008). <a href=\"http://www.institutocefer.com/\"><span style=\"color:#666666;text-decoration:none;text-underline:none\">CEFER</span></a>. Medicina della Riproduzione (Marzo 2008 fino adesso). È membro delle societàs cientifiche <a href=\"http://nuevo.sefertilidad.com/index.php\"><span style=\"color:#666666;\r\ntext-decoration:none;text-underline:none\">SEF</span></a> y <a href=\"http://www.eshre.eu/01/default.aspx&#63;pageid=3\"><span style=\"color:#666666;\r\ntext-decoration:none;text-underline:none\">ESHRE</span></a>. Il suo interes se particolare e le sue pubblicazioni vanno indirizzate allo studio e trattamento del sindrome di ovaia policistico, allo sviluppo di nuove tecniche di ricerca di stimolazione ovarica per FIV/ICSI nelle donne con una bassa risposta, alla sicurezzae dall&#8217;efficacia dei trattamenti di riproduzione nelle donne più grandi di 50 annied al miglioramento della divulgazione scientifica e della comunicazione con le pazienti.<o:p></o:p></span></p>',NULL,28,5),(64,'|','2009/11/dr_francisco_sanchez.JPG',29,2),(65,'Dott. Francisco Sánchez Ballester',NULL,29,3),(66,'',NULL,29,4),(67,'&#8226; Corso di laurea di Medicina e Chirurgia presso l\'Università di Valencia nel 1998. &#8226; Dottorato e di Progetto di ricerca in chirurgia e la sua specialità, con un punteggio di Eccellente presso l\'Università di Valencia nel 2002. &#8226; Diploma di Studi Avanzati (DEA) con un rating di ottimi presso l\'Università di Valencia nel 2002. &#8226; Specialista in Urologia e Andrologia dal Consorcio Hospital General Universitario de Valencia, Universidad de Valencia nel 2005. &#8226; Borsa di studio per la formazione del reparto di urologia al Jackson Memorial Hospital di Miami nel 2004. &#8226; Medico Specialista Servizi del Dipartimento di Urologia del Policlinico Universitario Consorcio de Valencia. &#8226; subspecialist in Human Reproduction in materia di Andrologia in Cefer Riproduzione centro di Valencia. &#8226; Pubblicazione di articoli su riviste scientifiche e autore di numerosi capitoli di libri.',NULL,29,5),(68,'|','2009/11/nuria_galiana.JPG',30,2),(69,'Nuria Galiana',NULL,30,3),(70,'',NULL,30,4),(71,'&#8226; Corso di Laurea in Scienze Biologiche presso l\'Università di Valencia 1999. &#8226; I formazione avanzata nel campo della biologia della riproduzione. Servizio di ginecologia (riproduzione umana) in Andrologia e laboratorio di embriologia presso l\'Ospedale Universitario &quot;La Fe&quot; di Valencia. (Luglio 1999 - dicembre 2000) Biologo &#8226; presso l\'unità di Riproduzione Assistita presso la Clinica Quiron di Valencia. &#8226; Insegnare nel corso V di Andrologia di Riproduzione Assistita. Servizio di Ginecologia presso l\'ospedale &quot;La Fe&quot; di Valencia.',NULL,30,5),(72,'|','2009/11/gema_valls.gif',31,2),(73,'Gema Valls I Ricart',NULL,31,3),(74,'',NULL,31,4),(75,'&#8226; Laurea in Medicina e Chirurgia UAB (Autonoums Università di Barcellona) 1992. &#8226; Specializzato in Ostetricia e Ginecologia UDL (Università di Lleida) 2001. &#8226; Dottorato di elettrolito e disturbi renali (UDL) 1996. &#8226; Membro dell \'Accademia delle Scienze Mediche e la salute della Catalogna e Baleari. (n &#186; 14.852). &#8226; Membro della S.E.G.O. (Società spagnola di ginecologia e ostetricia.). &#8226; S.E.F. (Società spagnola di fertilità). &#8226; Livelli I, II e III di ecografia del SEGO &#8226; Livello di rilevamento prenatale dei difetti congeniti di ecografia (febbraio 2001 - marzo 2002). &#8226; Al momento Master in Human Reproduction. Università Complutense di Madrid - Società spagnola di fertilità.',NULL,31,5),(76,'|','2009/11/xavier_pascual.gif',32,2),(77,'Xavier Pascual García',NULL,32,3),(78,'',NULL,32,4),(79,'&#8226; Corso di Laurea in Medicina e Chirurgia presso l\'Università di Lleida, 1999.Specialized in Urologia presso la Fondazione Puigvert. &#8226; medici associati al servizio di Urologia presso l\'Ospedale Sant \'Joan de Reus\'. &#8226; Al momento, assistente medico presso il Servizio di Urologia presso l\'Ospedale \'Arnau de Vilanova\'. &#8226; Collaboratore presso il Centro Avantmedic, rendendo ecografia di urologia. &#8226; Membro della Società spagnola di Urologia. &#8226; Membro della Società catalana delle Regioni di Urologia. &#8226; Autore di numerose comunicazioni e presentazioni scientifiche a Congressi Nazionali ed Internazionali.',NULL,32,5),(80,'|','2009/11/anabel_carrasco.jpg',33,2),(81,'Anabel Carrasco',NULL,33,3),(82,'',NULL,33,4),(83,'&#8226; Corso di Laurea in Scienze Biologiche e specializzato in Biologia cellulare e genetica presso l\'Università Autonoma di Barcellona nel 2003. &#8226; pratiche in riproduzione assistita e citogenetica, Girona Clinic. &#8226; specialista in Scienze Biologiche Università della riproduzione umana, clinica \'Vistahermosa de Alicante\' nel 2004. &#8226; Embriologia al \'Instituto de Reproducción CEFER\' a partire dal 2004.',NULL,33,5),(84,'|','2010/06/instalacionesbarcelonamini.jpg',34,6),(85,'BARCELLONA TEKNON, UFFICIO 21',NULL,34,7),(86,'',NULL,34,8),(87,'Nella sede situata in calle Marquesa de Vilallonga si realizzano tutti i trattamenti di riproduzione assistita (RA). Il laboratorio di fertilizzazione in vitro si trova in questo luogo. Oltre alle tecniche di RA, vi si realizzano visite ginecologiche e andrologiche. Vi si effettuano anche prelievi del sangue per realizzare le analisi necessarie per i trattamenti.<br />\r\n<br />\r\n<strong>Indirizzo:</strong><br />\r\nC/Marquesa de Vilallonga, 12. Ufficio 21 (08017 Barcellona) Spagna<br />\r\nTel: 932546070. Fax: 932428978',NULL,34,9),(88,'|','2009/11/valero.jpg',35,6),(89,'BARCELLONA VALERO (BANCA DEL SEME)',NULL,35,7),(90,'',NULL,35,8),(91,'La sede situata in calle Valero è quella che ospita la banca del seme. Qui si selezionano i donatori di seme e si congelano i campioni per il loro posteriore uso in trattamenti di RA. La banca del seme venne fondata nell&#8217;anno 1977 e fornisce seme ai centri di fertilizzazione di tutta la Spagna.<br />\r\n<strong><br />\r\nIndirizzo:</strong><br />\r\nC/Valero, 7. Bajos (08021 Barcellona) Spagna<br />\r\nTel: 932404060. Fax: 932428973',NULL,35,9),(92,'|','2009/11/valencia.jpg',36,6),(93,'CEFER VALENZA',NULL,36,7),(94,'',NULL,36,8),(95,'Nella sede  si realizzano tutti i trattamenti di riproduzione assistita (RA). Il laboratorio di fertilizzazione in vitro si trova in questo luogo. Oltre alle tecniche di RA, vi si realizzano visite ginecologiche e andrologiche. Vi si effettuano anche prelievi del sangue per realizzare le analisi necessarie per i trattamenti.<br />\r\n<br />\r\n<strong>Indirizzo: </strong><br />\r\nVicente Ríos Enrique, 7, Campanar (próximo al Hospital 9 de octubre)<br />\r\nTel.: +34 96 347 35 43 - eMail: <a target=\"_self\" href=\"mailto:valencia@institutocefer.com\">valencia@institutocefer.com</a>',NULL,36,9),(96,'|','2010/02/cefer_lleida2.jpg',37,6),(97,'CEFER LLEIDA',NULL,37,7),(98,'',NULL,37,8),(99,'Nella sede si realizzano tutti i trattamenti di riproduzione assistita (RA). Il laboratorio di fertilizzazione in vitro si trova in questo luogo. Oltre alle tecniche di RA, vi si realizzano visite ginecologiche e andrologiche. Vi si effettuano anche prelievi del sangue per realizzare le analisi necessarie per i trattamenti.<br />\r\n<br />\r\n<strong>Indirizzo: </strong><br />\r\nGovernador montcada n&#186; 13, bajos - 25002 Lleida - Spagna<br />\r\nTel. +34 973 27 30 69 - Fax. 973 04 99 35',NULL,37,9),(100,'|','2009/11/investigacion.jpg',38,6),(101,'Obiettivi e Politica della Qualità',NULL,38,7),(102,'',NULL,38,8),(103,'L&#8217;Istituto di Riproduzione CEFER nel suo impegno a dare un servizio di qualità ai pazienti, donatori, collaboratori e alla società in generale, è stato riconosciuto con il marchio di qualità ISO e d&#8217;eccellenza in sanità privata S.E.P. Questi marchi riconoscono un indispensabile lavoro preliminare, che comunque non è mai terminato, o meglio si tratta di un processo aperto di miglioramento continuo. Per questo motivo ci siamo sottoposti ad un processo di auto valutazione, seguendo il modello europeo EFQM.<br />\r\n<br />\r\nL&#8217;Istituto di Riproduzione CEFER si definisce come un&#8217;impresa innovatrice di assistenza medica la cui principale missione consiste nell&#8217;offrire ai pazienti una offerta completa di servizi nel campo della Riproduzione Assistita della migliore qualità possibile.<br />\r\n<ul>\r\n    <li>Migliorare la percentuale dei risultati con il minor sforzo possibile per il paziente e per l&#8217;organizzazione.<br />\r\n    &#160;</li>\r\n    <li>Offrire il miglior servizio, mediante l&#8217;unificazione dei criteri di qualità, con l&#8217;obbiettivo di fidelizzare il paziente.<br />\r\n    &#160;</li>\r\n    <li>La priorità di rispettare la libertà di decisione dei pazienti come criterio etico.<br />\r\n    &#160;</li>\r\n    <li>Personalizzare la cura così come i metodi diagnostici e di trattamenti proposti e realizzati per la migliore attenzione ai pazienti.<br />\r\n    &#160;</li>\r\n    <li>Utilizzare il sistema per ottenere un&#8217;ottima organizzazione e controllo della nostra impresa, con l&#8217;efficienza nell&#8217;adempimento dei compiti e l&#8217;assegnazione chiara delle responsabilità e delle funzioni.<br />\r\n    &#160;</li>\r\n    <li>L&#8217;innovazione continua dei mezzi diagnostici e di trattamento.<br />\r\n    &#160;</li>\r\n    <li>Aumentare la formazione e la motivazione del personale, con il risultato di un miglioramento della soddisfazione del paziente.</li>\r\n</ul>\r\n<br />\r\nPer rendere reali questi valori, la Direzione ha deciso di impiantare il sistema di miglioramento della qualità della sanità privata, il cui riconoscimento si basa nell&#8217;ottenere il marchio SEP ed il certificato internazionale in accordo con le norme ISO 9000. Inoltre il nostro programma di qualità include la valutazione con il Modello Europeo di Eccellenza (EFQM), così come la valutazione con i principali standard sanitari di accreditamento.<br />\r\n<br />\r\nLa Direzione dell&#8217;Istituto di Riproduzione CEFER apporta le risorse necessarie e da impulso alle attività di miglioramento che si presentano, per conseguire gli obbiettivi preposti.',NULL,38,9),(104,'Chromosome aneuploidy rates in cleavage-stage embryos from males with abnormal meiotic segregation.',NULL,39,13),(105,'',NULL,39,14),(106,'Pérez N., Marina F., Fosas N., Alcolea R., Arnedo N. and Marina S.<br />\r\nSixth Internacional Symposium on Preimplantation Genetics.<br />\r\n19-21 Mayo del 2005. London. United Kingdon.',NULL,39,15),(107,'Sperm aneuploidy screening by FISH in 310 infertile men',NULL,40,13),(108,'',NULL,40,14),(109,'Marina, F.; Alcolea, R.; Latre, L.; González, C.; Mateo, S.; Marina, D. Marina, S.<br />\r\nSixth Internacional Symposium on Preimplantation Genetics. <br />\r\n19-21 Mayo del 2005. London. United Kingdon.',NULL,40,15),(110,'Cancellation of ovarian-stimulation cycles performed on not patients egg donors: reasons and costs',NULL,41,13),(111,'',NULL,41,14),(112,'Suñol J., Marina F., Marina D., Garcia J., Hochman M., Jové I., Marina S.<br />\r\n21st Annual Meeting of the European Society of Human Reproduction and Embryology.<br />\r\n19-22 Junio del 2005. Copenhagen, Denmark.',NULL,41,15),(113,'Sperm aneuploidy screening by FISH in 310 infertile men',NULL,42,13),(114,'',NULL,42,14),(115,'Marina, F., Alcolea, R., Latre, L. González, C., Mateo, S., Marina, D., Egozcue, S., Egozcue, J. and Marina, S.<br />\r\n21st Annual Meeting of the European Society of Human Reproduction and Embryology.<br />\r\n19-22 Junio del 2005. Copenhagen, Denmark.<br />\r\n<br />\r\nPubblicazione premio come miglior articolo 2004 del International Journal of Andrology al Congresso Nazionale di Andrologia tenutosi a La Coruña nel 2005:<br />\r\nReproducción Asistida en hombres seropositivos al VIH-1<br />\r\nSimón Marina, Fernando Marina y Ruth Alcolea<br />\r\nInternational Journal of Andrology 2004; 2(1):2-9',NULL,42,15),(116,'|','2009/11/investigacion.jpg',43,6),(117,'Riproduzione Cefer Istituto ha organizzato una Conferenza sulle Tecniche di Riproduzione Assistita',NULL,43,7),(118,'',NULL,43,8),(119,'Giornata sulle Tecniche di Riproduzione Assistita nel l&#8217;Hotel Juan Carlos I. Queste Giornate fanno parte del ciclo di formazione continua che l&#8217;Instituto CEFER offre al proprio personale e collaboratori. Tra i temi trattati, figuravano:<br />\r\n<br />\r\n<strong>&#191;COME MIGLIORARE I RISULTATI CON UNA CORRETTA INDICAZIONE&#63;</strong><br />\r\n<ul>\r\n    <li>Indicazioni ginecologiche di AI e IVF</li>\r\n    <li>Indicazioni maschili di AIC, AID e IVF</li>\r\n    <li>Indicazioni di donazione di ovociti ed embrioni</li>\r\n</ul>\r\n<br />\r\n<strong>CROMOSOMICA STUDIO DELLA COPPIA</strong><br />\r\n<ul>\r\n    <li>Cariotipo</li>\r\n    <li>FISH nello sperma</li>\r\n    <li>La meiosi nel testicolo</li>\r\n</ul>\r\n<br />\r\n<strong>STIMOLAZIONE DELL&#8217;OVULAZIONE PER IVF</strong><br />\r\n<ul>\r\n    <li>Procedura. SO. Coasting</li>\r\n    <li>Antagonisti. Valutazione della riserva ovarica</li>\r\n    <li>Procedura in donna di &gt;37 anni</li>\r\n</ul>\r\n<strong>IL LABORATORIO DI IVF</strong><br />\r\n<ul>\r\n    <li>Controllo di qualità. Condizioni di coltura</li>\r\n    <li>Criteri di selezione embrionaria</li>\r\n    <li>Crioconservazione di ovociti e di embrioni</li>\r\n    <li>Diagnosi Genetica Preimpianto</li>\r\n</ul>\r\n<strong><br />\r\nPREPARAZIONE ENDOMETRIALE E FASE LUTEA</strong><br />\r\n<ul>\r\n    <li>Quando si possono trasferire gli embrioni&#63;</li>\r\n    <li>Procedura e controllo della fase lutea. Aumentare l&#8217;impianto e ridurre la percentuale di aborti.</li>\r\n</ul>\r\n<br />\r\n<strong>GRAVIDANZA MULTIPLA</strong><br />\r\n<ul>\r\n    <li>Numero di embrioni trasferiti. I rischi di gravidanze multiple.</li>\r\n    <li>Reducción embrionaria</li>\r\n</ul>',NULL,43,9),(123,'D&#8217;altro canto, l&#8217;Instituto de Reproducción CEFER ha presentato i seguenti lavori nel corso del 2004:',NULL,44,7),(124,'',NULL,44,8),(125,'<strong>XXV Congreso Nacional de la Sociedad Española de Fertilidad</strong><br />\r\n<strong>(XXV Congresso Nazionale della Società Spagnola di Fertilità)</strong><br />\r\nLa Coruña, 13 &#8211; 15 de Mayo de 2004<br />\r\n-Disomie Gonosomiche<br />\r\nS. Marina, S. Fernández, R. Alcolea, L. Latre y F. Marina<br />\r\n<br />\r\n<strong>XXV Congreso Nacional de la Sociedad Española de Fertilidad</strong><br />\r\nLa Coruña, 13 &#8211; 15 de Mayo de 2004<br />\r\n-Studio citogenetico della meiosi nella biopsia testicolare in 100 pazienti sterili consecutivi<br />\r\nD. Marina, F. Marina, S. Egozcue, J. Egozcue y S. Marina<br />\r\n<br />\r\n<strong>XXV Congreso Nacional de la Sociedad Española de Fertilidad</strong><br />\r\nLa Coruña, 13 &#8211; 15 de Mayo de 2004<br />\r\n-Risultati della IVF in donne di = 40 anni<br />\r\nN. Fosas, F. Marina y S. Marina<br />\r\n<br />\r\n<strong>XXV Congreso Nacional de la Sociedad Española de Fertilidad</strong><br />\r\nLa Coruña, 13 &#8211; 15 de Mayo de 2004<br />\r\nGestazioni nel trasferimento di embrioni di categoria III<br />\r\nN. Fosas, F. Marina y S. Marina<br />\r\n<br />\r\n<strong>XXV Congreso Nacional de la Sociedad Española de Fertilidad</strong><br />\r\nLa Coruña, 13 &#8211; 15 de Mayo de 2004<br />\r\n-ICSI in uomini con HIV<br />\r\nD. Marina, F. Marina, R. Alcolea, R. Expósito y S. Marina<br />\r\n<strong><br />\r\nXXV Congreso Nacional de la Sociedad Española de Fertilidad</strong><br />\r\nLa Coruña, 13 &#8211; 15 de Mayo de 2004<br />\r\n-Inseminazione Artificiale (AI) in caso di uomini con HIV<br />\r\nS. Marina, R. Alcolea, R. Expósito y F. Marina',NULL,44,9),(126,'|','2009/11/investigacion2.jpg',44,6),(127,'|','2009/11/esterilidad_femenina.jpg',45,24),(128,'Sterilità femminile',NULL,45,25),(129,'',NULL,45,26),(130,'',NULL,45,27),(131,'Perché in una donna rimanga incinta in modo naturale si deve verificare una serie di condizioni. In una situazione normale, le ovaie devono produrre ogni mese un ovocita (ovulo) con la maturità e la qualità sufficiente a poter sviluppare un embrione una volta fecondato. Gli spermatozoi devono poter accedere, nel momento opportuno, sino al luogo in cui ha luogo la fertilizzazione: di solito nella parte della tuba più prossima all&#8217;ovaia. Pertanto, non ci devono essere ostacoli fisici, chimici o immunologici che gli impediscano di giungere. Una volta fecondato, l&#8217;ovocita (convertito già in embrione) deve viaggiare attraverso la tuba sino alla cavità uterina, dove ha luogo l&#8217;impianto. L&#8217;embrione si deve impiantare nella mucosa dell&#8217;utero (che si denomina endometrio). L&#8217;endometrio deve avere la preparazione adeguata a permettere l&#8217;impianto e lo sviluppo dell&#8217;embrione. Se tutto il processo funziona correttamente si ha la gravidanza.<br />\r\n<br />\r\nUn&#8217;anomalia in un punto del processo darà luogo alla sterilità. Analizzando i problemi che si possono produrre in ogni punto, avremo i differenti tipi di sterilità di origine femminile:<br />\r\nFattore ovarico.',NULL,45,28),(132,'|','2009/11/esterilidad_femenina2.jpg',45,29),(133,'<strong><br />\r\nDonne senza funcione ovarica: </strong><br />\r\nA volte le ovaie della donna non sono normali, come avviene in qualche anomalia cromosomica. In altre donne le ovaie sono normali, ma cessano di funzionare molto prima di ciò che corrisponderebbe all&#8217;età normale della menopausa (a partire dai 45 anni). Se la mestruazione scompare tra i 40 e i 45 anni, si denomina menopausa precoce. Se ciò avviene prima dei 40 anni si conosce come insufficienza ovarica prematura. La perdita della funzione ovarica può essere dovuta anche a trattamenti medici e chirurgici. Soprattutto in qualche tipo di tumore può essere necessaria l&#8217;estirpazione delle ovaie, nella cosiddetta annessiectomia bilaterale, o l&#8217;inutilizzazione dell&#8217;ovaia mediante radiazioni nella denominata castrazione da radioterapia.',NULL,45,30),(134,'|','2009/11/esterilidad_femenina3.jpg',45,31),(135,'<strong><br />\r\nDonne con funzione ovarica: </strong><br />\r\nA volte, in donne che hanno ancora la mestruazione, la riserva di ovociti di buona qualità dell&#8217;ovaia è praticamente esaurita. Questi casi, che si conoscono con il nome di insufficienza ovarica occulta rispondono male alla stimolazione che si utilizza nel trattamento della sterilità. Un&#8217;altra alterazione del funzionamento dell&#8217;ovaia è la cosiddetta sindrome dell&#8217;ovaia policistica. In queste pazienti c&#8217;è un disturbo ormonale che non permette un&#8217;ovulazione adeguata. In questa patologia ci possono essere lunghi periodi senza sanguinamento mestruale (amenorrea). Questi periodi senza mestruazione si hanno anche in altri disturbi ormonali, come nell&#8217;iperprolattinemia. In questo caso, l&#8217;eccessiva secrezione di un ormone chiamato prolattina, che si produce nell&#8217;ipofisi, è la causa della sterilità. Alcune malattie infiammatorie che colpiscono le ovaie, come l&#8217;endometriosi, possono peggiorare la qualità degli ovociti. L&#8217;endometriosi consiste nella presenza di cellule endometriali (come quelle della mucosa uterina che produce la mestruazione) in sedi diverse dalla cavità uterina. Frequentemente si ha nell&#8217;ovaia, ma si può verificare anche in altre localizzazioni. Produce sanguinamento e infiammazione.<br />\r\nFattore tubarico<br />\r\n<br />\r\nLe tube devono permettere il passaggio degli spermatozoi per fecondare l&#8217;ovocita e, una volta fecondato, devono permettere a questo di giungere sino all&#8217;utero. L&#8217;ostruzione delle tube (ostruzione tubarica) è quindi causa di sterilità. Anche la mancanza di mobilità delle tube per processi aderenziali o infiammatori può essere causa di problemi. La tuba ostruita può, a volte, essere dilatata e contenere liquido. Questa patologia si conosce con il nome di idrosalpinge. Il liquido contenuto, spesso di tipo infiammatorio, può supporre un&#8217;ulteriore difficoltà al conseguimento della gravidanza.<br />\r\nFattore cervicale<br />\r\n<br />\r\nGli spermatozoi giungono all&#8217;utero attraverso il collo dello stesso, anche denominato cervice. Un ambiente ostile, con un muco denso, acido o con presenza di sostanze infiammatorie può impedire il normale accesso degli spermatozoi e impedire la fertilizzazione.<br />\r\nFattore uterino',NULL,45,32),(136,'|','2009/11/esterilidad_femenina4.jpg',45,33),(137,'L&#8217;embrione deve annidare nella mucosa interna dell&#8217;utero (denominata endometrio). Se l&#8217;endometrio non ha raggiunto il grado di sviluppo e di maturazione adeguato, l&#8217;impianto non sarà possibile. La presenza di tumori interni, come polipi o miomi sottomucosi, può essere un altro fattore che ostacoli la gravidanza.<br />\r\nPuò essere causa di sterilità anche la presenza di malformazioni.',NULL,45,34),(138,'|','2009/11/esterilidad_masculina1.jpg',46,24),(139,'Sterilità maschile',NULL,46,25),(140,'',NULL,46,26),(141,'',NULL,46,27),(142,'La fertilità maschile richiede erezione ed eiaculazione normale e che la qualità del seme sia corretta. Secondo l&#8217;O.M.S., l&#8217;uomo fertile, all&#8217;eiaculare durante il coito, deposita nel fondo della vagina almeno 12 milioni di spermatozoi mobili e normali. Le alterazioni che possono provocare la sterilità sono:<br />\r\n<strong><br />\r\nDISFUNZIONE ERETTILE</strong><br />\r\nL&#8217;erezione insufficiente per penetrare la donna provoca sterilità. Se ne deve cercare la causa e, se possibile, trattarla. L&#8217;uso del sildenafil (Viagra) o della prostaglandina E1 (Caverject) costituisce un grande aiuto per risolvere la maggior parte dei problemi di erezione. Se l&#8217;uomo con disfunzione erettile vuole avere figli ed eiacula un seme normale, si effettua l&#8217;Inseminazione Artificiale.<br />\r\n<br />\r\n<strong>ANEIACULAZIONE</strong><br />\r\nL&#8217;assenza di eiaculazione suppone sterilità, dato che l&#8217;uomo che non eiacula non può depositare il seme nella vagina. Le cause più frequenti sono il diabete e le lesioni midollari per incidente che provocano paraplegia. Altre cause sono ormonali o psicologiche. Questi uomini producono spermatozoi, ma non li possono espellere<br />\r\n<br />\r\n<strong>TRATTAMENTO:</strong> <br />\r\nha cura quando la causa è ormonale o psicologica e in qualche caso di causa neurologica. La soluzione più frequente è il ricorso alla Riproduzione Assistita. A tal fine si devono ottenere spermatozoi.<br />\r\n<br />\r\n<strong>I metodi sono:</strong><br />\r\na) elettroeiaculazione che richiede ricovero in clinica e anestesia generale. <br />\r\nb) vibrostimolazione che può dare rush d&#8217;ipertensione. <br />\r\nc) estrazione di spermatozoi dal testicolo mediante biopsia e <br />\r\nd) massaggio prostatico. Quest&#8217;ultimo è il metodo sviluppato nell&#8217;Istituto CEFER e il più semplice.<br />\r\n<br />\r\n<strong>TRATTAMENTO: </strong><br />\r\nla tecnica di Riproduzione Assistita che si applica dipende dalla qualità spermatica ottenuta: Inseminazione Artificiale, Fertilizzazione In Vitro o ICSI.',NULL,46,28),(143,'|','2009/11/esterilidad_masculina2.jpg',46,29),(144,'<strong><br />\r\n</strong><strong>AZOOSPERMIA</strong><br />\r\nAssenza di spermatozoi nel seme. È di due tipi:<br />\r\n<strong><br />\r\nAZOOSPERMIA SECRETIVA</strong><br />\r\n&#8220;non si producono spermatozoi nei testicoli&#8221;. In questo gruppo le cause più frequenti sono: cromosomica o genetica, criptorchidismo (i testicoli non sono discesi nella borsa scrotale), orchite (infezioni testicolari come nel caso degli orecchioni), deficit ormonali, radioterapia o chemioterapia.<br />\r\n<strong><br />\r\nTRATTAMENTO:</strong><br />\r\nsolo quando l&#8217;azooospermia è dovuta a deficit degli ormoni FSH e LH. Alcuni pazienti azoospermici conservano zone dei testicoli con spermatozoi che si possono estrarre per la Fertilizzazione In Vitro con ICSI.',NULL,46,30),(145,'|','2009/11/esterilidad_masculina3.jpg',46,31),(146,'<strong><br />\r\nAZOOSPERMIA OSTRUTTIVA</strong><br />\r\nSi producono spermatozoi nei testicoli, ma i condotti che uniscono i testicoli al pene sono ostruiti. Le cause più frequenti sono: assenza congenita di dotti deferenti (presente in pazienti affetti da fibrosi cistica), infezioni dei dotti seminali che, al cicatrizzarsi, li ostruiscono, sezione dei dotti deferenti, vasectomia o complicazione chirurgica di un&#8217;ernia inguinale.<br />\r\n<br />\r\n<strong>TRATTAMENTO: </strong><br />\r\nchirurgia riparatrice o Fertilizzazione In Vitro con ICSI. Quest&#8217;ultima è più efficace.<br />\r\n<strong><br />\r\nOLIGO-ASTENO-ZOOSPERMIA</strong><br />\r\nDiminuzione del numero e della mobilità degli spermatozoi. Le cause sono multiple: cromosomica, genetica, ormonale, infettiva, ostruzione parziale dei dotti seminali, varicocele (dilatazione varicosa delle vene del cordone spermatico), ecc.<br />\r\n<strong><br />\r\nTRATTAMENTO:</strong><br />\r\ndipende dalla causa. Se non può essere trattata, viene indicata l&#8217;Inseminazione Artificiale, la Fertilizzazione In Vitro o l&#8217;ICSI in funzione del grado de oligo-asteno-zoospermia.',NULL,46,32),(147,'|','2009/11/esterilidad_masculina4.jpg',46,33),(148,'<strong><br />\r\n</strong><strong>ASTENOZOOSPERMIA</strong><br />\r\nDiminuzione della motilità spermatica. Questo parametro è importante perché se gli spermatozoi non si muovono non si possono spostare dalla vagina (in cui si depositano nel coito) alle tube (in cui s&#8217;incontrano con l&#8217;ovulo). Le cause più frequenti sono: infezioni, anticorpi, varicocele e alterazioni della coda degli spermatozoi. Questa si diagnostica con il microscopio elettronico.<br />\r\n<br />\r\n<strong>TRATTAMENTO: </strong><br />\r\ndipende dalla causa. Se non può essere trattata, viene indicata l&#8217;Inseminazione Artificiale, la Fertilizzazione In Vitro o l&#8217;ICSI.',NULL,46,34),(149,'|','2009/11/donante_semen.jpg',47,24),(150,'Sperma dei donatori anonime',NULL,47,25),(151,'&#160;',NULL,47,26),(152,'&#160;Dr. Marina. Barcellona 24/12/2013',NULL,47,27),(153,'La prima Banca del Seme di Spagna la organizzò il Dott. Simón Marina, andrologo e Direttore dell&#8217;Istituto CEFER, nel dicembre del 1977. Il seme si congela in azoto liquido a 196&#176; sotto zero. Il recipiente dove si conservano le provette con gli spermatozoi è ciò che viene denominato Banca del Seme.<br />\r\n<br />\r\nIl seme congelato può provenire da un DONATORE ANONIMO che dona il suo sperma per aiutare una coppia o una donna ad avere figli. è lusanza più frequente nellIstituto CEFER. Può anche provenire da un uomo che desidera conservare il suo seme per il suo uso posteriore per varie ragioni, come trattamenti che potrebbero far cessare la sua fertilità o prima di una vasectomia.<br />\r\n<br />\r\nNei 30 anni d&#8217;attività della Banca del Seme, sono nati più di 3000 bambini. È obbligatorio, secondo le leggi spagnole, che lo sperma del donatore venga congelato. Non è consentito l&#8217;utilizzo di sperma fresco proveniente da un donatore anonimo.',NULL,47,28),(154,'|','2009/11/doantee_semen2.jpg',47,29),(155,'<strong><br />\r\nCome si seleziona un donatore di sperma&#63;</strong><br />\r\nLa selezione dei donatori di sperma si fa mediante un annuncio nelle facoltà, tra studenti universitari dai 18 ai 29 anni che danno il loro consenso per iscritto. Gli si fa una storia clinica, un&#8217;esplorazione andrologica, un seminogramma ed una coltura di sperma; sierologia di AIDS, epatite B, epatite C, sifilide, citomegalovirus (CMV) e clamidia. Il gruppo sanguineo ed il fattore Rh.<br />\r\n<br />\r\nInoltre si escludono alterazioni cromosomiche in sangue e sperma attraverso il cariotipo ed il FISH ed alterazioni genetiche come la fibrosi cistica (mucoviscidosis) e la talassemia.<br />\r\n<strong><br />\r\nAspetti pratici</strong><br />\r\nLa selezione di un campione di sperma per una coppia (o donna) si effettua tenendo un conto la razza, il peso, la taglia, il colore dei capelli e degli occhi del marito e del donante, e che il gruppo sanguineo del donatore sia compatibile con quello della coppia. Se la coppia non è residente in Barcellona si può inviare il seme congelato in recipienti criogenici per la consulenza del ginecologo che farà IA. Il ginecologo effettua l&#8217;ordinazione del seme alla Banca del Seme (per telefono, fax o e-mail).<br />\r\nL&#8217;invio del campione di sperma si fa, se destinato fuori Barcellona, in recipienti criogenici con azoto liquido.',NULL,47,30),(156,'|',NULL,47,31),(157,'&#160;',NULL,47,32),(158,'|',NULL,47,33),(159,'&#160;',NULL,47,34),(160,'Banca del seme',NULL,48,13),(161,'',NULL,48,14),(162,'La prima Banca del Seme di Spagna la organizzò il Dott. Simón Marina, andrologo e Direttore dell&#8217;Istituto CEFER, nel dicembre del 1977. Il seme si congela in azoto liquido a 196&#176; sotto zero. Il recipiente dove si conservano le provette con gli spermatozoi è ciò che viene denominato Banca del Seme.<br />\r\n<br />\r\nIl seme congelato può provenire da un DONATORE ANONIMO che dona il suo sperma per aiutare una coppia o una donna ad avere figli. è lusanza più frequente nellIstituto CEFER. Può anche provenire da un uomo che desidera conservare il suo seme per il suo uso posteriore per varie ragioni, come trattamenti che potrebbero far cessare la sua fertilità o prima di una vasectomia.<br />\r\n<br />\r\nNei 30 anni d&#8217;attività della Banca del Seme, sono nati più di 3000 bambini. È obbligatorio, secondo le leggi spagnole, che lo sperma del donatore venga congelato. Non è consentito l&#8217;utilizzo di sperma fresco proveniente da un donatore anonimo.<br />\r\n<br />\r\n<strong>Altre attività della Banca del Seme </strong><br />\r\nNella Banca del Seme si congela anche seme proprio del paziente prima di sottomettersi a vasectomia, chirurgia prostatica, radioterapia o chemioterapia con possibilità di conseguente sterilità. In questo caso, il seme congelato non è destinato alla donazione, bensì al preservare la fertilità del paziente stesso.<br />\r\nUn&#8217;altra applicazione del congelamento del seme di pazienti si attua nel processo di FIV-ICSI con ovuli donati, per evitare l&#8217;incontro tra la donatrice di ovuli ed il marito della donna ricettrice.<br />\r\n<br />\r\nAltresì si congela il seme di pazienti, se si prevede che il giorno dell&#8217;estrazione degli ovuli dalla donna non si possa apportare il seme, per motivi di lavoro o per blocco psicologico che impedisca di giungere all&#8217;eiaculazione. Sarà l&#8217;andrologo a riferire se nel loro caso sia necessario o conveniente congelare il loro seme.<br />\r\n<br />\r\nLo sperma si può mantenere congelato per anni continuando a conservare la sua capacità fecondatrice.',NULL,48,15),(163,'|','2009/11/inseminacionartificial.jpg',49,6),(164,'Inseminazione artificiale',NULL,49,7),(165,'&#160;Dr. Marina. Barcellona 24/12/2013',NULL,49,8),(166,'Questa tecnica consiste nel depositare nell&#8217;utero gli spermatozoi mobili (la frazione fertile del seme). A tal fine si isolano dagli altri componenti dello sperma, del liquido seminale e di altre cellule. Per aumentare l&#8217;efficacia dell&#8217;IA si realizza una leggera stimolazione dell&#8217;ovulazione in modo che la donna rimanga incinta, ma senza che si produca una gravidanza multipla.<br />\r\n<br />\r\nSi tratta di una tecnica semplice, che richiede di disporre di almeno due milioni di spermatozoi mobili e che la donna non abbia le tube ostruite. L&#8217;efficacia è di un 15&#8211;20% per ciclo. Se in 3 cicli non si ottiene la gravidanza, si propone di passare alla Fertilizzazione In Vitro.',NULL,49,9),(167,'|',NULL,50,24),(168,'<meta name=\"dc.language\" content=\"IT\">\r\n<meta name=\"dc.source\" content=\"http://www.institutocefer.com/\">\r\n<meta name=\"dc.title\" content=\"fecondazzione assistita\">\r\n<meta name=\"dc.keywords\" content=\"fecondazione assistita, fecondazione assistita spagna, fecondazione assistita barcellona, fecondazione assistita eterologa, fecondazione eterologa spagna\">\r\n<meta name=\"geo.region\" content=\"ES-CT\">\r\n<meta name=\"geo.placename\" content=\"Barcelona\">\r\n<meta name=\"geo.position\" content=\"41.405825;2.127055\">\r\n<meta name=\"ICBM\" content=\"41.405825, 2.127055\"> Fecondazione Assistita - Iniezione intracitoplasmatica dello spermatozoo&#160;(ICSI)</meta>\r\n</meta>\r\n</meta>\r\n</meta>\r\n</meta>\r\n</meta>\r\n</meta>\r\n</meta>',NULL,50,25),(169,'&#160;',NULL,50,26),(170,'Dr. Marina Barcellona 14/03/2014',NULL,50,27),(171,'<h2>Che cosa è una fecondazione assistita&#63;</h2>\r\n<br />\r\nLa Fecondazione in Vitro (FIV) con microiniezione spermatica, conosciuta anche con l acronimo inglese ICSI (Intra Citoplasmic Sperm Injection). Consiste nel selezionare uno spermatozoo ed introdurlo in un ovulo maturo. è una tecnica più laboriosa della FIV convenzionale e richiede una costosa strumentazione specifica ed una grande preparazione ed esperienza dei biologi che la praticano. Dallaltro lato è più efficace della FIV convenzionale.<br />\r\n<div style=\"text-align: center;\"><span style=\"color: rgb(128, 0, 0);\"><strong><br />\r\n<a target=\"_self\" href=\"http://www.institutocefer.com/it/consultazione-on-line.php\">Consultazione on-line qui</a></strong></span></div>\r\n<br />\r\n<h2>Iniezione intracitoplasmatica dello spermatozoo</h2>\r\n<br />\r\n<br />\r\nCon la ICSI si assicura lintroduzione di un solo spermatozoo in ciascun ovulo. Nella tecnica della FIV convenzionale può succedere che nessuno degli spermatozoi penetri nellovulo o che ne penetrino più di uno, dando luogo ad un embrione non utilizzabili. <br />\r\nCon la ICSI si ottiene un maggior tasso di embrioni e di gravidanze che con la FIV convenzionale.',NULL,50,28),(172,'|','2009/11/fecundacioninvitro1.jpg',50,29),(173,'<strong><br />\r\n</strong><strong>Nel procedimento della FIV con ICSI possiamo distinguere le seguenti fasi:</strong><br />\r\n<br />\r\n<h3>a)Stimolazione</h3>\r\n<br />\r\nStimolazione della maturazione degli ovuli nelle ovaie mediante amministrazione quotidiana di ormoni. La donna se la può autoiniettare per via sottocutanea. Il tempo necessario è variabile e suole oscillare tra 2 e 3 settimane. Durante questo periodo si effettuano controlli con ecografia vaginale ed analisi di ormoni (estradiolo) nel sangue. Questi dati permettono di conoscere come stanno rispondendo le ovaie al trattamento e determinare il giorno corretto per lestrazione degli ovuli.<br />\r\n<br />\r\n<h3>b) Estrazione degli ovuli dalle ovaie</h3>\r\nSi effettua mediante punzione ed aspirazione dei follicoli ovarici (che è il luogo dove si stanno gli ovuli). Per far ciò si introduce un ago attraverso la vagina fino al follicolo ovarico che vengono punte. Tutto ciò si fa sotto controllo visivo ecografico e previa anestesia. Non è necessaria lin tubazione tracheale. La donna rimane addormentata durante 5-20 minuti e non deve fare ingresso in ospedale. Tutto il processo è ambulatoriale.',NULL,50,30),(174,'|','2009/11/fecundacioninvitro2.jpg',50,31),(175,'<br />\r\n<h3>c) Identificazione degli ovuli</h3>\r\n<br />\r\nI liquidi follicolari estratti si osservano al microscopio nel laboratorio contiguo alla sala di punzione, per identificare gli ovuli e conoscerne lo stato maturativo.<br />\r\n<br />\r\nSe la tecnica che si utilizza è la ICSI (introduzione di uno spermatozoo in ogni ovulo maturo), gli ovuli si spogliano, cioè gli si tolgono le cellule che circondano la sua membrana chiamata zona pellucida. Se si effettua la FIV classica, non si spogliano. Nel nostro centro pratichiamo ICSI nel 100% dei casi.<br />\r\n<br />\r\n<h3>d) Preparazione del seme</h3>\r\n<br />\r\nConsiste nellisolare gli spermatozoi mobili dal resto dei componenti dello sperma. Nella tecnica di FIV si mettono gli spermatozoi mobili nella placca dove stanno gli ovuli con il mezzo di coltura, cioè il liquido con gli elementi nutritivi adeguati. Nella tecnica di ICSI sintroduce uno spermatozoo in ognuno degli ovuli maturi ottenuti.<br />\r\n<br />\r\n<h3>e) Osservazione dellavvenuta fecondazione dellovulo</h3>\r\n<br />\r\nSi fa con il microscopio tra la 16a e 20a ora dopo aver introdotto lo spermatozoo nellovulo. Se si vedono due circoli, chiamati pronucleoli, significa che lovulo è stato fecondato.',NULL,50,32),(176,'|','2009/11/fecundacioninvitro3.jpg',50,33),(177,'<br />\r\n<h3>f) Trasferimento</h3>\r\n<br />\r\nTre giorni dopo di aver estratto gli ovuli, si trasferiscono gli embrioni nellutero. Non è necessaria anestesia. Si effettua per via vaginale ed ecoguidata. Il numero massimo di embrioni da trasferire lo propone il medico, però la decisione finale spetta alla donna. Si tiene in considerazione letà della donna e gli antecedenti della coppia. La Legge spagnola non permette di trasferire più di tre embrioni in un ciclo.<br />\r\n<br />\r\n<h3>g) Ecclosione (hatching) assistita</h3>\r\n<br />\r\nConsiste nel fare un orifizio nella zona pellucida per facilitare luscita dellembrione ed il suo impianto nellutero. NellIstituto CEFER si effettua in tutti i casi.',NULL,50,34),(178,'|',NULL,51,24),(179,'&#160;Ovodonazione in Spagna - Ricevere uova donate\r\n<meta name=\"DC.Language\" content=\"it\">\r\n<meta name=\"DC.Publisher\" content=\"cefer\" /></meta>',NULL,51,25),(180,'&#160;',NULL,51,26),(181,'Barcellona 25/02/2014',NULL,51,27),(182,'<h2><strong>Che coppie sterili necessitano la donazione di ovuli per avere figli&#63; </strong></h2>\r\nLe coppie nelle quali, essendo fertile il marito, la donna non ha ovaie, ma ha un utero normale. Hanno anche bisogno della donazione di ovuli per avere figli le donne con ovaie che non funzionano per diverse cause: alterazioni cromosomiche, trattamenti di radioterapia o chemioterapia, menopausa, etc.<br />\r\n<br />\r\nIn terzo luogo, le donne con malattie ereditarie necessitano la donazione di ovuli per avere figli sani, se non è possibile la selezione di embrioni propri sani.',NULL,51,28),(183,'|','2009/11/donacion_ovulos.jpg',51,29),(184,'<strong><br />\r\n<h2>Come si fa la donazione di ovuli (ovodonazione) in Spagna&#63;</h2>\r\n</strong> Il processo di ovodonazione in spagna, Barcellona o Valencia, richiede solo due visite allIstituto CEFER. Nella prima visita si apre il dossier medico sulla coppia (o sulla donna, se non ha compagno); si annotano i dati fenotipici, gruppo etnico, peso, taglia, colore dei capelli e degli occhi.<br />\r\nNella donna il ginecologo indicherà che analisi e/o esplorazioni previe sono necessarie prima di iniziare il trattamento di preparazione dellutero per il trasferimento embrionario.<br />\r\nNelluomo si completerà, se necessario, lo studio di fertilità. Potrà dare un campione di sperma per studiarlo e congelarlo. Pertanto deve arrivare con un periodo di astinenza sessuale tra i 4 ed i 7 giorni. Nel processo di donazione di ovuli si lavora sempre con seme congelato. È più comodo per luomo e si evita il possibile incontro con la donatrice. La donazione, per Legge, deve essere anonima, e lefficacia della tecnica di FIV-ICSI è la stessa se si utilizza seme fresco o seme congelato.<br />\r\nLa seconda visita è per il trasferimento embrionario nellutero. Può presentarsi la donna da sola.<br />\r\n<br />\r\nTipi di donazione di ovociti: <br />\r\n<h4>- Ovodonazione con il marito sperma</h4>\r\n<h4>- Ovodonazione con seme della banca&#160;<br />\r\n<!--4--></h4>\r\n<h2><strong>Quali sono i tempi dattesa per il conseguimento di una donatrice&#63; </strong></h2>\r\nI tempi dattesa per aver assegnata una donatrice oscillano solitamente tra le 6 e le 8 settimane. Non cè lista dattesa.<br />\r\n<br />\r\n<h2><strong>Come si selezionano le donatrici di ovuli&#63;</strong></h2>\r\n<h3>Le donatrici di ovuli si selezionano fra studentesse universitarie tra i 18 ed i 29 anni.</h3>\r\nLa donatrice viene informata di tutto il processo di donazione di ovuli. Nel processo di selezione si includono storia clinica, esplorazione ginecologica, analisi del sangue ed ecografie. Le si effettuano citologia vaginale, studio batteriologico di secrezioni della vagina e collo dellutero, ed analisi del sangue per AIDS, epatiti B e C, sifilide, talassemia ed emofilia. Le si fa anche il cariotipo, per scartare alterazioni cromosomiche. Se gli studi risultano normali, la donatrice viene accettata. In questo momento vengono accettate circa il 25% delle donatrici sottoposte a studio.<br />\r\nle si informa che gli ovuli vengono unicamente destinati ad aiutare unaltra donna ad avere figli, e che la donazione, per Legge, deve essere ANONIMA; cioè che la donatrice non conoscerà la ricettrice degli ovuli, né questultima conoscerà la donatrice.<br />\r\n<h3>La donazione deve essere volontaria e gratuita.</h3>\r\nLa donatrice deve dare il suo consenso per iscritto. La gratuità della donazione non costituirà un impedimento affinché si compensino economicamente tutte le spese causate dalla stessa donazione (viaggi, tempo impiegato per la donazione).<br />\r\nLa donatrice non manterrà nessun diritto né obbligo sulla gravidanza o figlio conseguito con i suoi ovuli.<br />\r\n<br />\r\n<h3>La Selezione</h3>\r\nLa selezione di una donatrice per una donna si fa tenendo in considerazione gruppo etnico, peso, taglia, colore di capelli e di occhi. La donazione gratuita di ovuli è legale in Spagna se si fa in un centro medico autorizzato e con le garanzie necessarie.<br />\r\n<strong><br />\r\n</strong>',NULL,51,30),(185,'|','2009/11/donacion_ovulos2.jpg',51,31),(186,'<h2><strong>Il processo di donazione di ovuli</strong></h2>\r\nLa donatrice accettata inizia un trattamento ormonale (iniezioni giornaliere) sotto controllo ginecologico. Questo trattamento è finalizzato a stimolare la maturazione degli ovuli nelle ovaie. Linizio del trattamento viene segnato con linizio del ciclo ovulatorio, cioè con linizio delle mestruazioni.<br />\r\nSi devono effettuare controlli attraverso ecografie ed analisi del sangue affinché il ginecologo confermi che le ovaie stanno rispondendo al trattamento. Comprovata la buona risposta ovarica, si fissa il momento della raccolta degli ovuli. Lestrazione di ovuli richiede la puntura dei follicoli che sono cresciuti nelle ovaie. Non è necessario lingresso in clinica, non si devono dare punti. Il processo non dura più di 20 minuti durante i quali la donatrice rimarrà addormentata (si effettua sotto una leggera anestesia o sedazione profonda).<br />\r\n<br />\r\n<h2><strong>Che si fa con gli ovuli&#63;</strong></h2>\r\nIl seme del coniuge, che abbiamo previamente congelato, viene scongelato e si microiniettano tutti, e ciascuno degli ovuli maturi della donatrice con un solo spermatozoo morfologicamente normale (tecnica di ICSI). Tra le 16 e le 20 ore dopo si osserva al microscopio se si e prodotta la fecondazione. Antecedentemente il ginecologo ha dato conferma che la donna ricettrice è pronta per ricevere gli embrioni. Normalmente si effettua il trasferimento tre giorni dopo lestrazione degli ovuli. Gli embrioni conseguiti possono essere congelati se la recettrice non è pronta a riceverli.<br />\r\n<br />\r\n<h2><strong>Quanti embrioni si possono trasferire&#63; </strong></h2>\r\nSi possono trasferire da uno a tre embrioni al massimo secondo la Legge spagnola. La decisione spetta alla coppia. Lequipe medico-biologa la consiglierà a seconda del caso e della qualità degli embrioni prima del trasferimento.<br />\r\n<br />\r\n<h2><strong>Tasso di gestazione </strong></h2>\r\nIl tasso medio di gestazione oscilla tra il 55% ed il 65%. Tra gli altri fattori influisce il numero di embrioni che vengono trasferiti.',NULL,51,32),(187,'|',NULL,51,33),(188,'&#160;',NULL,51,34),(189,'DGP - Diagnosi Genetica Preimpianto',NULL,52,13),(190,'',NULL,52,14),(191,'<strong>Che cosè&#63;</strong><br />\r\nLa Diagnosi Genetica Preimpianto (DGP) consiste nello studio della costituzione genetica o cromosomica di un embrione prima di trasferirlo nellutero. La finalità di questo studio è di individuare gli embrioni affetti da una alterazione genetica o cromosomica concreta. Si effettua in quei casi in cui lindicazione medica lo richieda.<br />\r\n<br />\r\n<strong>Quando si consiglia&#63;</strong><br />\r\nQuesto tipo di studio viene indicato:<br />\r\n<ol>\r\n    <li>in coppie con cariotipi alterati.</li>\r\n    <li>nel caso di uomini con alterazioni cromosomiche delle cellule germinali. La diagnosi di queste alterazioni si fa attraverso lesame del FISH in spermatozoi e/o con lo studio meiotico in biopsia testicolare.</li>\r\n    <li>in donne con più di 37 anni. La tecnica di DGP in questi tre casi supposti è del FISH, cioè lo studio cromosomico.</li>\r\n    <li>in pazienti con infermità genetiche (non cromosomiche) che si possano trasmettere alla discendenza, per evitare di avere figli affetti. In questo caso la tecnica da applicare è del PCR.</li>\r\n    <li>é necessario conoscere la problematica di ciascun caso concreto per informare il paziente ed indicargli la tecnica di Diagnosi Genetica Preimpianto (DGP) adeguata.</li>\r\n</ol>\r\n<br />\r\n<strong>Come viene realizzata&#63;</strong><br />\r\nLa tecnica utilizzata consiste nel fare una biopsia (raccogliere un campione) di ogni embrione quando sia giunto allo stadio di 6-8 cellule, solitamente ai 3 giorni dopo lestrazione dellovulo e della ICSI.<br />\r\n<br />\r\nAttraverso un orificio effettuato nella membrana dellembrione (zona pellucida) si estrae una cellula embrionaria. La cellula sottoposta a biopsia , ed in sostanza il suo nucleo, si ritiene un campione affidabile della costituzione genetica-cromosomica di un embrione.<br />\r\n<br />\r\nSi effettua lo studio della cellula estratta, attraverso FISH (ibridazione in situ con sonde fluorescenti del DNA) o tramite PCR (amplificazione di un segmento del DNA attraverso lazione dellenzima Polimerasi). Questo studio richiede un giorno ed il trasferimento degli embrioni normali si effettua il quarto giorno, cioè un giorno più tardi rispetto al trasferimento consueto.<br />\r\n<br />\r\n<strong>Limiti della Diagnosi Genetica Preimpianto (DGP)</strong><br />\r\nSi deve accettare al fatto che si tratta di uno studio parziale del materiale genetico, per cui non ci da informazioni su tutte le possibili alterazioni cromosomiche o genetiche presenti negli embrioni. Cinforma solamente su ciò che è stato studiato in ciascun caso.',NULL,52,15),(192,'Uovo di congelamento',NULL,53,13),(193,'',NULL,53,14),(194,'L&#180;Istituto di Riproduzione CEFER nell&#180;anno 2001 ha organizzato la prima Banca di Ovuli di Spagna. Nell&#180;anno 2002 sono nati i primi bimbi da ovuli congelati. Attualmente si utilizza anche un&#180;altra tecnica di congelamento ultrarapido chiamata vitrificazione.<br />\r\n<br />\r\nL&#180;utilità del congelamento (vitrificazione) di ovuli è di preservare la fertilità femminile a fronte della necessità di fare un trattamento medico (radioterapia, chemioterapia, chirurgia delle ovaie) che possa causare sterilità definitiva.<br />\r\n<br />\r\nUn&#180;altra indicazione del congelamento di ovuli è per una donna che desideri posporre la maternità, sia poiché non ha un compagno che per altre ragioni.<br />\r\n<br />\r\nIl congelamento di ovuli è più efficace se si congelano ovuli maturi. Per questo prima di un&#180;estrazione di ovuli si fa un trattamento ormonale affinché maturino il maggior numero di ovuli possibile. L&#180;estrazione di ovuli si fa mediante punzione ed aspirazione dei follicoli ovarici che contengono gli ovuli in fluttuazione. Si richiede un&#180;anestesia (la donna rimarrà addormentata per circa 10-20 minuti). Non è necessario l&#180;ingresso in ospedale, né l&#180;intubazione tracheale.<br />\r\n<br />\r\nIn sintesi è uguale alla prima fase della Fecondazione In Vitro (FIV).<br />\r\n<br />\r\nGli ovuli si possono mantenere congelati per anni. Quando la donna lo decide, si possono scongelare, fecondare con spermatozoidi del suo compagno o di donatore anonimo, e trasferire gli embrioni nell&#180;utero ( vedi paragrafo su FIV - ICSI).',NULL,53,15),(195,'|','2009/11/bancoembriones.jpg',54,6),(196,'<h2>Embrione Banca- Adozione di embrioni donati</h2>\r\n<br />\r\n(limite di età fino 57 anni)\r\n<fck:meta name=\"DC.Language\" content=\"it\"> <fck:meta name=\"DC.Publisher\" content=\"cefer\"></fck:meta></fck:meta>',NULL,54,7),(197,'&#160;Dottore Marina. Barcellona 08/04/2014',NULL,54,8),(198,'Le coppie in cui entrambi i componenti sono sterili e che non possono apportare né spermatozoi luomo, né ovuli la donna, hanno lopzione di utilizzare Embrioni da Banca. È necessario che la donna abbia un utero capace di portare avanti una gestazione.<br />\r\n<br />\r\nGli embrioni provengono da ovuli donati che si fecondano con Seme di Banca di donatore anonimo. Gli embrioni ottenuti con ovuli donati e Seme di Banca possono essere trasferiti a fresco, senza congelazione previa, o congelarli. Si scongelano al momento di essere trasferiti. Succede con frequenza, a seconda della risposta ovarica della donatrice, che si ottengano un numero di embrioni sufficienti per due trasferimenti. I risultati sono tra il 55% ed il 65% di gestazioni.<br />\r\n<br />\r\nUnaltra possibilità è che gli embrioni provengano da coppie che hanno effettuato la Fecondazione In Vitro (FIV), hanno conseguito i figli che desideravano e donano gli embrioni in eccesso che vengono tenuti congelati.<br />\r\n<br />\r\nGli embrioni si congelano quando si sono conseguiti più embrioni di quelli che si devono trasferire; da 1 a 3, a seconda del desiderio della coppia. La Legge spagnola non permette di trasferire più di tre embrioni. Nel caso di embrioni di pazienti parliamo sempre di embrioni congelati, e ciò permette di realizzare un trasferimento con un 40% di possibilità di gravidanza.',NULL,54,9),(201,'',NULL,55,26),(204,'|','2009/11/lavadosemen1.jpg',55,29),(205,'<strong><br />\r\nHECHOS</strong><br />\r\n<br />\r\nLa vía de contagio hombre- mujer es a través del semen. En el semen básicamente hay tres componentes: plasma seminal, células (linfocitos T4, macrófagos) y espermatozoides. El VIH está en el plasma seminal y en los linfocitos T4 y macrófagos. Podemos separar, en el laboratorio, los tres componentes mediante la técnica llamada &#8216;&#8217;lavado de semen&#8217;&#8217;<br />\r\n<br />\r\nLa fracción de semen obtenida después del lavado se congela y en una parte se analiza con la técnica de PCR si a pesar del lavado quedan virus VIH. En el 98% de casos no hay virus después del lavado. Los espermatozoides congelados y liberados del VIH se usan previa descongelación para la técnica de Fecundación in Vitro (FIV) con ICSI, es decir la introducción de un espermatozoide en cada óvulo maduro obtenido.<br />\r\n<br />\r\n<strong>MUJER SEROPOSITIVA</strong><br />\r\n<br />\r\nEn el Instituto CEFER también se trata a parejas en las que la mujer ó ambos son seropositivos al VIH (virus del SIDA).',NULL,55,30),(206,'|',NULL,55,31),(207,'',NULL,55,32),(208,'|',NULL,55,33),(209,'',NULL,55,34),(210,'|','2009/11/lavadosemen.jpg',55,6),(211,'Lavaggio dello sperma',NULL,55,7),(212,'&#160;Dottore Marina. Barcellona 24/12/2013',NULL,55,8),(213,'Il virus dellAIDS (HIV) si trasmette attraverso lo sperma, oltre che attraverso il sangue ed il latte. Luomo che è sieropositivo allHIV (virus dellAIDS) e desidera avere figli ha le seguenti opzioni:<br />\r\n<ol>\r\n    <li>utilizzare il profilattico per non infettare la moglie e non avere figli.</li>\r\n    <li>effettuare il coito senza profilattico e correre il rischio di contagiare la moglie ed il figlio.</li>\r\n    <li>utilizzare Seme di Banca di donatore anonimo sieronegativo.</li>\r\n    <li>avare il seme eliminando il virus ed utilizzare solo la frazione fertile (gli spermatozoi mobili) per fare lInseminazione Artificiale (IA) o la Fecondazione In Vitro con ICSI (FIV-ICSI).</li>\r\n</ol>\r\n<br />\r\nIn questa tecnica del lavaggio del seme, lIstituto CEFER è pioniere in Spagna ed il secondo centro a livello mondiale. Frutto dellapplicazione di questa tecnica nel nostro centro, sono nati più di 300 bambini e non è avvenuto nessun contagio di donna, né pertanto del figlio.<br />\r\n<br />\r\n<strong>FATTI</strong><br />\r\nLa via di contagio uomo-donna è a traverso lo sperma. Nello sperma di base ci sono tre componenti: plasma seminale, cellule (linfociti T4, macrofagi) e spermatozoi. LHIV si trova nel plasma seminale e nei linfociti T4 e macrofagi. Possiamo separare in laboratorio le tre componenti mediante la tecnica chiamata &quot;lavaggio del seme&quot;.<br />\r\nLa frazione del seme ottenuta dopo il lavaggio si congela ed, in una parte, si analizza con tecnica di PCR se, nonostante il lavaggio, rimangono virus HIV. Nel 98% dei casi non ci sono virus dopo il lavaggio. Gli spermatozoidi congelati e liberati dallHIV si usano, previo scongelamento, per la tecnica della Fecondazione in Vitro (FIV) con ICSI, cioè lintroduzione di uno spermatozoo in ogni ovulo maturo ottenuto.<br />\r\n<br />\r\n<strong>DONNA SIEROPOSITIVA</strong><br />\r\nNellIstituto CEFER si trattano anche coppie nelle quali la donna o entrambi i componenti sono sieropositivi allHIV (virus dellAIDS).',NULL,55,9),(214,'Ti senti depresso&#63;',NULL,56,13),(215,'',NULL,56,14),(216,'Lansietà si produce quanto non si controlla un fatto, un avvenimento, una situazione. Al momento in cui non si conosce il risultato finale, che potrebbe essere quello non desiderato, si genera ansietà. La coppia, la donna, che ha bisogno Tecniche di Riproduzione Assistita, (Inseminazione Artificiale o Fecondazione In Vitro) per rimanere incinta può provare ansietà. Rimarrò incinta&#63; A questa domanda il medico risponde con probabilità, con percentuali. Però la donna prosegue con lincertezza del risultato. Non sa se il suo desiderio intenso di essere madre si realizzerà e può provare ansietà. La donna che si è sottoposta ad un trattamento di Riproduzione Assistita senza conseguirne la gravidanza, ne rimane delusa e può sentirsi depressa.<br />\r\n<br />\r\nIl medico valuterà la situazione e le indicherà le alternative esistenti: ripetere il trattamento o eseguire un altra tecnica. Ciononostante può sentirsi depressa. Lo psicologo dellistituto CEFER, con ampia esperienza nel trattare lansietà e la depressione che si possono generare durante lo studio ed il trattamento della sterilità, durante un processo di Riproduzione Assistita, può aiutarla. Se nota di essere ansiosa o depressa, consulti il nostro psicologo. Lui la aiuterà a far diminuire la sua ansietà, ad eliminare il suo stato ansioso, a superare la depressione. Non abbia dubbi, accetti laiuto psicologico. Si sentirà meglio. <br />\r\nRichieda una visita alla segreteria.',NULL,56,15),(217,'|','2009/11/abortos1.jpg',57,2),(218,'Ripetere Aborti',NULL,57,3),(219,'',NULL,57,4),(220,'<strong>CAUSE FEMMINILI</strong><br />\r\nSi considera aborto l&#8217;interruzione della gravidanza prima delle 20-22 settimane di gestazione o prima che il feto raggiunga i 500 g di peso. Nella maggior parte dei casi l&#8217;aborto avviene nelle prime 12 settimane di gravidanza. Questi aborti si denominano precoci, in contrapposizione a quelli che avvengono a partire dalle 13 settimane, che si denominano tardivi. Gli aborti molto precoci in donne non sotto controllo periodico non sempre si rilevano, poiché si possono confondere con un ritardo mestruale.<br />\r\n<br />\r\nNella maggior parte delle donne un unico aborto non condiziona le possibilità di gestazione posteriori. Sino al 90% dei casi rimarrà incinta di nuovo e non abortirà. Però in una piccola ma significativa percentuale di donne l&#8217;aborto tornerà a verificarsi. È ciò che denominiamo aborto ricorrente. Si considera che soffrono questa situazione le donne che hanno presentato due aborti consecutivi o più di due alternati con gestazioni evolutive.<br />\r\n<br />\r\n<strong>CAUSE&#160;DEL L&#8217;ABORTO RICORRENTE</strong><br />\r\n<br />\r\n<strong>Genetiche</strong><br />\r\nNella specie umana si hanno con frequenza alterazioni embrionarie aleatorie. La maggior parte degli aborti spontanei all&#8217;inizio della gravidanza si deve alla presenza di alterazioni cromosomiche e di altre cause genetiche. Ciononostante i fattori genetici sono presenti con minore frequenza nell&#8217;aborto ricorrente. Solo nel 6% dei casi osserveremo anomalie cromosomiche nella coppia di progenitori. Le più abituali sono: traslocazioni equilibrate, inversioni e aneuploidie sessuali.<br />\r\n<strong><br />\r\nAnatomiche</strong><br />\r\nLe malformazioni uterine possono produrre aborti in fasi più avanzate della gravidanza o parti prematuri. Queste malformazioni possono corrispondere alla forma dell&#8217;utero, all&#8217;assenza o all&#8217;atrofia di una metà, alla duplicità dello stesso o alla presenza di una parete o setto interno.<br />\r\n<strong><br />\r\nEndocrine</strong><br />\r\nIl diabete e l&#8217;ipotiroidismo possono essere causa di aborto in donne mal controllate e molto scompensate.<br />\r\nNelle prime settimane, la gravidanza spontanea si deve mantenere grazie alla secrezione ormonale dell&#8217;ovaia. Concretamente è il corpo luteo che produce la maggior parte degli ormoni necessari per lo sviluppo della gravidanza. Il più importante è il progesterone. Un deficit di secrezione da parte dell&#8217;ovaia può causare un&#8217;interruzione precoce della gravidanza.<br />\r\nÈ comunque raro, se si osservano queste patologie in un primo aborto, che non si correggano in una seconda gravidanza e si produca un aborto ricorrente.<br />\r\nIn donne con sindrome dell&#8217;ovaia policistica si ha una maggiore percentuale di aborti, che si attribuiscono a disturbi ormonali relazionati con eccessivi livelli dell&#8217;ormone LH nella prima fase del ciclo mestruale.<br />\r\n<br />\r\n<strong>Infettive</strong><br />\r\nSi è rivelato che molte infezioni sono una potenziale causa di aborti. Per fortuna, poche di esse permangono il tempo sufficiente per produrre aborti ricorrenti. Solo la sifilide (o lues) può essere messa in rapporto con un aborto ricorrente.<br />\r\n<br />\r\n<strong>Immunologiche</strong><br />\r\nMolti aborti ricorrenti che si etichettano come ad eziologia sconosciuta, potrebbero essere dovuti a cause di tipo immunologico.<br />\r\nNegli ultimi anni si è costatata l&#8217;importanza della cosiddetta sindrome antifosfolipidica come causante di aborto ricorrente. In questa patologia sono presenti degli anticorpi circolanti nel sangue materno che si mettono in rapporto con la morte embrionaria e con malattie in cui il sistema di emostasi sanguigna è alterato (trombosi, piastrinopenia, ecc.). Si calcola che un 10% degli aborti ricorrenti si deve a questa malattia.<br />\r\n<br />\r\n<strong>CAUSE MASCHILI</strong><br />\r\nLe cause maschili di aborti ricorrenti sono alterazioni cromosomiche presenti negli spermatozoi. Lo studio si realizza mediante analisi del sangue (cariotipo) e degli spermatozoi (tecnica denominata FISH). In qualche caso può essere necessario realizzare una biopsia del testicolo. Non c&#8217;è un trattamento, ma delle alternative: in funzione dell&#8217;alterazione trovata, studio degli embrioni ottenuti mediante Fertilizzazione in Vitro prima dell&#8217;impianto. Si trasferiscono all&#8217;utero solo gli embrioni che non hanno alterazioni. Se ciò non fosse possibile si propone l&#8217;uso di Seme della Banca.',NULL,57,5),(221,'Azoospermia',NULL,58,13),(222,'',NULL,58,14),(223,'Le azoospermie (assenza di spermatozoi nel seme) le possiamo dividere in due grandi gruppi:<br />\r\n<br />\r\n<strong>AZOOSPERMIE OBSTRUCTIVE </strong><br />\r\nNelle quali i condotti seminali sono ostruiti però c&#180;è una produzione di spermatozoi nei testicoli. Le cause più frequenti sono l&#180;assenza congenita dei condotti seminali che uniscono i testicoli al pene, oppure quella dovuta alla vasectomia o ad infezioni.<br />\r\n<br />\r\nIn tutti questi casi si possono estrarre spermatozoi dal testicolo attraverso un piccolo intervento che si esegue con anestesia locale ed in ambulatorio (TESE). Gli spermatozoi estratti si possono utilizzare per effettuare FIV - ICSI, ed una parte congelarla per un loro uso posteriore.<br />\r\n<br />\r\n<strong>AZOOSPERMIA DOVUTA A VASECTOMIA</strong><br />\r\nQuando il problema di fertilità viene a seguito di una vasectomia, la miglior opzione a fronte di ottenere maggiori possibilità di gravidanza è la Fecondazione In Vitro (FIV-ICSI). Cercare di trovare una soluzione all&#180;ostruzione attraverso un&#180;operazione chirurgica è un&#180;alternativa che si sta abbandonando, visti i poveri risultati ottenuti, l&#180;aggressività della tecnica (che comunque rimane un intervento completo) e l&#180;attesa di mesi per comprovare se la qualità seminale ottenuta dopo l&#180;intervento sia sufficiente a conseguire una gravidanza. In questi casi optiamo per una FIV-ICSI con estrazione di spermatozoi dal testicolo (FIV-ICSI con TESE) o dall&#180;epididimo. Con gli spermatozoi estratti dal testicolo non è possibile effettuare un&#180;Inseminazione Artificiale (IA) a causa della loro scarsa mobilità.<br />\r\n<strong><br />\r\nAZOOSPERMIE SECRETORIE (MANCANZA DI PRODUZIONE SPERMATICA)</strong><br />\r\nLe cause possono essere molteplici: cromosomiche, genetiche, infettive, ormonali, etc. Può darsi (succede nel 50% dei casi) che non ci siano spermatozoi nel liquido seminale e che ci sia una piccola produzione di spermatozoi a livello testicolare. Pertanto è giustificato il tentativo di estrarre spermatozoi dai testicoli (tecnica TESE) per la FIV-ICSI. Se non si trovassero spermatozoi al momento di effettuare il TESE, si può utilizzare il Seme di Banca, se la coppia decide in tal senso.',NULL,58,15),(227,'|','2009/11/sida.jpg',60,6),(228,'HIV+ donne',NULL,60,7),(229,'',NULL,60,8),(230,'<strong>Si può avere figli&#63;</strong><br />\r\nSì, con l\'inseminazione artificiale per evitare di infettare i loro partner (vedi l\'inseminazione artificiale), o tramite fecondazione in vitro nei seguenti casi:<br />\r\n<br />\r\n<div style=\"margin-left: 40px;\">1. se la donna è superiore ai 35 anni.<br />\r\n2. se i tubi sono bloccati.<br />\r\n3. se la qualità dello sperma è insufficiente (inferiore a due milioni di spermatozoi mobili) per l\'inseminazione.<br />\r\n4. se ci sono stati tre cicli di IAC, senza raggiungere la gravidanza (vedi IVF).<br />\r\n&nbsp;</div>\r\nQuali requisiti devono essere HIV-donne positive per effettuare tecniche di riproduzione assistita (inseminazione artificiale o la fecondazione in vitro)&#63;<br />\r\n<br />\r\n<strong>Ci sono quattro principali requisiti:</strong><br />\r\n<br />\r\n<div style=\"margin-left: 40px;\">1. specializzata controllo medico.<br />\r\n2. carica virale non rilevabile o bassa.<br />\r\n3. Linfociti CD4 positivo di 300.<br />\r\n4. deve fare un trattamento antiretrovirale durante la gravidanza (deve seguire i criteri per le malattie infettive).</div>\r\n<br />\r\n<strong>Il parto, è il parto naturale o cesareo&#63;</strong><br />\r\nMediante taglio cesareo, è mostrato in questo modo riduce il rischio di trasmissione dell\'HIV da madre a figlio (trasmissione verticale).<br />\r\nInoltre, la madre dovrebbe allattare il suo bambino, perché il latte materno è un percorso di trasmissione del virus HIV.<br />\r\n<strong><br />\r\nChe esperienza è&#63;</strong><br />\r\nIl rischio di infezione causa del bambino è inferiore all\'1%.<br />\r\nMAN sieropositivi per l\'HIV (virus dell\'AIDS)<br />\r\n<br />\r\n<strong>Si può avere figli senza infettare la propria moglie&#63;</strong><br />\r\nSì, è possibile. Ciò richiede la rimozione del virus nel liquido seminale e la frazione fertile (spermatozoi mobili), effettuare l\'inseminazione artificiale o la fecondazione in vitro (IVF).<br />\r\n<strong><br />\r\nIl virus HIV, quali componenti dello sperma è&#63;</strong><br />\r\nL\'HIV è nel plasma seminale (liquido in cui nuotano gli spermatozoi) e nei linfociti e macrofagi che si trovano nel liquido seminale. Se il laboratorio che abbiamo separato il spermatozoi mobili dei due componenti di cui sopra, ci sarà una parte di spermatozoi fertili liberi di virus e possono essere utilizzati, in modo sicuro, per l\'inseminazione o fecondazione in vitro.<br />\r\n<br />\r\n<strong>Il virus non incide sperma&#63;</strong><br />\r\nNon ci sono dati sperimentali o clinici che dimostrano come questo avviene.<br />\r\n<br />\r\n<strong>Con la tecnica di lavaggio per l\'HIV nel liquido seminale, è sufficiente a escludere che non vi è alcun virus nel fertile seme frazione ottenuta dopo il lavaggio&#63;</strong><br />\r\nPer il controllo di sicurezza ha aggiunto che è il virus spermatozoi mobili. Utilizzato solo se il risultato è negativo, vale a dire non vi è nessun virus.<br />\r\n<br />\r\n<strong>Qual è l\'esperienza dell\'Istituto Cefer in questo campo&#63;</strong><br />\r\nE \'il primo centro in Spagna e in tutto il mondo secondo. Sono stati effettuati oltre 1000 cicli di riproduzione assistita e non si è diffuso ad una donna. Questa sicurezza coincide con quella pubblicata da centri di riproduzione assistita in altri paesi.<br />\r\n<br />\r\n<strong>Quando l\'inseminazione artificiale è indicata&#63;</strong><br />\r\nL\'inseminazione artificiale è indicato quando la donna è sotto i 35, i tubi non siano ostruite e il numero totale di spermatozoi mobili ottenuti dopo il lavaggio dello sperma e lo studio del virus HIV è superiore a due milioni di euro.<br />\r\n<br />\r\n<strong>Quello che segue casi di fecondazione in vitro&#63;</strong><br />\r\nNelle donne oltre 35 anni o il blocco di Falloppio, quando il numero di spermatozoi mobili ottenuti dopo il lavaggio è inferiore a due milioni di euro, e quando ci sono stati tre cicli di inseminazione artificiale senza aver conseguito la gravidanza (vedi l\'inseminazione artificiale e di fecondazione in vitro) .',NULL,60,9),(231,'|','2009/11/homosexualidad.jpg',61,2),(232,'Coppie lesbiche',NULL,61,3),(233,'Dottore Marina. Barcellona 23/12/2013',NULL,61,4),(234,'In Spagna la Legge riconosce gli stessi diritti a coppie omosessuali ed eterosessuali, e pertanto non pone impedimento alcuno a che due donne possano compiere il loro desiderio di avere figli.<br />\r\n<br />\r\nIn funzione delletà della donna che desidera rimanere incinta, si può effettuare lInseminazione Artificiale (IA) o la Fecondazione In Vitro (FIV) con seme di donatore anonimo (Seme di Banca).<br />\r\n<a href=\"http://www.institutocefer.com/it/img2/2013/12/esq_iadl_it.jpg\" target=\"_self\"><img src=\"/it/img2/2013/12/esq_iadl_it.jpg\" width=\"1137\" height=\"799\" alt=\"\" /></a><br />\r\nUnaltra possibilità è fecondare gli ovuli di una donna con seme di donatore anonimo, e trasferire gli embrioni ottenuti alla compagna, affinché sia questa a portare avanti la gestazione. Questo caso può essere lunica soluzione per donne che desiderano rimanere incinte ma che non hanno ovuli validi per essere fecondati.<br />\r\n<br />\r\n<a href=\"http://www.institutocefer.com/it/img2/2013/12/esq_ropa_atlas_esp.jpg\" target=\"_self\"><img src=\"/it/img2/2013/12/esq_ropa_atlas_esp.jpg\" width=\"1390\" height=\"993\" alt=\"\" /></a><br />\r\n<img src=\"/it/img2/2013/12/esq_ropa_atlas_esp.jpg\" width=\"0\" height=\"0\" alt=\"\" /><br />\r\n<br />\r\nIn altri casi può essere necessario ricorrere ad embrioni provenienti da ovuli di donatore anonimo fecondati con Seme di Banca.<br />\r\n<br />\r\n<a href=\"http://www.institutocefer.com/it/img2/2013/12/esq_redl_it.jpg\" target=\"_self\"><img src=\"/it/img2/2013/12/esq_redl_it.jpg\" width=\"1357\" height=\"997\" alt=\"\" /></a><br />\r\n<img src=\"/it/img2/2013/12/esq_redl_it.jpg\" width=\"0\" height=\"0\" alt=\"\" /><br />\r\n<img src=\"/it/img2/2013/12/esq_redl_it.jpg\" width=\"0\" height=\"0\" alt=\"\" /><br />\r\nIndipendentemente dalla tecnica di riproduzione utilizzata per conseguire la gravidanza, entrambe le donne che firmano lautorizzazione avranno tutti i diritti e gli obblighi sulla creatura, secondo ciò che stabilisce la legislazione attuale vigente in Spagna.',NULL,61,5),(235,'Singles',NULL,62,13),(236,'',NULL,62,14),(237,'La donna senza partner maschile che desidera avere figli può ricorrere al Seme di Banca per rimanere incinta. In Spagna è legale. Se lei è fertile si effettua una Inseminazione Artificiale.<br />\r\n<br />\r\nSe ha le trombe ostruite si effettua una Fecondazione In Vitro (FIV) sempre con seme da donatore anonimo. Se le sue ovaie non funzionano, si effettua il trasferimento di embrioni provenienti da ovuli donati e seme di banco.<br />\r\n<br />\r\nIn questo caso si possono formare embrioni nuovi e si può utilizzare embrioni già formati e congelati. Gli embrioni possono provenire altresì da pazienti che si sono sottoposti ad un trattamento di Fecondazione In Vitro (FIV) ed hanno donato gli embrioni eccedenti come abbiamo precedentemente detto. Vedi BANCA DI EMBRIONI.',NULL,62,15),(238,'FAQ',NULL,63,13),(239,'',NULL,63,14),(240,'<strong>1. Posso avere figli, se ho avuto la vasectomia&#63;</strong><br />\r\nSe, mediante la FIV-ICSI con spermatozoi estratti dal testicolo (TESE) (Cfr. DUE azoospermia A vasectomia)<br />\r\n<br />\r\n<strong>2. Ho fatto una legatura delle tube che cosa posso fare per rimanere incinta&#63;</strong><br />\r\nEssa deve essere la Fecondazione In Vitro (IVF). E \'in grado di estrarre le uova dalle ovaie vaginale e quindi il trasferimento degli embrioni (uova fecondate) per la stessa via. Non è necessario che i tubi sono porosi. Può essere fatto in una donna senza tubi.<br />\r\n<br />\r\n<strong>3. &quot;Quando si esegue l\'ICSI (intracitoplasmatica di spermatozoi)!</strong><br />\r\nInvece dei tradizionali IVF Institute Cefer ICSI viene eseguita perché migliori risultati che con FIV convenzionale.<br />\r\nIniezione intracitoplasmatica dello spermatozoo (ICSI) FIVET è una tecnica che comporta l\'inserimento di uno spermatozoo in un ovulo maturo selezionato in precedenza. Garantire che uno spermatozoo entra l\'uovo. I problemi di basso numero di spermatozoi o di mobilità diventa secondaria. Nella IVF convenzionale può aiutarlo a mantenere le uova o sperma può entrare più di uno. In questo caso l\'embrione non è vitale.<br />\r\n<br />\r\n<strong>4. Posso inseminazione con sperma di un amico&#63;</strong><br />\r\nSì, se il tuo amico viene e il vostro partner. Allora dovete dare il consenso per iscritto e devono avere tutti i diritti e gli obblighi per il bambino. Se il tuo amico agisce come un donatore non è possibile, perché la legge spagnola prevede che il donatore di sperma è anonimo.<br />\r\n<br />\r\n<strong>5. Si può effettuare una tecnica di riproduzione assistita, con una semplice visita&#63;</strong><br />\r\nVenite a l\'Istituto è tenuto Cefer almeno due volte.<br />\r\nSi deve fare la prima visita prima di rivedere gli studi esistenti e di evitare inutili ripetere alcuni controllando che l\'indicazione sia corretta. A seguito della storia clinica e l\'esame che dovrebbe escludere i fattori che possono inficiare il trattamento previsto in origine. Se ci sono diverse possibilità siano informati dei vantaggi e degli svantaggi per la coppia (o donna) possono decidere una volta informati.<br />\r\n<strong><br />\r\n6. Ho bisogno di riposare dopo il trasferimento dell\'embrione&#63;</strong><br />\r\nIn generale è opportuno fare tutto il resto il primo giorno. Lo sforzo è quello di evitare gli estremi come il sollevamento di carichi pesanti, che potrebbero compromettere una eventuale gravidanza. Il medico valuterà caso per caso ed indicare se si richiede più di riposo.<br />\r\n<br />\r\n<strong>7. Perché a volte è necessario ripetere un esame dello sperma&#63;</strong><br />\r\nCi sono diversi motivi per ripetere un esame dello sperma: che è stato fatto molto tempo prima, era incompleta, sono necessarie informazioni supplementari, vogliamo sapere la risposta al trattamento, e così via.<br />\r\n<br />\r\n<strong>8. Pur mantenendo la regola, posso avere figli&#63;</strong><br />\r\nLa regola (come un segno che tra norma e regola ovulazione) è un passo necessario per ottenere una gravidanza naturale, ma non basta. D\'altra parte una donna che non ha alcuna regola (amenorrea) può rimanere incinta con un trattamento adeguato sia per normalizzare i livelli ormonali o utilizzando ovuli donati.<br />\r\n<br />\r\n<strong>9. A che età la fertilità comincia a diminuire&#63;</strong><br />\r\nCome parametro di riferimento, statisticamente è emerso che riduce la fertilità della donna dopo i 35 anni. Questa età è indicativa. Ogni donna è diversa. Dal 44-45 anni le possibilità di gravidanza con proprie uova è molto bassa. Una donna è nata con un numero limitato di uova che indossa per tutta la vita. La riserva ovarica uovo è basso dal 35 e soprattutto dopo 40 anni. L\'età della donna è il fattore prognostico più importante verso la possibilità di gravidanza. Al contrario, le età dell\'uomo è molto meno rilevante. Nell\'uomo vi sono nuova produzione di sperma.<br />\r\n<br />\r\n<strong>10. Posso scegliere il sesso del bambino&#63;</strong><br />\r\nOggi siamo in grado di conoscere il sesso degli embrioni prima del trasferimento, ma la legge spagnola consente solo quando vi sia una ragione medica.<br />\r\n<br />\r\n<strong>11. Ho trovato un varicocele devi operare&#63;</strong><br />\r\nSe non vi è scarsa qualità dello sperma e di non avere problemi non è necessario un intervento chirurgico. Al contrario se vi è una scarsa qualità dello sperma, che operano in alcuni casi un varicocele può migliorare significativamente i parametri seminali. L\'andrologo consiglierà se è utile nella chirurgia.<br />\r\n<br />\r\n<strong>12. Quali farmaci sono usati per la stimolazione ovarica nella riproduzione assistita&#63;</strong><br />\r\nI farmaci prescritti sono gli ormoni ricombinanti, vale a dire che sono sintetizzati dalla tecnica di ingegneria genetica e sono ormoni naturali prodotti nella ghiandola pituitaria.<br />\r\n<strong><br />\r\n13. Trattamento medico può essere sufficiente a risolvere un problema di fertilità o utilizza sempre di riproduzione assistita&#63;</strong><br />\r\nIn alcuni casi è richiesto di sottoporsi a tecniche di riproduzione assistita. Ad esempio, quando l\'uomo è un basso livello di ormoni che possono essere risolti attraverso la gestione di ormoni mancanti, o in casi di infezione può essere sufficiente a terapia antibiotica, o una donna non ovulare per avere un aumento della prolattina, può essere normalizzata dal livello di prolattina cure mediche e assicurando che le donne ovulazione e di essere incinta.',NULL,63,15),(241,'|',NULL,64,24),(242,'Sperma dei donatori',NULL,64,25),(243,'&#160;',NULL,64,26),(244,'&#160;',NULL,64,27),(245,'<strong>Chi può essere un donatore di sperma&#63;. Requisiti.</strong><br />\r\nPer essere donatore di sperma, non può essere adottato e deve essere compresa tra i 18 ei 29 anni. Se sono state adottate non poteva avere informazioni sulla storia di famiglia. Non si deve subire alcuna grave malattia ereditaria (contatto con noi se avete delle domande).<br />\r\n<br />\r\n<strong>Perchè donare lo sperma&#63;</strong><br />\r\nLo scopo della donazione sta aiutando una coppia o una donna non sposata ad avere i figli che desiderano, non la ricerca. La legge richiede la conoscenza di questo fatto da parte del paziente, così come l\'anonimato della donazione. Ciò significa che tutti i diritti e tutti gli obblighi che riguardano i bambini da banca dello sperma a cadere sul partner ricettivo.<br />\r\n<br />\r\n<strong>Precedente studio</strong><br />\r\nPrima di essere accettato come donatore si è eseguito uno studio preliminare:<br />\r\n<br />\r\n<div style=\"margin-left: 40px;\">1. Storia (si è chiesto di storia personale e familiare di malattie che possono avere un origine genetica).<br />\r\n2. Andrologica esame fisico (per escludere patologie genito-urinarie).<br />\r\n3. Uno studio della qualità dello sperma e la cultura dello sperma per escludere l\'infezione.<br />\r\n4. Esami del sangue.<br />\r\n&#160;</div>\r\n<strong>Come è la donazione&#63;</strong><br />\r\nLe donazioni sono sempre effettuate in ambulatorio, in modo da poter garantire da cui il campione. Nel centro ci sono servizi igienici per la raccolta di sperma. Il campione viene raccolto per masturbazione in un contenitore che si offrono. Nel centro è a vostra disposizione materiale grafico per stimolare e facilitare la raccolta del campione. Per raccogliere un campione deve essere conservato per un periodo di astinenza da 4 a 7 giorni. Quando si parla di periodo di astinenza sessuale, si intende il tempo che è trascorso da quando l\'eiaculazione scorso, sia sotto forma di rapporto sessuale, la masturbazione o sogni bagnati involontaria.<br />\r\nI tempi di consegna del campione è Lunedi a Venerdì dalle 9 alle 17.30hy Sabato 9-12.<br />\r\n<a target=\"_self\" href=\"http://www.institutocefer.com/it/richiedi-un-appuntamento.php\">HANNO PRENOTARE INT ANTICIPO.</a>',NULL,64,28),(246,'|','2009/11/donantes_semen.jpg',64,29),(247,'<br />\r\n<strong>Come molti doni si può fare&#63;</strong><br />\r\nCome donatore l\'utente accetta di fare un minimo di 16 borse di studio, che rappresenta un paio di mesi.<br />\r\nCompensazione.<br />\r\n<ul>\r\n    <li>La compensazione finanziaria per ogni donazione valido per il congelamento è di 50 &#8364;.</li>\r\n    <li>Il giorno in cui effettuare la donazione è pagato 25 &#8364; e 25 &#8364; viene mantenuta.</li>\r\n    <li>Alla fine delle 16 borse vi farà un altro esame del sangue e un altro si paga 400 &#8364; trattenuto.</li>\r\n</ul>\r\n<br />\r\n<strong>Quali fattori possono influenzare la qualità del campione&#63;</strong><br />\r\nIl fattore principale che determina la qualità del campione è l\'astinenza. Altri fattori che possono causare la qualità dello sperma diminuzione includono febbre alta, lo stress prolungato, alcuni trattamenti per la calvizie, trattamenti ormonali, uro-piccole infezioni genitali, ecc. Se siete in uno dei casi di cui sopra è meglio che prima di venire a raccogliere il campione di consultare il laboratorio. Un altro fattore è che una parte di sperma di abbandonare la bottiglia.<br />\r\n<strong><br />\r\nPosso eiaculare o avere rapporti sessuali, mentre io sono un donatore&#63;</strong><br />\r\nMentre è possibile avere donatori sesso fino a quando si mantiene il periodo di astinenza sessuale prima della donazione. Ad esempio, è fare sesso il Venerdì o Sabato e donare il seguente Giovedi e Venerdì. <a target=\"_self\" href=\"http://www.institutocefer.com/it/contatto-con-cefer.php\">I requisiti e sono interessati a diventare un donatore</a>',NULL,64,30),(248,'|','2009/11/donante_semen_02.jpg',64,31),(249,'<br />\r\nSe sei chiaro, è necessario applicare al vostro tempo visita riportate qui di seguito. Il primo giorno, oltre alla storia medica, devi venire con l\'astinenza sessuale e raccogliere un campione di sperma per completare lo studio. Non vi è alcun bisogno di venire a digiuno. Questo primo esempio è quello di studiare e non ricevono una compensazione finanziaria per esso. Che si chiama altro giorno, ad informare il risultato del campione di sperma e, se tutto è corretto, si è eseguito un esame del sangue per escludere l\'infezione da HIV (AIDS), epatite B, epatite C, sifilide e citomegalovirus, e analisi delle urine per Chlamidya trachomatis. Il gruppo sanguigno è determinato anche in questa analisi. Se sei un donatore di sangue o di avere tutti i documenti o di analisi, indicando il proprio gruppo sanguigno è utile se vogliamo portare a lui.',NULL,64,32),(250,'|',NULL,64,33),(251,'<strong>ORARIO ESTIVO: 30 luglio al 31 agosto<br />\r\n(Inclusive)</strong><br />\r\nDa Lunedi a Venerdì dalle 9:00 alle h 13:00 h<br />\r\nTelefono per un appuntamento: 93 240 40 60<br />\r\n<br />\r\n<strong>ORE</strong><br />\r\nDa Lunedi a Venerdì: dalle 9.00 alle 19:00 pm<br />\r\nSabato 9:00-13:00 pm<br />\r\n<strong><br />\r\nMOBILE PER RICHIESTA MOMENTO DELLA VISITA</strong><br />\r\nTel: 93 240 50 02 e 93 240 40 60<br />\r\n<strong><br />\r\nVISITE SARANNO</strong><br />\r\nIn c / Ganduxer, 51, Paesi Bassi (angolo C / Lázaro Cárdenas).',NULL,64,34),(252,'Protezione dei dati',NULL,65,13),(253,'&#160;',NULL,65,14),(254,'A norma della legge spagnola 15/1999, del 13 di dicembre, di protezione di dati di carattere&#160;personale l&#8217;instituto di riproduzione CEFER informa che suoi dati personali di intentificazione,&#160;così come altre informazioni relative ai suoi anticedenti, che ci facilità attraverso di qualsiasi&#160;formulario di questa web, sono a includere in una base di dati quale titolare è l&#8217;Istituto di&#160;Reproduzione CEFER. Il file in quale s&#8217;incorpora questa informazione è stato registrato nella&#160;agenzia di protezione di dati con il n&#186;2020730013.&#160;<br />\r\n<br />\r\nIl obiettivo della informazione di questi dati è dare la migliore attenzione alla sua richiesta di&#160;informazione e poter eseguire un tramite amministrativo per poter fornire questo servizio.&#160;Senza il suo consentimento espresso, non si va a eseguire comunicazioni dei suoi dati a&#160;nessuna entità esterna. Le informiamo che in qualsiasi momento possono essere esercitate&#160;suoi diritti di accesso, rettifica, cancellazione e opposizione dei suoi dati inclusi nelle nostre file&#160;indirizzando a: Instituto di riproduzione CEFER, dpto. di attenzione al paziente C/Marquesa di&#160;Vilallonga 12 oppure C/Valero 7 bajos-08017 e 08021 Barcelona.<br />\r\n<br />\r\nPer la suo informazione e tranquilità, l&#8217;Istituto di riproduzione CEFER le fa sapere che ha&#160;impiantato le misure di sicurezza stabilite nel Real Decreto 1720/2007 del 21 di dicembre&#160;garantisce la totale riservatezza di questi dati.',NULL,65,15),(255,'|','2009/11/donantes_ovulos.jpg',66,24),(256,'Donazione di Ovociti',NULL,66,25),(257,'&#160;12/05/2014',NULL,66,26),(258,'&#160;',NULL,66,27),(259,'<strong>Perchè donare uova&#63;</strong><br />\r\nLo scopo della sovvenzione è quello di aiutare una donna ad avere i figli che desiderano, non la ricerca. La legge richiede la conoscenza di questo fatto da parte del donatore, nonché, l\'anonimato della donazione. Legalmente, tutti i diritti e tutti gli obblighi del bambino nato / a carico dono per la coppia ricevente.<br />\r\n<br />\r\n<strong>Chi può donare uova&#63;</strong><br />\r\nSi deve essere compresa tra i 18 ei 29 anni compiuti, non una vergine e non deve essere presa (si potrebbe informare il proprio contesto familiare). Non si deve subire alcuna grave malattia ereditaria (contatto con noi se avete delle domande).<br />\r\n<br />\r\n<strong>Precedente studio</strong><br />\r\nAbbiamo condotto una storia caso in cui si raccolgono informazioni tempestive sulla storia personale e familiare. Poi fare un esame pelvico, ecografia vaginale e un esame del seno.<br />\r\nPraticata in esami del sangue in cui abbiamo studiato l\'HIV, epatite B e C, la sifilide. Abbiamo anche eseguire una conta ematica completa, la determinazione del fattore VIII della coagulazione (per escludere l\'emofilia), lo studio della talassemia, cariotipo, gruppo sanguigno ecc<br />\r\n<br />\r\n<strong>Quando farlo&#63;</strong><br />\r\nSe si desidera chiarire che la donazione, idealmente chiedere tempo, un ginecologo dal centro, per due settimane prima delle mestruazioni. Telefonare ai numeri elencati di seguito in base alle proprie disponibilità in tempo. Così si potrebbe fare tutte le prove di quel giorno e non devono venire un altro giorno. Gli studi sono responsabili della clinica.',NULL,66,28),(260,'|','2009/11/donantes_ovulos3.jpg',66,29),(261,'<strong><br />\r\n</strong><strong>Come è la donazione&#63;</strong><br />\r\nUna volta che lo studio preliminare è possibile avviare la donazione. Il giorno il vostro periodo di telefono. E come il secondo giorno di una regola per iniziare un trattamento. Il trattamento consiste nella somministrazione di ormoni per via sottocutanea (utilizzato aghi più piccoli che sono sul mercato).<br />\r\nIl processo dura circa 10-12 giorni durante i quali si arriva al centro per ricevere un trattamento tutti i giorni (Sabato e Domenica mattina compreso) e alcuni giorni ad ultrasuoni e dei controlli di laboratorio (da 3 a 4) dal primo Questi controlli devono essere collocate. Abbiamo tutte le ore del mattino e la sera, al fine di dotare il processo.<br />\r\n<br />\r\nQuando l\'equipe medica che pensa in forma fissa il giorno della puntura (la rimozione delle uova). Ho messo un iniezione sottocutanea nel tardo pomeriggio (20:30-22:00), e le 36 ore è effettuata l\'estrazione delle uova (due giorni dopo, al mattino, tra le 8:30 e 10:00 h).<br />\r\n<br />\r\nL\'estrazione delle uova viene eseguita da aspirare il liquido follicolare e ecografia vaginale dura circa 30 minuti durante i quali si dorme circa 10 min. perché altrimenti, sarebbe fastidioso. Usiamo Propofol è un anestetico che produce sedazione profonda, diventa una anestesia generale. Non intubare o entrare in clinica. Senza punti o cicatrici visibili. Il giorno della estrazione di uova devono venire a digiuno (senza cibo o bevande, o acqua la sera prima e non fumatori) e che può essere effettuata deve venire insieme. Senza trucco o portare gioielli. Devi fare 24 ore di riposo.<br />\r\nCompensazione finanziaria<br />\r\n<br />\r\nIl giorno della puntura ti diamo 600 euro per viaggi e disagi. Dopo il periodo successivo abbiamo effettuato un controllo per verificare che tutto vada bene e ti diamo 300 euro per completare la compensazione finanziaria di 900 euro.<br />\r\nIn caso di cancellazione del ciclo di risposta inadeguata o per altre ragioni mediche sarà dato un risarcimento varia da 90 a 200 euro a seconda del momento della donazione di annullare il ciclo.',NULL,66,30),(262,'|',NULL,66,31),(263,'<strong><br />\r\n</strong><strong>È il processo di alcun pregiudizio per il donatore&#63;</strong><br />\r\nPer il trattamento usiamo lo stesso ormone (FSH), che si trova naturalmente nella vostra ghiandola pituitaria. Non aumentare di peso (anche se è possibile mantenere i liquidi) o vi crescere i capelli o brufoli.<br />\r\nIl trattamento non compromettere la tua fertilità per il futuro. Il numero totale di uova che una donna ha le ovaie è determinata alla nascita. In ogni ciclo naturale ovulatorio (ogni 28 giorni) numerosi follicoli cominciano a maturare, ma solo uno, il più grande, è in grado di continuare a maturare e arrivare alla liberazione di un uovo al tube di Falloppio. Quando abbiamo fatto un ciclo stimolato con ormoni, anche avuto modo di maturare naturalmente follicoli non riescono a maturare e si atrofizzano. Con un ciclo di stimolazione, di conseguenza, si riduce il numero di uova a sinistra nella tua ovaie.<br />\r\n<br />\r\n<strong>Rischi</strong><br />\r\nIl rischio di stimolazione ovarica è che una esagerata risposta al trattamento, si chiama sindrome da iperstimolazione ovarica (OHSS). Per evitare ciò, il trattamento è iniziato a basse dosi e controlli sono effettuati al fine di conoscere la sua risposta e impedire che venga esagerata, o rilevarla presto. Ciò che costituisce la SHO&#63; è uno squilibrio elettrolitico, in cui vi è ritenzione di liquidi che possono soffrire di momenti del ciclo, che il trattamento può essere somministrato in maniera esagerata. Se necessario, si può notare la scomodità di una pancia piena. Come posso risolvere&#63; Di solito si risolvono in circa 5 giorni ricevendo il resto e dieta. Si può essere seri&#63; Molto raramente possono essere gravi e possono richiedere il riposo a letto stretto e il trattamento, il che comporterebbe la perdita di giorni lavorativi. Per tutto quanto sopra non deve essere spiegato, il donatore fare rapporto (o con un preservativo) fino a quando il prossimo periodo. Vi è anche un aumentato rischio di gravidanze multiple.<br />\r\n<br />\r\n<strong>Devo smettere di contraccezione&#63;</strong><br />\r\nSì, avete di andarsene e la seguente regola (pochi giorni dopo aver lasciato la loro) è possibile avviare il processo di donazione, a condizione di soddisfare tutte le esigenze.<br />\r\nSe si dispone di una spirale (IUD) non c\'è nessun problema.<br />\r\nCome raggiungerci<br />\r\n<br />\r\nLunedi a Venerdì e dalle 9 alle 19h, si deve andare a c / Valero, 7, bassa (stazione di La Bonanova della Generalitat treni regionali e autobus: 14, 30, 70, 72 e 74), tel 93 240 50 02.<br />\r\nIl sabato, domenica e festivi dalle 9 alle 12h, devi venire a C / Marquesa de Villalonga, 12, stanza 21 presso il Medical Center Teknon (Sarrià stazione delle Ferrovie della Generalitat e autobus: 14, 22, 58, 64 , 70, 72 e 75); Teflf. 93 254 60 70.',NULL,66,32),(264,'|',NULL,66,33),(265,'<strong><br />\r\nORARIO ESTIVO DAL 1 AL 31 AGOSTO<br />\r\n(Inclusive)</strong><br />\r\n<ul>\r\n    <li>Lunedi a Venerdì: dalle 9 alle 13</li>\r\n    <li>Telefono: 93 254 60 70 93 240 40 60</li>\r\n</ul>\r\nDurante tutto il processo cerchiamo di ridurre al minimo il disagio accorciando il trattamento nella misura del possibile, e soprattutto, per la vostra sicurezza. I pazienti che ricevono ogni giorno ringrazio la vostra collaborazione.',NULL,66,34),(266,'Lorem ipsum dolor sit amet',NULL,67,13),(267,'',NULL,67,14),(268,'Lorem ipsum dolor sit amet, consectetur adipiscing elit. Sed id leo lacus. Mauris malesuada cursus dui, non feugiat nisi scelerisque nec. Ut porttitor blandit nisl, a lobortis lacus iaculis ut. Cras ac tortor id diam ultricies sollicitudin. Pellentesque hendrerit gravida congue. Integer orci tellus, scelerisque eu facilisis non, pulvinar eget mi. Donec vitae odio sit amet diam condimentum interdum. Duis a diam neque, ac pretium lorem. Nulla vehicula tincidunt orci quis congue. Donec odio neque, iaculis sit amet tempus quis, tincidunt id leo. In hac habitasse platea dictumst. Duis at tristique diam. Cras ultricies lectus non lectus imperdiet nec bibendum urna fermentum. Cras vitae nibh nisl.<br />\r\n<br />\r\nUt quam eros, luctus eu rhoncus sit amet, auctor sed tortor. Pellentesque habitant morbi tristique senectus et netus et malesuada fames ac turpis egestas. Proin et lorem in leo vehicula hendrerit id ut justo. Duis varius sapien vitae lacus dapibus pretium. Quisque sapien diam, eleifend vel porta ac, fermentum at dolor. Fusce aliquet varius eros eu adipiscing. Cum sociis natoque penatibus et magnis dis parturient montes, nascetur ridiculus mus. Mauris vel elit mauris. Donec laoreet, urna ac feugiat posuere, neque justo ullamcorper urna, eget cursus metus ligula ac elit. Nulla fringilla blandit purus sit amet facilisis. In hac habitasse platea dictumst. Praesent consequat iaculis lacus eu venenatis.<br />\r\n<br />\r\nNam hendrerit ipsum id metus sodales eget rutrum quam suscipit. Proin pulvinar congue rhoncus. Vivamus sit amet ligula id elit elementum euismod eu a dolor. Phasellus non tempus neque. Sed id sem ut massa tempor rhoncus. Vestibulum ut lectus sed orci vehicula scelerisque. Integer sit amet leo mi, quis consequat lectus. Curabitur vel massa nisl. Mauris sapien purus, lobortis eu interdum sed, placerat quis justo. Etiam iaculis urna eu massa interdum a tincidunt enim aliquam. Suspendisse potenti. Quisque lorem est, egestas ac placerat ac, lobortis vel libero. Fusce mauris tortor, condimentum eu pretium a, sollicitudin vitae turpis. Morbi malesuada, odio nec pretium rhoncus, lacus purus dictum quam, ut pulvinar tortor lacus nec nibh. Proin quis lorem eget felis venenatis mattis eget vel nisi. Vivamus laoreet mollis cursus. Duis rutrum suscipit aliquet. Nulla pretium euismod mauris.<br />\r\n<br />\r\nLorem ipsum dolor sit amet, consectetur adipiscing elit. Nulla facilisi. Class aptent taciti sociosqu ad litora torquent per conubia nostra, per inceptos himenaeos. Vestibulum nec risus eu tellus lacinia rutrum a in felis. Ut ligula ligula, eleifend sit amet tempor vitae, consectetur at metus. Vivamus fermentum pellentesque ante ut condimentum. Morbi id venenatis nisl. Vestibulum in enim risus, ac fringilla felis. Suspendisse potenti. Praesent orci mi, molestie sit amet rhoncus eu, laoreet non metus. Suspendisse vehicula, diam quis pellentesque porttitor, augue elit mattis elit, sed dapibus ligula urna a ante. Praesent porttitor volutpat egestas. Pellentesque sit amet tempor dolor. Sed cursus convallis imperdiet. Etiam sodales luctus volutpat.<br />\r\n<br />\r\nDuis varius mattis interdum. Aenean scelerisque mi vel enim dapibus sit amet porta odio luctus. Curabitur semper, ligula id pharetra viverra, neque dui cursus elit, vel pretium massa leo sed quam. Vivamus vitae ante mi, sed mollis nisi. Praesent tristique facilisis erat eget rhoncus. Maecenas et nisi placerat dolor dictum aliquet eu at quam. Nam euismod bibendum nisl, vitae mattis sapien lobortis at. Vestibulum lacinia est non leo dapibus molestie nec a quam. Suspendisse potenti. Etiam suscipit adipiscing tincidunt.',NULL,67,15),(269,'<a title=\"[Continua]\" href=\"http://www.institutocefer.com/it/notices/2009/11/lorem_ipsum_dolor_sit_amet_067.php\">Alberghi e Appartamenti vicino a Instituto CEFER</a>',NULL,68,13),(270,'',NULL,68,14),(271,'HOTEL TURO DE VILANA ****<br />\r\nVilana, 7<br />\r\nTelf. 93 434 03 63<br />\r\nFax. 93 418 89 03<br />\r\nwww.turodevilana.com<br />\r\n<br />\r\nHOTEL MIKADO ***<br />\r\nPg. Bonanova, 58<br />\r\nTelf. 93 211 41 66<br />\r\nFax. 93 211 42 10<br />\r\nwww.hoteles-catalonia.com<br />\r\n<br />\r\nHOTEL EUROSTARS ANGLI****<br />\r\nAnglí, 60 <br />\r\nTelf. 93 206 99 44 <br />\r\nFax: 93 206 99 45<br />\r\nwww.eurostarshotels.com<br />\r\n<br />\r\nHOTEL ST. GERVASI ***<br />\r\nSant Gervasi de Cassoles, 26<br />\r\nTel. 93 253 17 40<br />\r\nFax 93 253 17 41<br />\r\nwww.hoteles-silken.com<br />\r\n<br />\r\nHOTEL HUSA TRES TORRES ***<br />\r\nCalatrava, 32-34<br />\r\nTelf. 93 417 73 00<br />\r\nFax. 93 418 98 34<br />\r\nwww.husa.es<br />\r\n<br />\r\nHOTEL MITRE ***<br />\r\nBertrán, 9-15<br />\r\nTelf. 93 212 11 04<br />\r\nFax: 93 418 94 81<br />\r\nwww.hotelmitre.com<br />\r\n<br />\r\nHOTEL SANSI ****<br />\r\nAvda. Pearson, 1<br />\r\nTelf. 93 206 38 80<br />\r\nFax. 93 206 38 81<br />\r\nwww.sansihotel.com<br />\r\nHoteles - Apartamentos<br />\r\nAR BARCELONA<br />\r\nTravessera de Gràcia, 8, 1&#186; 1&#170; <br />\r\nTelf. 93 517 21 11 <br />\r\nFax. 93 414 32 74<br />\r\nwww.arbarcelona.es<br />\r\n<br />\r\nAPARTAMENTOS INSIDE-BCN <br />\r\nEsparteria, 1<br />\r\nTelf. 93 268 28 68 <br />\r\nFax. 93 268 15 17<br />\r\nwww.inside-bcn.com<br />\r\n<br />\r\nATENEA ****<br />\r\nJoan Güell, 207<br />\r\nTelf. 93 490 66 40<br />\r\nFax. 93 490 64 20<br />\r\nwww.aparthotelatenea.com<br />\r\n<br />\r\nAC VICTORIA SUITES ****<br />\r\nAvda. Pedralbes, 16<br />\r\nTelf. 93 206 99 00<br />\r\nFax. 93 280 52 62<br />\r\nwww.victoriabcn.com<br />\r\n<br />\r\nAPARTHOTEL BONANOVA ***<br />\r\nBisbe Sivilla, 7<br />\r\nTelf. 93 253 15 63<br />\r\nFax. 93 418 44 97<br />\r\nwww.aparthotelbonanova.com<br />\r\n<br />\r\nMARIÀ CUBÍ<br />\r\nMarià Cubí, 62<br />\r\nTelf. 93 209 96 99<br />\r\nFax. 93 209 96 99<br />\r\nwww.city-hotels.es<br />\r\n<br />\r\nAPARTAMENTOS LAFORJA<br />\r\nLaforja, 128<br />\r\nTel. 93 209 45 49<br />\r\nFax 93 209 45 42<br />\r\nwww.apartamentoslaforja.com<br />\r\n<br />\r\nAPARTAMENTOS MITRE <br />\r\nRonda General Mitre, 226 <br />\r\nTel. 93 284 40 99<br />\r\nFax 93 284 78 65<br />\r\nwww.apartamentosmitre.com<br />\r\n<br />\r\nGRANDOM SUITES <br />\r\nPza. Letamendi, 26 <br />\r\nTel. 93 452 10 30 <br />\r\nFax 93 452 10 93<br />\r\nwww.splendomsuites.com',NULL,68,15),(272,'Contatto, che cosa devo fare&#63;',NULL,69,13),(273,'',NULL,69,14),(274,'<strong>VIAGGI</strong><br />\r\nUn viaggio unico. È auspicabile ma non essenziale, di fornire le analisi precedenti. CONTENUTI: Visita andrologica (uomo) e visita ginecologica (femminile); apertura della cartella clinica. Completare l\'esame clinico. Sondaggio degli esami eseguiti. . Completare lo studio della coppia, se necessario. Istruzioni dettagliate per l\'inizio del trattamento.<br />\r\n<strong><br />\r\nDURATA DELLE VISITE</strong><br />\r\nCirca 40 minuti per ogni visita. Resta inteso che le visite al ginecologo e andrologo sono consecutivi.<br />\r\n<strong><br />\r\nSTUDI PRECEDENTI</strong><br />\r\nÈ possibile effettuare gli studi di medicina dopo la prima visita, come richiesto, alla luce di ogni singolo caso, in modo da evitare di fare inutili studi di prove, probabilmente saranno necessari sono elencati di seguito con i loro temporanea.<br />\r\n<strong><br />\r\nStudio di sesso femminile:</strong><br />\r\n<br />\r\n<div style=\"margin-left: 40px;\">1. CBC.<br />\r\n2. Glicemia a digiuno.<br />\r\n3. Gruppo sanguigno e Rh.<br />\r\n4. Sierologia per l\'HIV (virus dell\'AIDS), da HBV (Epatite B), HCV (virus dell\'epatite C) e la sifilide (lue) .*<br />\r\n5. Cariotipo.<br />\r\n6. GOT, GPT, gamma-GT.<br />\r\n7. Colesterolo totale, HDL, LDL e dei trigliceridi.<br />\r\n8. Urea e creatinina.<br />\r\n9. Anticorpi rosolia.<br />\r\n10. Prolattina.<br />\r\n11. THS.<br />\r\n12. Pap test .*<br />\r\n13. Mammografia se la donna è superiore ai 35 anni. **</div>\r\n<div>* 6 mesi di validità.</div>\r\n** 12 mesi di validità.<br />\r\n<strong><br />\r\nUomo di studio:</strong><br />\r\n<br />\r\n<div style=\"margin-left: 40px;\">1. CBC.<br />\r\n2. Glicemia.<br />\r\n3. Gruppo sanguigno e Rh.<br />\r\n4. Sierologia per l\'HIV (virus dell\'AIDS), da HBV (Epatite B), HCV (virus dell\'epatite C) e la sifilide (lue) .*<br />\r\n5. Cariotipo.<br />\r\n6. Lo studio della fibrosi cistica (mucoviscidosi).</div>\r\n<div>* 6 mesi di validità.</div>\r\n<br />\r\nTale analisi può essere fatta in anticipo, al fine di valutare i risultati durante la prima visita, o possono essere effettuate presso l\'Istituto Cefer, il giorno della visita prima o dopo la visita in un altro laboratorio e inviare i risultati via e-mail , fax o posta.<br />\r\n<br />\r\nL\'uomo deve andare con un periodo di astinenza da 4 a 7 giorni (non aver eiaculato in questi giorni), dopo la visita, dare un campione di sperma per motivi di studio, se necessario. Potrebbe inoltre essere necessario ulteriori studi di questi.',NULL,69,15),(275,'Contatto Dove siamo&#63;',NULL,70,13),(276,'',NULL,70,14),(277,'<strong><br />\r\nCEFER BARCELONA TEKNON DESPACHO 21</strong><br />\r\nC/Marquesa de Villalonga n&#186; 12 - 08017 Barcelona - España<br />\r\nTelf. 93 254 60 70 - Fax. 93 254 60 16<br />\r\n<a target=\"_self\" href=\"http://maps.google.es/maps&#63;f=q&amp;hl=es&amp;geocode=&amp;q=cefer&amp;sll=41.405359,2.128494&amp;sspn=0.011137,0.019999&amp;num=10&amp;ie=UTF8&amp;ll=41.406493,2.12873&amp;spn=0.011137,0.019999&amp;z=16&amp;iwloc=A\">Google Maps</a><br />\r\n<br />\r\n<strong>CEFER VALENCIA</strong><br />\r\nC/Vicente Ríos Enrique, n&#186;7 - 46015 - Valencia - España<br />\r\nTelf. 963 47 35 43<br />\r\n<a target=\"_self\" href=\"http://maps.google.es/maps&#63;f=q&amp;hl=es&amp;geocode=&amp;q=cefer+valencia&amp;ie=UTF8&amp;ll=39.482249,-0.377913&amp;spn=0.030341,0.079994&amp;z=14&amp;iwloc=A\">Google Maps</a><br />\r\n<br />\r\n<strong>CEFER LLEIDA</strong><br />\r\nC/Governador montcada n&#186; 13, bajos - 25002 Lleida - España<br />\r\nTelf. 973 27 30 69 - Fax. 973 26 87 29<br />\r\n<a target=\"_self\" href=\"http://maps.google.es/maps&#63;f=q&amp;hl=es&amp;geocode=&amp;q=Carrer+Governador+Montcada+13,+25002,+L%C3%A9rida,+L%C3%A9rida,+Catalu%C3%B1a,+Espa%C3%B1a&amp;sll=41.614151,0.625781&amp;sspn=0.005294,0.009978&amp;ie=UTF8&amp;z=16&amp;iwloc=addr&amp;om=1\">Google Maps</a><br />\r\n<br />\r\n<strong>CEFER BARCELONA &#183; BANCO DE SEMEN</strong><br />\r\nC/Valero n&#186; 7 bajos - 08021 Barcelona<br />\r\nTelf. 93240 40 60 - Fax 93 202 33 85<br />\r\n<a target=\"_self\" href=\"http://maps.google.es/maps&#63;f=q&amp;hl=es&amp;geocode=&amp;q=Valero+n%C2%BA+7+Barcelona&amp;sll=41.387917,2.169919&amp;sspn=0.440972,1.267548&amp;ie=UTF8&amp;ll=41.3969,2.138085&amp;spn=0.006889,0.019805&amp;z=16&amp;iwloc=addr\">Google Maps </a><br />\r\n<br />\r\n<br />\r\n<span style=\"color: #800000\"><em><strong>BARCELONA:</strong></em></span><br />\r\n<br />\r\n<strong>Rail</strong><br />\r\nIl treno navetta dall\'aeroporto alla città, ha una durata di 20-25 minuti, con sosta finale al centro di due stazioni ferroviarie principali: Barcellona-Barcellona-Sants e Plaça Catalunya.<br />\r\n<br />\r\n<strong>Aerobus</strong><br />\r\nServizio giornaliero dall\'aeroporto di Pl Catalunya e viceversa, come spesso come ogni 15 min.<br />\r\n<br />\r\n<strong>Bus</strong><br />\r\nLinee di EA e IT (Aeroporto - Pl Spagna-Airport), ogni giorno, ciascuno con una frequenza di 1,20 h.<br />\r\n<strong><br />\r\nSocietà di noleggio auto presso l\'aeroporto</strong><br />\r\nNATIONAL -- <a target=\"_self\" href=\"http://www.atesa.es\">http://www.atesa.es</a><br />\r\nATESA-- <a target=\"_self\" href=\"http://www.atesa.es\">http://www.atesa.es</a><br />\r\nAVIS-- <a target=\"_self\" href=\"http://www.avis.com\">http://www.avis.com</a><br />\r\nEUROPCAR -- <a target=\"_self\" href=\"http://www.europcar.com\">http://www.europcar.com</a><br />\r\nHERTZ -- <a target=\"_self\" href=\"http://www.hertz.com\">http://www.hertz.com</a><br />\r\nBUDGET -- <a target=\"_self\" href=\"http://www.drivebudget.com\">http://www.drivebudget.com</a><br />\r\n<br />\r\n<strong>Su strada</strong><br />\r\nIl C-33 si lega la AP-7 (Barcellona-La Jonquera) al confine francese, dove si unisce al Galas rete autostradale, e da qui in Gran Bretagna e tutti i paesi del nord, o alle città come Nizza, Monaco, Italia e nell\'Est Europa.<br />\r\nAP-2 (ovest), si lega la AP-7 e si collega Barcellona con il resto della Spagna.<br />\r\n<br />\r\n<strong>Marittime</strong><br />\r\nRegolari traghetti a Genova dal Moll de Sant Beltran.<br />\r\nGrandi Navi Veloci agenti generali per la Spagna: Agencia Maritima SA Condeminas<br />\r\nMuelle de Poniente Norte / Sant Beltran<br />\r\nTel: 00 &#8211;34 &#8211; 934 439 898<br />\r\nFax: 00 &#8211;34 - 934 424 066<br />\r\ne-mail: <a target=\"_self\" href=\"mailto:pasaje.bcn@amcondeminas.com\">pasaje.bcn@amcondeminas.com</a><br />\r\n<br />\r\n<span style=\"color: #800000\"><em><strong>VALENCIA:</strong></em></span><br />\r\n<br />\r\n<strong>Aeroporto Internazionale di Manises:</strong><br />\r\n<br />\r\n&#8226; Servizio informazioni: Tel.+34 961 598 500 <br />\r\n&#8226; www.aena.es <br />\r\n&#8226; Distanzia fra l&#180;aeroporto e il centro città: circa 8 km. <br />\r\n&#8226; Costo approssimativo taxi Aeroporto- centro città: 20 Euro <br />\r\n--------------------------------------------------------------------------------<br />\r\n<strong>Metropolitana: </strong><br />\r\n<br />\r\nLinea 5 Aeroporto /Torrent Avinguda-Neptú. Ogni 10-20 minuti circa.<br />\r\nLinea 3 Aeroporto /Palmaret-Rafelbunyol. Ogni 10-20 minuti circa.',NULL,70,15),(278,'Numeri utili',NULL,71,13),(279,'',NULL,71,14),(280,'<strong>Nuovo servizio</strong><br />\r\nSi desiderate prenotare un hotel per il vostro soggiorno a Barcelona, non dubitare, di che noi lo facciamo per voi. Otterrete lo sconto nella tariffa del l&#180;hotel. Riserve di servizio: 30&#8364; <br />\r\n<br />\r\nHostal de 42&#8364; a 90&#8364;<br />\r\nHotel *** de 98&#8364; a 112&#8364;<br />\r\nHotel **** de 118 a 140&#8364;<br />\r\n<em>(paga nel l&#180;hote)</em><br />\r\n<br />\r\nMetter in contacto con Sonia o Alba a 93 254 60 70 (10 am -13 pm) o <a href=\"mailto:servicioreservas@gmail.com&quot;\">servicioreservas@gmail.com</a><br />\r\n<br />\r\n<strong>NUMERI UTILI</strong><br />\r\nFARMACIA 24 HORAS  010 <a href=\"http://www.farmaciesdeguardia.com\" target=\"_self\">www.farmaciesdeguardia.com</a><br />\r\nGUARDIA CIVIL- 062<br />\r\nSERVICIOS DE URGENCIAS SOCILALES-  900.703.030<br />\r\nURGENCIAS- 112<br />\r\nBOMBEROS- 080<br />\r\nINFORMACION INTERNACIONAL DE TELEFONICA- 11825<br />\r\nINFORMACION NACIONAL Y PROVINCIAL DE TELEFONICA- 11818<br />\r\nSERVICIO DE ATENCION AL CLIENTE DE TELEFONICA- 1004<br />\r\nCENTRO DE INFORMACION TURISTICA- 906.301.282<br />\r\nGENERALITAT DE CATALUNYA, INFORMACION GENERAL- 902.400.012<a href=\"http://www.gencat.es\" target=\"_self\"> www.gencat.es</a><br />\r\nAYUNTAMIENTO DE BARCELONA, SERVICIO DE INFORMACION- 93.402.70.00 <a href=\"http://www.bcn.cat\" target=\"_self\">www.bcn.cat</a><br />\r\nTURISMO DE CATALUNYA- 93.238.40.00<br />\r\nTRANSPORTES PUBLICOS- 010<br />\r\nRENFE INFORMACION- 902240202<br />\r\nTRENES AL AEROPUERTO- 93.481.03.00<br />\r\nAEROPUERTO DE BARCELONA (INFORMACION)- 93.298.38.38 <a href=\"http://www.aena.es\" target=\"_self\">www.aena.es</a><br />\r\nAGENCIA PROTECCION DE DATOS- 91.308.48.31<br />\r\nINFORMACION METEOROLOGICA- 906.365.365 <a href=\"http://www.inm.es\" target=\"_self\">www.inm.es</a><br />\r\nINFORMACION DE BARCELONA- 010<br />\r\nINFORMACION DE CATALUNYA- 012<br />\r\nINFORMACION DE CARRETERAS- 900.123.505<br />\r\nLINEA DIRECTA CON LA GENERALITAT - 012<br />\r\n<br />\r\n<strong>TAXIS</strong><br />\r\nTELEFONO EN CATALAN- 93.481.00.85<br />\r\nAUDIOTE CASTELLANO- 93.481.10.85<br />\r\nTAXIS ADAPTADOS- 93.420.08.88<br />\r\n<br />\r\n<strong>TRASPORTI</strong><br />\r\nTRANSPORTS PUBLICS METROPOLITANS- 010<br />\r\nFERROCARRILS DE LA GENERALITAT- 93.205.15.15<br />\r\nRENFE- 902.240.202<br />\r\nAEROPORT (INFORMACION)- 902.404.704<br />\r\nESTACION MARITIMA BALEARES- 93.295.91.00<br />\r\nESTACION BARCELONA NORTE- 902.260.606<br />\r\n<br />\r\n<strong>ALTRI NUMERI UTILI</strong><br />\r\nVISA-MASTER CARD- 915.196.000 - 900.971.231 - 900.991.216<br />\r\nAMERICAN EXPRES- 902.375.637<br />\r\nDINNER&#8217;S CLUB- 934.670.145 - 902.401.112<br />\r\nRED 6000- 915.965.300 - 915.965.335<br />\r\nTARJETA 4B- 902.114.400 - 913.626.200<br />\r\n<strong><br />\r\n</strong><strong>Trasporto dal l&#8217;aeroporto</strong><br />\r\nL&#8217;Aeroporto di Barcellona è situato a 12 Km. dalla città, nella località di El Prat de Llobregat.<br />\r\nWeb del l&#8217;Aeroporto =&gt; <a href=\"http://www.aena.es\" target=\"_self\">http://www.aena.es</a><br />\r\n<br />\r\nCollegamenti Barcellona-Aeroporto-Barcellona<br />\r\n<br />\r\n<strong>Treno</strong><br />\r\nIl viaggio in treno, dall&#8217;aeroporto alla città, ha una durata di 20-25 min, con fermata finale nelle due principali stazioni ferroviarie del centro: Barcelona-Sants e Barcelona-Pl.Catalunya.<br />\r\n<br />\r\n<strong>Aerobus</strong><br />\r\nBus navetta con servizio giornaliero, dall&#8217;aeroporto fino a piazza Catalunya e viceversa, con una frequenza di 15 min.<br />\r\n<br />\r\n<strong>Autobús</strong><br />\r\nLinee EA e EN (Aeroporto &#8211; Pl. España-Aeroporto), servizio giornaliero, con una frequenza di 1.20 h.<br />\r\nCompagnie di autonoleggio in aeroporto <br />\r\n<br />\r\nNATIONAL -- <a href=\"http://www.atesa.es\" target=\"_self\">http://www.atesa.es</a><br />\r\nATESA -- <a href=\"http://www.atesa.es\" target=\"_self\">http://www.atesa.es</a><br />\r\nAVIS -- <a href=\"http://www.avis.com\" target=\"_self\">http://www.avis.com</a><br />\r\nEUROPCAR -- <a href=\"http://www.europcar.com\" target=\"_self\">http://www.europcar.com</a><br />\r\nHERTZ -- <a href=\"http://www.hertz.com\" target=\"_self\">http://www.hertz.com</a><br />\r\nBUDGET -- <a href=\"http://www.drivebudget.com\" target=\"_self\">http://www.drivebudget.com</a><br />\r\n<br />\r\n<strong>Marítimo</strong><br />\r\nTraghetti regolari per Genova dal Moll de Sant Beltran. <br />\r\nGrandi Navi Veloci Agenti generali per la Spagna: Agenzia Marittima Condeminas S.A.<br />\r\nMuelle de Poniente Norte/Sant Beltran <br />\r\nTel: 00 &#8211;34 &#8211; 934 439 898<br />\r\nFax: 00 &#8211;34 - 934 424 066<br />\r\ne-mail: <a href=\"mailto:pasaje.bcn@amcondeminas.com\" target=\"_self\">pasaje.bcn@amcondeminas.com</a><br />\r\nVia terra<br />\r\n<br />\r\nL&#8217; autostrada C-33 collega la AP-7 (Barcellona-La Jonquera) con la frontiera francese, dove si unisce alla rete di autostrade che percorrono il paese transalpino; da qui è facile raggiungere poi i paesi del nord o dell&#8217;est, l&#8217;Italia o città come Nizza, Monaco, etc.<br />\r\nL&#8217; Autostrada AP-2 (verso ovest) si allaccia alla AP-7 e comunica Barcellona con il resto della Spagna. <br />\r\n<br />\r\n<strong>Ristorante Sant Remy</strong><br />\r\nc/ Iradier, 12<br />\r\n08017 Barcellona<br />\r\nTel. 93-418 75 04<br />\r\n<a href=\"http://www.stremyrestaurant.com\" target=\"_self\">http://www.stremyrestaurant.com</a><br />\r\n<br />\r\n<strong>Ristorante El Trapío</strong><br />\r\nc/ Esperanza, 25<br />\r\n08017 Barcellona<br />\r\nTel. 93-211 58 17<br />\r\n<a href=\"http://www.restauranteeltrapio.com\" target=\"_self\">http://www.restauranteeltrapio.com</a><br />\r\n<br />\r\n<strong>Ristorante La Balsa</strong><br />\r\nc/ Infanta Isabel II, n&#186; 4<br />\r\n08022 Barcellona<br />\r\nTel. 93-211 50 48<br />\r\n<a href=\"http://www.labalsarestaurant.com\" target=\"_self\">http://www.labalsarestaurant.com</a><br />\r\n<br />\r\n<strong>Ristorante Vivanda</strong><br />\r\nc/ Mayor de Sarriá, 134<br />\r\n08034 Barcellona<br />\r\nTel. 93-203 19 18<br />\r\n<a href=\"http://www.bcnrestaurantes.com/barcelona.asp&#63;restaurante=VIVANDA\" target=\"_self\">http://www.bcnrestaurantes.com/barcelona.asp&#63;restaurante=VIVANDA</a>',NULL,71,15),(292,'|','2009/11/situacion1.jpg',72,2),(293,'Visitare Barcellona',NULL,72,3),(294,'',NULL,72,4),(295,'<strong>DOVE SIAMO</strong><br />\r\n<br />\r\nLa posizione di Barcellona, sulla riva del mare Mediterraneo, molto vicina alla Francia e ai paesi europei, la converte in una città ben collegata, a cui si può accedere via terra, mare e aria.<br />\r\nDispone di varie stazioni di treni; la sua rete e il suo servizio ferroviari la collegano sia con il resto della Spagna che con varie città europee.<br />\r\n<br />\r\nIl porto di Barcellona è diventato il primo porto di crociere del Mediterraneo. Conta attualmente 6 terminali dove, durante l&#8217; anno 2001, sono attraccate 844 navi con 1.000.00000 passeggeri. Dispone anche di 4 stazioni marittime, da dove partono i traghetti verso Genova e le Isole Baleari.<br />\r\n<br />\r\nL&#8217; aeroporto internazionale, il cui edificio fu disegnato da Ricardo Bofill in occasione dei giochi olimpici del 1992, registrò nel 2001 un&#8217;affluenza superiore ai 32.800.000 passeggeri.<br />\r\n<br />\r\nIl traffico interno della città viene smaltito grazie all&#8217;uso di tangenziali periferiche, conosciute con il nome di &#8220;Rondas&#8221; che hanno migliorato notevolmente la circolazione urbana.<br />\r\n<br />\r\nE&#8217; stato ampliato pure il servizio di trasporto pubblico. Attualmente Barcellona conta 5 linee di metrò, che coprono un totale di 81,2 Km. attraverso 122 stazioni. Tra i trasporti pubblici, va menzionata l&#8217;efficiente rete urbana ed extraurbana di treni gestita dalla Regione della Catalogna, che completa i servizi offerti dalla metropolitana.<br />\r\n<br />\r\nUna flotta di 1000 autobus collega tutti i quartieri della città. Esistono differenti tipi di tessere di trasporto, valide per tutta la rete di trasporto pubblico (metrò, treni urbani e autobus) con un sistema tariffario integrato che permette di utilizzare diversi mezzi di trasporto con lo stesso biglietto.<br />\r\n<br />\r\nLa città conta pure una flotta di 11.000 taxi, facilmente identificabili per il loro colore nero e giallo.<br />\r\n<br />\r\nI taxi liberi si contraddistinguono mediante una luce verde accesa, situata sul tetto del veicolo. Le fermate di queste vetture si trovano sparse per tutta la città anche se per fermarle, quando circolano per strada, basta alzare il braccio una volta avvistate. Molti taxi ammettono il pagamento mediante carta di credito, e si possono chiamare anche mediante un apposito servizio telefonico.',NULL,72,5),(296,'|','2009/11/situacion1.jpg',73,2),(297,'<a title=\"[Continua]\" href=\"http://www.institutocefer.com/it/notices/2009/11/visitare_barcellona_072.php\">Visitare Barcellona</a>',NULL,73,3),(298,'',NULL,73,4),(299,'La posizione di Barcellona, sulla riva del mare Mediterraneo, molto vicina alla Francia e ai paesi europei, la converte in una città ben collegata, a cui si può accedere via terra, mare e aria...',NULL,73,5),(300,'|','2009/11/visitarbcn1.jpg',74,2),(301,'Barcellona Bus Turístic',NULL,74,3),(302,'',NULL,74,4),(303,'Con un\'operazione durante tutto l\'anno (eccetto il 25 dicembre e 1 gennaio) e un passo di frequenza di 10 minuti e 30 minuti, questo bus possono comodamente soddisfare le città attraverso due tour operator. Il passeggero può salire e scendere l\'autobus tutte le volte che si desidera, in qualsiasi delle fermate esistenti e godetevi i due tour con lo stesso biglietto.<br />\r\n<br />\r\nInoltre, questo progetto di legge prevede uno smette di guida informativa e di un libro di sconti presso turistiche in visita alla città. Il viaggio a bordo anche le informazioni dei visitatori per la guida e vi possono aiutare con una ricerca personalizzata, il massimo dalla vostra visita.<br />\r\n<br />\r\nLa prima uscita è da Pl. de Catalunya a 9 e gli orari dettagliati sono ad ogni fermata.<br />\r\n<strong><br />\r\nPunti vendita dei biglietti:</strong><br />\r\n&#8226; On-Line<br />\r\n&#8226; Uffici di informazioni turistiche di Barcellona:<br />\r\n- Pl. de Catalunya - Pl de Catalunya, 17-S<br />\r\n- Estación de Sants - Pl. dels Països Catalans, s / n<br />\r\n- Pl. Sant Jaume - Ciutat, 2 (Comune di Barcellona)<br />\r\n- Monumento a Colombo - Portal de la Pau, s / n<br />\r\n- Aeroporto - Terminal A e B<br />\r\n&#8226; A bordo del bus<br />\r\n&#8226; Centri Clienti TMB<br />\r\nVISITE GUIDATE<br />\r\n<br />\r\nIn pullman: Visite guidate in autobus, in castigliano, francese, inglese e italiano.<br />\r\n<strong><br />\r\nMattina Barcellona: Barcelona Classic.</strong><br />\r\nVisita al giorno, tutto l\'anno, con partenza alle ore 9.30 e rientro alle 13 h. circa.<br />\r\nItinerario: viaggio attraverso le principali attrazioni della città: Barrio Gotico, il Villaggio Olimpico e Porto, Montjuic, sedi olimpiche. Visite alla Cattedrale e il Poble Espanyol.<br />\r\n<br />\r\n<strong>Pomeriggio Barcellona: Barcellona Art: il Modernismo.</strong><br />\r\nVisita al giorno, tutto l\'anno, con partenza alle ore 15.30 e termina alle h. 18,30 circa.<br />\r\nItinerario: viaggio attraverso le principali attrazioni della città: la Sagrada Familia, Plaza de Toros Monumental, P &#186;. Grace. Visita al Parco Guell e / o il Museo Picasso.<br />\r\nDomenica sera e Lunedi a rimanere chiuso il Museo di Picasso può essere visitato, a seconda delle opzioni di varie agenzie, il Güell Palau, o il Museo Marittimo o salire al belvedere del parco di divertimenti Tibidabo.<br />\r\n<strong><br />\r\nBarcelona giorno pieno.</strong><br />\r\nVisita al giorno, tutto l\'anno, salvo il Lunedi, partenza alle 9:30 e rientro alle 19 pm circa.<br />\r\nItinerario: viaggio attraverso le principali attrazioni della città: Barrio Gotico, Montjuic, siti olimpici, Paseo de Gracia, Sagrada Familia. Visite alla Cattedrale, il Parco Güell e il Museo Picasso. Pranzo presso il Poble Espanyol de Montjuic.<br />\r\nDomenica pomeriggio, a rimanere chiuso il Museo Picasso può essere visitato, a seconda delle opzioni di varie agenzie, il Museo Marittimo e il Palau Guell.<br />\r\nPanoramica della notte, tapas e flamenco.<br />\r\n<br />\r\nGiovedi, Venerdì e Sabato escluso festivi.<br />\r\nItinerario: viaggio attraverso le strade della città e assistere ad una spettacolo di flamenco con cena a base di tapas tipici. Ritorno agli alberghi su h. 00.30 Partenza alle h. 19,30<br />\r\n<br />\r\n<strong>INFORMAZIONI PER L\'ORDINAZIONE:</strong><br />\r\n<br />\r\n<strong>Julià Tours</strong><br />\r\nRda. Universitat, 5 (08007)<br />\r\n933 176 454 / 933 176 209<br />\r\n933 185 997<br />\r\n<a href=\"http://www.juliatours.es\" target=\"_self\">http://www.juliatours.es</a><br />\r\n<a href=\"mailto:terminal@julitours.es\" target=\"_self\">terminal@julitours.es</a><br />\r\n<a href=\"mailto:ronda.bcn@juliatours.es\" target=\"_self\">ronda.bcn@juliatours.es</a><br />\r\nL-V: 8.00-20.30 h.; S: 8.30-13.30 h./14.30-19.30 h.; D: 8.30-9.45 h./14.30-15.45 h.<br />\r\n<br />\r\n<strong>Pullmantur</strong><br />\r\nGran Via C.C., 645 (08010)<br />\r\n933 180 241 / 902 240 070<br />\r\n933 188 497<br />\r\nL-S: 8-21 h.; D: 8-9.30 h./14-15.30 h.<br />\r\n<a href=\"mailto:terminal.bcn@pullmantur.es\" target=\"_self\">terminal.bcn@pullmantur.es</a><br />\r\n<a href=\"mailto:barcelona@pullmantur.es\" target=\"_self\">barcelona@pullmantur.es</a><br />\r\n<strong><br />\r\nIn auto:</strong> visite o gite in un minivan (Mercedes Vito) dotati di 7 persone con le linee guida ufficiali.<br />\r\n<strong><br />\r\nBarcellona 4 ore.</strong><br />\r\nPercorso: Pl. d\'Espanya, Montjuïc (Poble Espanyol, l\'Anello Olimpico, con una sosta allo Stadio Olimpico e il Mirador del Alcalde), La Rambla e Pg de Gracia (Casa Batlló e Casa Milà), Sagrada Familia, Barrio Gotico.<br />\r\n<br />\r\n<strong>Barcellona 1 giorno.</strong><br />\r\nDurata: 8 ore Percorso: Pl. d\'Espanya, Montjuïc (Poble Espanyol, Ring Olimpico, lo Stadio Olimpico, Mirador del Alcalde), La Rambla, al Quartiere Gotico (walking tour con visita alla Cattedrale), Puerto Olimpico (tempo libero per il pranzo) , Pg de Gràcia (Casa Batlló e Casa Milà), Parco Güell e la Sagrada Familia.<br />\r\n<br />\r\n<strong>NOTA:</strong> Gli itinerari possono essere modificati se necessario.<br />\r\nPer ulteriori informazioni e prenotazioni:<br />\r\nLive Barcelona SL<br />\r\nFederica Montseny, 4-8, 1&#186; 1&#170;<br />\r\n08980 Sant Feliu de Llobregat<br />\r\n936 327 259 - 936 854 365<br />\r\nhttp://www.livebarcelona.com/<br />\r\nlivebarcelona@livebarcelona.com<br />\r\nBarcelona Walking Tours<br />\r\n<br />\r\nVisite guidate (Route Gothic Modernismo ...) nelle mani di una guida professionista.<br />\r\n<br />\r\n<strong>Informazioni Ufficio del Turismo di Barcellona:</strong><br />\r\n&#8226;  Pl. Catalunya - Pl. de Catalunya, 17-S<br />\r\n&#8226;  Pl. Sant Jaume - Ciutat, 2 (Ayuntamiento de Barcellona) <br />\r\nServicios de Guías Turísticos<br />\r\n<strong><br />\r\nAssociazione professionale turistica di Barcellona (APIT)</strong><br />\r\nPl. Berenguer el Gran, 1, 1&#186; D (08002)<br />\r\n933 198 279 (lavoro)<br />\r\n933 104 011<br />\r\n9.30-14/15-18.30 h.<br />\r\napit@ctv.es<br />\r\n<br />\r\n<strong>Barcelona Guide Bureau (BGB)</strong><br />\r\nVia Laietana, 54 (08003)<br />\r\n932 682 422 / 933 107 778<br />\r\n932 682 211<br />\r\n<a href=\"http://www.bgb.es\" target=\"_self\">http://www.bgb.es</a><br />\r\n<a href=\"mailto:bgb@bcn.servicom.es\" target=\"_self\">bgb@bcn.servicom.es</a><br />\r\n<br />\r\n<strong>City Guides BCN</strong><br />\r\nRda. Universitat, 21, 7&#186; D (08007)<br />\r\n934 120 674 / 933 177 200<br />\r\n934 125 133<br />\r\nL-V: 9-13/16-19 h<br />\r\n<a href=\"mailto:cguides@lander.es\" target=\"_self\">cguides@lander.es</a><br />\r\n<br />\r\n<strong>Barcellona Guide</strong><br />\r\nReial, 103, 1&#186; 2&#170; (08960)<br />\r\nSant Just Desvern<br />\r\n934 739 224<br />\r\n934 738 492<br />\r\n<a href=\"http://www.guiasdebarcelona.com\" target=\"_self\">http://www.guiasdebarcelona.com</a><br />\r\n<a href=\"mailto:info@guiasdebarcelona.com\" target=\"_self\">info@guiasdebarcelona.com</a><br />\r\n<br />\r\n<strong>ICONO, Serveis Culturals</strong><br />\r\nMuntaner, 185, 1&#186; 2&#186; (08036)<br />\r\n932 212 501 / 934 101 405<br />\r\n934 108 588<br />\r\n<a href=\"mailto:icono@intercom.es\" target=\"_self\">icono@intercom.es</a><br />\r\n<br />\r\n<strong>LUOGHI DI INTERESSE</strong><br />\r\nL\'anno 2002 ha segnato il 150 &#176; anniversario della nascita di uno degli architetti più creativi, originali e innovativi di tutti i tempi, Antoni Gaudí (1852-1926), con il prestigio e l\'influenza internazionale.<br />\r\nBarcellona, una città che si concentra il blocco più importante del suo lavoro, ha indotto l\'Anno Internazionale Gaudí e offre la possibilità di visitare il più popolare e meno noti del grande architetto.',NULL,74,5),(304,'|','2009/11/visitarbcn1.jpg',75,2),(305,'<a title=\"[Continua]\" href=\"http://www.institutocefer.com/it/notices/2009/11/barcellona_bus_turistic_074.php\">Barcellona Bus Turístic</a>',NULL,75,3),(306,'',NULL,75,4),(307,'Con un\'operazione durante tutto l\'anno (eccetto il 25 dicembre e 1 gennaio) e un passo di frequenza di 10 minuti e 30 minuti, questo bus possono comodamente soddisfare le città attraverso due tour operator. Il passeggero può salire e scendere l\'autobus tutte le volte che si desidera, in qualsiasi delle fermate esistenti e godetevi i due tour con lo stesso biglietto...',NULL,75,5),(308,'|','2009/11/visitarbcn9.jpg',76,2),(309,'Barcellona Shopping Line',NULL,76,3),(310,'',NULL,76,4),(311,'Barcellona offre al visitatore un asse commerciale lungo 5 km che parte dal Port Vell, passando per La Rambla e il centro storico, fino ad arrivare all&#8217;Eixample, il quartiere modernista, e alla parte alta della Diagonal.<br />\r\n<br />\r\nAv. Diagonal, la Barcellona del business e dello shopping. Questa lunga arteria si divide in due parti. Da un lato il tratto che va da piazza M&#170; Cristina fino a piazza Francesc Macià, dove convivono tradizione e modernità, e che si caratterizza per la presenza di centri commerciali in stile inglese. Dall&#8217;altro, quello che parte da piazza Francesc Macià fino al P&#186; de Gràcia, dove si concentrano famose boutique di ambito nazionale ed internazionale. Nei dintorni di quest&#8217;ultima piazza e del Turó Park troverete i negozi più chic della città.<br />\r\n<br />\r\nEixample, la Barcellona Modernista. Si tratta, senza ombra di dubbio, di uno degli spazi più emblematici della città, e che rappresenta attualmente la zona commerciale più singolare del capoluogo catalano. Articolato attorno al P&#186; de Gràcia e alla Rbla. de Catalunya, accoglie vari tipi di negozi che trasformano i due viali in una piacevole passeggiata dove architettura, cultura e servizi ai consumatori convivono in perfetta armonia.<br />\r\n<br />\r\nPl. de Catalunya / Barri Gòtic, la Barcellona storica. Qui si mescolano e convivono la tradizione<br />\r\ncommerciale e la cultura. Accanto alla cattedrale si raggruppano i negozi d&#8217;arte e di antiquariato, dove il visitatore perde per alcuni momenti la nozione del tempo. Il fascino delle botteghe più antiche si fa più evidente nei pressi di Pl. del Pi e in via Petritxol, una delle stradine più frequentate e suggestive del Barrio Gótico. Tra le vie più commerciali della zona, vanno indubbiamente menzionate anche Ferran, Portaferrisa e, soprattutto Av. Portal de l&#180;Àngel, un&#8217;affollata strada pedonale che collega il centro storico a Pl. Catalunya ed autentico riflesso della vitalità commerciale della città.<br />\r\nAnche attorno a Pl. Catalunya, punto di connessione tra il centro storico e il quartiere dell&#8217;Eixample, si trovano numerosi negozi che assieme a una nota catena di grandi magazzini e un centro commerciale completano l&#8217;offerta commerciale della zona.<br />\r\n<br />\r\nLa Rambla / Port Vell, la Barcellona marittima. Accanto al mare troviamo un&#8217;ampia offerta ludico-commerciale.<br />\r\n<br />\r\nMaremàgnum, accanto alla torre belvedere di C. Colombo. Dal monumento a Cristoforo Colombo, parte il viale più colorato e popolare di Barcelona, La Rambla. Autentica spina dorsale dello spirito barcellonese, con le sue edicole, bancarelle di fiori, venditori di uccelli e negozi tradizionali che riempiono di luce, vita ed allegria tutto il suo percorso. Dalla Rambla si accede al mercato più caratteristico e rutilante della città, il Mercat de la Boquería, una visita obbligata per toccare con mano i prodotti alimentari della gastronomia catalana. <br />\r\n<br />\r\n<strong>L&#8217;AGENDA DI BARCELLONA</strong><br />\r\nBarcellona è una città moderna, cosmopolita, e al tempo stesso rispettosa nei riguardi del suo passato e delle sue tradizioni. I barcellonesi sono soliti celebrare le loro feste popolari con molto entusiasmo e viverle intensamente. Sono grandi appassionati dell&#8217;arte, della cultura, e in particolare della musica, colonna sonora onnipresente di ogni tipo di festeggiamento.<br />\r\nNon deve stupire quindi che l&#8217;agenda di Barcellona offra così tanti e svariati appuntamenti &#8211; eventi culturali e sportivi, feste, fiere commerciali. Ce n&#8217;è per tutti i gusti, basta solo avere il tempo per goderseli tutti.<br />\r\n<br />\r\nL&#8217;ente provinciale Turisme de Barcelona vi offre un calendario annuale delle principali attività al fine di agevolarvi la programmazione del vostro soggiorno in città. <br />\r\n<br />\r\nGASTRONOMIA CATALANA<br />\r\nLa gastronomia catalana si basa sul l&#8217;offerta stagionale dei prodotti della terra. L&#8217; olio d&#8217;oliva, le erbe aromatiche, i frutti secchi e i prodotti freschi sono la base della cosiddetta &#8220;cucina di mercato&#8221;, nella quale i piatti si preparano in funzione dei prodotti disponibili nei mercati.<br />\r\n<br />\r\nLa Boqueria, sulla Rambla, costituisce il massimo esponente dei mercati cittadini. La combinazione di colori e l&#8217;esuberanza delle bancarelle di frutta e verdura, e del pesce fresco sono degni di essere ammirati<br />\r\n<br />\r\nL&#8217;offerta culinaria di questa regione è, inoltre, una delle più riuscite espressioni della dieta mediterranea in cui i piatti, elaborati a base di prodotti naturali, sono anche nutritivi, salutari e saporiti.<br />\r\n<br />\r\nI calçots in primavera, i funghi in autunno e la escudella (zuppa di carne e verdure) in inverno sono tra i piatti più tipici. Il pane con il pomodoro, gli insaccati e la paella sono quelli che ottengono più consenso e si possono degustare in quasi tutti i bar e ristoranti durante tutto l&#8217; anno.<br />\r\n<br />\r\nUna menzione speciale meritano le tapas, piccole porzioni che permettono di abbinare pesce, carne o verdura e che negli ultimi anni sono diventate una maniera molto peculiare di realizzare un pranzo o una cena leggera e variata. Vengono accompagnate normalmente da un buon vino o cava.<br />\r\n<br />\r\nCome offerta dolciaria è tipica la crema catalana, la coca, i torroncini&#8230;, oltre a un vasto assortimento di pasticceria e cioccolatteria, elaborato con creme a base di latte e cioccolato. <br />\r\n<br />\r\nL&#8217;offerta di ristoranti a Barcellona è molto completa e variata. Si va da quelli più sofisticati -molti di loro compaiono sulla prestigiosa Guida Michelin- fino ai piccoli locali, dai sapori forti e la maestria autentica dei cuochi più esperti.<br />\r\n<br />\r\nTurismo de Barcelona mette a vostra disposizione la Barcelona Card, una tessera mediante cui potete ottenere sconti in vari ristoranti della città.<br />\r\n<br />\r\nQuesta tessera permette di viaggiare sui mezzi pubblici di trasporto in ambito urbano e dà diritto a sconti fino al 50% nei luoghi più emblematici della città: 31 musei, 10 teatri e spettacoli, 15 strutture ludiche, 5 locali notturni, 13 negozi, 15 ristoranti. Ed ancora, offre sconti su schede telefoniche e alcuni particolari mezzi di trasporto. La tessera è valida per 1, 2, 3, 4 o 5 giorni di soggiorno.<br />\r\n<br />\r\nPotete ricevere ulteriori informazioni su questa tessera presso tutti gli uffici di informazione turistica della città, menzionati anteriormente. <br />\r\n<br />\r\nAlcuni ristoranti consigliati vicini al nostro Centro:<br />\r\n<br />\r\n<strong>Ristorante Sant Remy</strong><br />\r\nc/ Iradier, 12<br />\r\n08017 Barcellona<br />\r\nTel. 93-418 75 04<br />\r\n<a href=\"http://www.stremyrestaurant.com\" target=\"_self\">http://www.stremyrestaurant.com</a><br />\r\n<br />\r\n<strong>Ristorante El Trapío</strong><br />\r\nc/ Esperanza, 25<br />\r\n08017 Barcellona<br />\r\nTel. 93-211 58 17<br />\r\n<a href=\"http://www.restauranteeltrapio.com\" target=\"_self\">http://www.restauranteeltrapio.com</a><br />\r\n<br />\r\n<strong>Ristorante La Balsa</strong><br />\r\nc/ Infanta Isabel II, n&#186; 4<br />\r\n08022 Barcellona<br />\r\nTel. 93-211 50 48<br />\r\n<a href=\"http://www.labalsarestaurant.com\" target=\"_self\">http://www.labalsarestaurant.com</a><br />\r\n<br />\r\n<strong>Ristorante Vivanda</strong><br />\r\nc/ Mayor de Sarriá, 134<br />\r\n08034 Barcellona<br />\r\nTel. 93-203 19 18<br />\r\n<a href=\"http://www.bcnrestaurantes.com/barcelona.asp&#63;restaurante=VIVANDA\" target=\"_self\">http://www.bcnrestaurantes.com/barcelona.asp&#63;restaurante=VIVANDA</a>',NULL,76,5),(312,'|','2009/11/visitarbcn9.jpg',77,2),(313,'<a title=\"[Continua]\" href=\"http://www.institutocefer.com/it/notices/2009/11/barcellona_shopping_line_076.php\">Barcellona Shopping Line</a>',NULL,77,3),(314,'',NULL,77,4),(315,'Barcellona offre al visitatore un asse commerciale lungo 5 km che parte dal Port Vell, passando per La Rambla e il centro storico, fino ad arrivare all&#8217;Eixample, il quartiere modernista, e alla parte alta della Diagonal...',NULL,77,5),(316,'|','2009/11/cultura3.jpg',78,2),(317,'Barcellona Cultura',NULL,78,3),(318,'',NULL,78,4),(319,'Barcellona è una città con percorsi urbani accattivante, piena di gente e di vita. Non c\'è posto migliore per visitare Barcellona, La Rambla, un viale vivace, famosa per le sue bancarelle di fiori colorati.<br />\r\n<br />\r\nIl centro storico che comprende il quartiere Gotico, famosa per i suoi monumenti storici, strade strette e l\'atmosfera bohémienne è ideale per passeggiate a piedi. Una passeggiata attraverso il dedalo di strade antiche è essenziale per capire i diversi periodi della storia della città e ammirare monumenti più belli: scorci delle antiche mura romane tra ben conservati edifici gotici, i resti del quartiere ebraico, la prova di espansione industriale design dell\'Ottocento e del Novecento ...<br />\r\n<br />\r\nQui sopravvivono i resti della città romana che è stata tutta di edifici medievali testimone di un passato glorioso, dove la monarchia aveva la sua sede catalana cinquecento anni. Il suo centro storico è la Plaza del Rey, limitato dal Palau Reial Major, edificio del XIII secolo il cui interno è la Sala Tinell, sede dei re catalani, e la cappella di Sant\'Agata, la chiesa del XIV secolo, stile gotico. Chiudono la serie di Palau e Palau Lloctinent Clariana-Padellàs, che ospita il Museu d\'Historia de la Ciutat.<br />\r\n<br />\r\nUn altro dei centri del quartiere gotico è la zona circostante la Cattedrale, la chiesa romanica di Santa Lucia, collegato ad esso e di altri edifici come la Casa de la Pia Casa Almoina e Canonge de l\'Ardiaca, Home comunali Istituto di Storia. Un catalogo diversi della storia e dell\'arte è presente in tutte le strade di ciottoli, che offrono una panoramica sempre cambiare e arricchire le sue numerose curve. Sant Jaume Square occupa il centro geografico del quartiere su entrambi i lati e uno di fronte all\'altro, sono il municipio e il Palau de la Generalitat, sia etniche e gotico fasi successive. Antiquari, librerie, ristoranti e negozi eleganti e mantengono l\'interesse aggiuntivo di questo quartiere storico.<br />\r\n<br />\r\nLa città ha anche il campione più grande di architettura modernista di essere trovato. Un vero e proprio museo all\'aperto. La maggior parte degli edifici in questo stile sono il quartiere dell\'Eixample, una zona progettata nel 1860 da un ingegnere Ildefonso Cerdà e costituisce un modello unico di pianificazione urbana in Europa.<br />\r\n<br />\r\nLa Sagrada Familia, La Casa Batlló, Casa Milà e Casa Ametller sono alcuni degli edifici più notevoli di questo moderno Barcelonés e Antoni Gaudí è uno degli architetti più rappresentativi.<br />\r\n<br />\r\nL\'offerta combina musei distretto culturale ed edifici classificati come &quot;Patrimonio dell\'Umanità&quot;. La città ha più di 50 musei e collezioni di monografie d\'arte, tra cui il Museo Picasso, la Fundació Joan Miró e la Fondazione Antoni Tàpies, la più grande collezione di arte romanica del mondo Museo Nacional d\'Art de Catalunya (MNAC), che riapre nel 2003 con l\'unificazione di tutta l\'arte catalana fino al 40. L\'arte contemporanea è presente anche nella enclave del Raval, con il Museo di Arte Contemporanea di Barcellona - MACBA e il Centro di Cultura Contemporanea di Barcellona (CCCB), così come in numerose gallerie d\'arte.<br />\r\n<br />\r\nBarcellona Musei Web: <a href=\"http://www.bcn.es/museus\" target=\"_self\">www.bcn.es/museus<br />\r\n</a> <br />\r\nLa città offre inoltre una vasta gamma di offerte musicali. Dalla musica classica, opera e balletto, anche le più avant-festival d\'avanguardia, attraverso il jazz, il flamenco, pop, rock, ecc.<br />\r\n<br />\r\n&quot;Il Gran Teatre del Liceu&quot; brilla di nuovo in piena Rambla di Barcellona, L\'Auditori &quot;, sede dell \'Orchestra della città, offre un programma aperto a diversi stili musicali e<br />\r\n<br />\r\n&quot;Palau de la Musica Catalana, un gioiello di architettura modernista sono alcuni dei principali auditorium della città.<br />\r\n<br />\r\n&quot;La Città del Teatro&quot;, situata nella montagna di Montjuic, sede dell\'Esposizione Universale di Barcellona nel 1929, insieme al &quot;Teatre Nacional de Catalunya&quot; e il &quot;Barcelona Teatre Musical&quot; completare la corsa solita del teatro nella città, programmazione con alto mostra la linea internazionale.<br />\r\nTEMPO LIBERO<br />\r\n<br />\r\nAttualmente, il Porto Olimpico e il Port Vell è uno dei principali punti di incontro con bar, ristoranti, negozi e aree di svago.<br />\r\n<br />\r\nIl Porto Olimpico, al Villaggio Olimpico è una zona ricreativa per passeggiate, sport acquatici o rilassarsi nelle sue tante terrazze. Di notte, diventa uno dei più interessanti di &quot;Barcellona by night&quot; con una vasta gamma di ristoranti, bar e discoteche aperte fino a tarda notte.<br />\r\n<br />\r\nUna passeggiata attraverso il Porto Vecchio si rivelerà uno spazio aperto dove le persone possono fare tutti i tipi di attività e tutte in riva al mare. El Paseo de Joan de Borba e la Rambla de Mar sono ideali per lunghe e rilassanti passeggiate. Il Palau de Mar è il luogo ideale per sedersi in una delle sue tante terrazze e gustare i piatti tipici della Catalogna e il pesce migliore. Nel teatro IMAX il pubblico diviene il protagonista del film, sperimentando nuove sensazioni. Barcelona Aquarium, l\'acquario più grande d\'Europa, si approfondisce la conoscenza della affascinante mondo subacqueo. Nel Maremagnum trovare negozi di ogni genere, vari ristoranti, bar e un misterioso mondo di divertimento.',NULL,78,5),(320,'|','2009/11/cultura3.jpg',79,2),(321,'<a title=\"[Continua]\" href=\"http://www.institutocefer.com/it/notices/2009/11/barcellona_cultura_078.php\">Barcellona Cultura</a>',NULL,79,3),(322,'',NULL,79,4),(323,'Barcellona è una città con percorsi urbani accattivante, piena di gente e di vita. Non c\'è posto migliore per visitare Barcellona, La Rambla, un viale vivace, famosa per le sue bancarelle di fiori colorati...',NULL,79,5),(324,'|','2012/03/dra_redondop.jpg',80,2),(325,'&#160;Dra. Mónica Redondo Anía (Ginecóloga del Instituto de Reproducción CEFER)',NULL,80,3),(326,'&#160;',NULL,80,4),(327,'Licenciatura en Medicina y Cirugía por <st1:personname productid=\"la Facultad\" w:st=\"on\">la Facultad</st1:personname> de Medicina de <st1:personname productid=\"la Universidad\" w:st=\"on\">la Universidad</st1:personname> del País Vasco en Junio de 1998 Título de Especialista en Obstetricia y Ginecología (2003). Hospital Central de Asturias en Oviedo. <span style=\"mso-spacerun:yes\">&#160;</span>Diagnóstico Ecográfico y Doppler en Obstetricia y Ginecología. &#160;H. Clínico UB. Estudios de Tercer Ciclo en el Departamento de Cirugía y Especialidades Médico-Quirúrgicas de <st1:personname productid=\"la Universidad\" w:st=\"on\">la Universidad</st1:personname> de Oviedo, en el Bienio correspondiente al 2000-2002. Programa de Doctorado: Investigación en Oncología. Suficiencia Investigadora superada con la calificación de Sobresaliente, con el tema: &#8220;Atosibán versus ritodrine. Alternativa terapéutica en la amenaza de parto pretérmino&#8221;. <span style=\"mso-spacerun:yes\">&#160;</span>Nivel III en Ecografía realizado en el Hospital de Cruces, Vizcaya. Nivel I y II en Ecografía, realizado en el Hospital Vall d&#180;Hebrón, Barcelona. Ginecólogo Adjunto en el Servicio de Reproducción del Instituto de Reproducción CEFER,<span style=\"mso-spacerun:yes\">&#160; </span>desde Abril 2009. Ginecólogo Adjunto en el Servicio de Reproducción del Instituto Marqués desde Sept. 2005 hasta Marzo 2009. Guardias de obstetricia-ginecología en el H. San Juan de Dios de Barcelona desde Julio 2006 hasta la actualidad. Ginecólogo Adjunto en el Instituto Valenciano de Infertilidad (IVI) en su delegación de Sevilla, desde el 1 de Febrero de 2004 hasta Mayo del 2005. Guardias de Presencia en el Hospital Comarcal de Arriondas (Asturias), desde Noviembre de 2003 a Enero de 2004. Residencia en Obstetricia y Ginecología en el Hospital Central de Asturias, desde el 28 de Junio de 1999 al 28 de Octubre de 2003.',NULL,80,5),(328,'http://www.institutocefer.com/it/cefer-su-GoogleMaps.php|_self','2009/12/centros_cefer2.gif',81,39),(329,'|','2013/01/telefonos.gif',82,39),(330,'http://www.institutocefer.com/it/richiedi-un-appuntamento.php|_self','2010/03/solicitar_cita.gif',83,39),(331,'http://www.institutocefer.com/it/consultazione-on-line.php|_self','2010/03/consulta_online.gif',84,39),(332,'http://www.institutocefer.com/it/cefer-su-GoogleMaps.php|_self','2009/12/centros_cefer.gif',85,39),(333,'',NULL,86,40),(334,'',NULL,86,41),(335,'<strong>BARCELONA</strong><br />\r\n<br />\r\nTEKNON - T.93 254 60 70. <a target=\"_self\" href=\"http://maps.google.es/maps&#63;f=q&amp;hl=es&amp;geocode=&amp;q=cefer&amp;sll=41.405359,2.128494&amp;sspn=0.011137,0.019999&amp;num=10&amp;ie=UTF8&amp;ll=41.406493,2.12873&amp;spn=0.011137,0.019999&amp;z=16&amp;iwloc=A\">Map</a><br />\r\nVALERO - T.93240 40 60. <a target=\"_self\" href=\"http://maps.google.es/maps&#63;f=q&amp;hl=es&amp;geocode=&amp;q=Valero+n%C2%BA+7+Barcelona&amp;sll=41.387917,2.169919&amp;sspn=0.440972,1.267548&amp;ie=UTF8&amp;ll=41.3969,2.138085&amp;spn=0.006889,0.019805&amp;z=16&amp;iwloc=addr\">Map </a><br />\r\n<strong><br />\r\nVALENCIA</strong><br />\r\n<br />\r\nT.963 47 35 43. <a target=\"_self\" href=\"http://maps.google.es/maps&#63;f=q&amp;hl=es&amp;geocode=&amp;q=cefer+valencia&amp;ie=UTF8&amp;ll=39.482249,-0.377913&amp;spn=0.030341,0.079994&amp;z=14&amp;iwloc=A\">Map</a><br />\r\n<strong><br />\r\nLLEIDA</strong><br />\r\n<br />\r\nT.973 27 30 69. <a target=\"_self\" href=\"http://maps.google.es/maps&#63;f=q&amp;hl=es&amp;geocode=&amp;q=Carrer+Governador+Montcada+13,+25002,+L%C3%A9rida,+L%C3%A9rida,+Catalu%C3%B1a,+Espa%C3%B1a&amp;sll=41.614151,0.625781&amp;sspn=0.005294,0.009978&amp;ie=UTF8&amp;z=16&amp;iwloc=addr&amp;om=1\">Map</a>',NULL,86,42),(336,'Demanda de donación de óvulos o embriones en mujeres fisiológicamente estériles (edad &gt;=45 años)',NULL,87,13),(337,NULL,NULL,87,14),(338,'F. Marina, N. Fosas, D. Marina, J. Suñol, I. Jové, J. García-Parra, M. Hochman, I. Mazzanti y S. Marina. <br />\r\nXXVI Congreso Nacional de la Sociedad Española de Fertilidad. 31 de Mayo al 2 de Junio de 2006 (Zaragoza)<br />\r\n',NULL,87,15),(339,'Estudio de mil donantes de semen: aceptados y no aceptados',NULL,88,13),(340,NULL,NULL,88,14),(341,'Vives, A.; Marina, D.; Alcolea, R.; Latre, L.; Marina, F. y Marina, S.<br />\r\nXXVI Congreso Nacional de la Sociedad Española de Fertilidad. 31 de Mayo al 2 de Junio de 2006 (Zaragoza)<br />\r\n',NULL,88,15),(342,'Resultados de 598 estudios de FISH en espermatozoides',NULL,89,13),(343,NULL,NULL,89,14),(344,'Alcolea, R; Latre, L.; Marina, F. y Marina, S.<br />\r\nXXVI Congreso Nacional de la Sociedad Española de Fertilidad. 31 de Mayo al 2 de Junio de 2006 (Zaragoza)<br />\r\n',NULL,89,15),(345,'Técnicas de reproducción asistida en pacientes infectados de VIH-1. Doce años de experiencia',NULL,90,13),(346,NULL,NULL,90,14),(347,'F. Marina, D. Marina, J. Suñol, I. Jové, J. García-Parra, M. Hochman, I. Mazzanti, N. Fosas y S. Marina. <br />\r\nXXVI Congreso Nacional de la Sociedad Española de Fertilidad. 31 de Mayo al 2 de Junio de 2006 (Zaragoza)<br />\r\n',NULL,90,15),(348,'Evolution of Clinical Pregnancies in Recipient Patients Over Age 45 Achieved Using Donor Eggs',NULL,91,13),(349,NULL,NULL,91,14),(350,'Suñol J., Jove I., García J., Mazzanti I., Lami A., Marina D, Marina F., Marina S.<br />\r\n23rd Annual Meeting of ESHRE. 1-4 de julio de 2007 (Lyon)<br />\r\n',NULL,91,15),(351,'Comparison between fresh and cryopreserved donated oocytes',NULL,92,13),(352,NULL,NULL,92,14),(353,'Fosas, N.; Marina, F.; Suñol, J.; García,J.; Marina, D. and Marina, S.<br />\r\n23rd Annual Meeting of ESHRE.  1-4 de julio de 2007 (Lyon)<br />\r\n',NULL,92,15),(354,'Microdeleciones del cromosoma Y e implicaciones en la infertilidad masculina: experiencia de la  Asociación Nacional de Clínicas de Reproducción Asistida (ANACER)',NULL,93,13),(355,NULL,NULL,93,14),(356,'R. Bernabeu, F. Marina, M. Brassesco, LM. Rodríguez-Menes, B. Lledó.<br />\r\nXXIV  Congreso Nacional de Genética Humana. 19-21 septiembre de 2007 (Alicante)<br />\r\n',NULL,93,15),(357,'Evolución de los parámetros seminales de candidatos a donantes de semen a lo largo de 30 años',NULL,94,13),(358,NULL,NULL,94,14),(359,'Marina, F.; Alcolea, R.; Mansilla, I.; Domínguez, M; González, S. y Marina, S.<br />\r\nIV Congreso ASEBIR. 21 al 23 de Noviembre de 2007(Bilbao)<br />\r\n',NULL,94,15),(360,'Pacientes con más de 25 ovocitos. &#191;Es mejor congelar todos los embriones o hacer transferencia en fresco&#63;',NULL,95,13),(361,NULL,NULL,95,14),(362,'Carrasco, A.; Marina, F.; Fosas, N.; Martín, P.; Pérez, N.;  Jové, I.; García, J.; Mazzanti, I.;  Suñol, J. y Marina, S.<br />\r\nIV Congreso ASEBIR. 21 al 23 de Noviembre de 2007(Bilbao)<br />\r\n',NULL,95,15),(363,'Relación entre el número y la distribución de los precursores nucleolares y la tasa de aneuploidías',NULL,96,13),(364,NULL,NULL,96,14),(365,'Pérez, N; Marina, F; Fosas, N; Martín, P; Alcolea, R; y Marina, S<br />\r\nIV Congreso ASEBIR. 21 al 23 de Noviembre de 2007(Bilbao)<br />\r\n',NULL,96,15),(366,'Twelve years&#8217; experience in assisted reproduction with HIV-1-seropositive men',NULL,97,13),(367,NULL,NULL,97,14),(368,'R. Alcolea, F. Marina, J. Suñol, I. Jové, J. García-Parra, D. Marina, S. Marina.<br />\r\n22nd Annual Meeting of ESHRE. 18-21 de junio de 2006 (Praga)',NULL,97,15),(369,'Motivos y costes de la cancelación de ciclos de estimulación ovárica en donantes de ovocitos',NULL,98,13),(370,NULL,NULL,98,14),(371,'Suñol J., Marina F., Marina D., Garcia J., Hochman M., Jové I. y Marina S<br />\r\nXXVI Congreso Nacional de la Sociedad Española de Fertilidad. 31 de Mayo al 2 de Junio de 2006 (Zaragoza)',NULL,98,15),(372,'Alberghi e Appartamenti vicino a  Instituto CEFER:',NULL,99,13),(373,'',NULL,99,14),(374,'<strong>HOTEL TURO DE VILANA ****</strong><br />\r\nVilana, 7<br />\r\nTelf. 93 434 03 63<br />\r\nFax. 93 418 89 03<br />\r\nwww.turodevilana.com<br />\r\n<br />\r\n<strong>HOTEL MIKADO ***</strong><br />\r\nPg. Bonanova, 58<br />\r\nTelf. 93 211 41 66<br />\r\nFax. 93 211 42 10<br />\r\nwww.hoteles-catalonia.com<br />\r\n<br />\r\n<strong>HOTEL EUROSTARS ANGLI****</strong><br />\r\nAnglí, 60<br />\r\nTelf. 93 206 99 44<br />\r\nFax: 93 206 99 45<br />\r\nwww.eurostarshotels.com<br />\r\n<br />\r\n<strong>HOTEL ST. GERVASI ***</strong><br />\r\nSant Gervasi de Cassoles, 26<br />\r\nTel. 93 253 17 40<br />\r\nFax 93 253 17 41<br />\r\nwww.hoteles-silken.com<br />\r\n<br />\r\n<strong>HOTEL HUSA TRES TORRES ***</strong><br />\r\nCalatrava, 32-34<br />\r\nTelf. 93 417 73 00<br />\r\nFax. 93 418 98 34<br />\r\nwww.husa.es<br />\r\n<br />\r\n<strong>HOTEL MITRE ***</strong><br />\r\nBertrán, 9-15<br />\r\nTelf. 93 212 11 04<br />\r\nFax: 93 418 94 81<br />\r\nwww.hotelmitre.com<br />\r\n<br />\r\n<strong>HOTEL SANSI ****</strong><br />\r\nAvda. Pearson, 1<br />\r\nTelf. 93 206 38 80<br />\r\nFax. 93 206 38 81<br />\r\nwww.sansihotel.com<br />\r\n<br />\r\n<strong>Hoteles - Apartamentos</strong><br />\r\n<br />\r\n<strong>AR BARCELONA</strong><br />\r\nTravessera de Gràcia, 8, 1&#186; 1&#170;<br />\r\nTelf. 93 517 21 11<br />\r\nFax. 93 414 32 74<br />\r\nwww.arbarcelona.es<br />\r\n<br />\r\n<strong>APARTAMENTOS INSIDE-BCN</strong><br />\r\nEsparteria, 1<br />\r\nTelf. 93 268 28 68<br />\r\nFax. 93 268 15 17<br />\r\nwww.inside-bcn.com<br />\r\n<br />\r\n<strong>ATENEA ****</strong><br />\r\nJoan Güell, 207<br />\r\nTelf. 93 490 66 40<br />\r\nFax. 93 490 64 20<br />\r\nwww.aparthotelatenea.com<br />\r\n<br />\r\n<strong>AC VICTORIA SUITES ****</strong><br />\r\nAvda. Pedralbes, 16<br />\r\nTelf. 93 206 99 00<br />\r\nFax. 93 280 52 62<br />\r\nwww.victoriabcn.com<br />\r\n<br />\r\n<strong>APARTHOTEL BONANOVA ***</strong><br />\r\nBisbe Sivilla, 7<br />\r\nTelf. 93 253 15 63<br />\r\nFax. 93 418 44 97<br />\r\nwww.aparthotelbonanova.com<br />\r\n<br />\r\n<strong>MARIÀ CUBÍ</strong><br />\r\nMarià Cubí, 62<br />\r\nTelf. 93 209 96 99<br />\r\nFax. 93 209 96 99<br />\r\nwww.city-hotels.es<br />\r\n<br />\r\n<strong>APARTAMENTOS LAFORJA</strong><br />\r\nLaforja, 128<br />\r\nTel. 93 209 45 49<br />\r\nFax 93 209 45 42<br />\r\nwww.apartamentoslaforja.com<br />\r\n<br />\r\n<strong>APARTAMENTOS MITRE</strong><br />\r\nRonda General Mitre, 226<br />\r\nTel. 93 284 40 99<br />\r\nFax 93 284 78 65<br />\r\nwww.apartamentosmitre.com<br />\r\n<br />\r\n<strong>GRANDOM SUITES</strong><br />\r\nPza. Letamendi, 26<br />\r\nTel. 93 452 10 30<br />\r\nFax 93 452 10 93<br />\r\nwww.splendomsuites.com',NULL,99,15),(375,'Turismo Lleida',NULL,100,13),(376,NULL,NULL,100,14),(377,'<a href=\"http://www.turismedelleida.com/\" target=\"_self\">http://www.turismedelleida.com/</a>',NULL,100,15),(378,'Tourisme de Lleida',NULL,101,13),(379,'',NULL,101,14),(380,'<a target=\"_self\" href=\"http://www.turismedelleida.com/&#63;idioma=es\">http://www.turismedelleida.com/</a>',NULL,101,15),(382,'http://www.fertilityshow.co.uk|_blank','2010/08/banner-fertility-show.jpg',102,43),(383,'|','2010/12/dra_nuria_porta_b.jpg',103,2),(384,'Dra. Nuria Porta de la Riva (Ginecóloga del Instituto de Reproducción CEFER)',NULL,103,3),(385,NULL,NULL,103,4),(386,'Licenciada en Medicina por la Universidad de Barcelona (1996-2002). Estancias formativas: Julio 1999: Prácticas en el servicio de Cirugía General. Hospital de Ljubljana. Eslovenia. Julio 2000. Prácticas en el Servicio de Cirugía Torácica. Hospital de Odense. Julio y agosto 2001. Prácticas en el servicio de Cirugía General. Hamilton General Hospital, Hamilton. Canadá.<br />\r\nEspecialidad en Obstetricia y Ginecología, Hospital San Juan de Dios, Universidad de Barcelona (2004-2008). Rotación externa para Unidad Funcional de Mama del Hospital de Bellvitge. Colaboración en la Clínica Creu Blanca como ecografista obstétrica.Ecografías 4D. Ecógrafo: General Electrics Voluson Experto 730 (2007-2008).Colaboración en el centro Policlínico Viladecans como ginecóloga. Adjunta al servicio de Ginecología y Obstetricia Hospital del Espíritu Santo en Santa Coloma de Gramenet.',NULL,103,5),(387,'|',NULL,104,24),(388,'<strong>EmbryoScope: molto più di un video dei vostri embrioni</strong>',NULL,104,25),(389,'<strong>La rivoluzione nei sistemi di incubazione</strong>',NULL,104,26),(390,'&#160;Dottore Marina. Barcellona 24/12/2013',NULL,104,27),(391,'<strong>Cos&#8217;è l&#8217;EmbryoScope&#63;</strong><br />\r\n<br />\r\nL&#8217;EmbryoScope è un nuovo e rivoluzionario sistema di incubazione per embrioni umani. Consiste in un&#8217;incubatrice dotata di un sistema incorporato per la cattura di immagini. <br />\r\n<br type=\"_moz\" />',NULL,104,28),(392,'|','2011/04/embryoscope.JPG',104,29),(393,'<strong>Quali vantaggi offre l&#8217;EmbryoScope&#63;</strong><br />\r\n<br />\r\nL&#8217;EmbryoScope, se confrontato con i tradizionali sistemi di incubazione, presenta due grandi vantaggi. Il primo è che non è più necessario estrarre gli embrioni dall&#8217;incubatrice per osservarli. Il secondo è che si hanno a disposizione molte più informazioni su ciascuno di essi.<br />\r\n<br />\r\n<br type=\"_moz\" />',NULL,104,30),(394,'|','2011/04/embrioscope2.jpg',104,31),(395,'<strong>Perché i tassi di gravidanza migliorano con l&#8217;EmbryoScope&#63;</strong><br />\r\n<br />\r\nIl tasso di gravidanza dipende in gran parte dalla qualità embrionale. Con l&#8217;EmbryoScope l&#8217;incubazione è molto più stabile e pertanto si ottengono embrioni di migliore qualità. Non dovendo estrarre gli embrioni dall&#8217;incubatrice, non vi è alcuno sbalzo di temperatura né di umidità nella coltura. Inoltre, si dispone di molte più informazioni sull&#8217;embrione ed è possibile rilevarne anomalie morfologiche che prima passavano inosservate. I ritmi di divisione cellulare si sono dimostrati un buon marcatore per prevedere le possibilità di impianto di un embrione. Con l&#8217;EmbryoScope si migliora di circa il 20% la possibilità di gestazione grazie alla valutazione di tutti questi fattori. <br />\r\n<br />\r\n<br type=\"_moz\" />',NULL,104,32),(396,'|',NULL,104,33),(397,'<iframe width=\"560\" height=\"315\" src=\"http://www.youtube.com/embed/h5zjX2d7HdU\" frameborder=\"0\" allowfullscreen=\"\"></iframe> <br />\r\n&#160;<i><span lang=\"IT\" style=\"font-size:12.0pt;font-family:\r\n&quot;Times New Roman&quot;,&quot;serif&quot;;mso-fareast-font-family:Batang;mso-ansi-language:\r\nIT;mso-fareast-language:KO;mso-bidi-language:AR-SA\">Gli eventuali marchi proprietà di terzi vengono citati nella pagina Web al solo titolo informativo, per illustrare o ampliare la descrizione dei trattamenti a cui si riferiscono, senza che l&#8217;azienda percepisca in alcun caso un compenso per tale inserimento e senza che esista alcuna collaborazione commerciale tra le parti a scopi pubblicitari</span></i>',NULL,104,34),(398,'IMSI (microiniezione di spermatozoi morfologicamente selezionati)',NULL,105,13),(399,'19/10/2011',NULL,105,14),(400,'<strong>Cos&#8217;è la IMSI&#63;</strong><br />\r\nIMSI è l\'abbreviazione del termine inglese Intracytoplasmic Morphologically Selected Sperm Injection, che significa &#8220;microiniezione intracitoplasmatica di sperma morfologicamente selezionato&#8221;. Si tratta di una tecnica nuova che consente una migliore selezione degli spermatozoi in base alla loro morfologia.<br />\r\n<br />\r\n<strong>In cosa consiste la IMSI&#63;</strong><br />\r\nPer poter selezionare meglio gli spermatozoi in base alla loro morfologia, è necessario disporre di un microscopio ad alta risoluzione, specifico per questa tecnica. Normalmente, con la tecnica della ICSI si effettuano ingrandimenti compresi tra 200x e 400x. Per la IMSI è necessario disporre di microscopi di ultima generazione che raggiungano ingrandimenti fino a 16.000x. Questa grande differenza di magnificazione degli spermatozoi consente di vedere e rilevare anomalie negli spermatozoi che non sarebbero visibili con un ingrandimento di 400x. In questo modo si possono selezionare spermatozoi del tutto normali.<br />\r\n<br />\r\n<br />\r\n<strong>Quali anomalie non riscontrabili con la ICSI sono invece visibili con la IMSI&#63;</strong><br />\r\nOltre alla forma della testa e della coda dello spermatozoo, è possibile osservare la presenza di vacuoli all&#8217;interno del suo nucleo. Questi vacuoli sono simili a bolle di liquido osservabili all&#8217;interno della testa dello spermatozoo, dove si trova il nucleo, e sono stati messi in relazione ad anomalie nel DNA.<br />\r\n<br />\r\n<img alt=\"\" width=\"448\" height=\"336\" src=\"/es/img2/2011/08/imsi1.jpg\" /><br />\r\nFigura 1. Spermatozoo con vacuoli<br />\r\n<br />\r\n<img alt=\"\" width=\"448\" height=\"336\" src=\"/es/img2/2011/08/imsi2.jpg\" /><br />\r\n<br />\r\nFigura 2. Spermatozoi con vacuoli<br />\r\n<br />\r\n<img alt=\"\" width=\"448\" height=\"336\" src=\"/es/img2/2011/08/imsi3.jpg\" /><br />\r\nFigura 3. Spermatozoo con vacuoli.<br />\r\n<br />\r\n<img alt=\"\" width=\"448\" height=\"336\" src=\"/es/img2/2011/08/imsi4.jpg\" /><br />\r\nFigura 4. Spermatozoo con un grande vacuolo.<br />\r\n<br />\r\n<img alt=\"\" width=\"448\" height=\"336\" src=\"/es/img2/2011/08/imsi5.jpg\" /><br />\r\nFigura 5. Spermatozoo con piccoli vacuoli.<br />\r\n<br />\r\n<img alt=\"\" width=\"448\" height=\"336\" src=\"/es/img2/2011/08/imsi6.jpg\" /><br />\r\nFigura 6. Spermatozoo normale confrontato con spermatozoo amorfo e vacuolato.<br />\r\n<br />\r\n<img alt=\"\" width=\"448\" height=\"336\" src=\"/es/img2/2011/08/icsi.jpg\" /><br />\r\nFigura 7. Vista degli spermatozoi a 200 aumenti senza IMSI.<br />\r\n<strong><br />\r\nQuali miglioramenti si ottengono con la IMSI&#63;</strong><br />\r\nQuando si effettua la ICSI con spermatozoi morfologicamente selezionati (IMSI) si osserva un aumento della possibilità che gli embrioni si sviluppino normalmente e, quindi, si aumentano le possibilità di gravidanza. Inoltre, in caso di IMSI, il tasso di aborto si riduce alla metà.<br />\r\n<br />\r\n<strong>Quali pazienti possono trarre beneficio dalla IMSI&#63;<br />\r\n</strong>In linea di principio, tutti i pazienti possono trarre beneficio da questa tecnica. Tuttavia, risulta particolarmente vantaggiosa per i pazienti che presentano un\'elevata percentuale di anomalie morfologiche negli spermatozoi. Anche nei pazienti che nei precedenti cicli non hanno ottenuto risultati positivi, la IMSI può migliorare la prognosi. Altra indicazione potrebbe riguardare i pazienti che hanno subito un aborto per una causa sconosciuta.<br />\r\n<br />\r\n<strong>Microscopio di ultima generazione per la IMSI<br />\r\n</strong>L&#8217;Istituto CEFER ha acquistato l&#8217;ultima e più avanzata versione di microscopio per IMSI della casa commerciale Leica Microsystems&#8482; che riesce a raggiungere ingrandimenti di 16.000x. Altre versioni raggiungono solo i 6.000 ingrandimenti.<br />\r\n<br />\r\n&#8220;I riferimenti a marche di proprietà terze presenti sul Web hanno il solo scopo informativo, per illustrare o completare la descrizione dei trattamenti a cui fanno riferimento; l&#8217;azienda non percepisce alcuna remunerazione per tale inserimento né vi è alcuna collaborazione commerciale tra le parti a fini commerciali&quot;\r\n<p class=\"MsoNormal\" style=\"line-height: normal; margin-bottom: 0pt\"><o:p></o:p></p>',NULL,105,15),(401,'FISH en espermatozoides',NULL,106,13),(402,'&#160;',NULL,106,14),(403,'S. Marina, S. Egozcue, D. Marina, R. Alcolea y F. Marina<br />\r\nV Congreso Iberoamericano de Andrología. Buenos Aires, Argentina. 2012',NULL,106,15),(404,'http://www.familieslg.org/familieslgtb|_blank','2012/11/ass_flg.jpg',108,39),(405,'<span style=\"font-size:14.0pt;mso-bidi-font-size:11.0pt;\r\nline-height:115%;font-family:&quot;Calibri&quot;,&quot;sans-serif&quot;;mso-ascii-theme-font:minor-latin;\r\nmso-fareast-font-family:Calibri;mso-fareast-theme-font:minor-latin;mso-hansi-theme-font:\r\nminor-latin;mso-bidi-font-family:&quot;Times New Roman&quot;;mso-bidi-theme-font:minor-bidi;\r\nmso-ansi-language:ES;mso-fareast-language:EN-US;mso-bidi-language:AR-SA\">Le prime visite gratis*</span>',NULL,109,13),(406,'01/10/2013',NULL,109,14),(407,'Addesso, se ti vieni a visitare  prima del 1 di novembre, le prime visite pagate saranno scontate a iniziare il trattamento.<br />\r\n<br />\r\n*Il giorno delle prime visite si deve pagare 300&#8364; (150&#8364; della visita ginecológica e 150&#8364; della visita andrologica). Questa quantità sarà scontata dal prezzo del trattamento nei casi FIV, donazione di ovuli e donazione di embrioni.<br />\r\n<br />\r\n<strong>Promozione speciale per la inseminazione artificiale:</strong><br />\r\nSe non rimani incinta nei primi due cicli, ti esegiamo il terzo ciclo gratis ( consulta condizioni)<br />\r\n<br />\r\n<strong>Promozione speciale per la donazione di embrioni:</strong><br />\r\nSe non rimani incinta nei primi due cicli, applichiamo uno sconto del 50% nel terzo ciclo ( consulta condizioni).<br />\r\n<br type=\"_moz\" />',NULL,109,15),(408,'<a title=\"[Continuar]\" href=\"http://www.institutocefer.com/it/notices/2013/01/le_prime_visite_gratis_109.php\">Le prime visite gratis*</a>',NULL,110,13),(409,'01/09/2013',NULL,110,14),(410,'Addesso, se ti vieni a visitare  prima del 1 di novembre, le prime visite pagate saranno scontate a iniziare il trattamento.<br type=\"_moz\" />',NULL,110,15),(411,'|','2009/11/homosexualidad.jpg',111,2),(412,'Parejas lesbianas',NULL,111,3),(413,'&#160;',NULL,111,4),(414,'En España la Ley reconoce los mismos derechos para parejas homosexuales y heterosexuales y por tanto no pone impedimento alguno para que dos mujeres puedan llevar a cabo su deseo de tener hijos.<br />\r\n<br />\r\nEn función de la edad de la mujer que desea quedar embarazada se puede realizar Inseminación Artificial (IA) o Fecundación In Vitro (FIV) con semen de donante anónimo (Semen de Banco). Otra posibilidad es fecundar los óvulos de una mujer con semen de donante anónimo y transferir los embriones obtenidos a la pareja para que sea ésta la que lleve adelante la gestación. Esta técnica se denomina ROPA (Recepción de Óvulos de la PAreja). Esta  puede ser la única salida para las mujeres que desean quedar embarazadas pero no tienen óvulos válidos para ser fecundados.<br />\r\n<br />\r\nEn otros casos puede ser necesario recurrir a embriones procedentes de óvulos de donante anónimo fecundados con Semen de Banco.Independientemente de la técnica de reproducción utilizada para conseguir el embarazo ambas mujeres firmantes de la autorización tendrán todos los derechos y obligaciones sobre la criatura, según establece la legislación actual vigente en España<br />\r\n<br />\r\n<a href=\"http://www.familieslg.org/familieslgtb/wp-content/uploads/2012/12/Conveni-FLG-CEFER.pdf\" target=\"_self\">Convenio</a> de colaboracion con la FLG con ventajas y precios especiales para los socios/as de la FLG<br />\r\n<br />\r\n<iframe src=\"http://player.vimeo.com/video/33960796&#63;title=0&amp;byline=0&amp;portrait=0\" width=\"400\" height=\"225\" frameborder=\"0\" webkitallowfullscreen=\"\" mozallowfullscreen=\"\" allowfullscreen=\"\"></iframe>\r\n<p><a href=\"http://vimeo.com/33960796\">Right 2 Love Trailer oficial en Castellano</a> from <a href=\"http://vimeo.com/flgfamiliaslgtb\">FLG Associació Famílies LGTB</a> on <a href=\"http://vimeo.com\">Vimeo</a>.</p>\r\n<br />\r\n<br type=\"_moz\" />',NULL,111,5),(415,'|','2013/05/cefer.jpg',112,39),(416,'Test Genético Recombine (en colaborarción con Reprogenetics)',NULL,113,13),(417,'01/10/2013&#160;',NULL,113,14),(418,'<p class=\"MsoNormal\" style=\"text-align:justify\"><b><span style=\"font-size:12.0pt;line-height:115%;font-family:&quot;Arial&quot;,&quot;sans-serif&quot;\">&#191;Qué es un gen&#63;<o:p></o:p></span></b></p>\r\n<p class=\"MsoNormal\" style=\"text-align:justify\"><span style=\"font-size:12.0pt;\r\nline-height:115%;font-family:&quot;Arial&quot;,&quot;sans-serif&quot;\">Las características que determinarán cómo ha de funcionar nuestro organismo, así como nuestras características morfológicas, están escritas en los genes. Los genes están formados por ADN y se encuentran localizados en los cromosomas. Al tener parejas de cromosomas, por cada gen tendremos dos copias. Una copia de cada gen es heredada del padre y la otra se hereda de la madre.</span></p>\r\n<p class=\"MsoNormal\" style=\"text-align:justify\"><b><span style=\"font-size:12.0pt;line-height:115%;font-family:&quot;Arial&quot;,&quot;sans-serif&quot;\"><br />\r\n&#191;Qué es un portador&#63;<o:p></o:p></span></b></p>\r\n<p class=\"MsoNormal\" style=\"text-align:justify\"><span style=\"font-size:12.0pt;\r\nline-height:115%;font-family:&quot;Arial&quot;,&quot;sans-serif&quot;\">Es una persona que presenta una alteración en una copia de un gen. Al ser la otra copia normal, el portador no manifiesta la enfermedad. <o:p></o:p></span></p>\r\n<p class=\"MsoNormal\" style=\"text-align:justify\"><b><span style=\"font-size:12.0pt;line-height:115%;font-family:&quot;Arial&quot;,&quot;sans-serif&quot;\"><br />\r\n&#191;Qué es una enfermedad genética recesiva&#63;<o:p></o:p></span></b></p>\r\n<span style=\"font-family: Arial, sans-serif; font-size: 12pt; line-height: 115%; text-align: justify;\">Una enfermedad recesiva es aquella que requiere que las dos copias del gen estén alteradas para manifestarse. Para que un hijo manifieste una enfermedad recesiva, ambos padres han de ser portadores.&#160;<br />\r\n<br />\r\n<img src=\"/es/img2/2013/09/test-recombine.jpg\" alt=\"test recombine\" width=\"0\" height=\"0\" align=\"middle\" /><br />\r\n</span><img src=\"/es/img2/2013/09/test-recombine.jpg\" alt=\"test recombine\" width=\"540\" height=\"245\" /><br />\r\n<br />\r\n<div style=\"text-align: start;\"><span style=\"text-align: justify;\"><span style=\"font-weight: bold; font-size: 14pt; line-height: 21px; font-family: Arial, sans-serif;\">Test Recombine - 180 Enfermedades. 1 Prueba</span></span></div>\r\n<p class=\"MsoNormal\" style=\"text-align:justify\"><span style=\"font-size:12.0pt;\r\nline-height:115%;font-family:&quot;Arial&quot;,&quot;sans-serif&quot;\">El test Recombine está concebido para ayudar a futuros padres a tener hijos saludables. Todos estamos en riesgo de tener un hijo con una enfermedad genética, aunque no exista historial familiar o síntomas para la enfermedad. La condición genética de los padres determina el riesgo de que su hijo herede o padezca una enfermedad genética. <o:p></o:p></span></p>\r\n<p class=\"MsoNormal\" style=\"text-align:justify\"><span style=\"font-size:12.0pt;\r\nline-height:115%;font-family:&quot;Arial&quot;,&quot;sans-serif&quot;\">El test Recombine es un examen genético preciso y poderoso, creado con el propósito de determinar la posibilidad de ser portador de alrededor de 180 enfermedades genéticas. Nuestro examen está guiado por las recomendaciones de organizaciones médicas profesionales, lideres en salud médica, y científicos. <o:p></o:p></span></p>\r\n<p class=\"MsoNormal\" style=\"text-align:justify\"><span style=\"font-size:12.0pt;\r\nline-height:115%;font-family:&quot;Arial&quot;,&quot;sans-serif&quot;\">Los resultados pueden ser utilizados para ayudar a la toma de decisiones sobre las opciones reproductivas y/o la atención médica del niño. <o:p></o:p></span></p>\r\n<span style=\"font-size:12.0pt;line-height:115%;font-family:&quot;Arial&quot;,&quot;sans-serif&quot;;\r\nmso-fareast-font-family:Calibri;mso-fareast-theme-font:minor-latin;mso-ansi-language:\r\nES;mso-fareast-language:EN-US;mso-bidi-language:AR-SA\">Dado que las condiciones genéticas pueden variar en frecuencia y gravedad, para ayudarle a entender las implicaciones de los resultados de sus pruebas, hemos dividido las enfermedades en cuatro grupos según la frecuencia de su diagnóstico y su impacto en la calidad de vida y en la esperanza de vida.</span><br />\r\n<br />\r\n<img src=\"/es/img2/2013/09/recombine1.jpg\" alt=\"Test Recombine 1\" width=\"540\" height=\"546\" /><br />\r\n<br />\r\n<img src=\"/es/img2/2013/09/recombine_2.jpg\" alt=\"Test Recombine 2\" width=\"540\" height=\"412\" /><br />\r\n<br />\r\n<img src=\"/es/img2/2013/09/recombine_3.jpg\" alt=\"Test Recombine 3\" width=\"540\" height=\"440\" /><br />\r\n<br />\r\n<br type=\"_moz\" />',NULL,113,15),(430,'<a href=\'http://www.institutocefer.com/it/viewer.php?IDN=104\' target=\'_self\'>EmbryoScope: molto più di un video dei vostri embrioni</a>',NULL,114,40),(431,'&#160;',NULL,114,41),(432,'<strong>Cos&#8217;è l&#8217;EmbryoScope&#63;</strong><br />\r\n<br />\r\nL&#8217;EmbryoScope è un nuovo e rivoluzionario sistema di incubazione per embrioni umani. Consiste in un&#8217;incubatrice dotata di un sistema incorporato per la cattura di immagini. <br />\r\n<br type=\"_moz\" />',NULL,114,42),(433,'|',NULL,115,24),(434,'<meta content=\"IT\" name=\"dc.language\">\r\n<meta content=\"http://www.institutocefer.com/\" name=\"dc.source\">\r\n<meta content=\"fecondazzione assistita\" name=\"dc.title\">\r\n<meta content=\"fecondazione assistita, fecondazione assistita spagna, fecondazione assistita barcellona, fecondazione assistita eterologa, fecondazione eterologa spagna\" name=\"dc.keywords\">\r\n<meta content=\"ES-CT\" name=\"geo.region\">\r\n<meta content=\"Barcelona\" name=\"geo.placename\">\r\n<meta content=\"41.405825;2.127055\" name=\"geo.position\">\r\n<meta content=\"41.405825, 2.127055\" name=\"ICBM\"> Fecondazione Assistita Barcellona Spagna- Iniezione intracitoplasmatica dello spermatozoo&#160;(ICSI)</meta>\r\n</meta>\r\n</meta>\r\n</meta>\r\n</meta>\r\n</meta>\r\n</meta>\r\n</meta>',NULL,115,25),(435,'&#160;',NULL,115,26),(436,'Dr. Marina Barcellona Spagna 25/05/2014',NULL,115,27),(437,'<meta content=\"it\" name=\"DC.Language\">\r\n<meta content=\"cefer\" name=\"DC.Publisher\" /></meta>\r\n<h2>Che cosa è una fecondazione assistita&#63;</h2>\r\n<br />\r\nLa Fecondazione in Vitro (FIV) con microiniezione spermatica, conosciuta anche con l acronimo inglese ICSI (Intra Citoplasmic Sperm Injection). Consiste nel selezionare uno spermatozoo ed introdurlo in un ovulo maturo. è una tecnica più laboriosa della FIV convenzionale e richiede una costosa strumentazione specifica ed una grande preparazione ed esperienza dei biologi che la praticano. Dallaltro lato è più efficace della FIV convenzionale.<br />\r\n<div style=\"text-align: center;\"><span style=\"color: rgb(128, 0, 0);\"><strong><br />\r\n<a target=\"_self\" href=\"http://www.institutocefer.com/it/consultazione-on-line.php\">Consultazione on-line qui</a></strong></span></div>\r\n<br />\r\n<h2>Iniezione intracitoplasmatica dello spermatozoo</h2>\r\n<br />\r\n<br />\r\nCon la ICSI si assicura lintroduzione di un solo spermatozoo in ciascun ovulo. Nella tecnica della FIV convenzionale può succedere che nessuno degli spermatozoi penetri nellovulo o che ne penetrino più di uno, dando luogo ad un embrione non utilizzabili. <br />\r\nCon la ICSI si ottiene un maggior tasso di embrioni e di gravidanze che con la FIV convenzionale.',NULL,115,28),(438,'|','2009/11/fecundacioninvitro1.jpg',115,29),(439,'<strong><br />\r\n</strong><strong>Nel procedimento della FIV con ICSI possiamo distinguere le seguenti fasi:</strong><br />\r\n<br />\r\n<h3>a)Stimolazione</h3>\r\n<br />\r\nStimolazione della maturazione degli ovuli nelle ovaie mediante amministrazione quotidiana di ormoni. La donna se la può autoiniettare per via sottocutanea. Il tempo necessario è variabile e suole oscillare tra 2 e 3 settimane. Durante questo periodo si effettuano controlli con ecografia vaginale ed analisi di ormoni (estradiolo) nel sangue. Questi dati permettono di conoscere come stanno rispondendo le ovaie al trattamento e determinare il giorno corretto per lestrazione degli ovuli.<br />\r\n<br />\r\n<h3>b) Estrazione degli ovuli dalle ovaie</h3>\r\nSi effettua mediante punzione ed aspirazione dei follicoli ovarici (che è il luogo dove si stanno gli ovuli). Per far ciò si introduce un ago attraverso la vagina fino al follicolo ovarico che vengono punte. Tutto ciò si fa sotto controllo visivo ecografico e previa anestesia. Non è necessaria lin tubazione tracheale. La donna rimane addormentata durante 5-20 minuti e non deve fare ingresso in ospedale. Tutto il processo è ambulatoriale.',NULL,115,30),(440,'|','2009/11/fecundacioninvitro2.jpg',115,31),(441,'<br />\r\n<h3>c) Identificazione degli ovuli</h3>\r\n<br />\r\nI liquidi follicolari estratti si osservano al microscopio nel laboratorio contiguo alla sala di punzione, per identificare gli ovuli e conoscerne lo stato maturativo.<br />\r\n<br />\r\nSe la tecnica che si utilizza è la ICSI (introduzione di uno spermatozoo in ogni ovulo maturo), gli ovuli si spogliano, cioè gli si tolgono le cellule che circondano la sua membrana chiamata zona pellucida. Se si effettua la FIV classica, non si spogliano. Nel nostro centro pratichiamo ICSI nel 100% dei casi.<br />\r\n<br />\r\n<h3>d) Preparazione del seme</h3>\r\n<br />\r\nConsiste nellisolare gli spermatozoi mobili dal resto dei componenti dello sperma. Nella tecnica di FIV si mettono gli spermatozoi mobili nella placca dove stanno gli ovuli con il mezzo di coltura, cioè il liquido con gli elementi nutritivi adeguati. Nella tecnica di ICSI sintroduce uno spermatozoo in ognuno degli ovuli maturi ottenuti.<br />\r\n<br />\r\n<h3>e) Osservazione dellavvenuta fecondazione dellovulo</h3>\r\n<br />\r\nSi fa con il microscopio tra la 16a e 20a ora dopo aver introdotto lo spermatozoo nellovulo. Se si vedono due circoli, chiamati pronucleoli, significa che lovulo è stato fecondato.',NULL,115,32),(442,'|','2009/11/fecundacioninvitro3.jpg',115,33),(443,'<br />\r\n<h3>f) Trasferimento</h3>\r\n<br />\r\nTre giorni dopo di aver estratto gli ovuli, si trasferiscono gli embrioni nellutero. Non è necessaria anestesia. Si effettua per via vaginale ed ecoguidata. Il numero massimo di embrioni da trasferire lo propone il medico, però la decisione finale spetta alla donna. Si tiene in considerazione letà della donna e gli antecedenti della coppia. La Legge spagnola non permette di trasferire più di tre embrioni in un ciclo.<br />\r\n<br />\r\n<h3>g) Ecclosione (hatching) assistita</h3>\r\n<br />\r\nConsiste nel fare un orifizio nella zona pellucida per facilitare luscita dellembrione ed il suo impianto nellutero. NellIstituto CEFER si effettua in tutti i casi.',NULL,115,34),(444,'|','2015/01/dra_susana_royo.jpg',116,2),(445,'Dra. Susana Royo&#160;<br />\r\n(Ginecóloga del Instituto de Reproducción CEFER)',NULL,116,3),(446,'&#160;',NULL,116,4),(447,'<div style=\"text-align: justify;\">\r\n<p class=\"MsoPlainText\">Licenciada en Medicina y Cirugia por la Universidad de Valencia.<br />\r\nDoctora Cum laude en Medicina Legal y Toxicología por la Universidad de Valencia.<o:p></o:p><br />\r\nEspecialista en Ginecología, Obstetricia y Reproducción Humana por el&#160; Hospital La Fe de Valencia.<o:p></o:p><br />\r\nNivel IV de Ecografía de la SEGO.<o:p></o:p><br />\r\nAdjunta de la Unidad de Reproducción Humana del Hospital General de Valencia.<o:p></o:p><br />\r\nMiembro de la Sociedad Española de Ginecología. Miembro de la Sociedad Española de Fertilidad.<o:p></o:p><br />\r\nSocia de la Clinica Royo de Obstetricia, Ginecología y Pediatría<o:p></o:p></p>\r\n</div>',NULL,116,5),(448,'|','2015/04/dra_begona_varo.JPG',117,2),(449,'Dra. Begoña Varo<br />\r\n(Ginecóloga del Instituto de Reproducción CEFER)',NULL,117,3),(450,'&#160;',NULL,117,4),(451,'<div style=\"text-align: justify;\">\r\n<p class=\"MsoNormal\"><span lang=\"ES-TRAD\">Licenciada en Medicina y Cirugía por la Universidad de Valencia en 2006.<br />\r\nEspecialista en Ginecología, Obstetricia y Reproducción Humana por el&#160;Hospital Universitario y Politécnico La Fe de Valencia. 2007-2011.&#160;<o:p></o:p></span><span lang=\"ES-TRAD\">Máster en Reproducción Humana. 15&#170; edición. ADEIT, Fundación Universidad Empresa de Valencia.(2009-2010)&#160;</span><span lang=\"ES-TRAD\">Becada por Ilustre Colegio Oficial Médicos Valencia Rotación Internacional 2010.&#160;<o:p></o:p></span><span lang=\"ES-TRAD\">Rotación Externa en el Hospital Necker-EnfantsMalades. Unidad de Diagnóstico Prenatal y Medicina Fetal. Paris. Francia. 2010.&#160;</span><span lang=\"ES-TRAD\"><o:p></o:p></span><span lang=\"ES-TRAD\">Nivel III de Ecografía de la SEGO (Sociedad Española de Ginecología y Obstetricia).<br />\r\nMiembro de la SEGO. </span><span lang=\"ES-TRAD\">Miembro de la SESEGO (Sección de Ecografía de la SEGO)&#160;<o:p></o:p></span><span lang=\"ES-TRAD\">Especialista adjunto Hospital La Plana, Villareal. Castellón.2011-2012&#160;<o:p></o:p></span><span lang=\"ES-TRAD\">Especialista adjunto del Consorcio Hospital General Universitario Valencia. Desde 2012 hasta la actualidad.<a name=\"_GoBack\"></a><o:p></o:p></span></p>\r\n</div>',NULL,117,5),(452,'|','2015/04/dra_yolanda_garcia.jpeg',118,2),(453,'Dra. Yolanda García<br />\r\n(Ginecóloga del Instituto de Reproducción CEFER)',NULL,118,3),(454,'&#160;',NULL,118,4),(455,'<div style=\"text-align: justify;\"><span lang=\"ES-TRAD\" style=\"font-size:11.0pt;mso-bidi-font-size:\r\n14.0pt;font-family:&quot;Arial&quot;,&quot;sans-serif&quot;;mso-fareast-font-family:Cambria;\r\nmso-ansi-language:ES-TRAD;mso-fareast-language:ES-TRAD;mso-bidi-language:AR-SA\">Licenciada en Medicina y Cirugía por la Universidad de Salamanca (2001).&#8232;Doctora Cum Laude en Obstetricia y Ginecología por la Universidad de Valencia (2008) &#8232;Especialista en Ginecología, Obstetricia y Reproducción Humana por el&#160; Hospital La Fe de Valencia (2006). Facultativo Especialista en Ginecología en el Consorcio Hospital General Universitario de Valencia. Nivel IV (Experto) de Ecografía de la SEGO.&#8232;Diploma en Medicina Fetal de la Fetal Medicine Foundation. Diploma Universitario Europeo de Endoscopia Operatoria en Ginecología por la Universidad de Clermont-Ferrand. Máster de Cirugía Endoscópica Avanzada de la Sociedad Europea de Endoscopia y Ginecología (ESGE). Máster en Biotecnología de la Reproducción Humana Asistida del Instituto Valenciano de Infertilidad (IVI). Miembro de la Sociedad Española de Ginecología y Obstetricia (SEGO). Miembro de la Sección de Ecografía de la SEGO. Autora de artículos y presentaciones en revistas médicas y congresos nacionales e internacionales.&#160;</span></div>',NULL,118,5);
/*!40000 ALTER TABLE `valor` ENABLE KEYS */;
UNLOCK TABLES;

--
-- Table structure for table `video`
--

DROP TABLE IF EXISTS `video`;
/*!40101 SET @saved_cs_client     = @@character_set_client */;
/*!40101 SET character_set_client = utf8 */;
CREATE TABLE `video` (
  `id` int(10) unsigned NOT NULL auto_increment,
  `nombre` varchar(255) NOT NULL,
  `title` varchar(255) default '',
  `description` varchar(255) default '',
  `carpeta` varchar(255) default NULL,
  `fichero` varchar(255) default NULL,
  `preview` varchar(255) default NULL,
  `ancho` int(10) unsigned default NULL,
  `alto` int(10) unsigned default NULL,
  `q56` tinyint(3) unsigned default NULL,
  `q128` tinyint(3) unsigned default NULL,
  `q256` tinyint(3) unsigned default NULL,
  `q512` tinyint(3) unsigned default NULL,
  `q1024` tinyint(3) unsigned default NULL,
  `url` text,
  `video_type` tinyint(3) unsigned default NULL,
  `fecha_alta` date NOT NULL default '0000-00-00',
  `mosca` varchar(1) default NULL,
  `careta` varchar(1) default NULL,
  `id_video_resumido` int(10) unsigned default NULL,
  `allow_comments` tinyint(3) unsigned default '0',
  PRIMARY KEY  (`id`)
) ENGINE=InnoDB DEFAULT CHARSET=utf8;
/*!40101 SET character_set_client = @saved_cs_client */;

--
-- Dumping data for table `video`
--

LOCK TABLES `video` WRITE;
/*!40000 ALTER TABLE `video` DISABLE KEYS */;
/*!40000 ALTER TABLE `video` ENABLE KEYS */;
UNLOCK TABLES;

--
-- Table structure for table `video_comment`
--

DROP TABLE IF EXISTS `video_comment`;
/*!40101 SET @saved_cs_client     = @@character_set_client */;
/*!40101 SET character_set_client = utf8 */;
CREATE TABLE `video_comment` (
  `id` int(10) unsigned NOT NULL auto_increment,
  `idVideo` int(10) unsigned default NULL,
  `author` varchar(255) default NULL,
  `description` text,
  `creationDate` date default NULL,
  `publicationDate` datetime default NULL,
  `modificationDate` datetime default NULL,
  `position` int(10) unsigned default NULL,
  `state` int(10) unsigned default NULL,
  `ip_address` varchar(255) NOT NULL,
  PRIMARY KEY  (`id`),
  KEY `idVideo` (`idVideo`),
  CONSTRAINT `video_comment_ibfk_1` FOREIGN KEY (`idVideo`) REFERENCES `video` (`id`) ON DELETE CASCADE
) ENGINE=InnoDB DEFAULT CHARSET=utf8;
/*!40101 SET character_set_client = @saved_cs_client */;

--
-- Dumping data for table `video_comment`
--

LOCK TABLES `video_comment` WRITE;
/*!40000 ALTER TABLE `video_comment` DISABLE KEYS */;
/*!40000 ALTER TABLE `video_comment` ENABLE KEYS */;
UNLOCK TABLES;

--
-- Table structure for table `video_comment_rates`
--

DROP TABLE IF EXISTS `video_comment_rates`;
/*!40101 SET @saved_cs_client     = @@character_set_client */;
/*!40101 SET character_set_client = utf8 */;
CREATE TABLE `video_comment_rates` (
  `id` int(10) unsigned NOT NULL auto_increment,
  `idComment` int(10) unsigned NOT NULL,
  `counter` int(11) NOT NULL default '0',
  `counter_valuation` int(11) NOT NULL default '0',
  `valuation_accumulated` int(11) NOT NULL default '0',
  `discriminator` int(4) NOT NULL default '0',
  PRIMARY KEY  (`id`),
  KEY `idComment` (`idComment`),
  CONSTRAINT `video_comment_rates_ibfk_1` FOREIGN KEY (`idComment`) REFERENCES `video_comment` (`id`) ON DELETE CASCADE
) ENGINE=InnoDB DEFAULT CHARSET=utf8;
/*!40101 SET character_set_client = @saved_cs_client */;

--
-- Dumping data for table `video_comment_rates`
--

LOCK TABLES `video_comment_rates` WRITE;
/*!40000 ALTER TABLE `video_comment_rates` DISABLE KEYS */;
/*!40000 ALTER TABLE `video_comment_rates` ENABLE KEYS */;
UNLOCK TABLES;

--
-- Table structure for table `visibility_groups`
--

DROP TABLE IF EXISTS `visibility_groups`;
/*!40101 SET @saved_cs_client     = @@character_set_client */;
/*!40101 SET character_set_client = utf8 */;
CREATE TABLE `visibility_groups` (
  `id` int(10) unsigned NOT NULL auto_increment,
  `id_group` int(10) unsigned NOT NULL,
  `show_at` datetime NOT NULL,
  `hide_at` datetime NOT NULL,
  PRIMARY KEY  (`id`),
  KEY `id_group` (`id_group`),
  CONSTRAINT `visibility_groups_ibfk_1` FOREIGN KEY (`id_group`) REFERENCES `grupo` (`id`) ON DELETE CASCADE
) ENGINE=InnoDB DEFAULT CHARSET=utf8;
/*!40101 SET character_set_client = @saved_cs_client */;

--
-- Dumping data for table `visibility_groups`
--

LOCK TABLES `visibility_groups` WRITE;
/*!40000 ALTER TABLE `visibility_groups` DISABLE KEYS */;
/*!40000 ALTER TABLE `visibility_groups` ENABLE KEYS */;
UNLOCK TABLES;
/*!40103 SET TIME_ZONE=@OLD_TIME_ZONE */;

/*!40101 SET SQL_MODE=@OLD_SQL_MODE */;
/*!40014 SET FOREIGN_KEY_CHECKS=@OLD_FOREIGN_KEY_CHECKS */;
/*!40014 SET UNIQUE_CHECKS=@OLD_UNIQUE_CHECKS */;
/*!40101 SET CHARACTER_SET_CLIENT=@OLD_CHARACTER_SET_CLIENT */;
/*!40101 SET CHARACTER_SET_RESULTS=@OLD_CHARACTER_SET_RESULTS */;
/*!40101 SET COLLATION_CONNECTION=@OLD_COLLATION_CONNECTION */;
/*!40111 SET SQL_NOTES=@OLD_SQL_NOTES */;

-- Dump completed on 2015-04-27 16:43:31
