-- MySQL dump 10.11
--
-- Host: localhost    Database: icefer_fr
-- ------------------------------------------------------
-- Server version	5.0.95

/*!40101 SET @OLD_CHARACTER_SET_CLIENT=@@CHARACTER_SET_CLIENT */;
/*!40101 SET @OLD_CHARACTER_SET_RESULTS=@@CHARACTER_SET_RESULTS */;
/*!40101 SET @OLD_COLLATION_CONNECTION=@@COLLATION_CONNECTION */;
/*!40101 SET NAMES utf8 */;
/*!40103 SET @OLD_TIME_ZONE=@@TIME_ZONE */;
/*!40103 SET TIME_ZONE='+00:00' */;
/*!40014 SET @OLD_UNIQUE_CHECKS=@@UNIQUE_CHECKS, UNIQUE_CHECKS=0 */;
/*!40014 SET @OLD_FOREIGN_KEY_CHECKS=@@FOREIGN_KEY_CHECKS, FOREIGN_KEY_CHECKS=0 */;
/*!40101 SET @OLD_SQL_MODE=@@SQL_MODE, SQL_MODE='NO_AUTO_VALUE_ON_ZERO' */;
/*!40111 SET @OLD_SQL_NOTES=@@SQL_NOTES, SQL_NOTES=0 */;

--
-- Table structure for table `Ctrl_IP`
--

DROP TABLE IF EXISTS `Ctrl_IP`;
/*!40101 SET @saved_cs_client     = @@character_set_client */;
/*!40101 SET character_set_client = utf8 */;
CREATE TABLE `Ctrl_IP` (
  `id` int(10) unsigned NOT NULL auto_increment,
  `id_content` int(10) unsigned NOT NULL,
  `id_comment` int(10) unsigned NOT NULL,
  `type` int(10) unsigned NOT NULL,
  `ip` varchar(45) NOT NULL,
  `dateCreation` datetime NOT NULL,
  PRIMARY KEY  (`id`)
) ENGINE=InnoDB DEFAULT CHARSET=utf8;
/*!40101 SET character_set_client = @saved_cs_client */;

--
-- Dumping data for table `Ctrl_IP`
--

LOCK TABLES `Ctrl_IP` WRITE;
/*!40000 ALTER TABLE `Ctrl_IP` DISABLE KEYS */;
/*!40000 ALTER TABLE `Ctrl_IP` ENABLE KEYS */;
UNLOCK TABLES;

--
-- Table structure for table `agenda`
--

DROP TABLE IF EXISTS `agenda`;
/*!40101 SET @saved_cs_client     = @@character_set_client */;
/*!40101 SET character_set_client = utf8 */;
CREATE TABLE `agenda` (
  `id` int(10) unsigned NOT NULL auto_increment,
  `nombre` varchar(50) NOT NULL,
  `titulo` varchar(100) NOT NULL,
  `descripcion` text,
  `fechaAlta` date NOT NULL default '0000-00-00',
  `state` tinyint(3) unsigned NOT NULL default '1',
  PRIMARY KEY  (`id`)
) ENGINE=InnoDB DEFAULT CHARSET=utf8;
/*!40101 SET character_set_client = @saved_cs_client */;

--
-- Dumping data for table `agenda`
--

LOCK TABLES `agenda` WRITE;
/*!40000 ALTER TABLE `agenda` DISABLE KEYS */;
/*!40000 ALTER TABLE `agenda` ENABLE KEYS */;
UNLOCK TABLES;

--
-- Table structure for table `attribute`
--

DROP TABLE IF EXISTS `attribute`;
/*!40101 SET @saved_cs_client     = @@character_set_client */;
/*!40101 SET character_set_client = utf8 */;
CREATE TABLE `attribute` (
  `id` int(10) unsigned NOT NULL auto_increment,
  `idGroupAttributes` int(10) unsigned default NULL,
  `title` varchar(255) NOT NULL,
  `image` varchar(255) NOT NULL,
  `creationDate` datetime NOT NULL default '0000-00-00 00:00:00',
  `modificationDate` datetime default '0000-00-00 00:00:00',
  PRIMARY KEY  (`id`),
  KEY `idGroupAttributes` (`idGroupAttributes`)
) ENGINE=InnoDB DEFAULT CHARSET=utf8;
/*!40101 SET character_set_client = @saved_cs_client */;

--
-- Dumping data for table `attribute`
--

LOCK TABLES `attribute` WRITE;
/*!40000 ALTER TABLE `attribute` DISABLE KEYS */;
/*!40000 ALTER TABLE `attribute` ENABLE KEYS */;
UNLOCK TABLES;

--
-- Table structure for table `blog`
--

DROP TABLE IF EXISTS `blog`;
/*!40101 SET @saved_cs_client     = @@character_set_client */;
/*!40101 SET character_set_client = utf8 */;
CREATE TABLE `blog` (
  `id` int(10) unsigned NOT NULL auto_increment,
  `idPersonaRegistrada` int(10) unsigned NOT NULL,
  `name` varchar(255) default NULL,
  `title` text,
  `description` text,
  `img` varchar(255) default NULL,
  `folder` varchar(255) default NULL,
  `idIndexSection` int(10) unsigned NOT NULL,
  `idViewerSection` int(10) unsigned NOT NULL,
  `idCommentsSection` int(10) unsigned NOT NULL,
  `active` tinyint(3) unsigned NOT NULL default '1',
  `dataCreation` datetime default NULL,
  PRIMARY KEY  (`id`)
) ENGINE=InnoDB DEFAULT CHARSET=utf8;
/*!40101 SET character_set_client = @saved_cs_client */;

--
-- Dumping data for table `blog`
--

LOCK TABLES `blog` WRITE;
/*!40000 ALTER TABLE `blog` DISABLE KEYS */;
/*!40000 ALTER TABLE `blog` ENABLE KEYS */;
UNLOCK TABLES;

--
-- Table structure for table `blog_comment`
--

DROP TABLE IF EXISTS `blog_comment`;
/*!40101 SET @saved_cs_client     = @@character_set_client */;
/*!40101 SET character_set_client = utf8 */;
CREATE TABLE `blog_comment` (
  `id` int(10) unsigned NOT NULL auto_increment,
  `idBlogNotice` int(10) unsigned NOT NULL default '0',
  `author` varchar(255) default NULL,
  `comment` text,
  `mail` varchar(255) default NULL,
  `DATE` datetime default NULL,
  `state` tinyint(3) unsigned default NULL,
  PRIMARY KEY  (`id`)
) ENGINE=InnoDB DEFAULT CHARSET=utf8;
/*!40101 SET character_set_client = @saved_cs_client */;

--
-- Dumping data for table `blog_comment`
--

LOCK TABLES `blog_comment` WRITE;
/*!40000 ALTER TABLE `blog_comment` DISABLE KEYS */;
/*!40000 ALTER TABLE `blog_comment` ENABLE KEYS */;
UNLOCK TABLES;

--
-- Table structure for table `blog_link_groups`
--

DROP TABLE IF EXISTS `blog_link_groups`;
/*!40101 SET @saved_cs_client     = @@character_set_client */;
/*!40101 SET character_set_client = utf8 */;
CREATE TABLE `blog_link_groups` (
  `id` int(10) unsigned NOT NULL auto_increment,
  `idBlog` int(10) unsigned NOT NULL default '0',
  `title` varchar(255) NOT NULL,
  `position` int(10) unsigned NOT NULL default '0',
  `description` varchar(255) default '',
  `state` tinyint(3) unsigned default NULL,
  PRIMARY KEY  (`id`),
  KEY `idBlog` (`idBlog`)
) ENGINE=InnoDB DEFAULT CHARSET=utf8;
/*!40101 SET character_set_client = @saved_cs_client */;

--
-- Dumping data for table `blog_link_groups`
--

LOCK TABLES `blog_link_groups` WRITE;
/*!40000 ALTER TABLE `blog_link_groups` DISABLE KEYS */;
/*!40000 ALTER TABLE `blog_link_groups` ENABLE KEYS */;
UNLOCK TABLES;

--
-- Table structure for table `blog_links`
--

DROP TABLE IF EXISTS `blog_links`;
/*!40101 SET @saved_cs_client     = @@character_set_client */;
/*!40101 SET character_set_client = utf8 */;
CREATE TABLE `blog_links` (
  `id` int(10) unsigned NOT NULL auto_increment,
  `idGroup` int(10) unsigned NOT NULL default '0',
  `title` varchar(255) NOT NULL,
  `link` varchar(255) NOT NULL,
  `target` varchar(255) NOT NULL,
  `position` int(10) unsigned NOT NULL default '0',
  `state` tinyint(3) unsigned default NULL,
  PRIMARY KEY  (`id`),
  KEY `idGroup` (`idGroup`)
) ENGINE=InnoDB DEFAULT CHARSET=utf8;
/*!40101 SET character_set_client = @saved_cs_client */;

--
-- Dumping data for table `blog_links`
--

LOCK TABLES `blog_links` WRITE;
/*!40000 ALTER TABLE `blog_links` DISABLE KEYS */;
/*!40000 ALTER TABLE `blog_links` ENABLE KEYS */;
UNLOCK TABLES;

--
-- Table structure for table `blog_notice`
--

DROP TABLE IF EXISTS `blog_notice`;
/*!40101 SET @saved_cs_client     = @@character_set_client */;
/*!40101 SET character_set_client = utf8 */;
CREATE TABLE `blog_notice` (
  `id` int(10) unsigned NOT NULL auto_increment,
  `idBlog` int(10) unsigned NOT NULL default '0',
  `name` text,
  `description` text,
  `image` varchar(255) default NULL,
  `allowComments` tinyint(3) unsigned default '1',
  `showDate` tinyint(3) unsigned default '1',
  `publicationDate` datetime default NULL,
  `state` tinyint(3) unsigned default NULL,
  PRIMARY KEY  (`id`)
) ENGINE=InnoDB DEFAULT CHARSET=utf8;
/*!40101 SET character_set_client = @saved_cs_client */;

--
-- Dumping data for table `blog_notice`
--

LOCK TABLES `blog_notice` WRITE;
/*!40000 ALTER TABLE `blog_notice` DISABLE KEYS */;
/*!40000 ALTER TABLE `blog_notice` ENABLE KEYS */;
UNLOCK TABLES;

--
-- Table structure for table `bottom`
--

DROP TABLE IF EXISTS `bottom`;
/*!40101 SET @saved_cs_client     = @@character_set_client */;
/*!40101 SET character_set_client = utf8 */;
CREATE TABLE `bottom` (
  `id` int(10) unsigned NOT NULL auto_increment,
  `tipo` int(11) NOT NULL,
  `idModulo` int(10) unsigned NOT NULL,
  `posicion` int(10) unsigned NOT NULL,
  `idSeccion` int(10) unsigned NOT NULL,
  `fechaBaja` datetime default NULL,
  `fechaAlta` datetime default NULL,
  `parametersValue` text NOT NULL,
  PRIMARY KEY  (`id`),
  KEY `idSeccion` (`idSeccion`),
  CONSTRAINT `bottom_ibfk_1` FOREIGN KEY (`idSeccion`) REFERENCES `seccion` (`id`) ON DELETE CASCADE
) ENGINE=InnoDB DEFAULT CHARSET=utf8;
/*!40101 SET character_set_client = @saved_cs_client */;

--
-- Dumping data for table `bottom`
--

LOCK TABLES `bottom` WRITE;
/*!40000 ALTER TABLE `bottom` DISABLE KEYS */;
/*!40000 ALTER TABLE `bottom` ENABLE KEYS */;
UNLOCK TABLES;

--
-- Table structure for table `buy_clients`
--

DROP TABLE IF EXISTS `buy_clients`;
/*!40101 SET @saved_cs_client     = @@character_set_client */;
/*!40101 SET character_set_client = utf8 */;
CREATE TABLE `buy_clients` (
  `id` int(10) unsigned NOT NULL auto_increment,
  `idShippingAddress` int(10) unsigned default NULL,
  `idPersonaRegistrada` int(10) unsigned NOT NULL default '0',
  PRIMARY KEY  (`id`)
) ENGINE=InnoDB DEFAULT CHARSET=utf8;
/*!40101 SET character_set_client = @saved_cs_client */;

--
-- Dumping data for table `buy_clients`
--

LOCK TABLES `buy_clients` WRITE;
/*!40000 ALTER TABLE `buy_clients` DISABLE KEYS */;
/*!40000 ALTER TABLE `buy_clients` ENABLE KEYS */;
UNLOCK TABLES;

--
-- Table structure for table `buy_commentsorders`
--

DROP TABLE IF EXISTS `buy_commentsorders`;
/*!40101 SET @saved_cs_client     = @@character_set_client */;
/*!40101 SET character_set_client = utf8 */;
CREATE TABLE `buy_commentsorders` (
  `id` int(10) unsigned NOT NULL auto_increment,
  `idOrderClient` int(10) unsigned default NULL,
  `idState` int(10) unsigned default NULL,
  `comment` text,
  `notifyClient` tinyint(3) unsigned default NULL,
  `dates` datetime default NULL,
  PRIMARY KEY  (`id`)
) ENGINE=InnoDB DEFAULT CHARSET=utf8;
/*!40101 SET character_set_client = @saved_cs_client */;

--
-- Dumping data for table `buy_commentsorders`
--

LOCK TABLES `buy_commentsorders` WRITE;
/*!40000 ALTER TABLE `buy_commentsorders` DISABLE KEYS */;
/*!40000 ALTER TABLE `buy_commentsorders` ENABLE KEYS */;
UNLOCK TABLES;

--
-- Table structure for table `buy_destinationTaxes`
--

DROP TABLE IF EXISTS `buy_destinationTaxes`;
/*!40101 SET @saved_cs_client     = @@character_set_client */;
/*!40101 SET character_set_client = utf8 */;
CREATE TABLE `buy_destinationTaxes` (
  `id` int(10) unsigned NOT NULL auto_increment,
  `destination` varchar(255) default NULL,
  `taxes` float default NULL,
  `use_product_taxes` tinyint(1) NOT NULL default '0',
  `amountExtraCharge` float default NULL,
  `priceImplementExtraCharge` double default '0',
  PRIMARY KEY  (`id`)
) ENGINE=InnoDB DEFAULT CHARSET=utf8;
/*!40101 SET character_set_client = @saved_cs_client */;

--
-- Dumping data for table `buy_destinationTaxes`
--

LOCK TABLES `buy_destinationTaxes` WRITE;
/*!40000 ALTER TABLE `buy_destinationTaxes` DISABLE KEYS */;
/*!40000 ALTER TABLE `buy_destinationTaxes` ENABLE KEYS */;
UNLOCK TABLES;

--
-- Table structure for table `buy_lineorders`
--

DROP TABLE IF EXISTS `buy_lineorders`;
/*!40101 SET @saved_cs_client     = @@character_set_client */;
/*!40101 SET character_set_client = utf8 */;
CREATE TABLE `buy_lineorders` (
  `idBuy` int(10) unsigned NOT NULL auto_increment,
  `idOrderClient` int(10) unsigned default NULL,
  `idProduct` int(10) unsigned default NULL,
  `quantity` int(10) unsigned default NULL,
  `taxes` double NOT NULL default '0',
  `surcharge_equivalence` double NOT NULL default '0',
  `discount` double NOT NULL default '0',
  `taxable_base` double NOT NULL default '0',
  `import` double default NULL,
  `ref` varchar(255) default NULL,
  PRIMARY KEY  (`idBuy`)
) ENGINE=InnoDB DEFAULT CHARSET=utf8;
/*!40101 SET character_set_client = @saved_cs_client */;

--
-- Dumping data for table `buy_lineorders`
--

LOCK TABLES `buy_lineorders` WRITE;
/*!40000 ALTER TABLE `buy_lineorders` DISABLE KEYS */;
/*!40000 ALTER TABLE `buy_lineorders` ENABLE KEYS */;
UNLOCK TABLES;

--
-- Table structure for table `buy_lineorders_attributes`
--

DROP TABLE IF EXISTS `buy_lineorders_attributes`;
/*!40101 SET @saved_cs_client     = @@character_set_client */;
/*!40101 SET character_set_client = utf8 */;
CREATE TABLE `buy_lineorders_attributes` (
  `id` int(10) unsigned NOT NULL auto_increment,
  `idLineOrder` int(10) unsigned NOT NULL,
  `groupTitle` varchar(255) NOT NULL default '',
  `title` varchar(255) NOT NULL default '',
  PRIMARY KEY  (`id`),
  KEY `idLineOrder` (`idLineOrder`)
) ENGINE=InnoDB DEFAULT CHARSET=utf8;
/*!40101 SET character_set_client = @saved_cs_client */;

--
-- Dumping data for table `buy_lineorders_attributes`
--

LOCK TABLES `buy_lineorders_attributes` WRITE;
/*!40000 ALTER TABLE `buy_lineorders_attributes` DISABLE KEYS */;
/*!40000 ALTER TABLE `buy_lineorders_attributes` ENABLE KEYS */;
UNLOCK TABLES;

--
-- Table structure for table `buy_orderClients`
--

DROP TABLE IF EXISTS `buy_orderClients`;
/*!40101 SET @saved_cs_client     = @@character_set_client */;
/*!40101 SET character_set_client = utf8 */;
CREATE TABLE `buy_orderClients` (
  `idClient` int(10) unsigned NOT NULL auto_increment,
  `idShippingAddress` int(10) unsigned default NULL,
  `email` varchar(255) default NULL,
  `pwd` varchar(255) default NULL,
  `name` varchar(100) default NULL,
  `surname` varchar(255) default NULL,
  `address` varchar(255) default NULL,
  `city` varchar(100) default NULL,
  `province` varchar(100) default NULL,
  `cp` varchar(5) default NULL,
  `country` varchar(255) default NULL,
  `phone` varchar(50) default NULL,
  `ID` varchar(50) default NULL,
  `typeId` varchar(5) default NULL,
  PRIMARY KEY  (`idClient`)
) ENGINE=InnoDB DEFAULT CHARSET=utf8;
/*!40101 SET character_set_client = @saved_cs_client */;

--
-- Dumping data for table `buy_orderClients`
--

LOCK TABLES `buy_orderClients` WRITE;
/*!40000 ALTER TABLE `buy_orderClients` DISABLE KEYS */;
/*!40000 ALTER TABLE `buy_orderClients` ENABLE KEYS */;
UNLOCK TABLES;

--
-- Table structure for table `buy_orderShippingaddress`
--

DROP TABLE IF EXISTS `buy_orderShippingaddress`;
/*!40101 SET @saved_cs_client     = @@character_set_client */;
/*!40101 SET character_set_client = utf8 */;
CREATE TABLE `buy_orderShippingaddress` (
  `idShippingAddress` int(10) unsigned NOT NULL auto_increment,
  `name` varchar(100) default NULL,
  `surname` varchar(255) default NULL,
  `address` varchar(255) default NULL,
  `city` varchar(100) default NULL,
  `province` varchar(100) default NULL,
  `cp` varchar(5) default NULL,
  `country` varchar(255) default NULL,
  `phone` varchar(50) default NULL,
  `email` varchar(255) default NULL,
  `idDestination` int(10) unsigned default NULL,
  PRIMARY KEY  (`idShippingAddress`)
) ENGINE=InnoDB DEFAULT CHARSET=utf8;
/*!40101 SET character_set_client = @saved_cs_client */;

--
-- Dumping data for table `buy_orderShippingaddress`
--

LOCK TABLES `buy_orderShippingaddress` WRITE;
/*!40000 ALTER TABLE `buy_orderShippingaddress` DISABLE KEYS */;
/*!40000 ALTER TABLE `buy_orderShippingaddress` ENABLE KEYS */;
UNLOCK TABLES;

--
-- Table structure for table `buy_orders`
--

DROP TABLE IF EXISTS `buy_orders`;
/*!40101 SET @saved_cs_client     = @@character_set_client */;
/*!40101 SET character_set_client = utf8 */;
CREATE TABLE `buy_orders` (
  `idOrdersClients` int(10) unsigned NOT NULL auto_increment,
  `idClient` int(10) unsigned default NULL,
  `idOrderClient` int(10) unsigned default NULL,
  `idStateOrder` int(10) unsigned default NULL,
  `email` varchar(255) default NULL,
  `dateBuy` date default NULL,
  `payType` varchar(5) default NULL,
  `idSession` varchar(255) default NULL,
  `total` double default NULL,
  `refTrans` varchar(255) default NULL,
  `charge` double default NULL,
  `idComments` int(10) unsigned default NULL,
  PRIMARY KEY  (`idOrdersClients`)
) ENGINE=InnoDB DEFAULT CHARSET=utf8;
/*!40101 SET character_set_client = @saved_cs_client */;

--
-- Dumping data for table `buy_orders`
--

LOCK TABLES `buy_orders` WRITE;
/*!40000 ALTER TABLE `buy_orders` DISABLE KEYS */;
/*!40000 ALTER TABLE `buy_orders` ENABLE KEYS */;
UNLOCK TABLES;

--
-- Table structure for table `buy_shoppingcart`
--

DROP TABLE IF EXISTS `buy_shoppingcart`;
/*!40101 SET @saved_cs_client     = @@character_set_client */;
/*!40101 SET character_set_client = utf8 */;
CREATE TABLE `buy_shoppingcart` (
  `id` int(10) unsigned NOT NULL auto_increment,
  `idSession` varchar(255) default NULL,
  `idClient` int(10) unsigned default NULL,
  `idProduct` int(10) unsigned default NULL,
  `quantity` int(5) unsigned default NULL,
  `dateInsert` datetime default NULL,
  `dateBuy` datetime default NULL,
  PRIMARY KEY  (`id`)
) ENGINE=InnoDB DEFAULT CHARSET=utf8;
/*!40101 SET character_set_client = @saved_cs_client */;

--
-- Dumping data for table `buy_shoppingcart`
--

LOCK TABLES `buy_shoppingcart` WRITE;
/*!40000 ALTER TABLE `buy_shoppingcart` DISABLE KEYS */;
/*!40000 ALTER TABLE `buy_shoppingcart` ENABLE KEYS */;
UNLOCK TABLES;

--
-- Table structure for table `buy_shoppingcart_attributes`
--

DROP TABLE IF EXISTS `buy_shoppingcart_attributes`;
/*!40101 SET @saved_cs_client     = @@character_set_client */;
/*!40101 SET character_set_client = utf8 */;
CREATE TABLE `buy_shoppingcart_attributes` (
  `id` int(10) unsigned NOT NULL auto_increment,
  `idShoppingCart` int(10) unsigned NOT NULL,
  `idAttribute` int(10) unsigned NOT NULL,
  PRIMARY KEY  (`id`),
  KEY `idShoppingCart` (`idShoppingCart`),
  KEY `idAttribute` (`idAttribute`)
) ENGINE=InnoDB DEFAULT CHARSET=utf8;
/*!40101 SET character_set_client = @saved_cs_client */;

--
-- Dumping data for table `buy_shoppingcart_attributes`
--

LOCK TABLES `buy_shoppingcart_attributes` WRITE;
/*!40000 ALTER TABLE `buy_shoppingcart_attributes` DISABLE KEYS */;
/*!40000 ALTER TABLE `buy_shoppingcart_attributes` ENABLE KEYS */;
UNLOCK TABLES;

--
-- Table structure for table `buy_stateorders`
--

DROP TABLE IF EXISTS `buy_stateorders`;
/*!40101 SET @saved_cs_client     = @@character_set_client */;
/*!40101 SET character_set_client = utf8 */;
CREATE TABLE `buy_stateorders` (
  `idStateOrder` int(10) unsigned NOT NULL auto_increment,
  `stateOrder` varchar(100) default NULL,
  PRIMARY KEY  (`idStateOrder`)
) ENGINE=InnoDB AUTO_INCREMENT=5 DEFAULT CHARSET=utf8;
/*!40101 SET character_set_client = @saved_cs_client */;

--
-- Dumping data for table `buy_stateorders`
--

LOCK TABLES `buy_stateorders` WRITE;
/*!40000 ALTER TABLE `buy_stateorders` DISABLE KEYS */;
INSERT INTO `buy_stateorders` VALUES (1,'Nuevo'),(2,'Procesado'),(3,'Enviado'),(4,'Cerrado');
/*!40000 ALTER TABLE `buy_stateorders` ENABLE KEYS */;
UNLOCK TABLES;

--
-- Table structure for table `categorianoticia`
--

DROP TABLE IF EXISTS `categorianoticia`;
/*!40101 SET @saved_cs_client     = @@character_set_client */;
/*!40101 SET character_set_client = utf8 */;
CREATE TABLE `categorianoticia` (
  `id` int(10) unsigned NOT NULL auto_increment,
  `nombre` varchar(50) NOT NULL default '',
  `idParent` int(10) unsigned NOT NULL,
  `descripcion` text,
  `codigo` int(10) unsigned NOT NULL,
  PRIMARY KEY  (`id`)
) ENGINE=InnoDB AUTO_INCREMENT=2 DEFAULT CHARSET=utf8;
/*!40101 SET character_set_client = @saved_cs_client */;

--
-- Dumping data for table `categorianoticia`
--

LOCK TABLES `categorianoticia` WRITE;
/*!40000 ALTER TABLE `categorianoticia` DISABLE KEYS */;
INSERT INTO `categorianoticia` VALUES (1,'Categoria',0,'Test Categoria',3);
/*!40000 ALTER TABLE `categorianoticia` ENABLE KEYS */;
UNLOCK TABLES;

--
-- Table structure for table `categories_rss`
--

DROP TABLE IF EXISTS `categories_rss`;
/*!40101 SET @saved_cs_client     = @@character_set_client */;
/*!40101 SET character_set_client = utf8 */;
CREATE TABLE `categories_rss` (
  `id` int(10) unsigned NOT NULL auto_increment,
  `idRss` int(10) unsigned default NULL,
  `idCategory` int(10) unsigned default NULL,
  PRIMARY KEY  (`id`),
  KEY `idRss` (`idRss`),
  KEY `idCategory` (`idCategory`),
  CONSTRAINT `categories_rss_ibfk_1` FOREIGN KEY (`idRss`) REFERENCES `rss` (`id`) ON DELETE CASCADE,
  CONSTRAINT `categories_rss_ibfk_2` FOREIGN KEY (`idCategory`) REFERENCES `categorianoticia` (`id`) ON DELETE CASCADE
) ENGINE=InnoDB DEFAULT CHARSET=utf8;
/*!40101 SET character_set_client = @saved_cs_client */;

--
-- Dumping data for table `categories_rss`
--

LOCK TABLES `categories_rss` WRITE;
/*!40000 ALTER TABLE `categories_rss` DISABLE KEYS */;
/*!40000 ALTER TABLE `categories_rss` ENABLE KEYS */;
UNLOCK TABLES;

--
-- Table structure for table `centrallayer`
--

DROP TABLE IF EXISTS `centrallayer`;
/*!40101 SET @saved_cs_client     = @@character_set_client */;
/*!40101 SET character_set_client = utf8 */;
CREATE TABLE `centrallayer` (
  `id` int(10) unsigned NOT NULL auto_increment,
  `tipo` int(11) NOT NULL,
  `idModulo` int(10) unsigned NOT NULL,
  `posicion` int(10) unsigned NOT NULL,
  `idSeccion` int(10) unsigned NOT NULL,
  `fechaBaja` datetime default NULL,
  `fechaAlta` datetime default NULL,
  `parametersValue` text NOT NULL,
  PRIMARY KEY  (`id`),
  KEY `idSeccion` (`idSeccion`),
  CONSTRAINT `centrallayer_ibfk_1` FOREIGN KEY (`idSeccion`) REFERENCES `seccion` (`id`) ON DELETE CASCADE
) ENGINE=InnoDB AUTO_INCREMENT=94 DEFAULT CHARSET=utf8;
/*!40101 SET character_set_client = @saved_cs_client */;

--
-- Dumping data for table `centrallayer`
--

LOCK TABLES `centrallayer` WRITE;
/*!40000 ALTER TABLE `centrallayer` DISABLE KEYS */;
INSERT INTO `centrallayer` VALUES (4,32,9,1,1,NULL,NULL,''),(5,32,8,2,1,NULL,NULL,''),(6,32,17,1,27,NULL,NULL,''),(9,32,25,1,15,NULL,NULL,''),(10,32,26,1,16,NULL,NULL,''),(11,32,27,1,17,NULL,NULL,''),(12,32,28,1,19,NULL,NULL,''),(13,32,29,1,20,NULL,NULL,''),(14,32,30,1,21,NULL,NULL,''),(15,32,31,1,23,NULL,NULL,''),(16,32,32,1,24,NULL,NULL,''),(17,32,33,1,25,NULL,NULL,''),(18,32,34,1,26,NULL,NULL,''),(19,32,35,1,89,NULL,NULL,''),(20,32,36,1,90,NULL,NULL,''),(21,32,37,1,91,NULL,NULL,''),(22,32,38,1,92,NULL,NULL,''),(23,32,39,1,28,NULL,NULL,''),(24,32,40,1,29,NULL,NULL,''),(27,32,42,1,32,NULL,NULL,''),(28,32,43,1,33,NULL,NULL,''),(29,32,44,1,35,NULL,NULL,''),(30,32,45,1,36,NULL,NULL,''),(31,32,46,1,38,NULL,NULL,''),(32,32,47,1,39,NULL,NULL,''),(33,32,48,1,40,NULL,NULL,''),(34,32,49,1,41,NULL,NULL,''),(35,32,50,1,42,NULL,NULL,''),(36,32,51,1,43,NULL,NULL,''),(37,32,52,1,44,NULL,NULL,''),(38,32,53,1,45,NULL,NULL,''),(39,32,54,1,46,NULL,NULL,''),(40,32,55,1,47,NULL,NULL,''),(41,32,56,1,49,NULL,NULL,''),(43,32,58,1,51,NULL,NULL,''),(44,32,59,1,52,NULL,NULL,''),(45,32,60,1,53,NULL,NULL,''),(46,32,61,1,54,NULL,NULL,''),(47,32,62,1,56,NULL,NULL,''),(48,32,63,1,57,NULL,NULL,''),(49,32,64,1,59,NULL,NULL,''),(50,32,65,1,61,NULL,NULL,''),(51,32,66,1,62,NULL,NULL,''),(52,32,67,1,63,NULL,NULL,''),(53,32,68,1,64,NULL,NULL,''),(54,32,69,1,65,NULL,NULL,''),(55,32,70,1,66,NULL,NULL,''),(56,32,71,1,67,NULL,NULL,''),(58,32,73,1,69,NULL,NULL,''),(59,32,74,1,70,NULL,NULL,''),(60,32,75,1,71,NULL,NULL,''),(61,32,76,1,72,NULL,NULL,''),(62,32,77,1,73,NULL,NULL,''),(63,32,79,1,74,NULL,NULL,''),(65,32,81,1,76,NULL,NULL,''),(66,32,82,1,77,NULL,NULL,''),(67,32,83,1,78,NULL,NULL,''),(68,32,84,1,79,NULL,NULL,''),(69,32,85,1,80,NULL,NULL,''),(70,32,86,1,81,NULL,NULL,''),(72,32,88,1,84,NULL,NULL,''),(73,32,89,1,85,NULL,NULL,''),(74,32,90,1,86,NULL,NULL,''),(76,32,41,1,93,NULL,NULL,''),(77,32,91,1,94,NULL,NULL,''),(78,32,92,1,95,NULL,NULL,''),(80,32,93,2,2,NULL,NULL,''),(81,32,94,1,6,NULL,NULL,''),(82,32,95,1,9,NULL,NULL,''),(83,32,96,1,96,NULL,NULL,''),(84,32,97,3,1,NULL,NULL,''),(85,32,106,2,27,NULL,NULL,''),(86,32,107,1,97,NULL,NULL,''),(87,32,113,1,98,NULL,NULL,''),(88,32,114,1,99,NULL,NULL,''),(89,32,115,4,1,NULL,NULL,''),(90,3,74,1,100,NULL,NULL,'Mailt_to@info&#64;institutocefer.com'),(91,3,78,1,101,NULL,NULL,'mailto@john&#64;bab-soft.com'),(92,3,83,1,104,NULL,NULL,''),(93,3,84,2,104,NULL,NULL,'mail_to@info&#64;institutocefer.com|subject@PROMO - Contacto desde la web (Donación de óvulos / FR ) |boolean:debug@false|debug_mail_to@albert&#64;bab-soft.com');
/*!40000 ALTER TABLE `centrallayer` ENABLE KEYS */;
UNLOCK TABLES;

--
-- Table structure for table `comentario`
--

DROP TABLE IF EXISTS `comentario`;
/*!40101 SET @saved_cs_client     = @@character_set_client */;
/*!40101 SET character_set_client = utf8 */;
CREATE TABLE `comentario` (
  `id` int(10) unsigned NOT NULL auto_increment,
  `autor` varchar(255) NOT NULL,
  `descripcion` text,
  `fechaAlta` date NOT NULL,
  `fechaPublicacion` datetime default NULL,
  `fechaModificacion` datetime default NULL,
  `posicion` int(10) unsigned NOT NULL,
  `estado` varchar(20) NOT NULL,
  `ip_address` varchar(255) NOT NULL,
  `idNoticia` int(10) unsigned NOT NULL,
  PRIMARY KEY  (`id`),
  KEY `estado` (`estado`,`posicion`),
  KEY `idNoticia` (`idNoticia`),
  CONSTRAINT `comentario_ibfk_1` FOREIGN KEY (`idNoticia`) REFERENCES `noticia` (`id`) ON DELETE CASCADE
) ENGINE=InnoDB DEFAULT CHARSET=utf8;
/*!40101 SET character_set_client = @saved_cs_client */;

--
-- Dumping data for table `comentario`
--

LOCK TABLES `comentario` WRITE;
/*!40000 ALTER TABLE `comentario` DISABLE KEYS */;
/*!40000 ALTER TABLE `comentario` ENABLE KEYS */;
UNLOCK TABLES;

--
-- Table structure for table `compared_family_product`
--

DROP TABLE IF EXISTS `compared_family_product`;
/*!40101 SET @saved_cs_client     = @@character_set_client */;
/*!40101 SET character_set_client = utf8 */;
CREATE TABLE `compared_family_product` (
  `id` int(10) unsigned NOT NULL auto_increment,
  `id_product` int(10) unsigned NOT NULL default '0',
  `id_family_product` int(10) unsigned NOT NULL default '0',
  `title` varchar(255) default '',
  PRIMARY KEY  (`id`)
) ENGINE=InnoDB DEFAULT CHARSET=utf8;
/*!40101 SET character_set_client = @saved_cs_client */;

--
-- Dumping data for table `compared_family_product`
--

LOCK TABLES `compared_family_product` WRITE;
/*!40000 ALTER TABLE `compared_family_product` DISABLE KEYS */;
/*!40000 ALTER TABLE `compared_family_product` ENABLE KEYS */;
UNLOCK TABLES;

--
-- Table structure for table `compared_product`
--

DROP TABLE IF EXISTS `compared_product`;
/*!40101 SET @saved_cs_client     = @@character_set_client */;
/*!40101 SET character_set_client = utf8 */;
CREATE TABLE `compared_product` (
  `id` int(10) unsigned NOT NULL auto_increment,
  `id_product_a` int(10) unsigned NOT NULL default '0',
  `id_product_b` int(10) unsigned NOT NULL default '0',
  `title` varchar(255) default '',
  PRIMARY KEY  (`id`)
) ENGINE=InnoDB DEFAULT CHARSET=utf8;
/*!40101 SET character_set_client = @saved_cs_client */;

--
-- Dumping data for table `compared_product`
--

LOCK TABLES `compared_product` WRITE;
/*!40000 ALTER TABLE `compared_product` DISABLE KEYS */;
/*!40000 ALTER TABLE `compared_product` ENABLE KEYS */;
UNLOCK TABLES;

--
-- Table structure for table `compared_type_product`
--

DROP TABLE IF EXISTS `compared_type_product`;
/*!40101 SET @saved_cs_client     = @@character_set_client */;
/*!40101 SET character_set_client = utf8 */;
CREATE TABLE `compared_type_product` (
  `id` int(10) unsigned NOT NULL auto_increment,
  `id_product` int(10) unsigned NOT NULL default '0',
  `id_type_product` int(10) unsigned NOT NULL default '0',
  `title` varchar(255) default '',
  PRIMARY KEY  (`id`)
) ENGINE=InnoDB DEFAULT CHARSET=utf8;
/*!40101 SET character_set_client = @saved_cs_client */;

--
-- Dumping data for table `compared_type_product`
--

LOCK TABLES `compared_type_product` WRITE;
/*!40000 ALTER TABLE `compared_type_product` DISABLE KEYS */;
/*!40000 ALTER TABLE `compared_type_product` ENABLE KEYS */;
UNLOCK TABLES;

--
-- Table structure for table `cron_task`
--

DROP TABLE IF EXISTS `cron_task`;
/*!40101 SET @saved_cs_client     = @@character_set_client */;
/*!40101 SET character_set_client = utf8 */;
CREATE TABLE `cron_task` (
  `id` int(10) unsigned NOT NULL auto_increment,
  `name` varchar(255) NOT NULL default '',
  `url` varchar(255) default NULL,
  `state` tinyint(1) NOT NULL default '0',
  `date_start` datetime default NULL,
  `minute` varchar(255) default NULL,
  `hour` varchar(255) default NULL,
  `day` varchar(255) default NULL,
  `month` varchar(255) default NULL,
  `day_week` varchar(255) default NULL,
  `last_execution_time` datetime default NULL,
  PRIMARY KEY  (`id`)
) ENGINE=InnoDB DEFAULT CHARSET=utf8;
/*!40101 SET character_set_client = @saved_cs_client */;

--
-- Dumping data for table `cron_task`
--

LOCK TABLES `cron_task` WRITE;
/*!40000 ALTER TABLE `cron_task` DISABLE KEYS */;
/*!40000 ALTER TABLE `cron_task` ENABLE KEYS */;
UNLOCK TABLES;

--
-- Table structure for table `discounts_ranges`
--

DROP TABLE IF EXISTS `discounts_ranges`;
/*!40101 SET @saved_cs_client     = @@character_set_client */;
/*!40101 SET character_set_client = utf8 */;
CREATE TABLE `discounts_ranges` (
  `id` int(10) unsigned NOT NULL auto_increment,
  `id_product_discount` int(10) unsigned NOT NULL,
  `from_amount` double NOT NULL,
  `to_amount` double default NULL,
  `discount` double NOT NULL,
  PRIMARY KEY  (`id`),
  KEY `id_product_discount` (`id_product_discount`)
) ENGINE=InnoDB DEFAULT CHARSET=utf8;
/*!40101 SET character_set_client = @saved_cs_client */;

--
-- Dumping data for table `discounts_ranges`
--

LOCK TABLES `discounts_ranges` WRITE;
/*!40000 ALTER TABLE `discounts_ranges` DISABLE KEYS */;
/*!40000 ALTER TABLE `discounts_ranges` ENABLE KEYS */;
UNLOCK TABLES;

--
-- Table structure for table `edicion`
--

DROP TABLE IF EXISTS `edicion`;
/*!40101 SET @saved_cs_client     = @@character_set_client */;
/*!40101 SET character_set_client = utf8 */;
CREATE TABLE `edicion` (
  `id` int(10) unsigned NOT NULL auto_increment,
  `fecha` datetime NOT NULL default '0000-00-00 00:00:00',
  `file` varchar(255) NOT NULL default '',
  `idSeccion` int(10) unsigned NOT NULL,
  PRIMARY KEY  (`id`),
  KEY `idSeccion` (`idSeccion`),
  CONSTRAINT `edicion_ibfk_1` FOREIGN KEY (`idSeccion`) REFERENCES `seccion` (`id`) ON DELETE CASCADE
) ENGINE=InnoDB DEFAULT CHARSET=utf8;
/*!40101 SET character_set_client = @saved_cs_client */;

--
-- Dumping data for table `edicion`
--

LOCK TABLES `edicion` WRITE;
/*!40000 ALTER TABLE `edicion` DISABLE KEYS */;
/*!40000 ALTER TABLE `edicion` ENABLE KEYS */;
UNLOCK TABLES;

--
-- Table structure for table `encuesta`
--

DROP TABLE IF EXISTS `encuesta`;
/*!40101 SET @saved_cs_client     = @@character_set_client */;
/*!40101 SET character_set_client = utf8 */;
CREATE TABLE `encuesta` (
  `id` int(10) unsigned NOT NULL auto_increment,
  `nombre` varchar(255) NOT NULL,
  `titulo` text,
  `descripcion` text NOT NULL,
  `fechaAlta` date NOT NULL default '0000-00-00',
  `fechaModificacion` datetime default NULL,
  `fechaPublicacion` datetime default NULL,
  `estado` int(10) unsigned NOT NULL,
  `tipo` tinyint(4) NOT NULL default '0',
  `owner` int(11) NOT NULL default '-1',
  `comments` tinyint(4) NOT NULL default '0',
  `showEmbeddedComments` tinyint(4) NOT NULL default '0',
  `backgroundimage` varchar(255) NOT NULL default '',
  PRIMARY KEY  (`id`)
) ENGINE=InnoDB DEFAULT CHARSET=utf8;
/*!40101 SET character_set_client = @saved_cs_client */;

--
-- Dumping data for table `encuesta`
--

LOCK TABLES `encuesta` WRITE;
/*!40000 ALTER TABLE `encuesta` DISABLE KEYS */;
/*!40000 ALTER TABLE `encuesta` ENABLE KEYS */;
UNLOCK TABLES;

--
-- Table structure for table `estilo`
--

DROP TABLE IF EXISTS `estilo`;
/*!40101 SET @saved_cs_client     = @@character_set_client */;
/*!40101 SET character_set_client = utf8 */;
CREATE TABLE `estilo` (
  `id` int(11) NOT NULL auto_increment,
  `nombre` varchar(255) NOT NULL default '',
  `fichero` varchar(255) NOT NULL default '',
  `editable` int(11) NOT NULL default '1',
  `tipo` int(11) NOT NULL default '0',
  `l_top` tinyint(3) unsigned NOT NULL default '0',
  `l_bottom` tinyint(3) unsigned NOT NULL default '0',
  `l_left` tinyint(3) unsigned NOT NULL default '0',
  `l_right` tinyint(3) unsigned NOT NULL default '0',
  `l_center` tinyint(3) unsigned NOT NULL default '0',
  `content` longtext,
  `publishDate` datetime default NULL,
  `modifyDate` datetime default NULL,
  PRIMARY KEY  (`id`)
) ENGINE=InnoDB AUTO_INCREMENT=9 DEFAULT CHARSET=utf8;
/*!40101 SET character_set_client = @saved_cs_client */;

--
-- Dumping data for table `estilo`
--

LOCK TABLES `estilo` WRITE;
/*!40000 ALTER TABLE `estilo` DISABLE KEYS */;
INSERT INTO `estilo` VALUES (1,'CSS defecto','default_struct.css',1,1,0,0,1,1,1,'%40import+url%28%22http%3A%2F%2Fwww.institutocefer.com%2Fes%2Fcss%2Fdefault_struct.css%22%29%3B','2009-12-30 14:12:29','2009-12-30 14:12:27'),(2,'CSS defecto','default_style.css',1,2,1,1,1,1,1,'%40import+url%28%22http%3A%2F%2Fwww.institutocefer.com%2Fes%2Fcss%2Fdefault_style.css%22%29%3B','2010-02-16 19:21:55','2010-02-16 19:21:47'),(3,'CSS Home (zona central 100%)','110718.css',1,1,1,0,0,0,1,'%40import+url%28%22http%3A%2F%2Fwww.institutocefer.com%2Fes%2Fcss%2F110718.css%22%29%3B%0D%0A','2009-12-29 17:12:51','2009-12-29 17:12:49'),(4,'Landing parejas lesbianas','949486.css',1,1,1,1,0,0,1,'%40import+url%28%2Fes%2Fcss%2F291457.css%29%3B%0D%0A%0D%0A.block1%2C+.block2%2C+.block3%2C+.block4%2C+.block5%2C+.block6+%7Bheight%3A448px%7D%0D%0A.block3+.title+%7Bpadding-bottom%3A18px%3B%7D','2014-02-11 18:02:25','2014-02-11 18:02:19'),(5,'Landing parejas lesbianas','95424.css',1,2,0,0,0,0,0,'%40import+url%28%2Fes%2Fcss%2F134589.css%29%3B','2014-02-11 17:50:47','2014-02-11 17:50:45'),(6,'Landing embarazo (genérica)','804775.css',1,1,1,1,0,0,1,'%40import+url%28%2Fes%2Fcss%2F22281.css%29%3B','2014-10-10 08:49:24','2014-10-10 08:49:21'),(7,'void (for landings)','913141.css',1,2,0,0,0,0,0,'','2014-10-10 08:49:34','0000-00-00 00:00:00'),(8,'Landing donación de ovulos','409429.css',1,1,0,0,0,0,1,'%40import+url%28%2Fes%2Fcss%2F87126.css%29%3B','2014-12-01 16:40:52','2014-12-01 16:40:49');
/*!40000 ALTER TABLE `estilo` ENABLE KEYS */;
UNLOCK TABLES;

--
-- Table structure for table `evento`
--

DROP TABLE IF EXISTS `evento`;
/*!40101 SET @saved_cs_client     = @@character_set_client */;
/*!40101 SET character_set_client = utf8 */;
CREATE TABLE `evento` (
  `id` int(10) unsigned NOT NULL auto_increment,
  `idAgenda` int(10) unsigned NOT NULL,
  `nombre` varchar(255) NOT NULL,
  `titulo` varchar(255) NOT NULL,
  `descripcion` text NOT NULL,
  `url` text,
  `imagen` varchar(255) default NULL,
  `fechaInicio` datetime NOT NULL default '0000-00-00 00:00:00',
  `fechaFin` datetime NOT NULL default '0000-00-00 00:00:00',
  `direccion` text,
  `poblacion` varchar(100) default NULL,
  `cp` varchar(10) default NULL,
  `provincia` varchar(100) default NULL,
  `pais` varchar(100) default NULL,
  `organizador` varchar(255) default NULL,
  `descOrganizador` text,
  `emailOrganizador` varchar(255) default NULL,
  `tfOrganizador` varchar(25) default NULL,
  `fechaAlta` date NOT NULL,
  `state` tinyint(3) unsigned NOT NULL default '1',
  PRIMARY KEY  (`id`),
  KEY `idAgenda` (`idAgenda`),
  CONSTRAINT `evento_ibfk_1` FOREIGN KEY (`idAgenda`) REFERENCES `agenda` (`id`) ON DELETE CASCADE
) ENGINE=InnoDB DEFAULT CHARSET=utf8;
/*!40101 SET character_set_client = @saved_cs_client */;

--
-- Dumping data for table `evento`
--

LOCK TABLES `evento` WRITE;
/*!40000 ALTER TABLE `evento` DISABLE KEYS */;
/*!40000 ALTER TABLE `evento` ENABLE KEYS */;
UNLOCK TABLES;

--
-- Table structure for table `family`
--

DROP TABLE IF EXISTS `family`;
/*!40101 SET @saved_cs_client     = @@character_set_client */;
/*!40101 SET character_set_client = utf8 */;
CREATE TABLE `family` (
  `id` int(10) unsigned NOT NULL auto_increment,
  `idParent` int(10) unsigned NOT NULL default '0',
  `name` varchar(255) default NULL,
  `description` text,
  `position` int(10) unsigned default NULL,
  `image` varchar(255) default NULL,
  `enabled` tinyint(4) NOT NULL default '0',
  PRIMARY KEY  (`id`),
  KEY `idParent` (`idParent`)
) ENGINE=InnoDB DEFAULT CHARSET=utf8;
/*!40101 SET character_set_client = @saved_cs_client */;

--
-- Dumping data for table `family`
--

LOCK TABLES `family` WRITE;
/*!40000 ALTER TABLE `family` DISABLE KEYS */;
/*!40000 ALTER TABLE `family` ENABLE KEYS */;
UNLOCK TABLES;

--
-- Table structure for table `field`
--

DROP TABLE IF EXISTS `field`;
/*!40101 SET @saved_cs_client     = @@character_set_client */;
/*!40101 SET character_set_client = utf8 */;
CREATE TABLE `field` (
  `id` int(10) unsigned NOT NULL auto_increment,
  `idType` int(10) unsigned NOT NULL default '0',
  `idFieldType` int(11) NOT NULL default '0',
  `name` varchar(255) default NULL,
  `description` text,
  `mandatory` int(1) NOT NULL default '0',
  `regExpr` varchar(255) NOT NULL default '',
  PRIMARY KEY  (`id`)
) ENGINE=InnoDB DEFAULT CHARSET=utf8;
/*!40101 SET character_set_client = @saved_cs_client */;

--
-- Dumping data for table `field`
--

LOCK TABLES `field` WRITE;
/*!40000 ALTER TABLE `field` DISABLE KEYS */;
/*!40000 ALTER TABLE `field` ENABLE KEYS */;
UNLOCK TABLES;

--
-- Table structure for table `fieldType`
--

DROP TABLE IF EXISTS `fieldType`;
/*!40101 SET @saved_cs_client     = @@character_set_client */;
/*!40101 SET character_set_client = utf8 */;
CREATE TABLE `fieldType` (
  `id` int(10) unsigned NOT NULL auto_increment,
  `name` varchar(255) default NULL,
  `description` text,
  `regExpr` varchar(255) NOT NULL default '',
  `dbType` varchar(255) NOT NULL default '',
  `isString` int(1) unsigned NOT NULL default '0',
  PRIMARY KEY  (`id`)
) ENGINE=InnoDB AUTO_INCREMENT=9 DEFAULT CHARSET=utf8;
/*!40101 SET character_set_client = @saved_cs_client */;

--
-- Dumping data for table `fieldType`
--

LOCK TABLES `fieldType` WRITE;
/*!40000 ALTER TABLE `fieldType` DISABLE KEYS */;
INSERT INTO `fieldType` VALUES (1,'Texto corto','','','VARCHAR(255)',1),(2,'Texto largo','','','TEXT',1),(3,'Número sin decimales','','[0-9]+','INT(10)',0),(4,'Número con decimales','','[0-9]+.[0-9]+|[0-9]+','FLOAT(11,10)',1),(6,'Imagen','','','INT(10)',0),(7,'Flash','','','INT(10)',0),(8,'Video','','','INT(10)',0);
/*!40000 ALTER TABLE `fieldType` ENABLE KEYS */;
UNLOCK TABLES;

--
-- Table structure for table `fieldValidValues`
--

DROP TABLE IF EXISTS `fieldValidValues`;
/*!40101 SET @saved_cs_client     = @@character_set_client */;
/*!40101 SET character_set_client = utf8 */;
CREATE TABLE `fieldValidValues` (
  `id` int(10) unsigned NOT NULL auto_increment,
  `idField` int(11) NOT NULL default '0',
  `value` varchar(255) default NULL,
  PRIMARY KEY  (`id`)
) ENGINE=InnoDB DEFAULT CHARSET=utf8;
/*!40101 SET character_set_client = @saved_cs_client */;

--
-- Dumping data for table `fieldValidValues`
--

LOCK TABLES `fieldValidValues` WRITE;
/*!40000 ALTER TABLE `fieldValidValues` DISABLE KEYS */;
/*!40000 ALTER TABLE `fieldValidValues` ENABLE KEYS */;
UNLOCK TABLES;

--
-- Table structure for table `file_content`
--

DROP TABLE IF EXISTS `file_content`;
/*!40101 SET @saved_cs_client     = @@character_set_client */;
/*!40101 SET character_set_client = utf8 */;
CREATE TABLE `file_content` (
  `id` int(10) unsigned NOT NULL auto_increment,
  `name` varchar(255) NOT NULL default '',
  `path` varchar(255) NOT NULL default '',
  `size` int(11) NOT NULL default '0',
  `idOwner` int(10) unsigned default NULL,
  `discriminator_type` tinyint(4) NOT NULL default '0',
  PRIMARY KEY  (`id`)
) ENGINE=InnoDB DEFAULT CHARSET=utf8;
/*!40101 SET character_set_client = @saved_cs_client */;

--
-- Dumping data for table `file_content`
--

LOCK TABLES `file_content` WRITE;
/*!40000 ALTER TABLE `file_content` DISABLE KEYS */;
/*!40000 ALTER TABLE `file_content` ENABLE KEYS */;
UNLOCK TABLES;

--
-- Table structure for table `file_content_profiles`
--

DROP TABLE IF EXISTS `file_content_profiles`;
/*!40101 SET @saved_cs_client     = @@character_set_client */;
/*!40101 SET character_set_client = utf8 */;
CREATE TABLE `file_content_profiles` (
  `id` int(10) unsigned NOT NULL auto_increment,
  `id_file_content` int(10) unsigned NOT NULL,
  `id_profile` int(10) unsigned NOT NULL,
  PRIMARY KEY  (`id`),
  KEY `id_file_content` (`id_file_content`),
  KEY `id_profile` (`id_profile`),
  CONSTRAINT `file_content_profiles_ibfk_1` FOREIGN KEY (`id_file_content`) REFERENCES `file_content` (`id`) ON DELETE CASCADE,
  CONSTRAINT `file_content_profiles_ibfk_2` FOREIGN KEY (`id_profile`) REFERENCES `perfil` (`id`) ON DELETE CASCADE
) ENGINE=InnoDB DEFAULT CHARSET=utf8;
/*!40101 SET character_set_client = @saved_cs_client */;

--
-- Dumping data for table `file_content_profiles`
--

LOCK TABLES `file_content_profiles` WRITE;
/*!40000 ALTER TABLE `file_content_profiles` DISABLE KEYS */;
/*!40000 ALTER TABLE `file_content_profiles` ENABLE KEYS */;
UNLOCK TABLES;

--
-- Table structure for table `gallery`
--

DROP TABLE IF EXISTS `gallery`;
/*!40101 SET @saved_cs_client     = @@character_set_client */;
/*!40101 SET character_set_client = utf8 */;
CREATE TABLE `gallery` (
  `id` int(10) unsigned NOT NULL auto_increment,
  `name` varchar(255) default NULL,
  `title` text,
  `description` text,
  `state` tinyint(3) unsigned NOT NULL default '0',
  `creationDate` datetime default '0000-00-00 00:00:00',
  `modification_date` datetime default '0000-00-00 00:00:00',
  PRIMARY KEY  (`id`)
) ENGINE=InnoDB DEFAULT CHARSET=utf8;
/*!40101 SET character_set_client = @saved_cs_client */;

--
-- Dumping data for table `gallery`
--

LOCK TABLES `gallery` WRITE;
/*!40000 ALTER TABLE `gallery` DISABLE KEYS */;
/*!40000 ALTER TABLE `gallery` ENABLE KEYS */;
UNLOCK TABLES;

--
-- Table structure for table `gallery_image_comment_rates`
--

DROP TABLE IF EXISTS `gallery_image_comment_rates`;
/*!40101 SET @saved_cs_client     = @@character_set_client */;
/*!40101 SET character_set_client = utf8 */;
CREATE TABLE `gallery_image_comment_rates` (
  `id` int(10) unsigned NOT NULL auto_increment,
  `idComment` int(10) unsigned NOT NULL,
  `counter` int(11) NOT NULL default '0',
  `counter_valuation` int(11) NOT NULL default '0',
  `valuation_accumulated` int(11) NOT NULL default '0',
  `discriminator` int(4) NOT NULL default '0',
  PRIMARY KEY  (`id`),
  KEY `idComment` (`idComment`),
  CONSTRAINT `gallery_image_comment_rates_ibfk_1` FOREIGN KEY (`idComment`) REFERENCES `image_comment` (`id`) ON DELETE CASCADE
) ENGINE=InnoDB DEFAULT CHARSET=utf8;
/*!40101 SET character_set_client = @saved_cs_client */;

--
-- Dumping data for table `gallery_image_comment_rates`
--

LOCK TABLES `gallery_image_comment_rates` WRITE;
/*!40000 ALTER TABLE `gallery_image_comment_rates` DISABLE KEYS */;
/*!40000 ALTER TABLE `gallery_image_comment_rates` ENABLE KEYS */;
UNLOCK TABLES;

--
-- Table structure for table `geo_polygones`
--

DROP TABLE IF EXISTS `geo_polygones`;
/*!40101 SET @saved_cs_client     = @@character_set_client */;
/*!40101 SET character_set_client = utf8 */;
CREATE TABLE `geo_polygones` (
  `id` int(10) unsigned NOT NULL auto_increment,
  `title` varchar(255) NOT NULL,
  `points` longtext NOT NULL,
  `color` varchar(50) default NULL,
  PRIMARY KEY  (`id`)
) ENGINE=InnoDB DEFAULT CHARSET=utf8;
/*!40101 SET character_set_client = @saved_cs_client */;

--
-- Dumping data for table `geo_polygones`
--

LOCK TABLES `geo_polygones` WRITE;
/*!40000 ALTER TABLE `geo_polygones` DISABLE KEYS */;
/*!40000 ALTER TABLE `geo_polygones` ENABLE KEYS */;
UNLOCK TABLES;

--
-- Table structure for table `geo_polylines`
--

DROP TABLE IF EXISTS `geo_polylines`;
/*!40101 SET @saved_cs_client     = @@character_set_client */;
/*!40101 SET character_set_client = utf8 */;
CREATE TABLE `geo_polylines` (
  `id` int(10) unsigned NOT NULL auto_increment,
  `title` varchar(255) NOT NULL,
  `points` longtext NOT NULL,
  `color` varchar(50) default NULL,
  PRIMARY KEY  (`id`)
) ENGINE=InnoDB DEFAULT CHARSET=utf8;
/*!40101 SET character_set_client = @saved_cs_client */;

--
-- Dumping data for table `geo_polylines`
--

LOCK TABLES `geo_polylines` WRITE;
/*!40000 ALTER TABLE `geo_polylines` DISABLE KEYS */;
/*!40000 ALTER TABLE `geo_polylines` ENABLE KEYS */;
UNLOCK TABLES;

--
-- Table structure for table `groups_attributes`
--

DROP TABLE IF EXISTS `groups_attributes`;
/*!40101 SET @saved_cs_client     = @@character_set_client */;
/*!40101 SET character_set_client = utf8 */;
CREATE TABLE `groups_attributes` (
  `id` int(10) unsigned NOT NULL auto_increment,
  `title` varchar(255) NOT NULL,
  `description` varchar(255) default NULL,
  `creationDate` datetime NOT NULL default '0000-00-00 00:00:00',
  `modificationDate` datetime default '0000-00-00 00:00:00',
  PRIMARY KEY  (`id`)
) ENGINE=InnoDB DEFAULT CHARSET=utf8;
/*!40101 SET character_set_client = @saved_cs_client */;

--
-- Dumping data for table `groups_attributes`
--

LOCK TABLES `groups_attributes` WRITE;
/*!40000 ALTER TABLE `groups_attributes` DISABLE KEYS */;
/*!40000 ALTER TABLE `groups_attributes` ENABLE KEYS */;
UNLOCK TABLES;

--
-- Table structure for table `grupo`
--

DROP TABLE IF EXISTS `grupo`;
/*!40101 SET @saved_cs_client     = @@character_set_client */;
/*!40101 SET character_set_client = utf8 */;
CREATE TABLE `grupo` (
  `id` int(10) unsigned NOT NULL auto_increment,
  `idParent` int(10) unsigned NOT NULL,
  `name` varchar(255) NOT NULL,
  `descripcion` text NOT NULL,
  `title` text,
  `foot` text,
  `width` double default NULL,
  `align` tinyint(3) unsigned default NULL,
  `group_bg` varchar(6) default NULL,
  `title_bg` varchar(6) default NULL,
  `body_bg` varchar(6) default NULL,
  `bottom_bg` varchar(6) default NULL,
  `body_height` double default NULL,
  `scroll` tinyint(3) unsigned default NULL,
  `top_line_width` tinyint(3) unsigned default NULL,
  `bottom_line_width` tinyint(3) unsigned default NULL,
  `left_line_width` tinyint(3) unsigned default NULL,
  `right_line_width` tinyint(3) unsigned default NULL,
  `top_line_style` tinyint(3) unsigned default NULL,
  `bottom_line_style` tinyint(3) unsigned default NULL,
  `left_line_style` tinyint(3) unsigned default NULL,
  `right_line_style` tinyint(3) unsigned default NULL,
  `top_line_color` varchar(6) default NULL,
  `bottom_line_color` varchar(6) default NULL,
  `left_line_color` varchar(6) default NULL,
  `right_line_color` varchar(6) default NULL,
  `fechaAlta` date NOT NULL,
  `fechaModificacion` datetime default NULL,
  `fechaPublicacion` datetime default NULL,
  `margin_top` tinyint(3) unsigned default NULL,
  `margin_bottom` tinyint(3) unsigned default NULL,
  `margin_left` tinyint(3) unsigned default NULL,
  `margin_right` tinyint(3) unsigned default NULL,
  `margin_top_body` tinyint(3) unsigned default NULL,
  `margin_bottom_body` tinyint(3) unsigned default NULL,
  `margin_left_body` tinyint(3) unsigned default NULL,
  `margin_right_body` tinyint(3) unsigned default NULL,
  `margin_top_body_extern` tinyint(3) unsigned default NULL,
  `margin_bottom_body_extern` tinyint(3) unsigned default NULL,
  `margin_left_body_extern` tinyint(3) unsigned default NULL,
  `margin_right_body_extern` tinyint(3) unsigned default NULL,
  `position` int(10) unsigned NOT NULL,
  `title_img_left` varchar(255) default NULL,
  `title_img_center` varchar(255) default NULL,
  `title_img_right` varchar(255) default NULL,
  `foot_img_left` varchar(255) default NULL,
  `foot_img_center` varchar(255) default NULL,
  `foot_img_right` varchar(255) default NULL,
  PRIMARY KEY  (`id`)
) ENGINE=InnoDB AUTO_INCREMENT=116 DEFAULT CHARSET=utf8;
/*!40101 SET character_set_client = @saved_cs_client */;

--
-- Dumping data for table `grupo`
--

LOCK TABLES `grupo` WRITE;
/*!40000 ALTER TABLE `grupo` DISABLE KEYS */;
INSERT INTO `grupo` VALUES (1,0,'Viewer','Noticia desarrollada','<div class=\"title_grup\">Approfondie Nouvelle</div>','',100,1,'ffffff','','ffffff','',-1,0,0,0,1,1,1,1,1,1,'','','D0D0D0','D0D0D0','2007-11-12','2010-01-11 12:16:47','2010-01-11 12:16:53',0,0,0,0,5,5,5,5,0,0,0,0,1,'top_left_group.gif','top_center_group.gif','top_right_group.gif','bottom_left_group.gif','bottom_center_group.gif','bottom_right_group.gif'),(2,0,'Colaboradores','Colaboradores','<div class=\"group_std\">Collaborateurs</div>','',100,1,'','','','',-1,0,0,1,1,1,1,1,1,1,'','dcdcdc','dcdcdc','dcdcdc','2009-11-20','2012-11-29 16:31:57','2015-04-13 10:47:04',10,10,0,0,0,0,0,0,0,0,0,0,2,'bg_head_grup_top_left.jpg','bg_head_grup_top_center.jpg','bg_head_grup_top_right.jpg','','',''),(3,0,'Menú Vertical el instituto','Menú Vertical el instituto','','',100,0,'','','','',-1,0,0,0,0,0,0,0,0,0,'','','','','2009-11-23','2009-11-23 10:16:38','2009-11-23 11:12:07',0,0,0,0,0,0,0,0,0,0,0,0,3,'','','','','',''),(4,0,'Menú Vertical ¿Qué hacemos?','Menú Vertical ¿Qué hacemos?','','',100,0,'','','','',-1,0,0,0,0,0,0,0,0,0,'','','','','2009-11-23','2009-11-23 10:40:57','2009-11-23 11:12:09',0,0,0,0,0,0,0,0,0,0,0,0,4,'','','','','',''),(5,0,'Menú Vertical parejas','Menú Vertical parejas','','',100,0,'','','','',-1,0,0,0,0,0,0,0,0,0,'','','','','2009-11-23','2009-11-23 10:52:10','2009-11-23 11:12:10',0,0,0,0,0,0,0,0,0,0,0,0,5,'','','','','',''),(6,0,'Menú Vertical madres solteras','Menú Vertical madres solteras','','',100,0,'','','','',-1,0,0,0,0,0,0,0,0,0,'','','','','2009-11-23','2009-11-23 10:58:42','2009-11-23 11:12:10',0,0,0,0,0,0,0,0,0,0,0,0,6,'','','','','',''),(7,0,'Menú Vertical doantes','Menú Vertical doantes','','',100,0,'','','','',-1,0,0,0,0,0,0,0,0,0,'','','','','2009-11-23','2009-11-23 11:10:30','2009-11-23 11:12:00',0,0,0,0,0,0,0,0,0,0,0,0,7,'','','','','',''),(8,0,'Home: columna central','Home: columna central','','',17.2,1,'','','','',-1,0,0,0,0,0,1,1,1,1,'','','','','2009-11-23','2010-01-11 11:36:32','2015-01-13 12:56:21',0,10,0,0,0,0,0,0,0,0,0,0,8,'','','','','',''),(9,0,'Home: columna izquierda','Home: columna izquierda','','',57.6,1,'','','','',-1,0,0,0,0,0,1,1,1,1,'','','','','2009-11-23','2010-04-09 10:55:13','2015-01-13 12:56:21',0,10,0,10,0,0,0,0,0,0,0,0,9,'','','','','',''),(10,9,'Más información (contactar)','Más información (contactar)','<div class=\"group_std\">Plus d\'information</div>','',100,1,'','','','',-1,0,0,1,1,1,1,1,1,1,'','dcdcdc','dcdcdc','dcdcdc','2009-11-23','2009-11-23 14:11:03','0000-00-00 00:00:00',0,10,0,0,0,0,0,0,0,0,0,0,1,'bg_head_grup_top_left.jpg','bg_head_grup_top_center.jpg','bg_head_grup_top_right_worl.jpg','','',''),(11,9,'Grupo de 2','Grupo de 2','','',65.7,1,'','','','',-1,0,0,0,0,0,1,1,1,1,'','','','','2009-11-23','2009-11-23 19:09:54','0000-00-00 00:00:00',0,0,0,0,0,0,0,0,0,0,0,0,2,'','','','','',''),(12,9,'Grupo derecha (Inseminación)','Grupo derecha (Inseminación)','<div class=\"group_std\">Ovodonation</div>','',32.5,2,'','','','',-1,0,0,1,1,1,1,1,1,1,'','dcdcdc','dcdcdc','dcdcdc','2009-11-23','2010-04-09 10:54:55','0000-00-00 00:00:00',0,0,0,0,0,0,0,0,0,0,0,0,3,'bg_head_grup_top_left.jpg','bg_head_grup_top_center.jpg','bg_head_grup_top_right.jpg','','',''),(13,11,'Grupo izquierda (Donante femenino)','Grupo izquierda (Donante femenino)','<div class=\"group_std\">Femme celibataire</div>','',48.9,1,'','','','',-1,0,0,1,1,1,1,1,1,1,'','dcdcdc','dcdcdc','dcdcdc','2009-11-23','2010-04-09 10:55:13','0000-00-00 00:00:00',0,0,0,0,0,0,0,0,0,0,0,0,1,'bg_head_grup_top_left.jpg','bg_head_grup_top_center.jpg','bg_head_grup_top_right.jpg','','',''),(14,11,'Grupo derecha (Donante masculino)','Grupo derecha (Donante masculino)','<div class=\"group_std\">DPI</div>','',48.9,2,'','','','',-1,0,0,1,1,1,1,1,1,1,'','dcdcdc','dcdcdc','dcdcdc','2009-11-23','2010-04-09 10:54:35','0000-00-00 00:00:00',0,0,0,0,0,0,0,0,0,0,0,0,2,'bg_head_grup_top_left.jpg','bg_head_grup_top_center.jpg','bg_head_grup_top_right.jpg','','',''),(15,8,'Área Pacientes','Área Pacientes','<div class=\"group_std\">Patient zone</div>','',100,1,'','','','',-1,0,0,1,1,1,1,1,1,1,'','dcdcdc','dcdcdc','dcdcdc','2009-11-23','2009-12-09 15:33:22','0000-00-00 00:00:00',0,10,0,0,0,0,0,0,0,0,0,0,1,'bg_head_grup_top_left.jpg','bg_head_grup_top_center.jpg','bg_head_grup_top_right.jpg','','',''),(16,8,'Área Profesionales','Área Profesionales','<div class=\"group_std\">Professionnels</div>','',100,1,'','','','',-1,0,0,1,1,1,1,1,1,1,'','dcdcdc','dcdcdc','dcdcdc','2009-11-23','2009-12-10 20:53:57','0000-00-00 00:00:00',0,0,0,0,0,0,0,0,0,0,0,0,2,'bg_head_grup_top_left.jpg','bg_head_grup_top_center.jpg','bg_head_grup_top_right.jpg','','',''),(17,0,'Contactar','Contactar','<div class=\"group_std\">Contact Cefer</div>','',79,1,'','','','',-1,0,0,1,1,1,1,1,1,1,'','dcdcdc','dcdcdc','dcdcdc','2009-11-23','2010-02-22 11:23:31','2015-01-13 12:56:40',0,10,0,0,0,0,0,0,0,0,0,0,10,'bg_head_grup_top_left.jpg','bg_head_grup_top_center.jpg','bg_head_grup_top_right.jpg','','',''),(18,17,'Contactar Fila 1','Contactar Fila 1','','',100,1,'','','','',-1,0,0,0,0,0,1,1,1,1,'','','','','2009-11-23','2009-11-27 18:13:23','0000-00-00 00:00:00',20,0,0,0,0,10,0,0,0,0,0,0,1,'','','','','',''),(19,18,'Item Izquierdo','Item Izquierdo','','',49.5,1,'','','','',-1,0,0,0,0,0,1,1,1,1,'','','','','2009-11-23','2009-11-27 18:14:53','0000-00-00 00:00:00',0,0,0,0,0,0,10,0,0,0,0,0,1,'','','','','',''),(20,18,'Item Derecho','Item Derecho','','',49.5,2,'','','','',-1,0,0,0,0,0,1,1,1,1,'','','','','2009-11-23','2009-11-23 19:56:22','0000-00-00 00:00:00',0,0,0,0,0,0,0,0,0,0,0,0,2,'','','','','',''),(21,17,'Contactar Fila 2','Contactar Fila 2','','',100,1,'','','','',-1,0,0,0,0,0,1,1,1,1,'','','','','2009-11-23','2009-11-23 21:20:57','0000-00-00 00:00:00',20,20,0,0,0,0,0,0,0,0,0,0,2,'','','','','',''),(22,21,'Item Izquierdo','Item Izquierdo','','',49.5,1,'','','','',-1,0,0,0,0,0,1,1,1,1,'','','','','2009-11-23','2009-11-23 21:22:26','0000-00-00 00:00:00',0,0,0,0,0,0,10,0,0,0,0,0,1,'','','','','',''),(23,21,'Item Derecho','Item Derecho','','',49.5,2,'','','','',-1,0,0,0,0,0,1,1,1,1,'','','','','2009-11-23','2009-11-23 19:56:28','0000-00-00 00:00:00',0,0,0,0,0,0,0,0,0,0,0,0,2,'','','','','',''),(25,0,'Bienvenida','Bienvenida','<div class=\"group_std\">Bienvenue</div>','',100,1,'','','','',-1,0,1,1,1,1,1,1,1,1,'DCDCDC','dcdcdc','dcdcdc','dcdcdc','2009-11-24','2013-05-16 08:26:53','2015-01-13 12:56:22',0,10,0,0,10,10,10,10,0,0,0,0,12,'bg_head_grup_top_left.jpg','bg_head_grup_top_center.jpg','bg_head_grup_top_right.jpg','','',''),(26,0,'10 Razones para venir a Cefer','Bienvenida','<div class=\"group_std\">10 bonnes raisons de venir à Cefer</div>','',100,1,'','','','',-1,0,1,1,1,1,1,1,1,1,'DCDCDC','dcdcdc','dcdcdc','dcdcdc','2009-11-24','2009-11-26 14:26:09','2015-01-13 12:56:27',0,10,0,0,10,10,10,10,0,0,0,0,13,'bg_head_grup_top_left.jpg','bg_head_grup_top_center.jpg','bg_head_grup_top_right.jpg','','',''),(27,0,'Historia y experiencia','Historia y experiencia','<div class=\"group_std\">Histoire et l\'expérience</div>','',100,1,'','','','',-1,0,1,1,1,1,1,1,1,1,'DCDCDC','dcdcdc','dcdcdc','dcdcdc','2009-11-24','2009-11-26 14:21:03','2015-01-13 12:56:32',0,10,0,0,10,10,10,10,0,0,0,0,14,'bg_head_grup_top_left.jpg','bg_head_grup_top_center.jpg','bg_head_grup_top_right.jpg','','',''),(28,0,'Equipo de Barcelona ','Equipo de Barcelona ','<div class=\"group_std\">Équipe médicale à Barcelone</div>','',100,1,'','','','',-1,0,1,1,1,1,1,1,1,1,'DCDCDC','dcdcdc','dcdcdc','dcdcdc','2009-11-24','2010-12-09 11:23:51','2015-01-20 07:55:44',0,10,0,0,10,10,10,10,0,0,0,0,15,'bg_head_grup_top_left.jpg','bg_head_grup_top_center.jpg','bg_head_grup_top_right.jpg','','',''),(29,0,'Equipo de Valencia','Equipo de Valencia','<div class=\"group_std\">Équipe médicale à Valencia</div>','',100,1,'','','','',-1,0,1,1,1,1,1,1,1,1,'DCDCDC','dcdcdc','dcdcdc','dcdcdc','2009-11-24','2015-04-13 10:46:16','2015-04-13 10:47:04',0,10,0,0,10,10,10,10,0,0,0,0,16,'bg_head_grup_top_left.jpg','bg_head_grup_top_center.jpg','bg_head_grup_top_right.jpg','','',''),(30,0,'Equipo de Lleida','Equipo de Lleida','<div class=\"group_std\">Équipe médicale à Lleida</div>','',100,1,'','','','',-1,0,1,1,1,1,1,1,1,1,'DCDCDC','dcdcdc','dcdcdc','dcdcdc','2009-11-24','2009-11-26 16:59:23','2015-01-13 12:56:32',0,10,0,0,10,10,10,10,0,0,0,0,17,'bg_head_grup_top_left.jpg','bg_head_grup_top_center.jpg','bg_head_grup_top_right.jpg','','',''),(31,0,'Instalaciones en Barcelona','Instalaciones en Barcelona','<div class=\"group_std\">Nos installations à Barcelone</div>','',100,1,'','','','',-1,0,1,1,1,1,1,1,1,1,'DCDCDC','dcdcdc','dcdcdc','dcdcdc','2009-11-24','2009-11-26 17:18:13','2015-01-13 12:56:22',0,10,0,0,10,10,10,10,0,0,0,0,18,'bg_head_grup_top_left.jpg','bg_head_grup_top_center.jpg','bg_head_grup_top_right.jpg','','',''),(32,0,'Instalaciones en Valencia','Instalaciones en Valencia','<div class=\"group_std\">Nos installations à Valencia</div>','',100,1,'','','','',-1,0,1,1,1,1,1,1,1,1,'DCDCDC','dcdcdc','dcdcdc','dcdcdc','2009-11-24','2009-11-26 17:22:18','2015-01-13 12:56:27',0,10,0,0,10,10,10,10,0,0,0,0,19,'bg_head_grup_top_left.jpg','bg_head_grup_top_center.jpg','bg_head_grup_top_right.jpg','','',''),(33,0,'Instalaciones en Lleida','Instalaciones en Lleida','<div class=\"group_std\">Nos installations à Lleida</div>','',100,1,'','','','',-1,0,1,1,1,1,1,1,1,1,'DCDCDC','dcdcdc','dcdcdc','dcdcdc','2009-11-24','2009-11-26 17:26:26','2015-01-13 12:56:33',0,10,0,0,10,10,10,10,0,0,0,0,20,'bg_head_grup_top_left.jpg','bg_head_grup_top_center.jpg','bg_head_grup_top_right.jpg','','',''),(34,0,'Compromiso de calidad','Compromiso de calidad','<div class=\"group_std\">Engagement Qualité</div>','',100,1,'','','','',-1,0,1,1,1,1,1,1,1,1,'DCDCDC','dcdcdc','dcdcdc','dcdcdc','2009-11-24','2009-11-26 17:29:59','2015-01-13 12:56:39',0,10,0,0,10,10,10,10,0,0,0,0,21,'bg_head_grup_top_left.jpg','bg_head_grup_top_center.jpg','bg_head_grup_top_right.jpg','','',''),(35,0,'Realizar una consulta online ','Realizar una consulta online ','<div class=\"group_std\">Faire une consultation en ligne</div>','',100,1,'','','','',-1,0,1,1,1,1,1,1,1,1,'DCDCDC','dcdcdc','dcdcdc','dcdcdc','2009-11-24','2009-11-30 15:14:39','2015-01-13 12:56:26',0,10,0,0,10,10,10,10,0,0,0,0,22,'bg_head_grup_top_left.jpg','bg_head_grup_top_center.jpg','bg_head_grup_top_right.jpg','','',''),(36,0,'Solicitar cita','Solicitar cita','<div class=\"group_std\">Demande de rendez-vous</div>','',100,1,'','','','',-1,0,1,1,1,1,1,1,1,1,'DCDCDC','dcdcdc','dcdcdc','dcdcdc','2009-11-24','2011-07-15 11:04:09','2015-01-13 12:56:31',0,10,0,0,10,10,10,10,0,0,0,0,23,'bg_head_grup_top_left.jpg','bg_head_grup_top_center.jpg','bg_head_grup_top_right.jpg','','',''),(37,0,'Mi primera visita ¿Qué debo hacer? ','Mi primera visita ¿Qué debo hacer? ','<div class=\"group_std\">Ma première visite Que dois-je faire? </div>','',100,1,'','','','',-1,0,1,1,1,1,1,1,1,1,'DCDCDC','dcdcdc','dcdcdc','dcdcdc','2009-11-24','2009-11-30 13:00:55','2015-01-13 12:56:34',0,10,0,0,10,10,10,10,0,0,0,0,24,'bg_head_grup_top_left.jpg','bg_head_grup_top_center.jpg','bg_head_grup_top_right.jpg','','',''),(38,0,'Cefer en Google® Maps','Cefer en Google® Maps','<div class=\"group_std\">Cefer en Google® Maps</div>','',100,1,'','','','',-1,0,1,1,1,1,1,1,1,1,'DCDCDC','dcdcdc','dcdcdc','dcdcdc','2009-11-24','2009-11-30 13:09:47','2015-01-13 12:56:37',0,10,0,0,10,10,10,10,0,0,0,0,25,'bg_head_grup_top_left.jpg','bg_head_grup_top_center.jpg','bg_head_grup_top_right.jpg','','',''),(39,0,'Preguntas frecuentes','Preguntas frecuentes','<div class=\"group_std\">FAQ</div>','',100,1,'','','','',-1,0,1,1,1,1,1,1,1,1,'DCDCDC','dcdcdc','dcdcdc','dcdcdc','2009-11-24','2009-11-27 17:12:51','2015-01-13 12:56:41',0,10,0,0,10,10,10,10,0,0,0,0,26,'bg_head_grup_top_left.jpg','bg_head_grup_top_center.jpg','bg_head_grup_top_right.jpg','','',''),(40,0,'Investigación','Investigación','<div class=\"group_std\">Rechercher</div>','',100,1,'','','','',-1,0,1,1,1,1,1,1,1,1,'DCDCDC','dcdcdc','dcdcdc','dcdcdc','2009-11-24','2010-03-23 09:58:04','2015-01-13 12:56:43',0,10,0,0,10,10,10,10,0,0,0,0,27,'bg_head_grup_top_left.jpg','bg_head_grup_top_center.jpg','bg_head_grup_top_right.jpg','','',''),(41,0,'Alojamiento en Barcelona','Alojamiento en Barcelona','<div class=\"group_std\">Hébergement à Barcelone</div>','',100,1,'','','','',-1,0,1,1,1,1,1,1,1,1,'DCDCDC','dcdcdc','dcdcdc','dcdcdc','2009-11-24','2010-03-23 12:07:12','2015-01-13 12:56:26',0,10,0,0,10,10,10,10,0,0,0,0,28,'bg_head_grup_top_left.jpg','bg_head_grup_top_center.jpg','bg_head_grup_top_right.jpg','','',''),(42,0,'Turismo en Valencia','Turismo en Valencia','<div class=\"group_std\">Tourisme à Valencia</div>','',100,1,'','','','',-1,0,1,1,1,1,1,1,1,1,'DCDCDC','dcdcdc','dcdcdc','dcdcdc','2009-11-24','2009-11-24 16:08:33','2015-01-13 12:56:28',0,10,0,0,10,10,10,10,0,0,0,0,29,'bg_head_grup_top_left.jpg','bg_head_grup_top_center.jpg','bg_head_grup_top_right.jpg','','',''),(43,0,'Turismo en Lleida','Turismo en Lleida','<div class=\"group_std\">Tourisme à Lleida</div>','',100,1,'','','','',-1,0,1,1,1,1,1,1,1,1,'DCDCDC','dcdcdc','dcdcdc','dcdcdc','2009-11-24','2010-03-23 12:50:01','2015-01-13 12:56:33',0,10,0,0,10,10,10,10,0,0,0,0,30,'bg_head_grup_top_left.jpg','bg_head_grup_top_center.jpg','bg_head_grup_top_right.jpg','','',''),(44,0,'QS Esterilidad femenina ','QS Esterilidad femenina ','<div class=\"group_std\">Stérilité féminine</div>','',100,1,'','','','',-1,0,1,1,1,1,1,1,1,1,'DCDCDC','dcdcdc','dcdcdc','dcdcdc','2009-11-24','2009-11-26 18:56:33','2015-01-13 12:56:23',0,10,0,0,10,10,10,10,0,0,0,0,31,'bg_head_grup_top_left.jpg','bg_head_grup_top_center.jpg','bg_head_grup_top_right.jpg','','',''),(45,0,'QS Esterilidad masculina ','QS Esterilidad masculina','<div class=\"group_std\">Stérilité masculine</div>','',100,1,'','','','',-1,0,1,1,1,1,1,1,1,1,'DCDCDC','dcdcdc','dcdcdc','dcdcdc','2009-11-24','2009-11-26 19:10:45','2015-01-13 12:56:28',0,10,0,0,10,10,10,10,0,0,0,0,32,'bg_head_grup_top_left.jpg','bg_head_grup_top_center.jpg','bg_head_grup_top_right.jpg','','',''),(46,0,'QS Donante anónimo','QS Donante anónimo','<div class=\"group_std\">Donateur anonyme de sperme</div>','',100,1,'','','','',-1,0,1,1,1,1,1,1,1,1,'DCDCDC','dcdcdc','dcdcdc','dcdcdc','2009-11-24','2009-11-26 19:15:24','2015-01-13 12:56:24',0,10,0,0,10,10,10,10,0,0,0,0,33,'bg_head_grup_top_left.jpg','bg_head_grup_top_center.jpg','bg_head_grup_top_right.jpg','','',''),(47,0,'QS Congelación de semen','QS Congelación de semen','<div class=\"group_std\">Congélation de sperme</div>','',100,1,'','','','',-1,0,1,1,1,1,1,1,1,1,'DCDCDC','dcdcdc','dcdcdc','dcdcdc','2009-11-24','2009-11-26 19:19:35','2015-01-13 12:56:28',0,10,0,0,10,10,10,10,0,0,0,0,34,'bg_head_grup_top_left.jpg','bg_head_grup_top_center.jpg','bg_head_grup_top_right.jpg','','',''),(48,0,'QS Inseminación artificial','QS Inseminación artificial','<div class=\"group_std\">Insémination artificielle</div>','',100,1,'','','','',-1,0,1,1,1,1,1,1,1,1,'DCDCDC','dcdcdc','dcdcdc','dcdcdc','2009-11-24','2009-11-26 19:23:18','2015-01-13 12:56:33',0,10,0,0,10,10,10,10,0,0,0,0,35,'bg_head_grup_top_left.jpg','bg_head_grup_top_center.jpg','bg_head_grup_top_right.jpg','','',''),(49,0,'QS Fecundación in vitro','QS Fecundación in vitro','<div class=\"group_std\">Fécondation in vitro</div>','',100,1,'','','','',-1,0,1,1,1,1,1,1,1,1,'DCDCDC','dcdcdc','dcdcdc','dcdcdc','2009-11-24','2009-11-26 19:29:50','2015-01-13 12:56:36',0,10,0,0,10,10,10,10,0,0,0,0,36,'bg_head_grup_top_left.jpg','bg_head_grup_top_center.jpg','bg_head_grup_top_right.jpg','','',''),(50,0,'QS Recepción óvulos donados','QS Recepción óvulos donados ','<div class=\"group_std\">Recevoir des ovocytes de donneuses</div>','',100,1,'','','','',-1,0,1,1,1,1,1,1,1,1,'DCDCDC','dcdcdc','dcdcdc','dcdcdc','2009-11-24','2009-11-26 20:40:46','2015-01-13 12:56:37',0,10,0,0,10,10,10,10,0,0,0,0,37,'bg_head_grup_top_left.jpg','bg_head_grup_top_center.jpg','bg_head_grup_top_right.jpg','','',''),(51,0,'QS Congelación de óvulos ','QS Congelación de óvulos ','<div class=\"group_std\">Congélation des ovules</div>','',100,1,'','','','',-1,0,1,1,1,1,1,1,1,1,'DCDCDC','dcdcdc','dcdcdc','dcdcdc','2009-11-24','2009-11-26 21:03:27','2015-01-13 12:56:39',0,10,0,0,10,10,10,10,0,0,0,0,38,'bg_head_grup_top_left.jpg','bg_head_grup_top_center.jpg','bg_head_grup_top_right.jpg','','',''),(52,0,'QS Banco de embriones ','QS Banco de embriones ','<div class=\"group_std\">Banque d\'embryons</div>','',100,1,'','','','',-1,0,1,1,1,1,1,1,1,1,'DCDCDC','dcdcdc','dcdcdc','dcdcdc','2009-11-24','2009-11-26 21:05:30','2015-01-13 12:56:40',0,10,0,0,10,10,10,10,0,0,0,0,39,'bg_head_grup_top_left.jpg','bg_head_grup_top_center.jpg','bg_head_grup_top_right.jpg','','',''),(53,0,'QS DGP ','QS DGP ','<div class=\"group_std\">DGP</div>','',100,1,'','','','',-1,0,1,1,1,1,1,1,1,1,'DCDCDC','dcdcdc','dcdcdc','dcdcdc','2009-11-24','2009-11-26 21:00:23','2015-01-13 12:56:42',0,10,0,0,10,10,10,10,0,0,0,0,40,'bg_head_grup_top_left.jpg','bg_head_grup_top_center.jpg','bg_head_grup_top_right.jpg','','',''),(54,0,'QS Lavado de semen ','QS Lavado de semen ','<div class=\"group_std\">Lavage de sperme</div>','',100,1,'','','','',-1,0,1,1,1,1,1,1,1,1,'DCDCDC','dcdcdc','dcdcdc','dcdcdc','2009-11-24','2009-11-27 10:45:50','2015-01-13 12:56:45',0,10,0,0,10,10,10,10,0,0,0,0,41,'bg_head_grup_top_left.jpg','bg_head_grup_top_center.jpg','bg_head_grup_top_right.jpg','','',''),(55,0,'QS Apoyo sicológico ','QS Apoyo sicológico ','<div class=\"group_std\">Soutien psychologique</div>','',100,1,'','','','',-1,0,1,1,1,1,1,1,1,1,'DCDCDC','dcdcdc','dcdcdc','dcdcdc','2009-11-24','2009-11-27 10:48:39','2015-01-13 12:56:45',0,10,0,0,10,10,10,10,0,0,0,0,42,'bg_head_grup_top_left.jpg','bg_head_grup_top_center.jpg','bg_head_grup_top_right.jpg','','',''),(56,0,'QS preguntas frecuentes ','QS preguntas frecuentes ','<div class=\"group_std\">FAQ</div>','',100,1,'','','','',-1,0,1,1,1,1,1,1,1,1,'DCDCDC','dcdcdc','dcdcdc','dcdcdc','2009-11-24','2009-11-27 17:13:46','2015-01-13 12:56:47',0,10,0,0,10,10,10,10,0,0,0,0,43,'bg_head_grup_top_left.jpg','bg_head_grup_top_center.jpg','bg_head_grup_top_right.jpg','','',''),(58,0,'P Esterilidad femenina','P Esterilidad femenina ','<div class=\"group_std\">Stérilité féminine</div>','',100,1,'','','','',-1,0,1,1,1,1,1,1,1,1,'DCDCDC','dcdcdc','dcdcdc','dcdcdc','2009-11-24','2009-11-27 11:54:25','2015-01-13 12:56:24',0,10,0,0,10,10,10,10,0,0,0,0,45,'bg_head_grup_top_left.jpg','bg_head_grup_top_center.jpg','bg_head_grup_top_right.jpg','','',''),(59,0,'P Esterilidad masculina ','P Esterilidad masculina ','<div class=\"group_std\">Stérilité masculine</div>','',100,1,'','','','',-1,0,1,1,1,1,1,1,1,1,'DCDCDC','dcdcdc','dcdcdc','dcdcdc','2009-11-24','2009-11-27 11:54:34','2015-01-13 12:56:29',0,10,0,0,10,10,10,10,0,0,0,0,46,'bg_head_grup_top_left.jpg','bg_head_grup_top_center.jpg','bg_head_grup_top_right.jpg','','',''),(60,0,'P Abortos de repetición ','P Abortos de repetición ','<div class=\"group_std\">Avortements répétés</div>','',100,1,'','','','',-1,0,1,1,1,1,1,1,1,1,'DCDCDC','dcdcdc','dcdcdc','dcdcdc','2009-11-24','2009-11-27 11:59:30','2015-01-13 12:56:29',0,10,0,0,10,10,10,10,0,0,0,0,47,'bg_head_grup_top_left.jpg','bg_head_grup_top_center.jpg','bg_head_grup_top_right.jpg','','',''),(61,0,'P Azoospermia tras Vasectomia ','P Azoospermia tras Vasectomia ','<div class=\"group_std\">Azoospermie</div>','&#160;',100,1,'','','','',-1,0,1,1,1,1,1,1,1,1,'DCDCDC','dcdcdc','dcdcdc','dcdcdc','2009-11-24','2013-01-02 12:57:28','2015-01-13 12:56:34',0,10,0,0,10,10,10,10,0,0,0,0,48,'bg_head_grup_top_left.jpg','bg_head_grup_top_center.jpg','bg_head_grup_top_right.jpg','','',''),(62,0,'P Donante anónimo ','P Donante anónimo ','<div class=\"group_std\">Donateur anonyme</div>','',100,1,'','','','',-1,0,1,1,1,1,1,1,1,1,'DCDCDC','dcdcdc','dcdcdc','dcdcdc','2009-11-24','2009-11-27 12:03:29','2015-01-13 12:56:24',0,10,0,0,10,10,10,10,0,0,0,0,49,'bg_head_grup_top_left.jpg','bg_head_grup_top_center.jpg','bg_head_grup_top_right.jpg','','',''),(63,0,'P Congelación de semen ','P Congelación de semen ','<div class=\"group_std\">Congélation de sperme</div>','',100,1,'','','','',-1,0,1,1,1,1,1,1,1,1,'DCDCDC','dcdcdc','dcdcdc','dcdcdc','2009-11-24','2009-11-27 12:03:53','2015-01-13 12:56:29',0,10,0,0,10,10,10,10,0,0,0,0,50,'bg_head_grup_top_left.jpg','bg_head_grup_top_center.jpg','bg_head_grup_top_right.jpg','','',''),(64,0,'P Menopausia, óvulos donados ','P Menopausia, óvulos donados ','<div class=\"group_std\">Ménopause, a fait don d\'oeufs</div>','',100,1,'','','','',-1,0,1,1,1,1,1,1,1,1,'DCDCDC','dcdcdc','dcdcdc','dcdcdc','2009-11-24','2009-11-27 12:06:45','2015-01-13 12:56:38',0,10,0,0,10,10,10,10,0,0,0,0,51,'bg_head_grup_top_left.jpg','bg_head_grup_top_center.jpg','bg_head_grup_top_right.jpg','','',''),(65,0,'P lavado de semen ','P lavado de semen ','<div class=\"group_std\">Lavage de sperme</div>','',100,1,'','','','',-1,0,1,1,1,1,1,1,1,1,'DCDCDC','dcdcdc','dcdcdc','dcdcdc','2009-11-24','2009-11-27 12:21:36','2015-01-13 12:56:25',0,10,0,0,10,10,10,10,0,0,0,0,52,'bg_head_grup_top_left.jpg','bg_head_grup_top_center.jpg','bg_head_grup_top_right.jpg','','',''),(66,0,'P Mujer vih+ ','P Mujer vih+ ','<div class=\"group_std\">Femme séropositive</div>','',100,1,'','','','',-1,0,1,1,1,1,1,1,1,1,'DCDCDC','dcdcdc','dcdcdc','dcdcdc','2009-11-24','2009-11-27 12:24:29','2015-01-13 12:56:30',0,10,0,0,10,10,10,10,0,0,0,0,53,'bg_head_grup_top_left.jpg','bg_head_grup_top_center.jpg','bg_head_grup_top_right.jpg','','',''),(67,0,'P DGP','P DGP','<div class=\"group_std\">DGP</div>','',100,1,'','','','',-1,0,1,1,1,1,1,1,1,1,'DCDCDC','dcdcdc','dcdcdc','dcdcdc','2009-11-24','2009-11-27 12:26:45','2015-01-13 12:56:41',0,10,0,0,10,10,10,10,0,0,0,0,54,'bg_head_grup_top_left.jpg','bg_head_grup_top_center.jpg','bg_head_grup_top_right.jpg','','',''),(68,0,'P Fecundación in vitro ','P Fecundación in vitro ','<div class=\"group_std\">Fécondation in vitro</div>','',100,1,'','','','',-1,0,1,1,1,1,1,1,1,1,'DCDCDC','dcdcdc','dcdcdc','dcdcdc','2009-11-24','2009-11-27 12:27:48','2015-01-13 12:56:42',0,10,0,0,10,10,10,10,0,0,0,0,55,'bg_head_grup_top_left.jpg','bg_head_grup_top_center.jpg','bg_head_grup_top_right.jpg','','',''),(69,0,'P Inseminación artificial ','p Inseminación artificial ','<div class=\"group_std\">Insémination artificielle</div>','',100,1,'','','','',-1,0,1,1,1,1,1,1,1,1,'DCDCDC','dcdcdc','dcdcdc','dcdcdc','2009-11-24','2009-11-27 12:28:22','2015-01-13 12:56:44',0,10,0,0,10,10,10,10,0,0,0,0,56,'bg_head_grup_top_left.jpg','bg_head_grup_top_center.jpg','bg_head_grup_top_right.jpg','','',''),(70,0,'P Parejas lesbianas ','P Parejas lesbianas ','<div class=\"group_std\">Couples de lesbiennes</div>','',100,1,'','','','',-1,0,1,1,1,1,1,1,1,1,'DCDCDC','dcdcdc','dcdcdc','dcdcdc','2009-11-24','2009-11-27 12:30:16','2015-01-13 12:56:46',0,10,0,0,10,10,10,10,0,0,0,0,57,'bg_head_grup_top_left.jpg','bg_head_grup_top_center.jpg','bg_head_grup_top_right.jpg','','',''),(71,0,'P preguntas frecuentes ','P preguntas frecuentes ','<div class=\"group_std\">FAQ</div>','',100,1,'','','','',-1,0,1,1,1,1,1,1,1,1,'DCDCDC','dcdcdc','dcdcdc','dcdcdc','2009-11-24','2009-11-27 17:14:05','2015-01-13 12:56:47',0,10,0,0,10,10,10,10,0,0,0,0,58,'bg_head_grup_top_left.jpg','bg_head_grup_top_center.jpg','bg_head_grup_top_right.jpg','','',''),(73,0,'MS Solteras / Singles ','MS Solteras / Singles ','<div class=\"group_std\">Singles </div>','',100,1,'','','','',-1,0,1,1,1,1,1,1,1,1,'DCDCDC','dcdcdc','dcdcdc','dcdcdc','2009-11-24','2009-11-27 12:32:01','2015-01-13 12:56:25',0,10,0,0,10,10,10,10,0,0,0,0,60,'bg_head_grup_top_left.jpg','bg_head_grup_top_center.jpg','bg_head_grup_top_right.jpg','','',''),(74,0,'MS Semen de donante anónimo ','MS Semen de donante anónimo ','<div class=\"group_std\">Sperme de donneur anonyme</div>','',100,1,'','','','',-1,0,1,1,1,1,1,1,1,1,'DCDCDC','dcdcdc','dcdcdc','dcdcdc','2009-11-24','2009-11-27 12:32:37','2015-01-13 12:56:30',0,10,0,0,10,10,10,10,0,0,0,0,61,'bg_head_grup_top_left.jpg','bg_head_grup_top_center.jpg','bg_head_grup_top_right.jpg','','',''),(75,0,'MS Inseminación artificial ','MS Inseminación artificial ','<div class=\"group_std\">Insémination artificielle</div>','',100,1,'','','','',-1,0,1,1,1,1,1,1,1,1,'DCDCDC','dcdcdc','dcdcdc','dcdcdc','2009-11-24','2009-11-27 12:33:11','2015-01-13 12:56:34',0,10,0,0,10,10,10,10,0,0,0,0,62,'bg_head_grup_top_left.jpg','bg_head_grup_top_center.jpg','bg_head_grup_top_right.jpg','','',''),(76,0,'MS Parejas lesbianas ','MS Parejas lesbianas ','<div class=\"group_std\">Couples de lesbiennes</div>','',100,1,'','','','',-1,0,1,1,1,1,1,1,1,1,'DCDCDC','dcdcdc','dcdcdc','dcdcdc','2009-11-24','2009-11-27 12:33:29','2015-01-13 12:56:36',0,10,0,0,10,10,10,10,0,0,0,0,63,'bg_head_grup_top_left.jpg','bg_head_grup_top_center.jpg','bg_head_grup_top_right.jpg','','',''),(77,0,'MS Congelación de óvulos','MS Congelación de óvulos ','<div class=\"group_std\">Congélation des ovules</div>','',100,1,'','','','',-1,0,1,1,1,1,1,1,1,1,'DCDCDC','dcdcdc','dcdcdc','dcdcdc','2009-11-24','2009-11-27 12:33:50','2015-01-13 12:56:38',0,10,0,0,10,10,10,10,0,0,0,0,64,'bg_head_grup_top_left.jpg','bg_head_grup_top_center.jpg','bg_head_grup_top_right.jpg','','',''),(79,0,'MS adopción de óvulos ','MS adopción de óvulos ','<div class=\"group_std\">Adoption d\'oeufs</div>','',100,1,'','','','',-1,0,1,1,1,1,1,1,1,1,'DCDCDC','dcdcdc','dcdcdc','dcdcdc','2009-11-24','2009-11-27 12:35:37','2015-01-13 12:56:39',0,10,0,0,10,10,10,10,0,0,0,0,65,'bg_head_grup_top_left.jpg','bg_head_grup_top_center.jpg','bg_head_grup_top_right.jpg','','',''),(81,0,'MS Abortos de repetición ','MS Abortos de repetición ','<div class=\"group_std\">Avortements répétés</div>','',100,1,'','','','',-1,0,1,1,1,1,1,1,1,1,'DCDCDC','dcdcdc','dcdcdc','dcdcdc','2009-11-24','2009-11-27 12:38:55','2015-01-13 12:56:42',0,10,0,0,10,10,10,10,0,0,0,0,67,'bg_head_grup_top_left.jpg','bg_head_grup_top_center.jpg','bg_head_grup_top_right.jpg','','',''),(82,0,'MS Menopausia ','MS Menopausia ','<div class=\"group_std\">Ménopause</div>','',100,1,'','','','',-1,0,1,1,1,1,1,1,1,1,'DCDCDC','dcdcdc','dcdcdc','dcdcdc','2009-11-24','2009-11-27 12:42:52','2015-01-13 12:56:44',0,10,0,0,10,10,10,10,0,0,0,0,68,'bg_head_grup_top_left.jpg','bg_head_grup_top_center.jpg','bg_head_grup_top_right.jpg','','',''),(83,0,'MS Esterilidad femenina ','MS Esterilidad femenina ','<div class=\"group_std\">Stérilité féminine</div>','',100,1,'','','','',-1,0,1,1,1,1,1,1,1,1,'DCDCDC','dcdcdc','dcdcdc','dcdcdc','2009-11-24','2009-11-27 12:43:45','2015-01-13 12:56:46',0,10,0,0,10,10,10,10,0,0,0,0,69,'bg_head_grup_top_left.jpg','bg_head_grup_top_center.jpg','bg_head_grup_top_right.jpg','','',''),(84,0,'MS Mujer seropositiva ','MS Mujer seropositiva ','<div class=\"group_std\">Femme séropositive</div>','',100,1,'','','','',-1,0,1,1,1,1,1,1,1,1,'DCDCDC','dcdcdc','dcdcdc','dcdcdc','2009-11-24','2009-11-27 12:44:09','2015-01-13 12:56:47',0,10,0,0,10,10,10,10,0,0,0,0,70,'bg_head_grup_top_left.jpg','bg_head_grup_top_center.jpg','bg_head_grup_top_right.jpg','','',''),(85,0,'MS Apoyo sicológico ','MS Apoyo sicológico ','<div class=\"group_std\">Soutien psychologique</div>','',100,1,'','','','',-1,0,1,1,1,1,1,1,1,1,'DCDCDC','dcdcdc','dcdcdc','dcdcdc','2009-11-24','2009-11-27 12:44:33','2015-01-13 12:56:48',0,10,0,0,10,10,10,10,0,0,0,0,71,'bg_head_grup_top_left.jpg','bg_head_grup_top_center.jpg','bg_head_grup_top_right.jpg','','',''),(86,0,'MS Preguntas frecuentes ','MS Preguntas frecuentes ','<div class=\"group_std\">FAQ</div>','',100,1,'','','','',-1,0,1,1,1,1,1,1,1,1,'DCDCDC','dcdcdc','dcdcdc','dcdcdc','2009-11-24','2009-11-27 12:47:21','2015-01-13 12:56:48',0,10,0,0,10,10,10,10,0,0,0,0,72,'bg_head_grup_top_left.jpg','bg_head_grup_top_center.jpg','bg_head_grup_top_right.jpg','','',''),(88,0,'D Donantes de semen','D Donantes de semen','<div class=\"group_std\">Donneur de sperme</div>','',100,1,'','','','',-1,0,1,1,1,1,1,1,1,1,'DCDCDC','dcdcdc','dcdcdc','dcdcdc','2009-11-24','2009-11-27 12:53:58','2015-01-13 12:56:25',0,10,0,0,10,10,10,10,0,0,0,0,74,'bg_head_grup_top_left.jpg','bg_head_grup_top_center.jpg','bg_head_grup_top_right.jpg','','',''),(89,0,'D Donación de óvulos ','D Donación de óvulos ','<div class=\"group_std\">Don d\'ovules</div>','',100,1,'','','','',-1,0,1,1,1,1,1,1,1,1,'DCDCDC','dcdcdc','dcdcdc','dcdcdc','2009-11-24','2009-11-27 17:06:25','2015-01-13 12:56:30',0,10,0,0,10,10,10,10,0,0,0,0,75,'bg_head_grup_top_left.jpg','bg_head_grup_top_center.jpg','bg_head_grup_top_right.jpg','','',''),(90,0,'Protección de datos ','Protección de datos ','<div class=\"group_std\">Confidentialité</div>','',100,1,'','','','',-1,0,1,1,1,1,1,1,1,1,'DCDCDC','dcdcdc','dcdcdc','dcdcdc','2009-11-24','2009-11-27 16:46:33','2015-01-13 12:56:40',0,10,0,0,10,10,10,10,0,0,0,0,76,'bg_head_grup_top_left.jpg','bg_head_grup_top_center.jpg','bg_head_grup_top_right.jpg','','',''),(91,0,'Teléfonos de interés','Teléfonos de interés','<div class=\"group_std\">Barcelone Numéros de téléphone utiles</div>','',100,1,'','','','',-1,0,1,1,1,1,1,1,1,1,'DCDCDC','dcdcdc','dcdcdc','dcdcdc','2009-11-26','2009-11-30 13:54:40','2015-01-13 12:56:31',0,10,0,0,10,10,10,10,0,0,0,0,77,'bg_head_grup_top_left.jpg','bg_head_grup_top_center.jpg','bg_head_grup_top_right.jpg','','',''),(92,0,'Visitar la ciudad','Visitar la ciudad','<div class=\"group_std\">Visitez Barcelone</div>','',100,1,'','','','',-1,0,1,1,1,1,1,1,1,1,'DCDCDC','dcdcdc','dcdcdc','dcdcdc','2009-11-26','2009-11-30 14:28:03','2015-01-13 12:56:35',0,10,0,0,10,10,10,10,0,0,0,0,78,'bg_head_grup_top_left.jpg','bg_head_grup_top_center.jpg','bg_head_grup_top_right.jpg','','',''),(93,0,'Viewer','Viewer','<div class=\"group_std\">Nouvelle Complète</div>','',100,1,'','','','',-1,0,1,1,1,1,1,1,1,1,'DCDCDC','dcdcdc','dcdcdc','dcdcdc','2009-11-30','2010-01-11 12:16:04','2014-03-06 12:36:39',0,10,0,0,10,10,10,10,0,0,0,0,79,'bg_head_grup_top_left.jpg','bg_head_grup_top_center.jpg','bg_head_grup_top_right.jpg','','',''),(94,0,'Enviar Noticia','Enviar Noticia','<div class=\"group_std\">Enviar Noticia</div>','',100,1,'','','','',-1,0,1,1,1,1,1,1,1,1,'DCDCDC','dcdcdc','dcdcdc','dcdcdc','2009-11-30','2009-11-30 15:43:16','2014-03-06 12:36:40',0,10,0,0,10,10,10,10,0,0,0,0,80,'bg_head_grup_top_left.jpg','bg_head_grup_top_center.jpg','bg_head_grup_top_right.jpg','','',''),(95,0,'Login','Login','<div class=\"group_std\">Login</div>','',100,1,'','','','',-1,0,1,1,1,1,1,1,1,1,'DCDCDC','dcdcdc','dcdcdc','dcdcdc','2009-11-30','2009-11-30 13:17:29','2014-03-06 12:36:40',0,10,0,0,10,10,10,10,0,0,0,0,81,'bg_head_grup_top_left.jpg','bg_head_grup_top_center.jpg','bg_head_grup_top_right.jpg','','',''),(96,0,'Nouvelles','Nouvelles','<div class=\"group_std\">Nouvelles</div>','',100,1,'','','','',-1,0,1,1,1,1,1,1,1,1,'DCDCDC','dcdcdc','dcdcdc','dcdcdc','2009-12-30','2013-02-28 10:27:42','2015-01-13 12:56:31',0,10,0,0,10,10,10,10,0,0,0,0,82,'bg_head_grup_top_left.jpg','bg_head_grup_top_center.jpg','bg_head_grup_top_right.jpg','','',''),(97,0,'Home: columna derecha','Home: columna derecha','','',23,2,'','','','',-1,0,0,0,0,0,1,1,1,1,'','','','','2010-01-11','2013-11-05 06:29:27','2015-01-13 12:56:21',0,0,0,0,0,0,0,0,0,0,0,0,83,'','','','','',''),(98,97,'¿Dónde estamos? ','¿Dónde estamos? ','<div class=\"group_std\">Où en sommes-nous?</div>','',100,1,'','','','',-1,0,0,1,1,1,1,1,1,1,'','dcdcdc','dcdcdc','dcdcdc','2010-01-11','2010-01-11 11:42:38','0000-00-00 00:00:00',0,10,0,0,0,0,0,0,0,0,0,0,1,'bg_head_grup_top_left.jpg','bg_head_grup_top_center.jpg','bg_head_grup_top_right.jpg','','',''),(99,97,'Noticias','Noticias','<div class=\"group_std\" style=\"text-align: justify;\">Nouvelles</div>','&#160;',100,1,'fdf5f5','','','',180,0,0,1,1,1,1,1,1,1,'','dcdcdc','dcdcdc','dcdcdc','2010-01-11','2013-11-05 06:29:22','0000-00-00 00:00:00',0,0,0,0,5,5,5,5,0,0,0,0,2,'bg_head_grup_top_left.jpg','bg_head_grup_top_center.jpg','bg_head_grup_top_right.jpg','','',''),(100,0,'Columna derecha','Columna derecha','','',100,2,'','','','',-1,0,0,0,0,0,1,1,1,1,'','','','','2010-01-11','2010-02-16 17:03:45','2015-04-13 10:47:04',0,0,0,0,0,0,0,0,0,0,0,0,84,'','','','','',''),(101,100,'¿Dónde estamos? ','¿Dónde estamos?','<div class=\"group_std\">Où en sommes-nous&#63;</div>','',100,1,'','','','',-1,0,0,1,1,1,1,1,1,1,'','dcdcdc','dcdcdc','dcdcdc','2010-01-11','2010-01-11 11:47:18','0000-00-00 00:00:00',0,10,0,0,0,0,0,0,0,0,0,0,1,'bg_head_grup_top_left.jpg','bg_head_grup_top_center.jpg','bg_head_grup_top_right.jpg','','',''),(102,100,'Contactar','Contactar','<div class=\"group_std\">Contact</div>','',100,1,'','','','',-1,0,0,1,1,1,1,1,1,1,'','dcdcdc','dcdcdc','dcdcdc','2010-01-11','2010-01-11 11:49:32','0000-00-00 00:00:00',0,10,0,0,0,0,0,0,0,0,0,0,2,'bg_head_grup_top_left.jpg','bg_head_grup_top_center.jpg','bg_head_grup_top_right.jpg','','',''),(105,100,'Su opinión','Su opinión','<div class=\"group_std\">Votre opinion</div>','',100,1,'','','','',-1,0,0,1,1,1,1,1,1,1,'','dcdcdc','dcdcdc','dcdcdc','2010-02-01','2010-02-01 11:56:13','0000-00-00 00:00:00',0,10,0,0,5,5,5,5,0,0,0,0,5,'bg_head_grup_top_left.jpg','bg_head_grup_top_center.jpg','bg_head_grup_top_right.jpg','','',''),(106,0,'Contactar2','Contactar2','<div class=\"group_std\">Contact</div>','',20,2,'','','','',342,0,0,1,1,1,1,1,1,1,'','dcdcdc','dcdcdc','dcdcdc','2010-02-22','2010-02-22 11:36:26','2015-01-13 12:56:40',0,10,0,0,0,0,0,0,0,0,0,0,85,'bg_head_grup_top_left.jpg','bg_head_grup_top_center.jpg','bg_head_grup_top_right.jpg','','',''),(107,0,'QS EmbryoScope','QS EmbryoScope','<div class=\"group_std\">EmbryScope</div>','',100,1,'','','','',-1,0,1,1,1,1,1,1,1,1,'DCDCDC','dcdcdc','dcdcdc','dcdcdc','2011-06-17','2011-06-17 11:48:11','2015-01-13 12:56:43',0,10,0,0,10,10,10,10,0,0,0,0,86,'bg_head_grup_top_left.jpg','bg_head_grup_top_center.jpg','bg_head_grup_top_right.jpg','','',''),(108,0,'Columna derecha Form Info','Columna derecha Form Info','','',100,2,'','','','',-1,0,0,0,0,0,1,1,1,1,'','','','','2011-06-21','2011-06-21 10:02:43','2015-01-13 12:56:48',0,0,0,0,0,0,0,0,0,0,0,0,87,'','','','','',''),(109,108,'¿Dónde estamos? ','¿Dónde estamos?','<div class=\"group_std\">Où en sommes-nous&#63;</div>','',100,1,'','','','',-1,0,0,1,1,1,1,1,1,1,'','dcdcdc','dcdcdc','dcdcdc','2011-06-21','2011-06-21 09:05:25','0000-00-00 00:00:00',0,10,0,0,0,0,0,0,0,0,0,0,2,'bg_head_grup_top_left.jpg','bg_head_grup_top_center.jpg','bg_head_grup_top_right.jpg','','',''),(110,108,'Contactar','Contactar','<div class=\"group_std\">Contact</div>','',100,1,'','','','',-1,0,0,1,1,1,1,1,1,1,'','dcdcdc','dcdcdc','dcdcdc','2011-06-21','2011-06-21 09:05:25','0000-00-00 00:00:00',0,10,0,0,0,0,0,0,0,0,0,0,3,'bg_head_grup_top_left.jpg','bg_head_grup_top_center.jpg','bg_head_grup_top_right.jpg','','',''),(111,108,'Su opinión','Su opinión','<div class=\"group_std\">Votre opinion</div>','',100,1,'','','','',-1,0,0,1,1,1,1,1,1,1,'','dcdcdc','dcdcdc','dcdcdc','2011-06-21','2011-06-21 09:05:25','0000-00-00 00:00:00',0,10,0,0,5,5,5,5,0,0,0,0,6,'bg_head_grup_top_left.jpg','bg_head_grup_top_center.jpg','bg_head_grup_top_right.jpg','','',''),(112,108,'Solicitud de información','Solicitud de información','<div class=\"group_std\">Demande information</div>','',100,1,'','','','',-1,0,0,1,1,1,1,1,1,1,'','dcdcdc','dcdcdc','dcdcdc','2011-06-21','2011-06-21 10:02:43','0000-00-00 00:00:00',0,10,0,0,0,0,0,0,0,0,0,0,1,'bg_head_grup_top_left.jpg','bg_head_grup_top_center.jpg','bg_head_grup_top_right.jpg','','',''),(113,0,'Confirmación solicitud de información','Confirmación solicitud de información','<div class=\"group_std\">Confirmation enquête</div>','',100,1,'','','','',-1,0,0,1,1,1,1,1,1,1,'dcdcdc','dcdcdc','dcdcdc','dcdcdc','2011-06-21','2011-06-21 09:54:05','2014-03-06 12:36:41',0,10,0,0,10,10,10,10,0,0,0,0,88,'bg_head_grup_top_left.jpg','bg_head_grup_top_center.jpg','bg_head_grup_top_right.jpg','','',''),(114,0,'QS IMSI','QS IMSI','<div class=\"group_std\">IMSI</div>','',100,0,'','','','',-1,0,0,0,0,0,0,0,0,0,'','','','','2011-10-19','2011-10-19 11:24:56','2015-01-13 12:56:44',0,0,0,0,0,0,0,0,0,0,0,0,89,'bg_head_grup_top_left.jpg','bg_head_grup_top_center.jpg','bg_head_grup_top_right.jpg','','',''),(115,0,'Nuevas técnicas','Nuevas técnicas','','',100,1,'','','','',-1,0,0,0,0,0,1,1,1,1,'','','','','2011-11-24','2011-11-24 13:29:38','2015-01-13 12:56:21',0,0,0,0,0,0,0,0,0,0,0,0,90,'','','','','','');
/*!40000 ALTER TABLE `grupo` ENABLE KEYS */;
UNLOCK TABLES;

--
-- Table structure for table `grupo_layer`
--

DROP TABLE IF EXISTS `grupo_layer`;
/*!40101 SET @saved_cs_client     = @@character_set_client */;
/*!40101 SET character_set_client = utf8 */;
CREATE TABLE `grupo_layer` (
  `id` int(10) unsigned NOT NULL auto_increment,
  `idGrupo` int(10) unsigned NOT NULL,
  `idModulo` int(11) NOT NULL,
  `tipo` int(11) NOT NULL,
  `posicion` tinyint(3) unsigned NOT NULL,
  `fechaAlta` datetime default NULL,
  `fechaBaja` datetime default NULL,
  `parametersValue` text NOT NULL,
  PRIMARY KEY  (`id`),
  KEY `idGrupo` (`idGrupo`),
  CONSTRAINT `grupo_layer_ibfk_1` FOREIGN KEY (`idGrupo`) REFERENCES `grupo` (`id`) ON DELETE CASCADE
) ENGINE=InnoDB AUTO_INCREMENT=171 DEFAULT CHARSET=utf8;
/*!40101 SET character_set_client = @saved_cs_client */;

--
-- Dumping data for table `grupo_layer`
--

LOCK TABLES `grupo_layer` WRITE;
/*!40000 ALTER TABLE `grupo_layer` DISABLE KEYS */;
INSERT INTO `grupo_layer` VALUES (1,1,1,3,1,NULL,NULL,''),(2,2,7,2,1,NULL,NULL,''),(3,3,2,2,1,NULL,NULL,''),(4,3,2,20,2,NULL,NULL,''),(5,4,3,2,1,NULL,NULL,''),(6,4,3,20,2,NULL,NULL,''),(7,5,4,2,1,NULL,NULL,''),(8,5,4,20,2,NULL,NULL,''),(9,6,5,2,1,NULL,NULL,''),(10,6,5,20,2,NULL,NULL,''),(11,7,6,2,1,NULL,NULL,''),(12,7,6,20,2,NULL,NULL,''),(20,10,8,2,1,NULL,NULL,''),(21,13,9,2,1,NULL,NULL,''),(22,14,10,2,1,NULL,NULL,''),(23,12,11,2,1,NULL,NULL,''),(25,15,12,2,1,NULL,NULL,''),(26,16,13,2,1,NULL,NULL,''),(27,19,14,2,1,NULL,NULL,''),(28,20,15,2,1,NULL,NULL,''),(29,22,16,2,1,NULL,NULL,''),(30,23,17,2,1,NULL,NULL,''),(35,25,18,2,2,NULL,NULL,''),(36,27,19,2,1,NULL,NULL,''),(37,26,20,2,1,NULL,NULL,''),(38,28,21,2,1,NULL,NULL,''),(39,28,22,2,2,NULL,NULL,''),(40,28,23,2,3,NULL,NULL,''),(41,28,24,2,4,NULL,NULL,''),(42,28,25,2,5,NULL,NULL,''),(43,28,26,2,6,NULL,NULL,''),(44,28,28,2,7,NULL,NULL,''),(45,29,29,2,4,NULL,NULL,''),(46,29,30,2,5,NULL,NULL,''),(47,30,31,2,1,NULL,NULL,''),(48,30,32,2,2,NULL,NULL,''),(49,30,33,2,3,NULL,NULL,''),(50,31,34,2,1,NULL,NULL,''),(51,31,35,2,2,NULL,NULL,''),(52,32,36,2,1,NULL,NULL,''),(53,33,37,2,1,NULL,NULL,''),(54,34,38,2,1,NULL,NULL,''),(55,40,39,2,13,NULL,NULL,''),(56,40,40,2,14,NULL,NULL,''),(57,40,41,2,15,NULL,NULL,''),(58,40,42,2,16,NULL,NULL,''),(59,40,43,2,17,NULL,NULL,''),(60,40,44,2,18,NULL,NULL,''),(61,44,45,2,1,NULL,NULL,''),(62,45,46,2,1,NULL,NULL,''),(63,46,47,2,1,NULL,NULL,''),(64,47,48,2,1,NULL,NULL,''),(65,48,49,2,1,NULL,NULL,''),(66,49,50,2,1,NULL,NULL,''),(67,50,51,2,1,NULL,NULL,''),(68,53,52,2,1,NULL,NULL,''),(69,51,53,2,1,NULL,NULL,''),(70,52,54,2,1,NULL,NULL,''),(71,54,55,2,1,NULL,NULL,''),(72,55,56,2,1,NULL,NULL,''),(73,58,45,2,1,NULL,NULL,''),(74,59,46,2,1,NULL,NULL,''),(75,60,57,2,1,NULL,NULL,''),(76,61,58,2,1,NULL,NULL,''),(77,62,47,2,1,NULL,NULL,''),(78,63,48,2,1,NULL,NULL,''),(79,64,51,2,1,NULL,NULL,''),(80,65,55,2,1,NULL,NULL,''),(81,66,60,2,1,NULL,NULL,''),(82,67,52,2,1,NULL,NULL,''),(83,68,50,2,1,NULL,NULL,''),(84,69,49,2,1,NULL,NULL,''),(85,70,61,2,1,NULL,NULL,''),(86,73,62,2,1,NULL,NULL,''),(87,74,47,2,1,NULL,NULL,''),(88,75,49,2,1,NULL,NULL,''),(89,76,61,2,1,NULL,NULL,''),(90,77,53,2,1,NULL,NULL,''),(91,79,54,2,1,NULL,NULL,''),(92,81,57,2,1,NULL,NULL,''),(93,82,51,2,1,NULL,NULL,''),(94,83,45,2,1,NULL,NULL,''),(95,84,60,2,1,NULL,NULL,''),(96,85,56,2,1,NULL,NULL,''),(98,86,63,2,1,NULL,NULL,''),(99,88,64,2,1,NULL,NULL,''),(100,90,65,2,1,NULL,NULL,''),(101,89,66,2,1,NULL,NULL,''),(102,39,63,2,1,NULL,NULL,''),(103,56,63,2,1,NULL,NULL,''),(104,71,63,2,1,NULL,NULL,''),(111,37,69,2,1,NULL,NULL,''),(112,38,70,2,1,NULL,NULL,''),(113,95,46,3,1,NULL,NULL,'private_section_id:section_special_login@-1|boolean:captcha@true|boolean:javascript_check@true'),(114,91,71,2,1,NULL,NULL,''),(116,92,73,2,2,NULL,NULL,''),(117,92,75,2,3,NULL,NULL,''),(118,92,77,2,4,NULL,NULL,''),(119,92,79,2,5,NULL,NULL,''),(120,35,58,3,1,NULL,NULL,'mail_to@info&#64;institutocefer.com|archivo_adjunto_check_6@programa_internacional_dovu_fr.doc|archivo_adjunto_check_6_2@|archivo_adjunto_check_7@programa_internacional_dovu_fr.doc|archivo_adjunto_check_7_2@|archivo_adjunto_check_5@|archivo_adjunto_check_3@|max_comments_chars@450'),(121,94,59,3,1,NULL,NULL,'boolean:show_from_email_field@true|boolean:show_from_user_name_field@true|boolean:show_notes_field@true|boolean:from_email_required@true|boolean:user_name_required@true|boolean:notes_required@true|boolean:use_captcha@false|boolean:javascript_check@false'),(122,93,60,3,1,NULL,NULL,''),(123,93,61,3,2,NULL,NULL,''),(124,93,62,3,5,NULL,NULL,'boolean:save_new_comment@true|boolean:show_form_for_new_comment@true|max_chars@1200|boolean:use_captcha@true|boolean:publish_directly_comments@true|boolean:javascript_check@true|boolean:show_anchor_in_form@true|boolean:show_list_of_comments@true|boolean:show_anchor_in_list@true|boolean:show_return_button@true'),(125,36,63,3,1,NULL,NULL,'mail_to@info&#64;institutocefer.com|max_dates@3'),(126,105,64,3,1,NULL,NULL,'mail_to@info&#64;institutocefer.com|boolean:use_captcha@true'),(127,28,80,2,8,NULL,NULL,''),(128,101,81,2,1,NULL,NULL,''),(129,102,82,2,1,NULL,NULL,''),(130,102,83,2,2,NULL,NULL,''),(131,102,84,2,3,NULL,NULL,''),(132,98,85,2,1,NULL,NULL,''),(134,106,85,2,1,NULL,NULL,''),(135,106,82,2,2,NULL,NULL,''),(136,40,87,2,10,NULL,NULL,''),(137,40,88,2,9,NULL,NULL,''),(138,40,89,2,8,NULL,NULL,''),(139,40,90,2,7,NULL,NULL,''),(140,40,91,2,6,NULL,NULL,''),(141,40,92,2,5,NULL,NULL,''),(142,40,93,2,4,NULL,NULL,''),(143,40,94,2,3,NULL,NULL,''),(144,40,95,2,2,NULL,NULL,''),(145,40,96,2,1,NULL,NULL,''),(146,40,97,2,12,NULL,NULL,''),(147,40,98,2,11,NULL,NULL,''),(148,41,99,2,1,NULL,NULL,''),(149,43,101,2,1,NULL,NULL,''),(150,28,103,2,9,NULL,NULL,''),(151,107,104,2,1,NULL,NULL,''),(152,113,66,3,1,NULL,NULL,''),(153,109,81,2,1,NULL,NULL,''),(154,112,65,3,1,NULL,NULL,'mail_to@info&#64;institutocefer.com|section_id:section_for_ok_validation_code@98|boolean:city_field_required@true'),(155,110,82,2,1,NULL,NULL,''),(156,110,83,2,2,NULL,NULL,''),(157,110,84,2,3,NULL,NULL,''),(158,111,64,3,1,NULL,NULL,'mail_to@info&#64;institutocefer.com|boolean:use_captcha@true'),(159,114,105,2,1,NULL,NULL,''),(160,115,68,3,1,NULL,NULL,''),(161,2,108,2,2,NULL,NULL,''),(164,96,109,2,1,NULL,NULL,''),(166,25,112,2,1,NULL,NULL,''),(167,99,114,2,1,NULL,NULL,''),(168,29,115,2,1,NULL,NULL,''),(169,29,116,2,2,NULL,NULL,''),(170,29,117,2,3,NULL,NULL,'');
/*!40000 ALTER TABLE `grupo_layer` ENABLE KEYS */;
UNLOCK TABLES;

--
-- Table structure for table `hemeroteca_2009`
--

DROP TABLE IF EXISTS `hemeroteca_2009`;
/*!40101 SET @saved_cs_client     = @@character_set_client */;
/*!40101 SET character_set_client = utf8 */;
CREATE TABLE `hemeroteca_2009` (
  `id` int(10) unsigned NOT NULL auto_increment,
  `tipo` int(11) NOT NULL,
  `idModulo` int(10) unsigned NOT NULL,
  `titulo` text,
  `internal_absolute_path` varchar(255) NOT NULL default '',
  `alternative_name` varchar(255) NOT NULL default '',
  `url` varchar(255) NOT NULL default '',
  `viewer` varchar(255) NOT NULL default '',
  `noticia` text,
  `html` text,
  `fechaInicio` date NOT NULL,
  `fechaFin` date NOT NULL,
  PRIMARY KEY  (`id`),
  KEY `idModulo` (`idModulo`)
) ENGINE=InnoDB DEFAULT CHARSET=utf8;
/*!40101 SET character_set_client = @saved_cs_client */;

--
-- Dumping data for table `hemeroteca_2009`
--

LOCK TABLES `hemeroteca_2009` WRITE;
/*!40000 ALTER TABLE `hemeroteca_2009` DISABLE KEYS */;
/*!40000 ALTER TABLE `hemeroteca_2009` ENABLE KEYS */;
UNLOCK TABLES;

--
-- Table structure for table `hemeroteca_2010`
--

DROP TABLE IF EXISTS `hemeroteca_2010`;
/*!40101 SET @saved_cs_client     = @@character_set_client */;
/*!40101 SET character_set_client = utf8 */;
CREATE TABLE `hemeroteca_2010` (
  `id` int(10) unsigned NOT NULL auto_increment,
  `tipo` int(11) NOT NULL,
  `idModulo` int(10) unsigned NOT NULL,
  `titulo` text,
  `internal_absolute_path` varchar(255) NOT NULL default '',
  `alternative_name` varchar(255) NOT NULL default '',
  `url` varchar(255) NOT NULL default '',
  `viewer` varchar(255) NOT NULL default '',
  `noticia` text,
  `html` text,
  `fechaInicio` date NOT NULL,
  `fechaFin` date NOT NULL,
  PRIMARY KEY  (`id`),
  KEY `idModulo` (`idModulo`)
) ENGINE=InnoDB DEFAULT CHARSET=utf8;
/*!40101 SET character_set_client = @saved_cs_client */;

--
-- Dumping data for table `hemeroteca_2010`
--

LOCK TABLES `hemeroteca_2010` WRITE;
/*!40000 ALTER TABLE `hemeroteca_2010` DISABLE KEYS */;
/*!40000 ALTER TABLE `hemeroteca_2010` ENABLE KEYS */;
UNLOCK TABLES;

--
-- Table structure for table `hemeroteca_2011`
--

DROP TABLE IF EXISTS `hemeroteca_2011`;
/*!40101 SET @saved_cs_client     = @@character_set_client */;
/*!40101 SET character_set_client = utf8 */;
CREATE TABLE `hemeroteca_2011` (
  `id` int(10) unsigned NOT NULL auto_increment,
  `tipo` int(11) NOT NULL,
  `idModulo` int(10) unsigned NOT NULL,
  `titulo` text,
  `internal_absolute_path` varchar(255) NOT NULL default '',
  `alternative_name` varchar(255) NOT NULL default '',
  `url` varchar(255) NOT NULL default '',
  `viewer` varchar(255) NOT NULL default '',
  `noticia` text,
  `html` text,
  `fechaInicio` date NOT NULL,
  `fechaFin` date NOT NULL,
  PRIMARY KEY  (`id`),
  KEY `idModulo` (`idModulo`)
) ENGINE=InnoDB DEFAULT CHARSET=utf8;
/*!40101 SET character_set_client = @saved_cs_client */;

--
-- Dumping data for table `hemeroteca_2011`
--

LOCK TABLES `hemeroteca_2011` WRITE;
/*!40000 ALTER TABLE `hemeroteca_2011` DISABLE KEYS */;
/*!40000 ALTER TABLE `hemeroteca_2011` ENABLE KEYS */;
UNLOCK TABLES;

--
-- Table structure for table `hemeroteca_2012`
--

DROP TABLE IF EXISTS `hemeroteca_2012`;
/*!40101 SET @saved_cs_client     = @@character_set_client */;
/*!40101 SET character_set_client = utf8 */;
CREATE TABLE `hemeroteca_2012` (
  `id` int(10) unsigned NOT NULL auto_increment,
  `tipo` int(11) NOT NULL,
  `idModulo` int(10) unsigned NOT NULL,
  `titulo` text,
  `internal_absolute_path` varchar(255) NOT NULL default '',
  `alternative_name` varchar(255) NOT NULL default '',
  `url` varchar(255) NOT NULL default '',
  `viewer` varchar(255) NOT NULL default '',
  `noticia` text,
  `html` text,
  `fechaInicio` date NOT NULL,
  `fechaFin` date NOT NULL,
  PRIMARY KEY  (`id`),
  KEY `idModulo` (`idModulo`)
) ENGINE=InnoDB DEFAULT CHARSET=utf8;
/*!40101 SET character_set_client = @saved_cs_client */;

--
-- Dumping data for table `hemeroteca_2012`
--

LOCK TABLES `hemeroteca_2012` WRITE;
/*!40000 ALTER TABLE `hemeroteca_2012` DISABLE KEYS */;
/*!40000 ALTER TABLE `hemeroteca_2012` ENABLE KEYS */;
UNLOCK TABLES;

--
-- Table structure for table `hemeroteca_2013`
--

DROP TABLE IF EXISTS `hemeroteca_2013`;
/*!40101 SET @saved_cs_client     = @@character_set_client */;
/*!40101 SET character_set_client = utf8 */;
CREATE TABLE `hemeroteca_2013` (
  `id` int(10) unsigned NOT NULL auto_increment,
  `tipo` int(11) NOT NULL,
  `idModulo` int(10) unsigned NOT NULL,
  `titulo` text,
  `internal_absolute_path` varchar(255) NOT NULL default '',
  `alternative_name` varchar(255) NOT NULL default '',
  `url` varchar(255) NOT NULL default '',
  `viewer` varchar(255) NOT NULL default '',
  `noticia` text,
  `html` text,
  `fechaInicio` date NOT NULL,
  `fechaFin` date NOT NULL,
  PRIMARY KEY  (`id`),
  KEY `idModulo` (`idModulo`)
) ENGINE=InnoDB DEFAULT CHARSET=utf8;
/*!40101 SET character_set_client = @saved_cs_client */;

--
-- Dumping data for table `hemeroteca_2013`
--

LOCK TABLES `hemeroteca_2013` WRITE;
/*!40000 ALTER TABLE `hemeroteca_2013` DISABLE KEYS */;
/*!40000 ALTER TABLE `hemeroteca_2013` ENABLE KEYS */;
UNLOCK TABLES;

--
-- Table structure for table `hemeroteca_2014`
--

DROP TABLE IF EXISTS `hemeroteca_2014`;
/*!40101 SET @saved_cs_client     = @@character_set_client */;
/*!40101 SET character_set_client = utf8 */;
CREATE TABLE `hemeroteca_2014` (
  `id` int(10) unsigned NOT NULL auto_increment,
  `tipo` int(11) NOT NULL,
  `idModulo` int(10) unsigned NOT NULL,
  `titulo` text,
  `internal_absolute_path` varchar(255) NOT NULL default '',
  `alternative_name` varchar(255) NOT NULL default '',
  `url` varchar(255) NOT NULL default '',
  `viewer` varchar(255) NOT NULL default '',
  `noticia` text,
  `html` text,
  `fechaInicio` date NOT NULL,
  `fechaFin` date NOT NULL,
  PRIMARY KEY  (`id`),
  KEY `idModulo` (`idModulo`)
) ENGINE=InnoDB DEFAULT CHARSET=utf8;
/*!40101 SET character_set_client = @saved_cs_client */;

--
-- Dumping data for table `hemeroteca_2014`
--

LOCK TABLES `hemeroteca_2014` WRITE;
/*!40000 ALTER TABLE `hemeroteca_2014` DISABLE KEYS */;
/*!40000 ALTER TABLE `hemeroteca_2014` ENABLE KEYS */;
UNLOCK TABLES;

--
-- Table structure for table `hemeroteca_2015`
--

DROP TABLE IF EXISTS `hemeroteca_2015`;
/*!40101 SET @saved_cs_client     = @@character_set_client */;
/*!40101 SET character_set_client = utf8 */;
CREATE TABLE `hemeroteca_2015` (
  `id` int(10) unsigned NOT NULL auto_increment,
  `tipo` int(11) NOT NULL,
  `idModulo` int(10) unsigned NOT NULL,
  `titulo` text,
  `internal_absolute_path` varchar(255) NOT NULL default '',
  `alternative_name` varchar(255) NOT NULL default '',
  `url` varchar(255) NOT NULL default '',
  `viewer` varchar(255) NOT NULL default '',
  `noticia` text,
  `html` text,
  `fechaInicio` date NOT NULL,
  `fechaFin` date NOT NULL,
  PRIMARY KEY  (`id`),
  KEY `idModulo` (`idModulo`)
) ENGINE=InnoDB DEFAULT CHARSET=utf8;
/*!40101 SET character_set_client = @saved_cs_client */;

--
-- Dumping data for table `hemeroteca_2015`
--

LOCK TABLES `hemeroteca_2015` WRITE;
/*!40000 ALTER TABLE `hemeroteca_2015` DISABLE KEYS */;
/*!40000 ALTER TABLE `hemeroteca_2015` ENABLE KEYS */;
UNLOCK TABLES;

--
-- Table structure for table `image`
--

DROP TABLE IF EXISTS `image`;
/*!40101 SET @saved_cs_client     = @@character_set_client */;
/*!40101 SET character_set_client = utf8 */;
CREATE TABLE `image` (
  `id` int(10) unsigned NOT NULL auto_increment,
  `filename` varchar(255) default NULL,
  `type_image` int(10) unsigned default NULL,
  `title` varchar(255) default NULL,
  `description` text,
  `author` varchar(255) default NULL,
  `creationDate` date default NULL,
  `idParent` int(11) default NULL,
  PRIMARY KEY  (`id`),
  KEY `filename_type` (`filename`,`type_image`)
) ENGINE=InnoDB AUTO_INCREMENT=112 DEFAULT CHARSET=utf8;
/*!40101 SET character_set_client = @saved_cs_client */;

--
-- Dumping data for table `image`
--

LOCK TABLES `image` WRITE;
/*!40000 ALTER TABLE `image` DISABLE KEYS */;
INSERT INTO `image` VALUES (1,'arrow_submenu.gif',0,' ','','','2009-11-20',-1),(2,'head_menu_instituto.jpg',0,' ','','','2009-12-10',-1),(3,'head_menu_que_hacemos.jpg',0,' ','','','2009-12-10',-1),(4,'head_menu_parejas.jpg',0,' ','','','2009-12-10',-1),(5,'head_menu_madres_solteras.jpg',0,' ','','','2009-12-10',-1),(6,'logo_anacer.jpg',0,'Anacer','','','2009-11-20',-1),(7,'portada_formulario.jpg',0,' ','&#160;','','2012-10-09',-1),(8,'donar_ovulos.jpg',0,' ','','','2010-02-16',-1),(9,'dar_semen.jpg',0,' ','','','2010-02-16',-1),(10,'tenica_inseminacion.jpg',0,' ','','','2009-12-10',-1),(11,'area_pacientes.jpg',0,' ','','','2009-12-10',-1),(12,'area_profesional.jpg',0,'Sin título','','','2009-12-10',-1),(13,'contactar_consulta.jpg',0,'Consulation en ligne','','','2009-12-10',-1),(14,'contactar_cita.jpg',0,'Demande de rendez','','','2009-12-10',-1),(15,'contactar_que_hacer.jpg',0,' ','','','2009-12-10',-1),(16,'contactar_google.jpg',0,' ','','','2009-12-10',-1),(17,'head_menu_donates.jpg',0,' ','','','2009-12-10',-1),(18,'director.jpg',0,'El Director Dr. Simón Marina','','','2009-11-26',-1),(19,'hisoria_y_experiencia.jpg',0,'Historia y experiencia','','','2009-11-26',-1),(20,'director_de_cefer.jpg',0,'Dr. Simón Marina. Director del instituto Cefer.','','','2009-11-26',-1),(21,'davidmarina.gif',0,'Dr. David Marina','','','2009-11-26',-1),(22,'fernando_marina.jpg',0,'Dr. Fernando Marina','','','2009-11-26',-1),(23,'inmaculada_jove.jpg',0,'Dra. Immaculada Jové','','','2009-11-26',-1),(24,'xavier_garcia.jpg',0,'Dr. Xavier Garcia Parra','','','2009-11-26',-1),(25,'susana_egozcue.JPG',0,'Dr. Susana Egozcue','','','2009-11-26',-1),(26,'flor_molfino.jpg',0,'Dra. Flor Moltfino','','','2009-11-26',-1),(27,'dr_francisco_sanchez.JPG',0,'Dr. Francisco Sánchez Ballester','','','2009-11-26',-1),(28,'nuria_galiana.JPG',0,'Nuria Galiana','','','2009-11-26',-1),(29,'gema_valls.gif',0,'Gema Valls I Ricart','','','2009-11-26',-1),(30,'xavier_pascual.gif',0,'Xavier Pascual García','','','2009-11-26',-1),(31,'anabel_carrasco.jpg',0,'Anabel Carrasco','','','2009-11-26',-1),(32,'cefer_teknon.jpg',0,'BARCELONA TEKNON, DESPACHO 21','','','2009-11-26',-1),(33,'valero.jpg',0,'Laboratorio','','','2009-11-26',-1),(34,'valencia.jpg',0,'Instalaciones en Valencia','','','2009-11-26',-1),(35,'lleida.jpg',0,'Instalaciones en LLeida','','','2009-11-26',-1),(36,'investigacion.jpg',0,'Compromiso de calidad','','','2009-11-26',-1),(37,'investigacion2.jpg',0,'Congreso de investigación 2004','','','2009-11-26',-1),(38,'esterilidad_femenina.jpg',0,'Esterilidad femenina','','','2009-11-26',-1),(39,'esterilidad_femenina2.jpg',0,'Esterilidad femenina','','','2009-11-26',-1),(40,'esterilidad_femenina3.jpg',0,'Esterilidad femenina','','','2009-11-26',-1),(41,'esterilidad_femenina4.jpg',0,'Esterilidad femenina','','','2009-11-26',-1),(42,'esterilidad_masculina1.jpg',0,'Esterilidad masculina','','','2009-11-26',-1),(43,'esterilidad_masculina2.jpg',0,'Esterilidad masculina','','','2009-11-26',-1),(44,'esterilidad_masculina3.jpg',0,'Esterilidad masculina','','','2009-11-26',-1),(45,'esterilidad_masculina4.jpg',0,'Esterilidad masculina','','','2009-11-26',-1),(46,'donante_semen.jpg',0,'Donante de semen anónimo','','','2009-11-26',-1),(47,'doantee_semen2.jpg',0,'Donante de semen anónimo','','','2009-11-26',-1),(48,'inseminacionartificial.jpg',0,'inseminación artificial','','','2009-11-26',-1),(49,'fecundacioninvitro1.jpg',0,'Fecundación in Vitro','','','2009-11-26',-1),(50,'fecundacioninvitro2.jpg',0,'Fecundación in Vitro','','','2009-11-26',-1),(51,'fecundacioninvitro3.jpg',0,'Fecundación in Vitro','','','2009-11-26',-1),(52,'donacion_ovulos1.jpg',0,'Recepción óvulos donados','','','2009-11-26',-1),(53,'donacion_ovulos2.jpg',0,'Recepción óvulos donados','','','2009-11-26',-1),(54,'bancoembriones.jpg',0,'Banco de embriones','','','2009-11-26',-1),(55,'lavadosemen.jpg',0,'Lavado de semen','','','2009-11-27',-1),(56,'lavadosemen1.jpg',0,'Lavado de semen','','','2009-11-27',-1),(57,'abortos1.jpg',0,'Abortos de repetición','','','2009-11-27',-1),(58,'donacion_ovulos.jpg',0,'Donanción de óvulos','','','2009-11-27',-1),(59,'sida.jpg',0,'Mujer con VIH+','','','2009-11-27',-1),(60,'homosexualidad.jpg',0,'Parejas lesbianas','','','2009-11-27',-1),(61,'donantes_semen.jpg',0,'Doante de semen','','','2009-11-27',-1),(62,'donante_semen_02.jpg',0,'Donante de semen','','','2009-11-27',-1),(63,'donantes_semen3.jpg',0,'Donante de semen','','','2009-11-27',-1),(64,'donantes_ovulos.jpg',0,'Donante de óvulos','','','2009-11-27',-1),(65,'donantes_ovulos1.jpg',0,'Donante de óvulos','','','2009-11-27',-1),(66,'donantes_ovulos2.jpg',0,'Donante de óvulos','','','2009-11-27',-1),(67,'donantes_ovulos3.jpg',0,'Donante de óvulos','','','2009-11-27',-1),(68,'situacion1.jpg',0,'Ciudad de Barcelona','','','2009-11-30',-1),(69,'visitarbcn1.jpg',0,'Visita Barcelona con Bus turístico','','','2009-11-30',-1),(70,'visitarbcn7.jpg',0,'Shopping in Barcelona','','','2009-11-30',-1),(71,'visitarbcn9.jpg',0,'Visitar Barcelona','','','2009-11-30',-1),(72,'cultura3.jpg',0,'Cultura de Barcelona','','','2009-11-30',-1),(73,'dra_monica_redondo_b.jpg',0,'Dra Mónica Redondo','&#160;',NULL,'2010-02-11',-1),(74,'centros_cefer2.gif',0,'Centros Cefer',NULL,NULL,'2009-12-30',-1),(75,'phones_cefer.gif',0,'Teléfonos','','','2010-02-16',-1),(76,'solicitar_cita.gif',0,' ','','','2010-03-19',-1),(77,'consulta_online.gif',0,' ','','','2010-03-19',-1),(78,'centros_cefer.gif',0,'Centros CEFER',NULL,NULL,'2009-12-30',-1),(79,'telefonos.gif',0,' ','&#160;','','2013-01-25',-1),(80,'cefer_lleida2.jpg',0,'Instalaciones Lleida','','','2010-02-22',-1),(81,'1_sperma.jpg',0,'Sperme de la banque','','','2010-04-09',-1),(82,'2_dpg.jpg',0,'DGP','','','2010-04-09',-1),(83,'3_ovules.jpg',0,'Don d\' ovules','','','2010-04-09',-1),(84,'instalacionesbarcelonamini.jpg',0,'El_InstitutoBarcelona','','','2010-06-01',-1),(85,'banner-fertility-show.jpg',0,'The Fertility Show',NULL,NULL,'2010-08-31',-1),(86,'dra_nuria_porta_b.jpg',0,'Dra Nuria Porta','Dra Nuria Porta',NULL,'2010-12-09',-1),(87,'embryoscope.JPG',0,'Embryoscope','Embryoscope',NULL,'2011-04-13',-1),(88,'embrioscope2.jpg',0,'Embryoscope2',NULL,NULL,'2011-04-13',-1),(89,'drflormolfino.jpg',0,'Dra Molfino','&#160;Dra. Flor Molfino','','2011-05-19',-1),(90,'dra_redondop.jpg',0,'Dra Redondo','Dra Redondo','','2012-03-01',-1),(91,'ass_flg.jpg',0,'Ass. Families Gays i Lesbianes','&#160;',NULL,'2012-11-29',-1),(92,'cefer.jpg',0,'cefer','cefer','cefer','2013-05-16',-1),(93,'dr_simom_marina3.jpg',0,'Dr Simón Marina','Dr Simón Marina','cefer','2013-05-16',-1),(95,'red_sol.JPG',0,'ESQ RED SOLT FR','&#160;','DAVID','2013-12-09',-1),(96,'rod.JPG',0,'ESQ ROD FR','&#160;ESQUEMA ROD&#160;','','2013-12-11',-1),(97,'iad_les.JPG',0,'ESQ IADL','&#160;IAD LESBIANAS','','2013-12-11',-1),(98,'iad.JPG',0,'ESQ IAD FR','&#160;','','2013-12-12',-1),(99,'ia.JPG',0,'IAC FR','&#160;','','2013-12-12',-1),(100,'red.JPG',0,'RED HETERO FR','&#160;','','2013-12-12',-1),(101,'fiv.JPG',0,'ESQ FIV FR','&#160;','','2013-12-12',-1),(102,'esq_iadl_fr.jpg',0,'ESQ IADL FR','&#160;','','2013-12-15',-1),(103,'esqu_prep_end_atalas_esp.jpg',0,'ESQUEMA PREP END ESP','&#160;','','2013-12-21',-1),(104,'esq_fiv_atlas_esp.jpg',0,'ESQ FIV ATLAS ESP','&#160;','','2013-12-21',-1),(105,'iad_s_fr.jpg',0,'ESQ IAD S FR','&#160;','','2013-12-21',-1),(106,'iac_fr.jpg',0,'ESQEUMA IAC FR','&#160;','','2013-12-21',-1),(107,'esq_ropa_atlas_esp.jpg',0,'ESQ ROPA ATLAS ESP','&#160;','','2013-12-21',-1),(108,'dra_susana_royo.jpg',0,'Dra Susana Royo','&#160;','cefer','2015-01-20',-1),(109,'dra_flor_molfino2.jpg',0,'Dra Flor Molfino','&#160;Dra Flor Molfino','cefer','2015-01-20',-1),(110,'dra_begona_varo.JPG',0,'Dra Begoña Varo','&#160;Dra Begoña Varo','cefer','2015-04-13',-1),(111,'dra_yolanda_garcia.jpeg',0,'Dra Yolanda Garcia','&#160;','instituto cefer','2015-04-13',-1);
/*!40000 ALTER TABLE `image` ENABLE KEYS */;
UNLOCK TABLES;

--
-- Table structure for table `image_comment`
--

DROP TABLE IF EXISTS `image_comment`;
/*!40101 SET @saved_cs_client     = @@character_set_client */;
/*!40101 SET character_set_client = utf8 */;
CREATE TABLE `image_comment` (
  `id` int(10) unsigned NOT NULL auto_increment,
  `idImage` int(10) unsigned default NULL,
  `author` varchar(255) default NULL,
  `description` text,
  `creationDate` date default NULL,
  `publicationDate` datetime default NULL,
  `modificationDate` datetime default NULL,
  `position` int(10) unsigned default NULL,
  `state` int(10) unsigned default NULL,
  `ip_address` varchar(255) NOT NULL,
  PRIMARY KEY  (`id`),
  KEY `idImage` (`idImage`),
  CONSTRAINT `image_comment_ibfk_1` FOREIGN KEY (`idImage`) REFERENCES `image` (`id`) ON DELETE CASCADE
) ENGINE=InnoDB DEFAULT CHARSET=utf8;
/*!40101 SET character_set_client = @saved_cs_client */;

--
-- Dumping data for table `image_comment`
--

LOCK TABLES `image_comment` WRITE;
/*!40000 ALTER TABLE `image_comment` DISABLE KEYS */;
/*!40000 ALTER TABLE `image_comment` ENABLE KEYS */;
UNLOCK TABLES;

--
-- Table structure for table `image_comment_rates`
--

DROP TABLE IF EXISTS `image_comment_rates`;
/*!40101 SET @saved_cs_client     = @@character_set_client */;
/*!40101 SET character_set_client = utf8 */;
CREATE TABLE `image_comment_rates` (
  `id` int(10) unsigned NOT NULL auto_increment,
  `idComment` int(10) unsigned NOT NULL,
  `counter` int(11) NOT NULL default '0',
  `counter_valuation` int(11) NOT NULL default '0',
  `valuation_accumulated` int(11) NOT NULL default '0',
  `discriminator` int(4) NOT NULL default '0',
  PRIMARY KEY  (`id`),
  KEY `idComment` (`idComment`),
  CONSTRAINT `image_comment_rates_ibfk_1` FOREIGN KEY (`idComment`) REFERENCES `image_comment` (`id`) ON DELETE CASCADE
) ENGINE=InnoDB DEFAULT CHARSET=utf8;
/*!40101 SET character_set_client = @saved_cs_client */;

--
-- Dumping data for table `image_comment_rates`
--

LOCK TABLES `image_comment_rates` WRITE;
/*!40000 ALTER TABLE `image_comment_rates` DISABLE KEYS */;
/*!40000 ALTER TABLE `image_comment_rates` ENABLE KEYS */;
UNLOCK TABLES;

--
-- Table structure for table `image_gallerie`
--

DROP TABLE IF EXISTS `image_gallerie`;
/*!40101 SET @saved_cs_client     = @@character_set_client */;
/*!40101 SET character_set_client = utf8 */;
CREATE TABLE `image_gallerie` (
  `id` int(10) unsigned NOT NULL auto_increment,
  `idImage` int(10) unsigned default NULL,
  `idGallery` int(10) unsigned default NULL,
  `position` int(10) unsigned default NULL,
  PRIMARY KEY  (`id`),
  KEY `image_gallery` (`idImage`,`idGallery`),
  KEY `idGallery` (`idGallery`),
  CONSTRAINT `image_gallerie_ibfk_1` FOREIGN KEY (`idImage`) REFERENCES `image` (`id`) ON DELETE CASCADE,
  CONSTRAINT `image_gallerie_ibfk_2` FOREIGN KEY (`idGallery`) REFERENCES `gallery` (`id`) ON DELETE CASCADE
) ENGINE=InnoDB DEFAULT CHARSET=utf8;
/*!40101 SET character_set_client = @saved_cs_client */;

--
-- Dumping data for table `image_gallerie`
--

LOCK TABLES `image_gallerie` WRITE;
/*!40000 ALTER TABLE `image_gallerie` DISABLE KEYS */;
/*!40000 ALTER TABLE `image_gallerie` ENABLE KEYS */;
UNLOCK TABLES;

--
-- Table structure for table `invoice`
--

DROP TABLE IF EXISTS `invoice`;
/*!40101 SET @saved_cs_client     = @@character_set_client */;
/*!40101 SET character_set_client = utf8 */;
CREATE TABLE `invoice` (
  `id` int(10) unsigned NOT NULL auto_increment,
  `id_registered_user` int(10) unsigned default NULL,
  `fiscal_name` varchar(255) NOT NULL default '',
  `cif` varchar(15) NOT NULL default '',
  `address` varchar(255) NOT NULL default '',
  `postal_code` varchar(10) NOT NULL default '',
  `town` varchar(255) NOT NULL default '',
  `country` varchar(255) NOT NULL default '',
  `invoice_number` int(10) unsigned NOT NULL default '0',
  `creation_date` datetime default NULL,
  `payment_date` datetime default NULL,
  `payment_expiration_date` datetime default NULL,
  `state` int(11) NOT NULL,
  `credited` tinyint(4) NOT NULL default '0',
  `id_payment` int(11) NOT NULL,
  `total` double NOT NULL default '0',
  `taxes` double NOT NULL default '0',
  `surcharge_equivalence` double NOT NULL default '0',
  `discount` double NOT NULL default '0',
  `taxable_base` double NOT NULL default '0',
  `id_credited_invoice` int(10) unsigned default NULL,
  PRIMARY KEY  (`id`),
  KEY `id_registered_user` (`id_registered_user`),
  KEY `id_credited_invoice` (`id_credited_invoice`),
  CONSTRAINT `invoice_ibfk_1` FOREIGN KEY (`id_registered_user`) REFERENCES `persona_registrada` (`id`) ON DELETE SET NULL,
  CONSTRAINT `invoice_ibfk_2` FOREIGN KEY (`id_credited_invoice`) REFERENCES `invoice` (`id`) ON DELETE SET NULL
) ENGINE=InnoDB DEFAULT CHARSET=utf8;
/*!40101 SET character_set_client = @saved_cs_client */;

--
-- Dumping data for table `invoice`
--

LOCK TABLES `invoice` WRITE;
/*!40000 ALTER TABLE `invoice` DISABLE KEYS */;
/*!40000 ALTER TABLE `invoice` ENABLE KEYS */;
UNLOCK TABLES;

--
-- Table structure for table `invoice_concept`
--

DROP TABLE IF EXISTS `invoice_concept`;
/*!40101 SET @saved_cs_client     = @@character_set_client */;
/*!40101 SET character_set_client = utf8 */;
CREATE TABLE `invoice_concept` (
  `id` int(10) unsigned NOT NULL auto_increment,
  `id_invoice` int(10) unsigned NOT NULL,
  `concept` varchar(255) NOT NULL default '',
  `amount` double NOT NULL default '0',
  `quantity` int(11) NOT NULL default '0',
  `discount` double NOT NULL default '0',
  `taxes` double NOT NULL default '0',
  `surcharge_equivalence` double NOT NULL default '0',
  `comments` varchar(255) NOT NULL default '',
  PRIMARY KEY  (`id`),
  KEY `id_invoice` (`id_invoice`),
  CONSTRAINT `invoice_concept_ibfk_1` FOREIGN KEY (`id_invoice`) REFERENCES `invoice` (`id`) ON DELETE CASCADE
) ENGINE=InnoDB DEFAULT CHARSET=utf8;
/*!40101 SET character_set_client = @saved_cs_client */;

--
-- Dumping data for table `invoice_concept`
--

LOCK TABLES `invoice_concept` WRITE;
/*!40000 ALTER TABLE `invoice_concept` DISABLE KEYS */;
/*!40000 ALTER TABLE `invoice_concept` ENABLE KEYS */;
UNLOCK TABLES;

--
-- Table structure for table `invoice_enumeration_system`
--

DROP TABLE IF EXISTS `invoice_enumeration_system`;
/*!40101 SET @saved_cs_client     = @@character_set_client */;
/*!40101 SET character_set_client = utf8 */;
CREATE TABLE `invoice_enumeration_system` (
  `id` int(10) unsigned NOT NULL auto_increment,
  `name` varchar(255) NOT NULL default '',
  `last_invoice_number` int(10) unsigned NOT NULL default '0',
  `last_created_invoice_date` datetime NOT NULL,
  PRIMARY KEY  (`id`)
) ENGINE=InnoDB DEFAULT CHARSET=utf8;
/*!40101 SET character_set_client = @saved_cs_client */;

--
-- Dumping data for table `invoice_enumeration_system`
--

LOCK TABLES `invoice_enumeration_system` WRITE;
/*!40000 ALTER TABLE `invoice_enumeration_system` DISABLE KEYS */;
/*!40000 ALTER TABLE `invoice_enumeration_system` ENABLE KEYS */;
UNLOCK TABLES;

--
-- Table structure for table `keyword`
--

DROP TABLE IF EXISTS `keyword`;
/*!40101 SET @saved_cs_client     = @@character_set_client */;
/*!40101 SET character_set_client = utf8 */;
CREATE TABLE `keyword` (
  `id` int(10) unsigned NOT NULL auto_increment,
  `palabra` text NOT NULL,
  `idSeccion` int(10) unsigned NOT NULL,
  `posicion` int(10) unsigned NOT NULL default '0',
  PRIMARY KEY  (`id`),
  KEY `idSeccion` (`idSeccion`),
  CONSTRAINT `keyword_ibfk_1` FOREIGN KEY (`idSeccion`) REFERENCES `seccion` (`id`) ON DELETE CASCADE
) ENGINE=InnoDB AUTO_INCREMENT=150 DEFAULT CHARSET=utf8;
/*!40101 SET character_set_client = @saved_cs_client */;

--
-- Dumping data for table `keyword`
--

LOCK TABLES `keyword` WRITE;
/*!40000 ALTER TABLE `keyword` DISABLE KEYS */;
INSERT INTO `keyword` VALUES (17,'Don d\'ovules',42,1),(18,'Ovodonation',42,2),(22,'Mères  celibataires',69,1),(23,'insémination artificielle',69,2),(24,'donneur de sperme',69,3),(25,'Banque de sperme',70,1),(26,'donnuer de sperme',70,2),(27,'insémination artificielle',70,3),(28,'Les mères célibataires',13,1),(29,'sperme de donneur',13,2),(30,'banque de sperme.',13,3),(31,'lesbiennes',72,1),(32,'sperme de la banque',72,2),(33,'inémination artificielle',72,3),(34,'don d\'ovules de la femme.',72,4),(35,'Couples de lesbiennes',66,1),(36,'Donneur du sperme',66,2),(37,'insémiantion artificielle',66,3),(38,'sperme de la banque',66,4),(39,'ROPA don d\'ovules de la femme',66,5),(40,'donation d\'ovules de la couple',66,6),(41,'PMA lesbiennes',66,7),(42,'PMA homosexuelle',66,8),(55,'Stérilité masculine',52,1),(56,'sperme de donneur anonyme',52,2),(57,'banque de sperme',52,3),(65,'Insémination artificiell',65,1),(66,'sperme du donneur',65,2),(67,'banque de sperme',65,3),(68,'IUI',65,4),(69,'Insémination artificielle IUI',55,1),(70,'sperme du donneur anonyme.',55,2),(71,'PMA',55,3),(87,'don d\'embryons',44,1),(88,'limit d\' âge',44,2),(89,'Adoption d\'embryon',44,3),(90,'double don',44,4),(91,'donation d\'embryons',74,1),(92,'Adoption d\' embryons',74,2),(93,'limit dâge',74,3),(94,'double don',74,4),(95,'Banque d\' embryons',74,5),(96,'sans liste d\'attente',74,6),(102,'doneur de sperme',38,1),(103,'banque de sperme',38,2),(104,'mère seule celibataire',38,3),(105,'couple lesbienne',38,4),(106,'anonyme',38,5),(111,'seropositif al HIV',61,1),(112,'lavage de sperme',61,2),(113,'HIV o l\'hepatite C',61,3),(114,'HCV',61,4),(115,'Donneur de sperme',56,1),(116,'Banque de sperme',56,2),(117,'insémination artificielle',56,3),(130,'Insémination artificielle',40,1),(131,'sperme du donneu',40,2),(132,'banque de esperme spagna',40,3),(133,'banque de esperme barcelone',40,4),(134,'insemination artificielle barcelone',40,5),(145,'Insémination artificielle IUI',71,1),(146,'donneur de sperme',71,2),(147,'banque de sperm',71,3),(148,'insemination artificielle barcelone',71,4),(149,'insemination artificielle espagne',71,5);
/*!40000 ALTER TABLE `keyword` ENABLE KEYS */;
UNLOCK TABLES;

--
-- Table structure for table `leftlayer`
--

DROP TABLE IF EXISTS `leftlayer`;
/*!40101 SET @saved_cs_client     = @@character_set_client */;
/*!40101 SET character_set_client = utf8 */;
CREATE TABLE `leftlayer` (
  `id` int(10) unsigned NOT NULL auto_increment,
  `tipo` int(11) NOT NULL,
  `idModulo` int(10) unsigned NOT NULL,
  `posicion` int(10) unsigned NOT NULL,
  `idSeccion` int(10) unsigned NOT NULL,
  `fechaBaja` datetime default NULL,
  `fechaAlta` datetime default NULL,
  `parametersValue` text NOT NULL,
  PRIMARY KEY  (`id`),
  KEY `idSeccion` (`idSeccion`),
  CONSTRAINT `leftlayer_ibfk_1` FOREIGN KEY (`idSeccion`) REFERENCES `seccion` (`id`) ON DELETE CASCADE
) ENGINE=InnoDB AUTO_INCREMENT=439 DEFAULT CHARSET=utf8;
/*!40101 SET character_set_client = @saved_cs_client */;

--
-- Dumping data for table `leftlayer`
--

LOCK TABLES `leftlayer` WRITE;
/*!40000 ALTER TABLE `leftlayer` DISABLE KEYS */;
INSERT INTO `leftlayer` VALUES (136,32,2,3,15,NULL,NULL,''),(137,32,2,6,16,NULL,NULL,''),(138,32,2,6,17,NULL,NULL,''),(139,32,2,6,19,NULL,NULL,''),(140,32,2,6,20,NULL,NULL,''),(141,32,2,6,21,NULL,NULL,''),(143,32,2,5,23,NULL,NULL,''),(144,32,2,6,24,NULL,NULL,''),(145,32,2,6,25,NULL,NULL,''),(146,32,2,6,26,NULL,NULL,''),(147,32,2,6,27,NULL,NULL,''),(148,32,2,6,89,NULL,NULL,''),(149,32,2,6,90,NULL,NULL,''),(150,32,2,6,91,NULL,NULL,''),(151,32,2,3,92,NULL,NULL,''),(153,32,2,7,28,NULL,NULL,''),(154,32,2,6,29,NULL,NULL,''),(157,32,2,7,32,NULL,NULL,''),(158,32,2,6,33,NULL,NULL,''),(159,32,2,6,35,NULL,NULL,''),(160,32,2,6,36,NULL,NULL,''),(161,32,2,9,38,NULL,NULL,''),(162,32,2,6,39,NULL,NULL,''),(163,32,2,6,40,NULL,NULL,''),(164,32,2,6,41,NULL,NULL,''),(165,32,2,6,42,NULL,NULL,''),(166,32,2,6,43,NULL,NULL,''),(167,32,2,6,44,NULL,NULL,''),(168,32,2,6,45,NULL,NULL,''),(169,32,2,6,46,NULL,NULL,''),(170,32,2,6,47,NULL,NULL,''),(171,32,2,6,49,NULL,NULL,''),(173,32,2,6,51,NULL,NULL,''),(174,32,2,6,52,NULL,NULL,''),(175,32,2,6,53,NULL,NULL,''),(176,32,2,6,54,NULL,NULL,''),(177,32,2,6,56,NULL,NULL,''),(178,32,2,6,57,NULL,NULL,''),(179,32,2,6,59,NULL,NULL,''),(181,32,2,6,61,NULL,NULL,''),(182,32,2,6,62,NULL,NULL,''),(183,32,2,6,63,NULL,NULL,''),(184,32,2,6,64,NULL,NULL,''),(185,32,2,6,65,NULL,NULL,''),(186,32,2,6,66,NULL,NULL,''),(187,32,2,6,67,NULL,NULL,''),(189,32,2,6,69,NULL,NULL,''),(190,32,2,6,70,NULL,NULL,''),(191,32,2,6,71,NULL,NULL,''),(192,32,2,6,72,NULL,NULL,''),(193,32,2,6,73,NULL,NULL,''),(194,32,2,6,74,NULL,NULL,''),(196,32,2,6,76,NULL,NULL,''),(197,32,2,6,77,NULL,NULL,''),(198,32,2,6,78,NULL,NULL,''),(199,32,2,6,79,NULL,NULL,''),(200,32,2,6,80,NULL,NULL,''),(201,32,2,6,81,NULL,NULL,''),(203,32,2,6,84,NULL,NULL,''),(204,32,2,6,85,NULL,NULL,''),(278,2,2,1,15,NULL,NULL,''),(279,20,2,2,15,NULL,NULL,''),(280,2,2,4,16,NULL,NULL,''),(281,20,2,5,16,NULL,NULL,''),(282,2,2,4,17,NULL,NULL,''),(283,20,2,5,17,NULL,NULL,''),(284,2,2,4,19,NULL,NULL,''),(285,20,2,5,19,NULL,NULL,''),(286,2,2,4,20,NULL,NULL,''),(287,20,2,5,20,NULL,NULL,''),(288,2,2,4,21,NULL,NULL,''),(289,20,2,5,21,NULL,NULL,''),(290,2,2,3,23,NULL,NULL,''),(291,20,2,4,23,NULL,NULL,''),(292,2,2,4,24,NULL,NULL,''),(293,20,2,5,24,NULL,NULL,''),(294,2,2,4,25,NULL,NULL,''),(295,20,2,5,25,NULL,NULL,''),(296,2,2,4,26,NULL,NULL,''),(297,20,2,5,26,NULL,NULL,''),(298,2,2,4,27,NULL,NULL,''),(299,20,2,5,27,NULL,NULL,''),(300,2,2,4,89,NULL,NULL,''),(301,20,2,5,89,NULL,NULL,''),(302,2,2,4,90,NULL,NULL,''),(303,20,2,5,90,NULL,NULL,''),(304,2,2,4,91,NULL,NULL,''),(305,20,2,5,91,NULL,NULL,''),(306,2,2,4,92,NULL,NULL,''),(307,20,2,5,92,NULL,NULL,''),(308,2,2,5,28,NULL,NULL,''),(309,20,2,6,28,NULL,NULL,''),(310,2,2,4,29,NULL,NULL,''),(311,20,2,5,29,NULL,NULL,''),(314,2,2,5,32,NULL,NULL,''),(315,20,2,6,32,NULL,NULL,''),(316,2,2,4,33,NULL,NULL,''),(317,20,2,5,33,NULL,NULL,''),(318,2,3,4,35,NULL,NULL,''),(319,20,3,5,35,NULL,NULL,''),(320,2,3,4,36,NULL,NULL,''),(321,20,3,5,36,NULL,NULL,''),(324,2,3,7,38,NULL,NULL,''),(325,20,3,8,38,NULL,NULL,''),(326,2,3,4,39,NULL,NULL,''),(327,20,3,5,39,NULL,NULL,''),(328,2,3,4,40,NULL,NULL,''),(329,20,3,5,40,NULL,NULL,''),(330,2,3,4,41,NULL,NULL,''),(331,20,3,5,41,NULL,NULL,''),(332,2,3,4,42,NULL,NULL,''),(333,20,3,5,42,NULL,NULL,''),(334,2,3,4,43,NULL,NULL,''),(335,20,3,5,43,NULL,NULL,''),(336,2,3,4,44,NULL,NULL,''),(337,20,3,5,44,NULL,NULL,''),(338,2,3,4,45,NULL,NULL,''),(339,20,3,5,45,NULL,NULL,''),(340,2,3,4,46,NULL,NULL,''),(341,20,3,5,46,NULL,NULL,''),(342,2,3,4,47,NULL,NULL,''),(343,20,3,5,47,NULL,NULL,''),(344,2,3,4,49,NULL,NULL,''),(345,20,3,5,49,NULL,NULL,''),(348,2,4,4,51,NULL,NULL,''),(349,20,4,5,51,NULL,NULL,''),(350,2,4,4,52,NULL,NULL,''),(351,20,4,5,52,NULL,NULL,''),(352,2,4,4,53,NULL,NULL,''),(353,20,4,5,53,NULL,NULL,''),(354,2,4,4,54,NULL,NULL,''),(355,20,4,5,54,NULL,NULL,''),(356,2,4,4,56,NULL,NULL,''),(357,20,4,5,56,NULL,NULL,''),(358,2,4,4,57,NULL,NULL,''),(359,20,4,5,57,NULL,NULL,''),(360,2,4,4,59,NULL,NULL,''),(361,20,4,5,59,NULL,NULL,''),(362,2,4,4,61,NULL,NULL,''),(363,20,4,5,61,NULL,NULL,''),(364,2,4,4,62,NULL,NULL,''),(365,20,4,5,62,NULL,NULL,''),(366,2,4,4,63,NULL,NULL,''),(367,20,4,5,63,NULL,NULL,''),(368,2,4,4,64,NULL,NULL,''),(369,20,4,5,64,NULL,NULL,''),(370,2,4,4,65,NULL,NULL,''),(371,20,4,5,65,NULL,NULL,''),(372,2,4,4,66,NULL,NULL,''),(373,20,4,5,66,NULL,NULL,''),(374,2,4,4,67,NULL,NULL,''),(375,20,4,5,67,NULL,NULL,''),(378,2,5,4,69,NULL,NULL,''),(379,20,5,5,69,NULL,NULL,''),(380,2,5,4,70,NULL,NULL,''),(381,20,5,5,70,NULL,NULL,''),(382,2,5,4,71,NULL,NULL,''),(383,20,5,5,71,NULL,NULL,''),(384,2,5,4,72,NULL,NULL,''),(385,20,5,5,72,NULL,NULL,''),(386,2,5,4,73,NULL,NULL,''),(387,20,5,5,73,NULL,NULL,''),(388,2,5,4,74,NULL,NULL,''),(389,20,5,5,74,NULL,NULL,''),(392,2,5,3,76,NULL,NULL,''),(394,20,5,5,76,NULL,NULL,''),(395,2,5,4,77,NULL,NULL,''),(396,20,5,5,77,NULL,NULL,''),(397,2,5,4,78,NULL,NULL,''),(398,20,5,5,78,NULL,NULL,''),(399,2,5,4,79,NULL,NULL,''),(400,20,5,5,79,NULL,NULL,''),(401,2,5,4,80,NULL,NULL,''),(402,20,5,5,80,NULL,NULL,''),(403,2,5,4,81,NULL,NULL,''),(404,20,5,5,81,NULL,NULL,''),(407,2,6,4,84,NULL,NULL,''),(408,20,6,5,84,NULL,NULL,''),(409,2,6,4,85,NULL,NULL,''),(410,20,6,5,85,NULL,NULL,''),(411,2,2,1,86,NULL,NULL,''),(412,20,2,2,86,NULL,NULL,''),(413,2,2,1,93,NULL,NULL,''),(414,20,2,2,93,NULL,NULL,''),(415,32,2,3,93,NULL,NULL,''),(416,2,2,1,94,NULL,NULL,''),(417,20,2,2,94,NULL,NULL,''),(418,32,2,3,94,NULL,NULL,''),(419,2,2,1,95,NULL,NULL,''),(420,20,2,2,95,NULL,NULL,''),(421,32,2,3,95,NULL,NULL,''),(422,2,2,1,2,NULL,NULL,''),(423,20,2,2,2,NULL,NULL,''),(424,32,2,3,2,NULL,NULL,''),(425,2,2,1,6,NULL,NULL,''),(426,20,2,2,6,NULL,NULL,''),(427,32,2,3,6,NULL,NULL,''),(428,2,2,1,96,NULL,NULL,''),(429,20,2,2,96,NULL,NULL,''),(430,32,2,3,96,NULL,NULL,''),(431,2,3,1,97,NULL,NULL,''),(432,20,3,2,97,NULL,NULL,''),(433,32,2,3,97,NULL,NULL,''),(434,2,2,1,98,NULL,NULL,''),(435,20,2,2,98,NULL,NULL,''),(436,32,2,3,98,NULL,NULL,''),(437,20,3,2,99,NULL,NULL,''),(438,2,3,1,99,NULL,NULL,'');
/*!40000 ALTER TABLE `leftlayer` ENABLE KEYS */;
UNLOCK TABLES;

--
-- Table structure for table `lineacategoria`
--

DROP TABLE IF EXISTS `lineacategoria`;
/*!40101 SET @saved_cs_client     = @@character_set_client */;
/*!40101 SET character_set_client = utf8 */;
CREATE TABLE `lineacategoria` (
  `id` int(10) unsigned NOT NULL auto_increment,
  `idNoticia` int(10) unsigned NOT NULL,
  `idCategoria` int(10) unsigned NOT NULL,
  `fecha_alta` datetime default NULL,
  `fecha_baja` datetime default NULL,
  PRIMARY KEY  (`id`),
  KEY `idNoticia` (`idNoticia`),
  KEY `idCategoria` (`idCategoria`),
  KEY `fecha` (`fecha_alta`,`fecha_baja`),
  CONSTRAINT `lineacategoria_ibfk_1` FOREIGN KEY (`idNoticia`) REFERENCES `noticia` (`id`) ON DELETE CASCADE,
  CONSTRAINT `lineacategoria_ibfk_2` FOREIGN KEY (`idCategoria`) REFERENCES `categorianoticia` (`id`) ON DELETE CASCADE
) ENGINE=InnoDB DEFAULT CHARSET=utf8;
/*!40101 SET character_set_client = @saved_cs_client */;

--
-- Dumping data for table `lineacategoria`
--

LOCK TABLES `lineacategoria` WRITE;
/*!40000 ALTER TABLE `lineacategoria` DISABLE KEYS */;
/*!40000 ALTER TABLE `lineacategoria` ENABLE KEYS */;
UNLOCK TABLES;

--
-- Table structure for table `lineacategoriaimagenes`
--

DROP TABLE IF EXISTS `lineacategoriaimagenes`;
/*!40101 SET @saved_cs_client     = @@character_set_client */;
/*!40101 SET character_set_client = utf8 */;
CREATE TABLE `lineacategoriaimagenes` (
  `id` int(10) unsigned NOT NULL auto_increment,
  `idImagen` int(10) unsigned default NULL,
  `idCategoria` int(10) unsigned default NULL,
  `creationDate` datetime default '0000-00-00 00:00:00',
  `expirationDate` datetime default '0000-00-00 00:00:00',
  PRIMARY KEY  (`id`),
  KEY `image_category` (`idImagen`,`idCategoria`),
  KEY `idCategoria` (`idCategoria`),
  CONSTRAINT `lineacategoriaimagenes_ibfk_1` FOREIGN KEY (`idImagen`) REFERENCES `image` (`id`) ON DELETE CASCADE,
  CONSTRAINT `lineacategoriaimagenes_ibfk_2` FOREIGN KEY (`idCategoria`) REFERENCES `categorianoticia` (`id`) ON DELETE CASCADE
) ENGINE=InnoDB DEFAULT CHARSET=utf8;
/*!40101 SET character_set_client = @saved_cs_client */;

--
-- Dumping data for table `lineacategoriaimagenes`
--

LOCK TABLES `lineacategoriaimagenes` WRITE;
/*!40000 ALTER TABLE `lineacategoriaimagenes` DISABLE KEYS */;
/*!40000 ALTER TABLE `lineacategoriaimagenes` ENABLE KEYS */;
UNLOCK TABLES;

--
-- Table structure for table `lineacategoriavideos`
--

DROP TABLE IF EXISTS `lineacategoriavideos`;
/*!40101 SET @saved_cs_client     = @@character_set_client */;
/*!40101 SET character_set_client = utf8 */;
CREATE TABLE `lineacategoriavideos` (
  `id` int(10) unsigned NOT NULL auto_increment,
  `idVideo` int(10) unsigned NOT NULL,
  `idCategoria` int(10) unsigned NOT NULL,
  `creationDate` datetime default NULL,
  `expirationDate` datetime default NULL,
  PRIMARY KEY  (`id`),
  KEY `idVideo` (`idVideo`),
  KEY `idCategoria` (`idCategoria`),
  CONSTRAINT `lineacategoriavideos_ibfk_1` FOREIGN KEY (`idVideo`) REFERENCES `video` (`id`) ON DELETE CASCADE,
  CONSTRAINT `lineacategoriavideos_ibfk_2` FOREIGN KEY (`idCategoria`) REFERENCES `categorianoticia` (`id`) ON DELETE CASCADE
) ENGINE=InnoDB DEFAULT CHARSET=utf8;
/*!40101 SET character_set_client = @saved_cs_client */;

--
-- Dumping data for table `lineacategoriavideos`
--

LOCK TABLES `lineacategoriavideos` WRITE;
/*!40000 ALTER TABLE `lineacategoriavideos` DISABLE KEYS */;
/*!40000 ALTER TABLE `lineacategoriavideos` ENABLE KEYS */;
UNLOCK TABLES;

--
-- Table structure for table `locations`
--

DROP TABLE IF EXISTS `locations`;
/*!40101 SET @saved_cs_client     = @@character_set_client */;
/*!40101 SET character_set_client = utf8 */;
CREATE TABLE `locations` (
  `id` int(10) unsigned NOT NULL auto_increment,
  `title` varchar(255) NOT NULL,
  `latitude` float NOT NULL default '0',
  `longitude` float NOT NULL default '0',
  PRIMARY KEY  (`id`)
) ENGINE=InnoDB DEFAULT CHARSET=utf8;
/*!40101 SET character_set_client = @saved_cs_client */;

--
-- Dumping data for table `locations`
--

LOCK TABLES `locations` WRITE;
/*!40000 ALTER TABLE `locations` DISABLE KEYS */;
/*!40000 ALTER TABLE `locations` ENABLE KEYS */;
UNLOCK TABLES;

--
-- Table structure for table `logsite`
--

DROP TABLE IF EXISTS `logsite`;
/*!40101 SET @saved_cs_client     = @@character_set_client */;
/*!40101 SET character_set_client = utf8 */;
CREATE TABLE `logsite` (
  `id` int(10) unsigned NOT NULL auto_increment,
  `idObject` int(10) unsigned NOT NULL default '0',
  `tipo` int(10) unsigned NOT NULL default '0',
  `ip` varchar(25) NOT NULL default '',
  `fecha` date NOT NULL default '0000-00-00',
  PRIMARY KEY  (`id`)
) ENGINE=InnoDB DEFAULT CHARSET=utf8;
/*!40101 SET character_set_client = @saved_cs_client */;

--
-- Dumping data for table `logsite`
--

LOCK TABLES `logsite` WRITE;
/*!40000 ALTER TABLE `logsite` DISABLE KEYS */;
/*!40000 ALTER TABLE `logsite` ENABLE KEYS */;
UNLOCK TABLES;

--
-- Table structure for table `mailing`
--

DROP TABLE IF EXISTS `mailing`;
/*!40101 SET @saved_cs_client     = @@character_set_client */;
/*!40101 SET character_set_client = utf8 */;
CREATE TABLE `mailing` (
  `id` int(10) unsigned NOT NULL auto_increment,
  `idNoticia` int(10) unsigned NOT NULL,
  `name` varchar(255) NOT NULL,
  `html` text,
  `startDate` datetime default NULL,
  `endDate` datetime default NULL,
  `totalReceivers` int(10) unsigned NOT NULL,
  `state` tinyint(3) unsigned NOT NULL,
  `receiversLog` text,
  PRIMARY KEY  (`id`),
  KEY `idNoticia` (`idNoticia`),
  CONSTRAINT `mailing_ibfk_1` FOREIGN KEY (`idNoticia`) REFERENCES `noticia` (`id`) ON DELETE CASCADE
) ENGINE=InnoDB DEFAULT CHARSET=utf8;
/*!40101 SET character_set_client = @saved_cs_client */;

--
-- Dumping data for table `mailing`
--

LOCK TABLES `mailing` WRITE;
/*!40000 ALTER TABLE `mailing` DISABLE KEYS */;
/*!40000 ALTER TABLE `mailing` ENABLE KEYS */;
UNLOCK TABLES;

--
-- Table structure for table `mailing_user`
--

DROP TABLE IF EXISTS `mailing_user`;
/*!40101 SET @saved_cs_client     = @@character_set_client */;
/*!40101 SET character_set_client = utf8 */;
CREATE TABLE `mailing_user` (
  `id` int(10) unsigned NOT NULL auto_increment,
  `idMailing` int(10) unsigned NOT NULL,
  `idUser` int(10) unsigned NOT NULL,
  `mail` varchar(255) NOT NULL default '',
  `name` varchar(255) NOT NULL default '',
  PRIMARY KEY  (`id`),
  KEY `idMailing` (`idMailing`),
  KEY `idUser` (`idUser`),
  CONSTRAINT `mailing_user_ibfk_1` FOREIGN KEY (`idMailing`) REFERENCES `mailing` (`id`) ON DELETE CASCADE,
  CONSTRAINT `mailing_user_ibfk_2` FOREIGN KEY (`idUser`) REFERENCES `persona_registrada` (`id`) ON DELETE CASCADE
) ENGINE=InnoDB DEFAULT CHARSET=utf8;
/*!40101 SET character_set_client = @saved_cs_client */;

--
-- Dumping data for table `mailing_user`
--

LOCK TABLES `mailing_user` WRITE;
/*!40000 ALTER TABLE `mailing_user` DISABLE KEYS */;
/*!40000 ALTER TABLE `mailing_user` ENABLE KEYS */;
UNLOCK TABLES;

--
-- Table structure for table `menudetalle`
--

DROP TABLE IF EXISTS `menudetalle`;
/*!40101 SET @saved_cs_client     = @@character_set_client */;
/*!40101 SET character_set_client = utf8 */;
CREATE TABLE `menudetalle` (
  `id` int(10) unsigned NOT NULL auto_increment,
  `idMenu` int(10) unsigned NOT NULL,
  `idParent` int(10) unsigned default NULL,
  `titulo` varchar(255) NOT NULL,
  `image` varchar(255) NOT NULL default '',
  `link` varchar(255) NOT NULL,
  `targetSelf` tinyint(4) NOT NULL default '0',
  `pos` int(10) unsigned NOT NULL,
  PRIMARY KEY  (`id`),
  KEY `idMenu` (`idMenu`),
  KEY `idParent` (`idParent`),
  CONSTRAINT `menudetalle_ibfk_1` FOREIGN KEY (`idMenu`) REFERENCES `menus` (`id`) ON DELETE CASCADE,
  CONSTRAINT `menudetalle_ibfk_2` FOREIGN KEY (`idParent`) REFERENCES `menudetalle` (`id`) ON DELETE CASCADE
) ENGINE=InnoDB AUTO_INCREMENT=269 DEFAULT CHARSET=utf8;
/*!40101 SET character_set_client = @saved_cs_client */;

--
-- Dumping data for table `menudetalle`
--

LOCK TABLES `menudetalle` WRITE;
/*!40000 ALTER TABLE `menudetalle` DISABLE KEYS */;
INSERT INTO `menudetalle` VALUES (1,1,NULL,'l\'institut','','http://www.institutocefer.com/fr/institut.php',0,2),(2,1,NULL,'que faisons-nous?','','http://www.institutocefer.com/fr/que-faisons-nous.php',0,2),(3,1,NULL,'couples','','http://www.institutocefer.com/fr/couples.php',0,2),(4,1,NULL,'mères célibataires','','http://www.institutocefer.com/fr/les-meres-celibataires.php',0,2),(6,2,NULL,'Bienvenue','','http://www.institutocefer.com/fr/bienvenue.php',0,1),(7,2,NULL,'10 raisons de venir à Cefer','','http://www.institutocefer.com/fr/10-Raisons-pour-choisir-cefer.php',0,2),(8,2,NULL,'Histoire et l\'expérience','','http://www.institutocefer.com/fr/histoire-et-experience.php',0,3),(9,2,NULL,'Biologie médicale','2009/11/arrow_submenu.gif','#',0,4),(10,2,9,'Équipe médicale à Barcelone','','http://www.institutocefer.com/fr/equipe-medicale-a-barcelone.php',0,1),(11,2,9,'Équipe médicale à Valencia','','http://www.institutocefer.com/fr/equipe-medicale-a-valencia.php',0,2),(12,2,9,'Équipe médicale à Lleida','','http://www.institutocefer.com/fr/equipe-medicale-a-lleida.php',0,3),(13,2,NULL,'Nos installations','2009/11/arrow_submenu.gif','#',0,5),(14,2,13,'Nos installations à Barcelone','','http://www.institutocefer.com/fr/nos-installations-a-barcelone.php',0,1),(15,2,13,'Nos installations à Valencia','','http://www.institutocefer.com/fr/nos-installations-a-valencia.php',0,2),(16,2,13,'Nos installations à Lleida','','http://www.institutocefer.com/fr/nos-installations-a-lleida.php',0,3),(17,2,NULL,'Engagement Qualité','','http://www.institutocefer.com/fr/engagement-qualite.php',0,6),(18,2,NULL,'Contact','','http://www.institutocefer.com/fr/contact.php',0,7),(19,2,NULL,'FAQ','','http://www.institutocefer.com/fr/faq.php',0,8),(20,2,NULL,'Recherche','','http://www.institutocefer.com/fr/rechercher.php',0,9),(21,2,NULL,'Informations Touristique','2009/11/arrow_submenu.gif','#',0,10),(22,2,21,'Tourisme à Barcelone','2009/11/arrow_submenu.gif','#',0,1),(23,2,21,'Tourisme à Valencia','','http://www.institutocefer.com/fr/tourisme-a-valencia.php',0,2),(24,2,21,'Tourisme à Lleida','','http://www.institutocefer.com/fr/tourisme-a-lleida.php',0,3),(25,3,26,'L\'infertilité féminine','','http://www.institutocefer.com/fr/infertilite-feminine.php',0,1),(26,3,NULL,'Études de stérilité','2009/11/arrow_submenu.gif','http://www.institutocefer.com/fr/etudes-de-sterilite.php',0,1),(27,3,26,'Stérilité masculine','','http://www.institutocefer.com/fr/sterilite-masculine.php',0,2),(28,3,NULL,'Banque de sperme','2009/11/arrow_submenu.gif','#',0,2),(29,3,28,'Donneur anonyme','','http://www.institutocefer.com/fr/donateur-anonyme.php',0,1),(30,3,28,'Congélation de sperme','','http://www.institutocefer.com/fr/la-congelation-de-sperme.php',0,2),(31,3,NULL,'Insémination artificielle','','http://www.institutocefer.com/fr/insemination-artificielle.php',0,3),(32,3,NULL,'Fécondation in vitro','','http://www.institutocefer.com/fr/fecondation-in-vitro.php',0,4),(33,3,NULL,'Ménopause, don d\'ovules','','http://www.institutocefer.com/fr/recevoir-des-ovocytes-de-donneuses.php',0,5),(34,3,NULL,'Congélation des ovules','','http://www.institutocefer.com/fr/congelation-des-ovules.php',0,6),(35,3,NULL,'Banque d\'embryons','','http://www.institutocefer.com/fr/banque-embryons.php',0,7),(36,3,NULL,'DGP','','http://www.institutocefer.com/fr/dgp.php',0,10),(37,3,NULL,'Lavage de sperme','','http://www.institutocefer.com/fr/lavage-de-sperme.php',0,11),(38,3,NULL,'Soutien psychologique','','http://www.institutocefer.com/fr/soutien-psychologique.php',0,12),(39,3,NULL,'FAQ','','http://www.institutocefer.com/fr/qh-faq.php',0,13),(40,3,NULL,'Contact','','http://www.institutocefer.com/fr/contact.php',0,14),(41,4,NULL,'Études de stérilité','2009/11/arrow_submenu.gif','#',0,2),(43,4,41,'L\'infertilité féminine','','http://www.institutocefer.com/fr/couples-infertilite-feminine.php',0,2),(44,4,41,'Stérilité masculine','','http://www.institutocefer.com/fr/couples-sterilite-masculine.php',0,3),(45,4,NULL,'Fausses-couches répétées','','http://www.institutocefer.com/fr/avortements-repetes.php',0,2),(46,4,NULL,'Azoospermie','','http://www.institutocefer.com/fr/azoospermie-apres-une-vasectomie.php',0,2),(47,4,NULL,'Banque de sperme','2009/11/arrow_submenu.gif','#',0,2),(48,4,47,'Donneur anonyme','','http://www.institutocefer.com/fr/couples-donateur-anonyme.php',0,2),(49,4,47,'Congélation de sperme','','http://www.institutocefer.com/fr/couples-la-congelation-de-sperme.php',0,3),(50,4,NULL,'Ménopause, don d\'ovules','','http://www.institutocefer.com/fr/la-menopause-a-fait-don-oeufs.php',0,2),(51,4,NULL,'Couples sérodifférents','2009/11/arrow_submenu.gif','#',0,2),(52,4,51,'Lavage de sperme','','http://www.institutocefer.com/fr/couples-lavage-de-sperme.php',0,2),(53,4,51,'Femmes séropositives','','http://www.institutocefer.com/fr/femmes-seropositives.php',0,2),(54,4,NULL,'DGP','','http://www.institutocefer.com/fr/couples-dgp.php',0,2),(55,4,NULL,'Fécondation in vitro','','http://www.institutocefer.com/fr/couples-fecondation-in-vitro.php',0,2),(56,4,NULL,'Insémination artificielle','','http://www.institutocefer.com/fr/couples-insemination-artificielle.php',0,2),(57,4,NULL,'Couples de lesbiennes','','http://www.institutocefer.com/fr/couples-de-lesbiennes.php',0,2),(58,4,NULL,'FAQ','','http://www.institutocefer.com/fr/couples-faq.php',0,2),(59,4,NULL,'Contact','','http://www.institutocefer.com/fr/contact.php',0,2),(60,5,NULL,'Singles','','http://www.institutocefer.com/fr/couples-singles.php',0,2),(61,5,NULL,'Sperme de donneur anonyme','','http://www.institutocefer.com/fr/sperme-de-donneur-anonyme.php',0,2),(62,5,NULL,'Insémination artificielle','','http://www.institutocefer.com/fr/meres-celibataires-insemination-artificielle.php',0,2),(63,5,NULL,'Couples de lesbiennes','','http://www.institutocefer.com/fr/meres-celibataires-couples de lesbiennes.php',0,2),(64,5,NULL,'Congélation des ovules','','http://www.institutocefer.com/fr/meres-celibataires-congelation-des-ovules.php',0,2),(65,5,NULL,'Adoption d\'oeufs','','http://www.institutocefer.com/fr/meres-celibataires-adoption-oeufs.php',0,2),(67,5,NULL,'Fausses-couches répétées','','http://www.institutocefer.com/fr/meres-celibataires-avortements-repetes.php',0,2),(68,5,NULL,'Ménopause, don d\'ovules','','http://www.institutocefer.com/fr/meres-celibataires-menopause.php',0,2),(69,5,NULL,'L\'infertilité féminine','','http://www.institutocefer.com/fr/meres-celibataires-infertilitee-feminine.php',0,2),(70,5,NULL,'Femme séropositive','','http://www.institutocefer.com/fr/meres-celibataires-femme-seropositive.php',0,2),(71,5,NULL,'Soutien psychologique','','http://www.institutocefer.com/fr/meres-celibataires-soutien-psychologique.php',0,2),(72,5,NULL,'FAQ','','http://www.institutocefer.com/fr/meres-celibataires-faq.php',0,2),(73,5,NULL,'Contact','','http://www.institutocefer.com/fr/contact.php',0,2),(74,6,NULL,'Donneurs de sperme','','http://www.institutocefer.com/fr/les-donneurs-de-sperme.php',0,1),(75,6,NULL,'Don d\'ovules','','http://www.institutocefer.com/fr/don-ovules.php',0,2),(96,2,22,'Hébergement','','http://www.institutocefer.com/fr/hebergement.php',0,2),(97,2,22,'Numéros de téléphones utiles','','http://www.institutocefer.com/fr/numeros-de-telephones-utiles.php',0,3),(98,2,22,'Visite de la ville','','http://www.institutocefer.com/fr/visite-de-la-ville.php',0,4),(99,3,NULL,'EmbryoScope','','http://www.institutocefer.com/fr/embryoscope.php',0,8),(183,3,NULL,'Nouvelles','','http://www.institutocefer.com/fr/nouvelles.php',0,2),(184,3,NULL,'IMSI','','http://www.institutocefer.com/fr/IMSI.php',0,9),(268,1,NULL,'nouvelles','','http://www.institutocefer.com/fr/nouvelles.php',0,2);
/*!40000 ALTER TABLE `menudetalle` ENABLE KEYS */;
UNLOCK TABLES;

--
-- Table structure for table `menus`
--

DROP TABLE IF EXISTS `menus`;
/*!40101 SET @saved_cs_client     = @@character_set_client */;
/*!40101 SET character_set_client = utf8 */;
CREATE TABLE `menus` (
  `id` int(10) unsigned NOT NULL auto_increment,
  `nombre` varchar(255) NOT NULL,
  `formato` tinyint(3) unsigned NOT NULL,
  `css` text,
  `animaciones` tinyint(3) unsigned NOT NULL,
  `have_state` tinyint(3) unsigned NOT NULL,
  `fechaAlta` datetime NOT NULL default '0000-00-00 00:00:00',
  `fechaPublicacion` datetime default NULL,
  `fechaModificacion` datetime default NULL,
  `useState` tinyint(4) NOT NULL default '0',
  PRIMARY KEY  (`id`)
) ENGINE=InnoDB AUTO_INCREMENT=7 DEFAULT CHARSET=utf8;
/*!40101 SET character_set_client = @saved_cs_client */;

--
-- Dumping data for table `menus`
--

LOCK TABLES `menus` WRITE;
/*!40000 ALTER TABLE `menus` DISABLE KEYS */;
INSERT INTO `menus` VALUES (1,'Menu Cabecera Horizontal',0,'%2F%2A+Navigation+%2A%2F%0D%0A%0D%0A%0D%0A.nav_1+%7Bbackground%3A%23EBEBEB%3B%7D%0D%0A.nav_1+%7B%7D%0D%0A.nav_1+img+%7Bdisplay%3Anone%3B%7D%0D%0A%0D%0A%2F%2A+First+Level+%2A%2F%0D%0A.nav_1+ul+%7Bmargin%3A0%3B+padding%3A0%3B+list-style-type%3Anone%3B+position%3Arelative%3B%7D%0D%0A.nav_1+ul+li+%7Bfloat%3Aleft%3B+position%3Arelative%3B+margin-right%3A1px%3B+color%3Ainherit%3B+font-size%3A11px%3B%7D%0D%0A%0D%0A%2F%2A+Links+Std+%2A%2F%0D%0A.nav_1+ul+li+a%3Alink%2C+.nav_1+ul+li+a%3Aactive%2C+.nav_1+ul+li+a%3Avisited+%7Bdisplay%3Ablock%3B+padding%3A9px+14px%3B+color%3A%23de3348%3B+background%3Ainherit%3B+font-size%3A15px%3B+font-weight%3A700%3B+font-family%3A+Arial%2C+verdana%2C+Helvetica%2C+sans-serif%3B+vertical-align%3Amiddle%3B+border-right%3A1px+solid+%23ccc%3B%7D%0D%0A.nav_1+ul+li+a%3Ahover+%7Bcolor%3A%23de3348%3B+background%3Aurl%28http%3A%2F%2Fwww.institutocefer.com%2Fes%2Fimages%2Fbg_menu_head.gif%29+repeat-x+bottom%3B%7D%0D%0A%0D%0A%2F%2A+Links+Normal+%2A%2F%0D%0A.nav_1+ul+li.nav_1_item_n+a%3Alink%2C+.nav_1+ul+li.nav_1_item_n+a%3Aactive%2C+.nav_1+ul+li.nav_1_item_n+a%3Avisited+%7B%7D%0D%0A.nav_1+ul+li.nav_1_item_n+a%3Ahover+%7B%7D%0D%0A%0D%0A%2F%2A+Links+Selected+%2A%2F%0D%0A.nav_1+ul+li.nav_1_item_s+a%3Alink%2C+.nav_1+ul+li.nav_1_item_s+a%3Aactive%2C+.nav_1+ul+li.nav_1_item_s+a%3Avisited+%7Bbackground%3Aurl%28http%3A%2F%2Fwww.institutocefer.com%2Fes%2Fimages%2Fbg_menu_head.gif%29+repeat-x+bottom%3B%7D%0D%0A.nav_1+ul+li.nav_1_item_s+a%3Ahover+%7Bbackground%3Aurl%28http%3A%2F%2Fwww.institutocefer.com%2Fes%2Fimages%2Fbg_menu_head.gif%29+repeat-x+bottom%3B%7D%0D%0A%0D%0A',0,1,'2009-11-19 00:00:00','2013-02-28 10:34:26','2013-02-28 10:30:49',0),(2,'Menú vertical el Instituto',0,'%2F%2A+Navigation+%2A%2F%0D%0A.content_menu_2+%7B%7D%0D%0A.nav_2+%7B%7D%0D%0A%0D%0A.nav_2+img+%7Bfloat%3Aright%3B+margin-top%3A3px%3B%7D%0D%0A%2F%2A+First+Level+%2A%2F%0D%0A.nav_2+ul+%7Bmargin%3A0%3B+padding%3A0%3B+list-style-type%3Anone%3B+position%3Arelative%3B+border-top%3A1px+solid+%23d4d4d4%3B%7D%0D%0A.nav_2+ul+li+%7Bmargin%3A0%3B+padding%3A0%3B+position%3Arelative%3B+color%3Ainherit%3B+font-size%3A12px%3B+width%3A100%25%3B%7D%0D%0A%0D%0A%2F%2A+Links+Std+%2A%2F%0D%0A.nav_2+ul+li+a%3Alink%2C+.nav_2+ul+li+a%3Aactive%2C+.nav_2+ul+li+a%3Avisited+%7Bdisplay%3Ablock%3B+padding%3A15px+5px%3B+color%3A%23000%3B+background%3A%23f5f5f5%3B+border-top%3A1px+solid+%23fff%3B+border-bottom%3A1px+solid+%23d4d4d4%3B+border-left%3A1px+solid+%23d4d4d4%3B+border-right%3A1px+solid+%23d4d4d4%3B%7D%0D%0A.nav_2+ul+li+a%3Ahover+%7Bdisplay%3Ablock%3B+color%3A%23000%3B+background%3A%23e9e9e9%3B%7D%0D%0A%0D%0A%2F%2A+Links+Normal+%2A%2F%0D%0A.nav_2+ul+li.nav_2_item_n+a%3Alink%2C+.nav_2+ul+li.nav_2_item_n+a%3Aactive%2C+.nav_2+ul+li.nav_2_item_n+a%3Avisited+%7B%7D%0D%0A.nav_2+ul+li.nav_2_item_n+a%3Ahover+%7B%7D%0D%0A%0D%0A%2F%2A+Links+Selected+%2A%2F%0D%0A.nav_2+ul+li.nav_2_item_s+a%3Alink%2C+.nav_2+ul+li.nav_2_item_s+a%3Aactive%2C+.nav_2+ul+li.nav_2_item_s+a%3Avisited+%7Bdisplay%3Ablock%3B+color%3A%23C90000%3B+background%3A%23e9e9e9%3B%7D%0D%0A.nav_2+ul+li.nav_2_item_s+a%3Ahover+%7Bdisplay%3Ablock%3B+background%3A%23e9e9e9%3B%7D%0D%0A%0D%0A%2F%2A+Second+Level+%2A%2F%0D%0A.nav_2+ul+ul+%7Bvisibility%3Ahidden%3B+position%3Aabsolute%3B+top%3A-1px%3B+left%3A193px%3B++margin%3A0%3B+padding%3A0%3B+background%3A%23FFF%3B+border-top%3A1px+solid+%23d4d4d4%3B%7D%0D%0A.nav_2+ul+ul+li.nav_2_item_n+%7Bwidth%3A190px%3B+position%3A+relative%3B%7D%0D%0A.nav_2+ul+ul+li.nav_2_item_s+%7Bwidth%3A190px%3B+position%3A+relative%3B+%7D%0D%0A%0D%0A%2F%2A+Links+Std+Second+Level+%2A%2F%0D%0A.nav_2+ul+ul+li.nav_2_item_n+a%3Alink%2C+.nav_2+ul+ul+li.nav_2_item_n+a%3Aactive%2C+.nav_2+ul+ul+li.nav_2_item_n+a%3Avisited+%7Bdisplay%3Ablock%3B+padding%3A15px+5px%3B+color%3A%23000%3B+background%3A%23f5f5f5%3B+border-top%3A1px+solid+%23fff%3B+border-bottom%3A1px+solid+%23d4d4d4%3B+border-left%3A1px+solid+%23d4d4d4%3B+border-right%3A1px+solid+%23d4d4d4%3B%7D%0D%0A.nav_2+ul+ul+li.nav_2_item_n+a%3Ahover+%7Bdisplay%3Ablock%3B+color%3A%23000%3B+background%3A%23e9e9e9%3B%7D',1,1,'2009-11-20 00:00:00','2009-12-14 13:37:02','2009-12-09 17:31:36',0),(3,'Menú vertical ¿Qué hacemos?',0,'%2F%2A+Navigation+%2A%2F%0D%0A.content_menu_3+%7B%7D%0D%0A.nav_3+%7B%7D%0D%0A%0D%0A.nav_3+img+%7Bfloat%3Aright%3B+margin-top%3A3px%3B%7D%0D%0A%2F%2A+First+Level+%2A%2F%0D%0A.nav_3+ul+%7Bmargin%3A0%3B+padding%3A0%3B+list-style-type%3Anone%3B+position%3Arelative%3B+border-top%3A1px+solid+%23d4d4d4%3B%7D%0D%0A.nav_3+ul+li+%7Bmargin%3A0%3B+padding%3A0%3B+position%3Arelative%3B+color%3Ainherit%3B+font-size%3A12px%3B+width%3A100%25%3B%7D%0D%0A%0D%0A%2F%2A+Links+Std+%2A%2F%0D%0A.nav_3+ul+li+a%3Alink%2C+.nav_3+ul+li+a%3Aactive%2C+.nav_3+ul+li+a%3Avisited+%7Bdisplay%3Ablock%3B+padding%3A15px+5px%3B+color%3A%23000%3B+background%3A%23f5f5f5%3B+border-top%3A1px+solid+%23fff%3B+border-bottom%3A1px+solid+%23d4d4d4%3B+border-left%3A1px+solid+%23d4d4d4%3B+border-right%3A1px+solid+%23d4d4d4%3B%7D%0D%0A.nav_3+ul+li+a%3Ahover+%7Bdisplay%3Ablock%3B+color%3A%23000%3B+background%3A%23e9e9e9%3B%7D%0D%0A%0D%0A%2F%2A+Links+Normal+%2A%2F%0D%0A.nav_3+ul+li.nav_3_item_n+a%3Alink%2C+.nav_3+ul+li.nav_3_item_n+a%3Aactive%2C+.nav_3+ul+li.nav_3_item_n+a%3Avisited+%7B%7D%0D%0A.nav_3+ul+li.nav_3_item_n+a%3Ahover+%7B%7D%0D%0A%0D%0A%2F%2A+Links+Selected+%2A%2F%0D%0A.nav_3+ul+li.nav_3_item_s+a%3Alink%2C+.nav_3+ul+li.nav_3_item_s+a%3Aactive%2C+.nav_3+ul+li.nav_3_item_s+a%3Avisited+%7Bcolor%3A%23C90000%3B+background%3A%23e9e9e9%3B%7D%0D%0A.nav_3+ul+li.nav_3_item_s+a%3Ahover+%7Bbackground%3A%23e9e9e9%3B%7D%0D%0A%0D%0A%2F%2A+Second+Level+%2A%2F%0D%0A.nav_3+ul+ul+%7Bvisibility%3Ahidden%3B+position%3Aabsolute%3B+top%3A-1px%3B+left%3A193px%3B++margin%3A0%3B+padding%3A0%3B+background%3A%23FFF%3B+border-top%3A1px+solid+%23d4d4d4%3B%7D%0D%0A.nav_3+ul+ul+li.nav_3_item_n+%7Bwidth%3A190px%3B+position%3A+relative%3B%7D%0D%0A.nav_3+ul+ul+li.nav_3_item_s+%7Bwidth%3A190px%3B+position%3A+relative%3B+%7D%0D%0A%0D%0A%2F%2A+Links+Std+Second+Level+%2A%2F%0D%0A.nav_3+ul+ul+li.nav_3_item_n+a%3Alink%2C+.nav_3+ul+ul+li.nav_3_item_n+a%3Aactive%2C+.nav_3+ul+ul+li.nav_3_item_n+a%3Avisited+%7Bdisplay%3Ablock%3B+padding%3A15px+5px%3B+color%3A%23000%3B+background%3A%23f5f5f5%3B+border-top%3A1px+solid+%23fff%3B+border-bottom%3A1px+solid+%23d4d4d4%3B+border-left%3A1px+solid+%23d4d4d4%3B+border-right%3A1px+solid+%23d4d4d4%3B%7D%0D%0A.nav_3+ul+ul+li.nav_3_item_n+a%3Ahover+%7Bdisplay%3Ablock%3B+color%3A%23000%3B+background%3A%23e9e9e9%3B%7D',1,1,'2009-11-20 00:00:00','2012-12-04 10:57:52','2012-12-04 10:54:10',0),(4,'Menú vertical parejas',0,'%2F%2A+Navigation+%2A%2F%0D%0A.content_menu_4+%7B%7D%0D%0A.nav_4+%7B%7D%0D%0A%0D%0A.nav_4+img+%7Bfloat%3Aright%3B+margin-top%3A3px%3B%7D%0D%0A%2F%2A+First+Level+%2A%2F%0D%0A.nav_4+ul+%7Bmargin%3A0%3B+padding%3A0%3B+list-style-type%3Anone%3B+position%3Arelative%3B+border-top%3A1px+solid+%23d4d4d4%3B%7D%0D%0A.nav_4+ul+li+%7Bmargin%3A0%3B+padding%3A0%3B+position%3Arelative%3B+color%3Ainherit%3B+font-size%3A12px%3B+width%3A100%25%3B%7D%0D%0A%0D%0A%0D%0A%2F%2A+Links+Std+%2A%2F%0D%0A.nav_4+ul+li+a%3Alink%2C+.nav_4+ul+li+a%3Aactive%2C+.nav_4+ul+li+a%3Avisited+%7Bdisplay%3Ablock%3B+padding%3A15px+5px%3B+color%3A%23000%3B+background%3A%23f5f5f5%3B+border-top%3A1px+solid+%23fff%3B+border-bottom%3A1px+solid+%23d4d4d4%3B+border-left%3A1px+solid+%23d4d4d4%3B+border-right%3A1px+solid+%23d4d4d4%3B%7D%0D%0A.nav_4+ul+li+a%3Ahover+%7Bdisplay%3Ablock%3B+color%3A%23000%3B+background%3A%23e9e9e9%3B%7D%0D%0A%0D%0A%2F%2A+Links+Normal+%2A%2F%0D%0A.nav_4+ul+li.nav_4_item_n+a%3Alink%2C+.nav_4+ul+li.nav_4_item_n+a%3Aactive%2C+.nav_4+ul+li.nav_4_item_n+a%3Avisited+%7B%7D%0D%0A.nav_4+ul+li.nav_4_item_n+a%3Ahover+%7B%7D%0D%0A%0D%0A%2F%2A+Links+Selected+%2A%2F%0D%0A.nav_4+ul+li.nav_4_item_s+a%3Alink%2C+.nav_4+ul+li.nav_3_item_s+a%3Aactive%2C+.nav_4+ul+li.nav_4_item_s+a%3Avisited+%7Bcolor%3A%23C90000%3B+background%3A%23e9e9e9%3B%7D%0D%0A.nav_4+ul+li.nav_4_item_s+a%3Ahover+%7Bbackground%3A%23e9e9e9%3B%7D%0D%0A%0D%0A%2F%2A+Second+Level+%2A%2F%0D%0A.nav_4+ul+ul+%7Bvisibility%3Ahidden%3B+position%3Aabsolute%3B+top%3A-1px%3B+left%3A193px%3B++margin%3A0%3B+padding%3A0%3B+background%3A%23FFF%3B+border-top%3A1px+solid+%23d4d4d4%3B%7D%0D%0A.nav_4+ul+ul+li.nav_4_item_n+%7Bwidth%3A190px%3B+position%3A+relative%3B%7D%0D%0A.nav_4+ul+ul+li.nav_4_item_s+%7Bwidth%3A190px%3B+position%3A+relative%3B+%7D%0D%0A%0D%0A%2F%2A+Links+Std+Second+Level+%2A%2F%0D%0A.nav_4+ul+ul+li.nav_4_item_n+a%3Alink%2C+.nav_4+ul+ul+li.nav_4_item_n+a%3Aactive%2C+.nav_4+ul+ul+li.nav_4_item_n+a%3Avisited+%7Bdisplay%3Ablock%3B+padding%3A15px+5px%3B+color%3A%23000%3B+background%3A%23f5f5f5%3B+border-top%3A1px+solid+%23fff%3B+border-bottom%3A1px+solid+%23d4d4d4%3B+border-left%3A1px+solid+%23d4d4d4%3B+border-right%3A1px+solid+%23d4d4d4%3B%7D%0D%0A.nav_4+ul+ul+li.nav_4_item_n+a%3Ahover+%7Bdisplay%3Ablock%3B+color%3A%23000%3B+background%3A%23e9e9e9%3B%7D',1,1,'2009-11-20 00:00:00','2013-01-02 12:55:27','2013-01-02 12:52:30',0),(5,'Menú vertical madres solteras',0,'%2F%2A+Navigation+%2A%2F%0D%0A.content_menu_5%7B%7D%0D%0A.nav_5+%7B%7D%0D%0A%0D%0A.nav_5+img+%7Bfloat%3Aright%3B+margin-top%3A3px%3B%7D%0D%0A%2F%2A+First+Level+%2A%2F%0D%0A.nav_5+ul+%7Bmargin%3A0%3B+padding%3A0%3B+list-style-type%3Anone%3B+position%3Arelative%3B+border-top%3A1px+solid+%23d4d4d4%3B%7D%0D%0A.nav_5+ul+li+%7Bmargin%3A0%3B+padding%3A0%3B+position%3Arelative%3B+color%3Ainherit%3B+font-size%3A12px%3B+width%3A100%25%3B%7D%0D%0A%0D%0A%0D%0A%2F%2A+Links+Std+%2A%2F%0D%0A.nav_5+ul+li+a%3Alink%2C+.nav_5+ul+li+a%3Aactive%2C+.nav_5+ul+li+a%3Avisited+%7Bdisplay%3Ablock%3B+padding%3A15px+5px%3B+color%3A%23000%3B+background%3A%23f5f5f5%3B+border-top%3A1px+solid+%23fff%3B+border-bottom%3A1px+solid+%23d4d4d4%3B+border-left%3A1px+solid+%23d4d4d4%3B+border-right%3A1px+solid+%23d4d4d4%3B%7D%0D%0A.nav_5+ul+li+a%3Ahover+%7Bdisplay%3Ablock%3B+color%3A%23000%3B+background%3A%23e9e9e9%3B%7D%0D%0A%0D%0A%2F%2A+Links+Normal+%2A%2F%0D%0A.nav_5+ul+li.nav_5_item_n+a%3Alink%2C+.nav_5+ul+li.nav_5_item_n+a%3Aactive%2C+.nav_5+ul+li.nav_5_item_n+a%3Avisited+%7B%7D%0D%0A.nav_5+ul+li.nav_5_item_n+a%3Ahover+%7B%7D%0D%0A%0D%0A%2F%2A+Links+Selected+%2A%2F%0D%0A.nav_5+ul+li.nav_5_item_s+a%3Alink%2C+.nav_5+ul+li.nav_3_item_s+a%3Aactive%2C+.nav_5+ul+li.nav_5_item_s+a%3Avisited+%7Bcolor%3A%23C90000%3B+background%3A%23e9e9e9%3B%7D%0D%0A.nav_5+ul+li.nav_5_item_s+a%3Ahover+%7Bbackground%3A%23e9e9e9%3B%7D%0D%0A%0D%0A%2F%2A+Second+Level+%2A%2F%0D%0A.nav_5+ul+ul+%7Bvisibility%3Ahidden%3B+position%3Aabsolute%3B+top%3A-1px%3B+left%3A193px%3B++margin%3A0%3B+padding%3A0%3B+background%3A%23FFF%3B+border-top%3A1px+solid+%23d4d4d4%3B%7D%0D%0A.nav_5+ul+ul+li.nav_5_item_n+%7Bwidth%3A190px%3B+position%3A+relative%3B%7D%0D%0A.nav_5+ul+ul+li.nav_5_item_s+%7Bwidth%3A190px%3B+position%3A+relative%3B+%7D%0D%0A%0D%0A%2F%2A+Links+Std+Second+Level+%2A%2F%0D%0A.nav_5+ul+ul+li.nav_5_item_n+a%3Alink%2C+.nav_5+ul+ul+li.nav_5_item_n+a%3Aactive%2C+.nav_5+ul+ul+li.nav_5_item_n+a%3Avisited+%7Bdisplay%3Ablock%3B+padding%3A15px+5px%3B+color%3A%23000%3B+background%3A%23f5f5f5%3B+border-top%3A1px+solid+%23fff%3B+border-bottom%3A1px+solid+%23d4d4d4%3B+border-left%3A1px+solid+%23d4d4d4%3B+border-right%3A1px+solid+%23d4d4d4%3B%7D%0D%0A.nav_5+ul+ul+li.nav_5_item_n+a%3Ahover+%7Bdisplay%3Ablock%3B+color%3A%23000%3B+background%3A%23e9e9e9%3B%7D',1,1,'2009-11-20 00:00:00','2014-03-14 06:53:55','2014-03-14 06:53:23',0),(6,'Menú vertical donantes',0,'%2F%2A+Navigation+%2A%2F%0D%0A.content_menu_6+%7B%7D%0D%0A.nav_6+%7B%7D%0D%0A%0D%0A.nav_6+img+%7Bfloat%3Aright%3B+margin-top%3A3px%3B%7D%0D%0A%2F%2A+First+Level+%2A%2F%0D%0A.nav_6+ul+%7Bmargin%3A0%3B+padding%3A0%3B+list-style-type%3Anone%3B+position%3Arelative%3B+border-top%3A1px+solid+%23d4d4d4%3B%7D%0D%0A.nav_6+ul+li+%7Bmargin%3A0%3B+padding%3A0%3B+position%3Arelative%3B+color%3Ainherit%3B+font-size%3A12px%3B+width%3A100%25%3B%7D%0D%0A%0D%0A%0D%0A%2F%2A+Links+Std+%2A%2F%0D%0A.nav_6+ul+li+a%3Alink%2C+.nav_6+ul+li+a%3Aactive%2C+.nav_6+ul+li+a%3Avisited+%7Bdisplay%3Ablock%3B+padding%3A15px+5px%3B+color%3A%23000%3B+background%3A%23f5f5f5%3B+border-top%3A1px+solid+%23fff%3B+border-bottom%3A1px+solid+%23d4d4d4%3B+border-left%3A1px+solid+%23d4d4d4%3B+border-right%3A1px+solid+%23d4d4d4%3B%7D%0D%0A.nav_6+ul+li+a%3Ahover+%7Bdisplay%3Ablock%3B+color%3A%23000%3B+background%3A%23e9e9e9%3B%7D%0D%0A%0D%0A%2F%2A+Links+Normal+%2A%2F%0D%0A.nav_6+ul+li.nav_6_item_n+a%3Alink%2C+.nav_6+ul+li.nav_6_item_n+a%3Aactive%2C+.nav_6+ul+li.nav_6_item_n+a%3Avisited+%7B%7D%0D%0A.nav_6+ul+li.nav_6_item_n+a%3Ahover+%7B%7D%0D%0A%0D%0A%2F%2A+Links+Selected+%2A%2F%0D%0A.nav_6+ul+li.nav_6_item_s+a%3Alink%2C+.nav_6+ul+li.nav_3_item_s+a%3Aactive%2C+.nav_6+ul+li.nav_6_item_s+a%3Avisited+%7Bcolor%3A%23C90000%3B+background%3A%23e9e9e9%3B%7D%0D%0A.nav_6+ul+li.nav_6_item_s+a%3Ahover+%7Bbackground%3A%23e9e9e9%3B%7D%0D%0A%0D%0A%2F%2A+Second+Level+%2A%2F%0D%0A.nav_6+ul+ul+%7Bvisibility%3Ahidden%3B+position%3Aabsolute%3B+top%3A-1px%3B+left%3A193px%3B++margin%3A0%3B+padding%3A0%3B+background%3A%23FFF%3B+border-top%3A1px+solid+%23d4d4d4%3B%7D%0D%0A.nav_6+ul+ul+li.nav_6_item_n+%7Bwidth%3A190px%3B+position%3A+relative%3B%7D%0D%0A.nav_6+ul+ul+li.nav_6_item_s+%7Bwidth%3A190px%3B+position%3A+relative%3B+%7D%0D%0A%0D%0A%2F%2A+Links+Std+Second+Level+%2A%2F%0D%0A.nav_6+ul+ul+li.nav_6_item_n+a%3Alink%2C+.nav_6+ul+ul+li.nav_6_item_n+a%3Aactive%2C+.nav_6+ul+ul+li.nav_6_item_n+a%3Avisited+%7Bdisplay%3Ablock%3B+padding%3A15px+5px%3B+color%3A%23000%3B+background%3A%23f5f5f5%3B+border-top%3A1px+solid+%23fff%3B+border-bottom%3A1px+solid+%23d4d4d4%3B+border-left%3A1px+solid+%23d4d4d4%3B+border-right%3A1px+solid+%23d4d4d4%3B%7D%0D%0A.nav_6+ul+ul+li.nav_6_item_n+a%3Ahover+%7Bdisplay%3Ablock%3B+color%3A%23000%3B+background%3A%23e9e9e9%3B%7D',1,1,'2009-11-20 00:00:00','2009-12-14 13:37:05','2009-12-09 09:48:51',0);
/*!40000 ALTER TABLE `menus` ENABLE KEYS */;
UNLOCK TABLES;

--
-- Table structure for table `notice_comment_rates`
--

DROP TABLE IF EXISTS `notice_comment_rates`;
/*!40101 SET @saved_cs_client     = @@character_set_client */;
/*!40101 SET character_set_client = utf8 */;
CREATE TABLE `notice_comment_rates` (
  `id` int(10) unsigned NOT NULL auto_increment,
  `idComment` int(10) unsigned NOT NULL,
  `counter` int(11) NOT NULL default '0',
  `counter_valuation` int(11) NOT NULL default '0',
  `valuation_accumulated` int(11) NOT NULL default '0',
  `discriminator` int(4) NOT NULL default '0',
  PRIMARY KEY  (`id`),
  KEY `idComment` (`idComment`),
  CONSTRAINT `notice_comment_rates_ibfk_1` FOREIGN KEY (`idComment`) REFERENCES `comentario` (`id`) ON DELETE CASCADE
) ENGINE=InnoDB DEFAULT CHARSET=utf8;
/*!40101 SET character_set_client = @saved_cs_client */;

--
-- Dumping data for table `notice_comment_rates`
--

LOCK TABLES `notice_comment_rates` WRITE;
/*!40000 ALTER TABLE `notice_comment_rates` DISABLE KEYS */;
/*!40000 ALTER TABLE `notice_comment_rates` ENABLE KEYS */;
UNLOCK TABLES;

--
-- Table structure for table `notice_geoinfo`
--

DROP TABLE IF EXISTS `notice_geoinfo`;
/*!40101 SET @saved_cs_client     = @@character_set_client */;
/*!40101 SET character_set_client = utf8 */;
CREATE TABLE `notice_geoinfo` (
  `id` int(10) unsigned NOT NULL auto_increment,
  `id_notice` int(10) unsigned NOT NULL default '0',
  `title` varchar(255) NOT NULL default '',
  `points` longtext NOT NULL,
  `is_polygon` tinyint(1) NOT NULL default '0',
  PRIMARY KEY  (`id`),
  KEY `id_notice` (`id_notice`),
  CONSTRAINT `notice_geoinfo_ibfk_1` FOREIGN KEY (`id_notice`) REFERENCES `noticia` (`id`) ON DELETE CASCADE
) ENGINE=InnoDB DEFAULT CHARSET=utf8;
/*!40101 SET character_set_client = @saved_cs_client */;

--
-- Dumping data for table `notice_geoinfo`
--

LOCK TABLES `notice_geoinfo` WRITE;
/*!40000 ALTER TABLE `notice_geoinfo` DISABLE KEYS */;
/*!40000 ALTER TABLE `notice_geoinfo` ENABLE KEYS */;
UNLOCK TABLES;

--
-- Table structure for table `notice_location`
--

DROP TABLE IF EXISTS `notice_location`;
/*!40101 SET @saved_cs_client     = @@character_set_client */;
/*!40101 SET character_set_client = utf8 */;
CREATE TABLE `notice_location` (
  `id` int(10) unsigned NOT NULL auto_increment,
  `id_notice` int(10) unsigned NOT NULL,
  `title` varchar(255) NOT NULL default '',
  `latitude` float NOT NULL default '0',
  `longitude` float NOT NULL default '0',
  PRIMARY KEY  (`id`),
  KEY `id_notice` (`id_notice`),
  CONSTRAINT `notice_location_ibfk_1` FOREIGN KEY (`id_notice`) REFERENCES `noticia` (`id`) ON DELETE CASCADE
) ENGINE=InnoDB DEFAULT CHARSET=utf8;
/*!40101 SET character_set_client = @saved_cs_client */;

--
-- Dumping data for table `notice_location`
--

LOCK TABLES `notice_location` WRITE;
/*!40000 ALTER TABLE `notice_location` DISABLE KEYS */;
/*!40000 ALTER TABLE `notice_location` ENABLE KEYS */;
UNLOCK TABLES;

--
-- Table structure for table `notice_rates`
--

DROP TABLE IF EXISTS `notice_rates`;
/*!40101 SET @saved_cs_client     = @@character_set_client */;
/*!40101 SET character_set_client = utf8 */;
CREATE TABLE `notice_rates` (
  `id` int(10) unsigned NOT NULL auto_increment,
  `idNotice` int(10) unsigned NOT NULL,
  `counter` int(11) NOT NULL default '0',
  `counter_valuation` int(11) NOT NULL default '0',
  `valuation_accumulated` int(11) NOT NULL default '0',
  `discriminator` int(4) NOT NULL default '0',
  PRIMARY KEY  (`id`),
  KEY `idNotice` (`idNotice`),
  CONSTRAINT `notice_rates_ibfk_1` FOREIGN KEY (`idNotice`) REFERENCES `noticia` (`id`) ON DELETE CASCADE
) ENGINE=InnoDB DEFAULT CHARSET=utf8;
/*!40101 SET character_set_client = @saved_cs_client */;

--
-- Dumping data for table `notice_rates`
--

LOCK TABLES `notice_rates` WRITE;
/*!40000 ALTER TABLE `notice_rates` DISABLE KEYS */;
/*!40000 ALTER TABLE `notice_rates` ENABLE KEYS */;
UNLOCK TABLES;

--
-- Table structure for table `noticia`
--

DROP TABLE IF EXISTS `noticia`;
/*!40101 SET @saved_cs_client     = @@character_set_client */;
/*!40101 SET character_set_client = utf8 */;
CREATE TABLE `noticia` (
  `id` int(10) unsigned NOT NULL auto_increment,
  `nombre` varchar(255) NOT NULL,
  `codigo` int(11) NOT NULL,
  `comentarios` tinyint(3) unsigned NOT NULL,
  `imprimir` tinyint(3) unsigned NOT NULL,
  `mail` tinyint(3) unsigned NOT NULL,
  `fechaAlta` date NOT NULL,
  `fechaModificacion` datetime default NULL,
  `fechaPublicacion` datetime default NULL,
  `noticia_html` text,
  `busqueda` text,
  `idPlantilla` int(10) unsigned NOT NULL,
  `idDetalle` int(11) NOT NULL,
  `fechaInicio` datetime default NULL,
  `fechaFin` date default NULL,
  `estado` int(10) unsigned NOT NULL,
  `tipo` tinyint(3) unsigned NOT NULL,
  `useFechaPublicacion` tinyint(3) unsigned NOT NULL default '1',
  `owner` int(11) NOT NULL default '-1',
  `internalViewer` varchar(255) default NULL,
  `alternativeName` varchar(255) NOT NULL,
  `showPublicationTime` tinyint(4) NOT NULL default '0',
  `showCategoryPath` tinyint(4) NOT NULL default '0',
  `showEmbeddedComments` tinyint(4) NOT NULL default '0',
  `showPromotionContentLinks` tinyint(4) NOT NULL default '0',
  `showRelatedNotices` tinyint(4) NOT NULL default '0',
  `use_vote` tinyint(4) NOT NULL default '0',
  `use_valuation` tinyint(4) NOT NULL default '0',
  PRIMARY KEY  (`id`),
  KEY `alta` (`fechaAlta`),
  KEY `fecha` (`fechaPublicacion`,`fechaModificacion`),
  KEY `idDetalle` (`idDetalle`),
  KEY `inicio` (`fechaInicio`),
  KEY `estado` (`estado`,`tipo`)
) ENGINE=InnoDB AUTO_INCREMENT=118 DEFAULT CHARSET=utf8;
/*!40101 SET character_set_client = @saved_cs_client */;

--
-- Dumping data for table `noticia`
--

LOCK TABLES `noticia` WRITE;
/*!40000 ALTER TABLE `noticia` DISABLE KEYS */;
INSERT INTO `noticia` VALUES (1,'Proves Bab',1,1,1,1,'2009-11-20','2009-11-20 11:36:28','2011-06-29 12:08:55',NULL,NULL,5,-1,'2009-11-20 11:37:13','0000-00-00',3,2,0,1,'viewer','lorem_ipsum_is_simply_dummy_text_of_the_printing_and_typesetting_industry._001',0,0,1,1,1,0,0),(2,'IMG MENU: El instituto',2,0,0,0,'2009-11-20','2009-12-10 11:42:49','2011-06-29 12:08:55',NULL,NULL,11,-1,'2009-11-20 18:20:06','0000-00-00',3,2,0,1,'viewer','img_menu__el_instituto_002',0,0,0,0,0,0,0),(3,'IMG MENU: ¿Qué hacemos?',3,0,0,0,'2009-11-20','2009-12-10 11:43:27','2011-06-29 12:08:55',NULL,NULL,11,-1,'2009-11-20 18:40:14','0000-00-00',3,2,0,1,'viewer','img_menu__que_hacemos_003',0,0,0,0,0,0,0),(4,'IMG MENU: Parejas',4,0,0,0,'2009-11-20','2009-12-10 11:44:03','2011-06-29 12:08:55',NULL,NULL,11,-1,'2009-11-20 18:50:18','0000-00-00',3,2,0,1,'viewer','img_menu__parejas_004',0,0,0,0,0,0,0),(5,'IMG MENU: Madres solteras',5,0,0,0,'2009-11-20','2009-12-10 11:45:56','2011-06-29 12:08:55',NULL,NULL,11,-1,'2009-11-20 18:50:18','0000-00-00',3,2,0,1,'viewer','img_menu__madres_solteras_005',0,0,0,0,0,0,0),(6,'IMG MENU: Donates',6,0,0,0,'2009-11-20','2009-12-10 11:45:07','2011-06-29 12:08:55',NULL,NULL,11,-1,'2009-11-20 18:50:19','0000-00-00',3,2,0,1,'viewer','img_menu__donates_006',0,0,0,0,0,0,0),(7,'COLABORADORES: Anacer',7,0,0,0,'2009-11-20','2009-11-20 19:14:47','2011-06-29 12:08:55',NULL,NULL,11,-1,'2009-11-20 19:15:03','0000-00-00',3,2,0,1,'viewer','colaboradores__anacer_007',0,0,0,0,0,0,0),(8,'PORTADA: Información',8,0,0,0,'2009-11-23','2012-10-09 17:06:18','2012-10-09 17:06:18',NULL,NULL,11,-1,'2009-11-23 14:04:19','0000-00-00',3,2,0,1,'viewer','portada__informacion_008',0,0,0,0,0,0,0),(9,'PORTADA: Donar óvulos',9,0,0,0,'2009-11-23','2010-04-09 10:49:48','2011-06-29 12:08:51',NULL,NULL,11,-1,'2009-11-23 16:55:36','0000-00-00',3,2,0,1,'viewer','portada__donar_ovulos_009',0,0,0,0,0,0,0),(10,'PORTADA: Donar semen',10,0,0,0,'2009-11-23','2010-04-09 10:51:44','2011-06-29 12:08:51',NULL,NULL,11,-1,'2009-11-23 16:56:48','0000-00-00',3,2,0,1,'viewer','portada__donar_semen_010',0,0,0,0,0,0,0),(11,'PORTADA: inseminación',11,0,0,0,'2009-11-23','2010-04-09 10:53:10','2011-06-29 12:08:51',NULL,NULL,11,-1,'2009-11-23 16:58:03','0000-00-00',3,2,0,1,'viewer','portada__inseminacion_011',0,0,0,0,0,0,0),(12,'PORTADA: Área pacientes',12,0,0,0,'2009-11-23','2013-01-14 22:53:51','2013-01-14 22:53:51',NULL,NULL,11,-1,'2009-11-23 19:16:20','0000-00-00',3,2,0,3,'viewer','portada__Area_pacientes_012',0,0,0,0,0,0,0),(13,'PORTADA: Área profesionales',13,0,0,0,'2009-11-23','2013-01-14 22:55:44','2013-01-14 22:55:44',NULL,NULL,11,-1,'2009-11-23 19:16:20','0000-00-00',3,2,0,3,'viewer','portada__Area_profesionales_013',0,0,0,0,0,0,0),(14,'CONTACTAR: Consulta online',14,0,0,0,'2009-11-23','2009-12-10 11:28:37','2011-06-29 12:08:51',NULL,NULL,11,-1,'2009-11-23 21:16:23','0000-00-00',3,2,0,1,'viewer','contactar__consulta_online_014',0,0,0,0,0,0,0),(15,'CONTACTAR: Solicitar cita',15,0,0,0,'2009-11-23','2009-12-10 11:29:37','2011-06-29 12:08:51',NULL,NULL,11,-1,'2009-11-23 21:16:23','0000-00-00',3,2,0,1,'viewer','contactar__solicitar_cita_015',0,0,0,0,0,0,0),(16,'CONTACTAR: ¿Qué debo hacer?',16,0,0,0,'2009-11-23','2009-12-10 11:30:51','2011-06-29 12:08:51',NULL,NULL,11,-1,'2009-11-23 21:16:23','0000-00-00',3,2,0,1,'viewer','contactar__que_debo_hacer_016',0,0,0,0,0,0,0),(17,'CONTACTAR: Cefer en Google',17,0,0,0,'2009-11-23','2009-12-10 11:31:45','2011-06-29 12:08:51',NULL,NULL,11,-1,'2009-11-23 21:16:24','0000-00-00',3,2,0,1,'viewer','contactar__cefer_en_google_017',0,0,0,0,0,0,0),(18,'El INSTITUTO: Bienvenida',18,0,1,1,'2009-11-26','2013-05-16 08:26:38','2013-05-16 08:26:38',NULL,NULL,2,-1,'2009-11-26 13:54:07','0000-00-00',3,2,0,3,'viewer','bienvenue_a_l_institut_cefer_018',0,0,0,0,0,0,0),(19,'El INSTITUTO: Historia y experiencia',19,0,1,1,'2009-11-26','2011-08-24 11:27:25','2011-08-24 11:27:25',NULL,NULL,3,-1,'2009-11-26 14:21:05','0000-00-00',3,2,0,3,'viewer','l_histoire_et_l_experience_de_l_institut_cefer_019',0,0,0,1,0,0,0),(20,'El INSTITUTO: 10 razones para venir a Cefer',20,0,1,1,'2009-11-26','2011-08-24 11:21:28','2011-08-24 11:21:28',NULL,NULL,3,-1,'2009-11-26 14:26:11','0000-00-00',3,2,0,3,'viewer','10_raisons_pour_choisir_cefer_020',0,0,0,0,0,0,0),(21,'El INSTITUTO: El equipo: Dr. Simón Marina',21,0,1,1,'2009-11-26','2009-12-09 10:27:45','2011-06-29 12:08:44',NULL,NULL,2,-1,'2009-11-26 16:27:53','0000-00-00',3,2,0,1,'viewer','dr._simon_marina_avendano_(directeur_medical_de_l_institut_de_reproduction_cefer)_021',0,0,0,0,0,0,0),(22,'El INSTITUTO: El equipo: Dr. David Marina Roncero',22,0,1,1,'2009-11-26','2009-12-09 10:30:24','2011-06-29 12:08:44',NULL,NULL,2,-1,'2009-11-26 16:29:48','0000-00-00',3,2,0,1,'viewer','dr._david_marina_roncero_(andrologue_de_l_institut_de_reproduction_cefer)_022',0,0,0,0,0,0,0),(23,'El INSTITUTO: El equipo: Dr. Fernando Marina',23,0,1,1,'2009-11-26','2009-12-09 10:32:29','2011-06-29 12:08:44',NULL,NULL,2,-1,'2009-11-26 16:34:50','0000-00-00',3,2,0,1,'viewer','dr._fernando_marina_rugero_(autorite_du_laboratoire_de_fiv-icsi_institut_de_reproduction_cefer)_023',0,0,0,0,0,0,0),(24,'El INSTITUTO: El equipo: Dra. Immaculada Jové ',24,0,1,1,'2009-11-26','2009-12-09 10:34:11','2011-06-29 12:08:44',NULL,NULL,2,-1,'2009-11-26 16:36:55','0000-00-00',3,2,0,1,'viewer','dra._immaculada_jove_i_alegre_(gynecologue_de_l_institut_de_reproduction_cefer)_024',0,0,0,0,0,0,0),(25,'El INSTITUTO: El equipo: Dr. Xavier Garcia Parra',25,0,1,1,'2009-11-26','2010-02-22 14:30:27','2011-06-29 12:08:28',NULL,NULL,2,-1,'2009-11-26 16:40:28','0000-00-00',3,2,0,3,'viewer','dr._xavier_garcia-parra_rodriguez_(gynecologue_de_l_institut_de_reproduction_cefer)_025',0,0,0,0,0,0,0),(26,'El INSTITUTO: El equipo: Dra. Susana Egozcue ',26,0,1,1,'2009-11-26','2009-12-09 10:39:00','2011-06-29 12:08:40',NULL,NULL,2,-1,'2009-11-26 16:43:35','0000-00-00',3,2,0,1,'viewer','dra._susana_egozcue_vilarasau_(andrologie_et_citogeneticien_de_l_institut_de_reproduction_cefer)_026',0,0,0,0,0,0,0),(28,'El INSTITUTO: El equipo: Dra. Flor Molfino',28,0,1,1,'2009-11-26','2011-05-24 15:51:26','2011-06-29 12:08:28',NULL,NULL,2,-1,'2009-11-26 16:46:13','0000-00-00',3,2,0,3,'viewer','dra_flor_molfino_(gynecologue_de_l_institut_de_reproduction_cefer)_028',0,0,0,0,0,0,0),(29,'El INSTITUTO: El equipo V: Dr. Francisco Sánchez Ballester',29,0,1,1,'2009-11-26','2009-12-09 10:44:00','2011-06-29 12:08:40',NULL,NULL,2,-1,'2009-11-26 16:50:39','0000-00-00',3,2,0,1,'viewer','dr._francisco_sanchez_ballester_029',0,0,0,0,0,0,0),(30,'El INSTITUTO: El equipo V: Nuria Galiana',30,0,1,1,'2009-11-26','2011-08-24 12:30:28','2011-08-24 12:30:28',NULL,NULL,2,-1,'2009-11-26 16:52:38','0000-00-00',3,2,0,3,'viewer','nuria_galiana_030',0,0,0,0,0,0,0),(31,'El INSTITUTO: El equipo LL: Gema Valls I Ricart',31,0,1,1,'2009-11-26','2009-12-09 10:46:20','2011-06-29 12:08:40',NULL,NULL,2,-1,'2009-11-26 16:55:19','0000-00-00',3,2,0,1,'viewer','gema_valls_i_ricart_031',0,0,0,0,0,0,0),(32,'El INSTITUTO: El equipo LL: Xavier Pascual García',32,0,1,1,'2009-11-26','2009-12-09 10:47:58','2011-06-29 12:08:40',NULL,NULL,2,-1,'2009-11-26 16:56:56','0000-00-00',3,2,0,1,'viewer','xavier_pascual_garcia_032',0,0,0,0,0,0,0),(33,'El INSTITUTO: El equipo LL: Anabel Carrasco',33,0,1,1,'2009-11-26','2009-12-09 10:48:24','2011-06-29 12:08:40',NULL,NULL,2,-1,'2009-11-26 16:59:25','0000-00-00',3,2,0,1,'viewer','anabel_carrasco_033',0,0,0,0,0,0,0),(34,'El INSTITUTO: Instalaciones Barcelona',34,0,1,1,'2009-11-26','2013-12-31 09:06:49','2013-12-31 09:06:49',NULL,NULL,3,-1,'2009-11-26 17:16:11','0000-00-00',3,2,0,3,'viewer','barcelone_teknon,_bureau_21_034',0,0,0,0,0,0,0),(35,'El INSTITUTO: Instalaciones Barcelona 2',35,0,1,1,'2009-11-26','2013-12-31 09:07:06','2013-12-31 09:07:06',NULL,NULL,3,-1,'2009-11-26 17:18:16','0000-00-00',3,2,0,3,'viewer','barcelone_valero_(banque_d_sperme)_035',0,0,0,0,0,0,0),(36,'El INSTITUTO: Instalaciones Valencia',36,0,1,1,'2009-11-26','2009-12-09 10:55:40','2011-06-29 12:08:40',NULL,NULL,3,-1,'2009-11-26 17:22:39','0000-00-00',3,2,0,1,'viewer','cefer_valencia_036',0,0,0,0,0,0,0),(37,'El INSTITUTO: Instalaciones Lleida',37,0,1,1,'2009-11-26','2013-12-31 09:12:15','2013-12-31 09:12:15',NULL,NULL,3,-1,'2009-11-26 17:26:28','0000-00-00',3,2,0,3,'viewer','cefer_lleida_037',0,0,0,0,0,0,0),(38,'El INSTITUTO: Compromiso de calidad',38,0,1,1,'2009-11-26','2011-08-24 11:31:23','2011-08-24 11:31:23',NULL,NULL,3,-1,'2009-11-26 17:30:02','0000-00-00',3,2,0,3,'viewer','nos_objectifs_et_notre_politique_en_matiere_de_qualite_038',0,0,0,0,0,0,0),(39,'El INSTITUTO: Investigación: Chromosome aneuploidy rates',39,0,0,0,'2009-11-26','2009-11-26 17:37:25','2011-06-29 12:08:44',NULL,NULL,5,-1,'2009-11-26 17:35:15','0000-00-00',3,2,0,1,'viewer','chromosome_aneuploidy_rates_in_cleavage-stage_embryos_from_males_with_abnormal_meiotic_segregation._039',0,0,0,0,0,0,0),(40,'El INSTITUTO: Investigación: Sperm aneuploidy screening',40,0,0,0,'2009-11-26','2009-11-26 17:38:55','2011-06-29 12:08:44',NULL,NULL,5,-1,'2009-11-26 17:38:36','0000-00-00',3,2,0,1,'viewer','sperm_aneuploidy_screening_by_fish_in_310_infertile_men_040',0,0,0,0,0,0,0),(41,'El INSTITUTO: Investigación: Cancellation of ovarian-stimulation',41,0,0,0,'2009-11-26','2009-11-26 17:39:53','2011-06-29 12:08:44',NULL,NULL,5,-1,'2009-11-26 17:40:04','0000-00-00',3,2,0,1,'viewer','cancellation_of_ovarian-stimulation_cycles_performed_on_not_patients_egg_donors__reasons_and_costs_041',0,0,0,0,0,0,0),(42,'El INSTITUTO: Investigación: Sperm aneuploidy',42,0,0,0,'2009-11-26','2009-12-09 11:08:13','2011-06-29 12:08:40',NULL,NULL,5,-1,'2009-11-26 17:41:48','0000-00-00',3,2,0,1,'viewer','sperm_aneuploidy_screening_by_fish_in_310_infertile_men_042',0,0,0,0,0,0,0),(43,'El INSTITUTO: Investigación: Congreso',43,0,0,0,'2009-11-26','2009-12-09 11:14:35','2011-06-29 12:08:40',NULL,NULL,3,-1,'2009-11-26 17:46:01','0000-00-00',3,2,0,1,'viewer','reproduction_cefer_institut_a_organise_sa_conference_sur_les_techniques_de_reproduction_assistee_043',0,0,0,0,0,0,0),(44,'El INSTITUTO: Investigación: congresos 2004',44,0,0,0,'2009-11-26','2009-11-27 19:58:00','2011-06-29 12:08:44',NULL,NULL,3,-1,'2009-11-26 17:49:34','0000-00-00',3,2,0,1,'viewer','por_otro_lado,_el_instituto_de_reproduccion_cefer_ha_presentado_los_siguientes_trabajos_a_lo_largo_d_044',0,0,0,0,0,0,0),(45,'Esterilidad femenina',46,0,1,1,'2009-11-26','2011-08-24 12:05:34','2011-08-24 12:05:34',NULL,NULL,9,-1,'2009-11-26 18:56:38','0000-00-00',3,2,0,3,'viewer','sterilite_feminine_045',0,0,0,0,0,0,0),(46,'Esterilidad masculina',47,0,1,1,'2009-11-26','2013-12-24 09:57:25','2013-12-24 09:57:25',NULL,NULL,9,-1,'2009-11-26 19:10:47','0000-00-00',3,2,0,3,'viewer','sterilite_masculine_046',0,0,0,0,0,0,0),(47,'Donante anónimo',48,0,1,1,'2009-11-26','2013-12-24 09:56:01','2013-12-24 09:56:01',NULL,'Notre banque de sperme a Barcelone c\'est la permière banque de sperme l\'Espagne le doneur de sperme doit être  anonyme saine et fertile.\r\nLe sperme de donneur puet être utiliser par une mère seule celibataire ou bien par une couple lesbienne o par une couple hetrosexuelle',9,-1,'2009-11-26 19:15:27','0000-00-00',3,2,0,3,'viewer','donneur_anonyme_047',0,0,0,0,0,0,0),(48,'Congelación de semen',49,0,1,1,'2009-11-26','2009-12-09 12:11:18','2011-06-29 12:08:33',NULL,NULL,5,-1,'2009-11-26 19:19:37','0000-00-00',3,2,0,1,'viewer','banque_de_sperme_048',0,0,0,0,0,0,0),(49,'Inseminación artificial',50,0,1,1,'2009-11-26','2014-03-14 07:48:10','2014-03-14 07:48:10',NULL,NULL,3,-1,'2009-11-26 19:23:20','0000-00-00',3,2,0,3,'viewer','insemination_artificielle_049',0,0,0,0,0,0,0),(50,'Fécondation in vitro, FIV-ICSI',51,0,1,1,'2009-11-26','2013-12-21 17:00:12','2013-12-21 17:00:12',NULL,'Descrption de la procedure FIV ICSI',9,-1,'2009-11-26 19:29:53','0000-00-00',3,2,0,3,'viewer','fecondation_in_vitro_par_intracytoplasmique_de_spermatozoide_(fiv_icsi)_050',0,0,0,0,0,0,0),(51,'Recepción óvulos donados ',52,0,1,1,'2009-11-26','2013-12-24 09:59:56','2013-12-24 09:59:56',NULL,NULL,9,-1,'2009-11-26 20:40:51','0000-00-00',3,2,0,3,'viewer','menopause,_don_d_ovules_051',0,0,0,0,0,0,0),(52,'DGP',53,0,1,1,'2009-11-26','2013-11-29 08:59:51','2013-11-29 08:59:51',NULL,NULL,5,-1,'2009-11-26 21:00:25','0000-00-00',3,2,0,3,'viewer','dpi_-_diagnostic_genetique_preimplantatoire_(pgd)_052',0,0,0,0,0,0,0),(53,'Congelación de óvulos',54,0,1,1,'2009-11-26','2011-08-24 12:12:25','2011-08-24 12:12:25',NULL,NULL,5,-1,'2009-11-26 21:03:30','0000-00-00',3,2,0,3,'viewer','congelation_des_ovules_053',0,0,0,0,0,0,0),(54,'Banco de embriones',55,0,1,1,'2009-11-26','2013-12-23 15:29:40','2013-12-23 15:29:40',NULL,'Adoption d\'embryons donnés de la banque. limit d\' âge jusqua 57 ans.\r\nbanque d\'embryons\r\ndouble don sans liste d\'attente.',3,-1,'2009-11-26 21:05:32','0000-00-00',3,2,0,3,'viewer','banque_d_embryons_programme_d&#8217;adoption_d&#8217;embryons_sans_listes_d&#8217;attente_(_limite_054',0,0,0,0,0,0,0),(55,'Lavado de semen',56,0,1,1,'2009-11-27','2013-12-24 09:54:52','2013-12-24 09:54:53',NULL,'lavage de sperme pour les couples a oú l\'homme c\'ets seropositif al HIV o l\'hepatite C, HCV\r\naprés le lavage on peut faire la FIV in vtiro ou la don d\'ovules',3,-1,'2009-11-27 10:42:51','0000-00-00',3,2,0,3,'viewer','lavage_de_sperme_055',0,0,0,0,0,0,0),(56,'Apoyo sicológico',57,0,1,1,'2009-11-27','2009-12-09 12:41:17','2011-06-29 12:08:28',NULL,NULL,5,-1,'2009-11-27 10:48:42','0000-00-00',3,2,0,1,'viewer','vous_sentez-vous_deprime_056',0,0,0,0,0,0,0),(57,'Abortos de repetición',58,0,1,1,'2009-11-27','2012-12-04 11:00:41','2012-12-04 11:00:41',NULL,NULL,2,-1,'2009-11-27 11:59:34','0000-00-00',3,2,0,3,'viewer','fausses-couches_repetees_057',0,0,0,0,0,0,0),(58,'  Azoospermia',59,0,1,1,'2009-11-27','2013-01-02 12:54:44','2013-01-02 12:54:44',NULL,NULL,5,-1,'2009-11-27 12:02:39','0000-00-00',3,2,0,3,'viewer','azoospermie_058',0,0,0,0,0,0,0),(60,'Mujer VIH+',62,0,1,1,'2009-11-27','2011-08-24 11:37:54','2011-08-24 11:37:54',NULL,NULL,3,-1,'2009-11-27 12:24:31','0000-00-00',3,2,0,3,'viewer','femmes_seropositive_060',0,0,0,0,0,0,0),(61,'Parejas lesbianas',63,0,1,1,'2009-11-27','2013-12-24 10:01:32','2013-12-24 10:01:32',NULL,NULL,2,-1,'2009-11-27 12:30:18','0000-00-00',3,2,0,3,'viewer','couples_de_lesbiennes_061',0,0,0,0,0,0,0),(62,'Solteras / Singles',64,0,1,1,'2009-11-27','2013-12-21 12:54:20','2013-12-21 12:54:21',NULL,NULL,5,-1,'2009-11-27 12:32:03','0000-00-00',3,2,0,3,'viewer','celibataires_062',0,0,0,0,0,0,0),(63,'Preguntas más frecuentes',65,0,1,1,'2009-11-27','2011-08-24 11:25:33','2011-08-24 11:25:33',NULL,NULL,5,-1,'2009-11-27 12:47:23','0000-00-00',3,2,0,3,'viewer','foire_aux_questions_063',0,0,0,0,0,0,0),(64,'Donante de semen',66,0,1,1,'2009-11-27','2011-03-23 08:14:15','2011-06-29 12:08:20',NULL,NULL,9,-1,'2009-11-27 12:54:00','0000-00-00',3,2,0,3,'viewer','les_donneurs_de_sperme_064',0,0,0,0,0,0,0),(65,'Protección de datos',67,0,1,0,'2009-11-27','2014-03-06 12:29:02','2014-03-06 12:29:02',NULL,NULL,5,-1,'2009-11-27 16:46:36','0000-00-00',3,2,0,1,'viewer','politique_de_confidentialite_065',0,0,0,0,0,0,0),(66,'Donación de óvulos',76,0,1,1,'2009-11-27','2014-10-13 11:10:22','2014-10-13 11:10:22',NULL,NULL,9,-1,'2009-11-27 17:06:27','0000-00-00',3,2,0,3,'viewer','don_d_ovules_066',0,0,0,0,0,0,0),(67,'Pruebas Bab',77,0,1,1,'2009-11-30','2009-11-30 17:53:40','2011-06-29 12:08:20',NULL,NULL,5,-1,'2009-11-30 11:36:55','0000-00-00',3,2,0,1,'viewer','lorem_ipsum_dolor_sit_amet_067',0,0,0,1,1,0,0),(68,'Pruebas Bab (Resumen)',78,1,1,1,'2009-11-30','2009-11-30 16:15:24','2011-06-29 12:08:20',NULL,NULL,5,67,'2009-11-30 11:36:55','0000-00-00',3,2,0,1,'viewer','',0,0,0,0,0,0,0),(69,'Contactar: ¿Qué debo hacer?',79,0,1,0,'2009-11-30','2009-12-09 16:05:43','2011-06-29 12:08:17',NULL,NULL,5,-1,'2009-11-30 13:03:23','0000-00-00',3,2,0,1,'viewer','comment_dois-je_contacter_069',0,0,0,0,0,0,0),(70,'Contactar ¿Dónde estamos?',80,0,1,1,'2009-11-30','2011-10-11 12:35:35','2011-10-11 12:35:35',NULL,NULL,5,-1,'2009-11-30 13:09:49','0000-00-00',3,2,0,3,'viewer','ou_sommes-nous_070',0,0,0,0,0,0,0),(71,'El INSTITUTO: Teléfonos de interés',83,0,1,1,'2009-11-30','2012-12-04 11:09:40','2012-12-04 11:09:40',NULL,NULL,5,-1,'2009-11-30 13:54:42','0000-00-00',3,2,0,3,'viewer','numeros_de_telephone_071',0,0,0,0,0,0,0),(72,'El INSTITUTO: visitar la ciudad de Barcelona',84,0,1,1,'2009-11-30','2009-12-09 11:26:32','2011-06-29 12:08:20',NULL,NULL,2,-1,'2009-11-30 14:02:13','0000-00-00',3,2,0,1,'viewer','visitez_barcelone_072',0,0,0,0,0,0,0),(73,'El INSTITUTO: visitar la ciudad de Barcelona (Resumen)',85,0,0,0,'2009-11-30','2009-12-09 11:27:54','2011-06-29 12:08:20',NULL,NULL,2,72,'2009-11-30 14:02:13','0000-00-00',3,2,0,1,'viewer','',0,0,0,0,0,0,0),(74,'El INSTITUTO: Bus turistico',86,0,1,1,'2009-11-30','2009-12-09 11:39:56','2011-06-29 12:08:17',NULL,NULL,2,-1,'2009-11-30 14:06:39','0000-00-00',3,2,0,1,'viewer','bus_touristique_de_barcelone_074',0,0,0,0,0,0,0),(75,'El INSTITUTO: Bus turistico (Resumen)',87,0,0,0,'2009-11-30','2009-12-09 11:41:33','2011-06-29 12:08:17',NULL,NULL,2,74,'2009-11-30 14:06:39','0000-00-00',3,2,0,1,'viewer','',0,0,0,0,0,0,0),(76,'El INSTITUTO: Shopping',88,0,1,1,'2009-11-30','2009-12-09 11:32:39','2011-06-29 12:08:17',NULL,NULL,2,-1,'2009-11-30 14:21:59','0000-00-00',3,2,0,1,'viewer','barcelone_shopping_line_076',0,0,0,0,0,0,0),(77,'El INSTITUTO: Shopping (Resumen)',89,0,0,0,'2009-11-30','2009-12-09 11:42:29','2011-06-29 12:08:17',NULL,NULL,2,76,'2009-11-30 14:21:59','0000-00-00',3,2,0,1,'viewer','',0,0,0,0,0,0,0),(78,'El INSTITUTO: Cultura de Barcelona',90,0,0,0,'2009-11-30','2009-12-09 11:29:22','2011-06-29 12:08:17',NULL,NULL,2,-1,'2009-11-30 14:28:05','0000-00-00',3,2,0,1,'viewer','barcelone_culture_078',0,0,0,0,0,0,0),(79,'El INSTITUTO: Cultura de Barcelona (Resumen)',91,0,1,1,'2009-11-30','2009-12-09 11:30:08','2011-06-29 12:08:17',NULL,NULL,2,78,'2009-11-30 14:28:05','0000-00-00',3,2,0,1,'viewer','',0,0,0,0,0,0,0),(80,'EL INSTITUTO: El equipo: Dra. Mónica Redondo',118,0,1,1,'2010-02-11','2012-03-01 09:17:32','2012-03-01 09:17:32',NULL,NULL,2,-1,'2010-02-11 11:53:35','0000-00-00',3,2,0,3,'viewer','_dra._monica_redondo_ania_(gynecologue_de_l_institut_de_reproduction_cefer)_080',0,0,0,0,0,0,0),(81,'Centros Cefer (columna derecha)',123,0,0,0,'2009-12-30','2010-02-16 17:03:56','2011-06-29 12:08:17',NULL,NULL,11,-1,'2010-02-16 17:04:29','0000-00-00',3,2,0,1,'viewer','centros_cefer_(columna_derecha)_081',0,0,0,0,0,0,0),(82,'Telefonos Cefer',128,0,0,0,'2009-12-30','2013-01-25 12:39:24','2013-01-25 12:39:24',NULL,NULL,11,-1,'2010-02-16 17:04:29','0000-00-00',3,2,0,1,'viewer','telefonos_cefer_082',0,0,0,0,0,0,0),(83,'Solicitar cita (columna derecha)',133,0,0,0,'2009-12-30','2010-03-19 19:47:16','2011-06-29 12:08:17',NULL,NULL,11,-1,'2010-02-16 17:04:29','0000-00-00',3,2,0,1,'viewer','solicitar_cita_(columna_derecha)_083',0,0,0,0,0,0,0),(84,'Consulta online (columna derecha)',138,0,0,0,'2009-12-30','2010-03-19 19:48:09','2011-06-29 12:08:17',NULL,NULL,11,-1,'2010-02-16 17:04:29','0000-00-00',3,2,0,1,'viewer','consulta_online_(columna_derecha)_084',0,0,0,0,0,0,0),(85,'Centros Cefer',143,0,0,0,'2009-12-30','2010-02-16 17:42:43','2011-06-29 12:08:17',NULL,NULL,11,-1,'2010-02-16 17:42:48','0000-00-00',3,2,0,1,'viewer','centros_cefer_085',0,0,0,0,0,0,0),(86,'HOME: Centros',149,0,0,0,'2010-02-16','2010-03-03 18:34:58','2011-06-29 12:08:09',NULL,NULL,12,-1,'2010-02-16 20:07:13','0000-00-00',3,2,0,1,'viewer','home__centros_086',0,0,0,0,0,0,0),(87,'El INSTITUTO: Investigación: Zaragoza 2006 2',167,0,0,0,'2010-03-23','2010-03-23 09:08:51','2011-06-29 12:08:09',NULL,NULL,5,-1,'2010-03-23 09:54:52','0000-00-00',3,2,0,3,'viewer','demanda_de_donacion_de_ovulos_o_embriones_en_mujeres_fisiologicamente_esteriles_(edad_=45_anos)_087',0,0,0,0,0,0,0),(88,'El INSTITUTO: Investigación: Zaragoza 2006 3',172,0,0,0,'2010-03-23','2010-03-23 09:10:03','2011-06-29 12:08:09',NULL,NULL,5,-1,'2010-03-23 09:54:52','0000-00-00',3,2,0,3,'viewer','estudio_de_mil_donantes_de_semen__aceptados_y_no_aceptados_088',0,0,0,0,0,0,0),(89,'El INSTITUTO: Investigación: Zaragoza 2006 4',177,0,0,0,'2010-03-23','2010-03-23 09:11:23','2011-06-29 12:08:09',NULL,NULL,5,-1,'2010-03-23 09:54:51','0000-00-00',3,2,0,3,'viewer','resultados_de_598_estudios_de_fish_en_espermatozoides_089',0,0,0,0,0,0,0),(90,'El INSTITUTO: Investigación: Zaragoza 2006 5',182,0,0,0,'2010-03-23','2010-03-23 09:16:27','2011-06-29 12:08:09',NULL,NULL,5,-1,'2010-03-23 09:54:51','0000-00-00',3,2,0,3,'viewer','tecnicas_de_reproduccion_asistida_en_pacientes_infectados_de_vih-1._doce_anos_de_experiencia_090',0,0,0,0,0,0,0),(91,'EL INSTITUTO: Investigacion Lyon 2007',187,0,0,0,'2010-03-23','2010-03-23 09:17:38','2011-06-29 12:08:09',NULL,NULL,5,-1,'2010-03-23 09:54:51','0000-00-00',3,2,0,3,'viewer','evolution_of_clinical_pregnancies_in_recipient_patients_over_age_45_achieved_using_donor_eggs_091',0,0,0,0,0,0,0),(92,'EL INSTITUTO: Investigacion Lyon 2007 2',192,0,0,0,'2010-03-23','2010-03-23 09:18:35','2011-06-29 12:08:09',NULL,NULL,5,-1,'2010-03-23 09:54:51','0000-00-00',3,2,0,3,'viewer','comparison_between_fresh_and_cryopreserved_donated_oocytes_092',0,0,0,0,0,0,0),(93,'EL INSTITUTO: Investigacion Alicante 2007',197,0,0,0,'2010-03-23','2010-03-23 09:19:46','2011-06-29 12:08:06',NULL,NULL,5,-1,'2010-03-23 09:54:51','0000-00-00',3,2,0,3,'viewer','microdeleciones_del_cromosoma_y_e_implicaciones_en_la_infertilidad_masculina__experiencia_de_la_asoc_093',0,0,0,0,0,0,0),(94,'EL INSTITUTO: Investigacion Bilbao 2007',202,0,0,0,'2010-03-23','2010-03-23 09:24:19','2011-06-29 12:08:06',NULL,NULL,5,-1,'2010-03-23 09:54:51','0000-00-00',3,2,0,3,'viewer','evolucion_de_los_parametros_seminales_de_candidatos_a_donantes_de_semen_a_lo_largo_de_30_anos_094',0,0,0,0,0,0,0),(95,'EL INSTITUTO: Investigacion Bilbao 2007 2',207,0,0,0,'2010-03-23','2010-03-23 09:25:16','2011-06-29 12:08:06',NULL,NULL,5,-1,'2010-03-23 09:54:51','0000-00-00',3,2,0,3,'viewer','pacientes_con_mas_de_25_ovocitos._es_mejor_congelar_todos_los_embriones_o_hacer_transferencia_en_fr_095',0,0,0,0,0,0,0),(96,'EL INSTITUTO: Investigacion Bilbao 2007 3',212,0,0,0,'2010-03-23','2010-03-23 09:26:19','2011-06-29 12:08:06',NULL,NULL,5,-1,'2010-03-23 09:54:51','0000-00-00',3,2,0,3,'viewer','relacion_entre_el_numero_y_la_distribucion_de_los_precursores_nucleolares_y_la_tasa_de_aneuploidias_096',0,0,0,0,0,0,0),(97,'El INSTITUTO: Investigacion: Praga1',217,0,0,0,'2010-03-23','2010-03-23 09:01:08','2011-06-29 12:08:09',NULL,NULL,5,-1,'2010-03-23 09:54:51','0000-00-00',3,2,0,3,'viewer','twelve_years&#8217;_experience_in_assisted_reproduction_with_hiv-1-seropositive_men_097',0,0,0,0,0,0,0),(98,'El INSTITUTO: Investigacion Zaragoza 2006',222,0,0,0,'2010-03-23','2010-03-23 09:06:28','2011-06-29 12:08:09',NULL,NULL,5,-1,'2010-03-23 09:54:51','0000-00-00',3,2,0,3,'viewer','motivos_y_costes_de_la_cancelacion_de_ciclos_de_estimulacion_ovarica_en_donantes_de_ovocitos_098',0,0,0,0,0,0,0),(99,'Alojamiento Barcelona',228,1,1,1,'2010-03-23','2010-03-23 12:09:09','2011-06-29 12:08:06',NULL,NULL,5,-1,'2010-03-23 12:07:57','0000-00-00',3,2,0,3,'viewer','hotels_et_appartements_a_proximite_de_instituto_cefer_099',0,0,0,0,0,0,0),(100,'Turismo Lleida',234,0,0,0,'2010-03-23','2010-03-23 12:37:42','2011-06-29 12:08:06',NULL,NULL,5,-1,NULL,'0000-00-00',3,2,0,3,'viewer','turismo_lleida_100',0,0,0,0,0,0,0),(101,'Turismo Lleida',239,0,0,0,'2010-03-23','2010-03-23 12:51:11','2011-06-29 12:08:06',NULL,NULL,5,-1,'2010-03-23 12:51:15','0000-00-00',3,2,0,3,'viewer','turismo_lleida_101',0,0,0,0,0,0,0),(102,'BANNER FERTILITY SHOW',246,0,0,0,'2010-08-31','2010-08-31 12:56:40','2011-06-29 12:08:06',NULL,NULL,13,-1,'2010-08-31 12:46:53','0000-00-00',3,2,0,1,'viewer','banner_fertility_show_102',0,0,0,0,0,0,0),(103,'EL INSTITUTO: El equipo: Dra. Nuria Porta',251,0,1,1,'2010-12-09','2011-05-24 15:54:13','2011-06-29 12:08:06',NULL,NULL,2,-1,'2011-03-03 17:45:57','0000-00-00',3,2,0,3,'viewer','dra._nuria_porta_de_la_riva_(gynecologue_de_l_institut_de_reproduction_cefer)_103',0,0,0,0,0,0,0),(104,'EmbryoScope',273,0,1,1,'2011-04-13','2013-12-24 10:02:43','2013-12-24 10:02:43',NULL,NULL,9,-1,'2011-06-17 11:48:16','0000-00-00',3,2,0,3,'viewer','embryoscope__beaucoup_plus_que_la_video_a_vos_embryons_104',0,0,0,0,0,0,0),(105,'IMSI',289,0,1,1,'2011-08-30','2013-12-24 10:03:15','2013-12-24 10:03:15',NULL,NULL,5,-1,'2011-10-19 11:25:06','0000-00-00',3,2,0,3,'viewer','imsi_(micro-injection_intracytoplasmique_de_spermatozoides_selectionnes_sur_des_criteres_morphologiq_105',0,0,0,0,0,0,0),(106,'El INSTITUTO: investigación ASESA 2012',307,0,0,0,'2012-08-17','2012-08-17 10:58:08','2012-08-17 10:58:08',NULL,'FISH en espermatozoide. V Congreso Iberoamericano de Andrología',5,-1,NULL,'0000-00-00',3,2,0,3,'viewer','',0,0,0,0,0,0,0),(107,'',318,0,0,0,'0000-00-00','0000-00-00 00:00:00','0000-00-00 00:00:00','','',0,-1,NULL,'0000-00-00',0,0,0,-1,'','',0,0,0,0,0,0,0),(108,'COLABORADORES: Ass. Families Gays i Lesbianes',323,0,0,0,'2012-11-29','2012-11-29 16:27:39','2012-11-29 16:27:39',NULL,NULL,11,-1,'2012-11-29 16:31:59','0000-00-00',3,2,0,1,'viewer','colaboradores__ass._families_gays_i_lesbianes_108',0,0,0,0,0,0,0),(109,'Primeras visitas gratuitas',333,0,1,1,'2013-01-31','2013-12-21 16:47:10','2013-12-21 16:47:10',NULL,NULL,5,-1,'2013-02-26 12:20:51','0000-00-00',3,2,0,3,'viewer','promo_2014_109',0,0,0,0,0,0,0),(110,'Primeras visitas gratuitas (Resumen)',339,0,0,0,'2013-02-28','2013-10-09 12:33:06','2013-10-09 12:33:06',NULL,NULL,5,109,'2013-02-26 12:20:51','0000-00-00',3,2,0,3,'viewer','',0,0,0,0,0,0,0),(111,'ROPA',355,0,1,1,'2013-05-02','2013-05-02 13:23:19','2013-05-02 13:23:19',NULL,'Recepción de óvulos de la pareja',2,-1,NULL,'0000-00-00',3,2,0,3,'viewer','',0,0,0,0,0,0,0),(112,'cefer-instalaciones',361,0,0,0,'2013-05-16','2013-05-16 08:04:19','2013-05-16 08:04:41',NULL,NULL,11,-1,'2013-05-16 08:27:05','0000-00-00',3,2,0,3,'viewer','cefer-instalaciones_112',0,0,0,0,0,0,0),(113,'Test Genético Recombine',377,0,1,1,'2013-09-27','2013-09-27 14:14:43','2013-09-27 14:14:43',NULL,'Test Genético Recombine',5,-1,NULL,'0000-00-00',3,2,0,3,'viewer','',0,0,0,0,0,0,0),(114,'EmbryoScope (Resumen)',388,0,0,0,'2013-11-05','2013-11-05 06:29:03','2013-11-05 06:29:03',NULL,NULL,12,104,'2011-06-17 11:48:16','0000-00-00',3,2,0,3,'viewer','',0,0,0,0,0,0,0),(115,'El INSTITUTO: El equipo: Dra Susana Royo',405,0,1,1,'2015-01-20','2015-01-20 07:41:42','2015-01-20 07:41:42',NULL,NULL,2,-1,'2015-01-20 07:43:56','0000-00-00',3,2,0,3,'viewer','dra._susana_royo_(ginecologa_del_instituto_de_reproduccion_cefer)_115',0,0,0,0,0,0,0),(116,'El INSTITUTO: El equipo: Dra Begoña Varo',412,0,1,1,'2015-04-13','2015-04-13 10:38:26','2015-04-13 10:38:26',NULL,'El INSTITUTO: El equipo: Dra Begoña Varo',2,-1,'2015-04-13 10:46:54','0000-00-00',3,2,0,3,'viewer','dra._begona_varo_(ginecologa_del_instituto_de_reproduccion_cefer)_116',0,0,0,0,0,0,0),(117,'El INSTITUTO: El equipo: Dra Yolanda Garcia',417,0,1,1,'2015-04-13','2015-04-13 10:30:11','2015-04-13 10:30:11',NULL,NULL,2,-1,'2015-04-13 10:46:54','0000-00-00',3,2,0,3,'viewer','dra._yolanda_garcia_(ginecologa_del_instituto_de_reproduccion_cefer)_117',0,0,0,0,0,0,0);
/*!40000 ALTER TABLE `noticia` ENABLE KEYS */;
UNLOCK TABLES;

--
-- Table structure for table `opcion`
--

DROP TABLE IF EXISTS `opcion`;
/*!40101 SET @saved_cs_client     = @@character_set_client */;
/*!40101 SET character_set_client = utf8 */;
CREATE TABLE `opcion` (
  `id` int(10) unsigned NOT NULL auto_increment,
  `nombre` varchar(255) NOT NULL default '',
  `votos` int(10) unsigned NOT NULL default '0',
  `imagen` varchar(255) default NULL,
  `descripcion` varchar(255) default NULL,
  `idEncuesta` int(10) unsigned NOT NULL,
  PRIMARY KEY  (`id`),
  KEY `idEncuesta` (`idEncuesta`),
  CONSTRAINT `opcion_ibfk_1` FOREIGN KEY (`idEncuesta`) REFERENCES `encuesta` (`id`) ON DELETE CASCADE
) ENGINE=InnoDB DEFAULT CHARSET=utf8;
/*!40101 SET character_set_client = @saved_cs_client */;

--
-- Dumping data for table `opcion`
--

LOCK TABLES `opcion` WRITE;
/*!40000 ALTER TABLE `opcion` DISABLE KEYS */;
/*!40000 ALTER TABLE `opcion` ENABLE KEYS */;
UNLOCK TABLES;

--
-- Table structure for table `payments`
--

DROP TABLE IF EXISTS `payments`;
/*!40101 SET @saved_cs_client     = @@character_set_client */;
/*!40101 SET character_set_client = utf8 */;
CREATE TABLE `payments` (
  `id` int(10) unsigned NOT NULL auto_increment,
  `title` varchar(100) default NULL,
  `acronym` varchar(10) default NULL,
  `description` varchar(255) default NULL,
  PRIMARY KEY  (`id`)
) ENGINE=InnoDB DEFAULT CHARSET=utf8;
/*!40101 SET character_set_client = @saved_cs_client */;

--
-- Dumping data for table `payments`
--

LOCK TABLES `payments` WRITE;
/*!40000 ALTER TABLE `payments` DISABLE KEYS */;
/*!40000 ALTER TABLE `payments` ENABLE KEYS */;
UNLOCK TABLES;

--
-- Table structure for table `perfil`
--

DROP TABLE IF EXISTS `perfil`;
/*!40101 SET @saved_cs_client     = @@character_set_client */;
/*!40101 SET character_set_client = utf8 */;
CREATE TABLE `perfil` (
  `id` int(10) unsigned NOT NULL auto_increment,
  `nombre` varchar(255) default '',
  PRIMARY KEY  (`id`)
) ENGINE=InnoDB DEFAULT CHARSET=utf8;
/*!40101 SET character_set_client = @saved_cs_client */;

--
-- Dumping data for table `perfil`
--

LOCK TABLES `perfil` WRITE;
/*!40000 ALTER TABLE `perfil` DISABLE KEYS */;
/*!40000 ALTER TABLE `perfil` ENABLE KEYS */;
UNLOCK TABLES;

--
-- Table structure for table `perfil_seccion`
--

DROP TABLE IF EXISTS `perfil_seccion`;
/*!40101 SET @saved_cs_client     = @@character_set_client */;
/*!40101 SET character_set_client = utf8 */;
CREATE TABLE `perfil_seccion` (
  `id` int(10) unsigned NOT NULL auto_increment,
  `idPerfil` int(10) unsigned NOT NULL,
  `idSeccion` int(10) unsigned NOT NULL,
  PRIMARY KEY  (`id`),
  KEY `idPerfil` (`idPerfil`),
  KEY `idSeccion` (`idSeccion`),
  CONSTRAINT `perfil_seccion_ibfk_1` FOREIGN KEY (`idPerfil`) REFERENCES `perfil` (`id`) ON DELETE CASCADE,
  CONSTRAINT `perfil_seccion_ibfk_2` FOREIGN KEY (`idSeccion`) REFERENCES `seccion` (`id`) ON DELETE CASCADE
) ENGINE=InnoDB DEFAULT CHARSET=utf8;
/*!40101 SET character_set_client = @saved_cs_client */;

--
-- Dumping data for table `perfil_seccion`
--

LOCK TABLES `perfil_seccion` WRITE;
/*!40000 ALTER TABLE `perfil_seccion` DISABLE KEYS */;
/*!40000 ALTER TABLE `perfil_seccion` ENABLE KEYS */;
UNLOCK TABLES;

--
-- Table structure for table `perfil_tipo`
--

DROP TABLE IF EXISTS `perfil_tipo`;
/*!40101 SET @saved_cs_client     = @@character_set_client */;
/*!40101 SET character_set_client = utf8 */;
CREATE TABLE `perfil_tipo` (
  `id` int(10) unsigned NOT NULL auto_increment,
  `idPerfil` int(10) unsigned default NULL,
  `idTipo` int(10) unsigned NOT NULL,
  PRIMARY KEY  (`id`),
  KEY `idPerfil` (`idPerfil`),
  KEY `idTipo` (`idTipo`),
  CONSTRAINT `perfil_tipo_ibfk_1` FOREIGN KEY (`idPerfil`) REFERENCES `perfil` (`id`) ON DELETE CASCADE,
  CONSTRAINT `perfil_tipo_ibfk_2` FOREIGN KEY (`idTipo`) REFERENCES `persona_registrada_tipo` (`id`) ON DELETE CASCADE
) ENGINE=InnoDB DEFAULT CHARSET=utf8;
/*!40101 SET character_set_client = @saved_cs_client */;

--
-- Dumping data for table `perfil_tipo`
--

LOCK TABLES `perfil_tipo` WRITE;
/*!40000 ALTER TABLE `perfil_tipo` DISABLE KEYS */;
/*!40000 ALTER TABLE `perfil_tipo` ENABLE KEYS */;
UNLOCK TABLES;

--
-- Table structure for table `persona_registrada`
--

DROP TABLE IF EXISTS `persona_registrada`;
/*!40101 SET @saved_cs_client     = @@character_set_client */;
/*!40101 SET character_set_client = utf8 */;
CREATE TABLE `persona_registrada` (
  `id` int(10) unsigned NOT NULL auto_increment,
  `ref` varchar(50) NOT NULL default '',
  `pwd` varchar(50) NOT NULL default '',
  `pwd_md5` varchar(150) NOT NULL default '',
  `mail` varchar(100) NOT NULL default '',
  `dni` varchar(100) NOT NULL default '',
  `nombre` varchar(50) NOT NULL default '',
  `apellido1` varchar(50) NOT NULL default '',
  `apellido2` varchar(50) NOT NULL default '',
  `direccion` varchar(50) NOT NULL default '',
  `cp` varchar(50) NOT NULL default '',
  `poblacion` varchar(50) NOT NULL default '',
  `provincia` varchar(100) NOT NULL default '',
  `pais` varchar(100) NOT NULL default '',
  `telefono` varchar(50) NOT NULL default '',
  `movil` varchar(50) NOT NULL default '',
  `empresa` varchar(50) NOT NULL default '',
  `cargo` varchar(50) NOT NULL default '',
  `registerDate` datetime default '0000-00-00 00:00:00',
  `fechaAlta` date default NULL,
  `fechaBaja` date default NULL,
  `motivoBaja` varchar(255) default NULL,
  `activado` tinyint(4) default NULL,
  `observaciones1` text NOT NULL,
  `observaciones2` text NOT NULL,
  `observaciones3` text NOT NULL,
  `observaciones4` text NOT NULL,
  `chkEnews` tinyint(3) unsigned NOT NULL default '0',
  `chkSms` tinyint(3) unsigned NOT NULL default '0',
  `chkEcommerce` tinyint(3) unsigned NOT NULL default '0',
  `chkEmpleado` tinyint(3) unsigned NOT NULL default '0',
  `idDepartment` int(10) unsigned NOT NULL,
  `id_tipo_persona_reg` int(10) unsigned default NULL,
  `image` varchar(255) NOT NULL default '',
  PRIMARY KEY  (`id`)
) ENGINE=InnoDB DEFAULT CHARSET=utf8;
/*!40101 SET character_set_client = @saved_cs_client */;

--
-- Dumping data for table `persona_registrada`
--

LOCK TABLES `persona_registrada` WRITE;
/*!40000 ALTER TABLE `persona_registrada` DISABLE KEYS */;
/*!40000 ALTER TABLE `persona_registrada` ENABLE KEYS */;
UNLOCK TABLES;

--
-- Table structure for table `persona_registrada_campos_tipo`
--

DROP TABLE IF EXISTS `persona_registrada_campos_tipo`;
/*!40101 SET @saved_cs_client     = @@character_set_client */;
/*!40101 SET character_set_client = utf8 */;
CREATE TABLE `persona_registrada_campos_tipo` (
  `id` int(10) unsigned NOT NULL auto_increment,
  `idPersonaRegistradaTipo` int(10) unsigned NOT NULL,
  `campo` varchar(255) NOT NULL,
  `std` tinyint(3) unsigned NOT NULL,
  `tipo` tinyint(4) NOT NULL,
  `enum` text NOT NULL,
  PRIMARY KEY  (`id`),
  KEY `idPersonaRegistradaTipo` (`idPersonaRegistradaTipo`),
  CONSTRAINT `persona_registrada_campos_tipo_ibfk_1` FOREIGN KEY (`idPersonaRegistradaTipo`) REFERENCES `persona_registrada_tipo` (`id`) ON DELETE CASCADE
) ENGINE=InnoDB DEFAULT CHARSET=utf8;
/*!40101 SET character_set_client = @saved_cs_client */;

--
-- Dumping data for table `persona_registrada_campos_tipo`
--

LOCK TABLES `persona_registrada_campos_tipo` WRITE;
/*!40000 ALTER TABLE `persona_registrada_campos_tipo` DISABLE KEYS */;
/*!40000 ALTER TABLE `persona_registrada_campos_tipo` ENABLE KEYS */;
UNLOCK TABLES;

--
-- Table structure for table `persona_registrada_location`
--

DROP TABLE IF EXISTS `persona_registrada_location`;
/*!40101 SET @saved_cs_client     = @@character_set_client */;
/*!40101 SET character_set_client = utf8 */;
CREATE TABLE `persona_registrada_location` (
  `id` int(10) unsigned NOT NULL auto_increment,
  `idPersonaRegistrada` int(10) unsigned NOT NULL,
  `latitud` float NOT NULL default '0',
  `longitud` float NOT NULL default '0',
  PRIMARY KEY  (`id`),
  KEY `idPersonaRegistrada` (`idPersonaRegistrada`),
  CONSTRAINT `persona_registrada_location_ibfk_1` FOREIGN KEY (`idPersonaRegistrada`) REFERENCES `persona_registrada` (`id`) ON DELETE CASCADE
) ENGINE=InnoDB DEFAULT CHARSET=utf8;
/*!40101 SET character_set_client = @saved_cs_client */;

--
-- Dumping data for table `persona_registrada_location`
--

LOCK TABLES `persona_registrada_location` WRITE;
/*!40000 ALTER TABLE `persona_registrada_location` DISABLE KEYS */;
/*!40000 ALTER TABLE `persona_registrada_location` ENABLE KEYS */;
UNLOCK TABLES;

--
-- Table structure for table `persona_registrada_tipo`
--

DROP TABLE IF EXISTS `persona_registrada_tipo`;
/*!40101 SET @saved_cs_client     = @@character_set_client */;
/*!40101 SET character_set_client = utf8 */;
CREATE TABLE `persona_registrada_tipo` (
  `id` int(10) unsigned NOT NULL auto_increment,
  `nombre` varchar(50) NOT NULL default '',
  `idParent` int(10) unsigned default NULL,
  `descripcion` text,
  `tableName` varchar(255) default NULL,
  `image` varchar(255) NOT NULL default '',
  PRIMARY KEY  (`id`)
) ENGINE=InnoDB DEFAULT CHARSET=utf8;
/*!40101 SET character_set_client = @saved_cs_client */;

--
-- Dumping data for table `persona_registrada_tipo`
--

LOCK TABLES `persona_registrada_tipo` WRITE;
/*!40000 ALTER TABLE `persona_registrada_tipo` DISABLE KEYS */;
/*!40000 ALTER TABLE `persona_registrada_tipo` ENABLE KEYS */;
UNLOCK TABLES;

--
-- Table structure for table `poll_comment`
--

DROP TABLE IF EXISTS `poll_comment`;
/*!40101 SET @saved_cs_client     = @@character_set_client */;
/*!40101 SET character_set_client = utf8 */;
CREATE TABLE `poll_comment` (
  `id` int(10) unsigned NOT NULL auto_increment,
  `author` varchar(255) NOT NULL,
  `description` text,
  `creationDate` date NOT NULL,
  `publicationDate` datetime default NULL,
  `modificationDate` datetime default NULL,
  `position` int(10) unsigned NOT NULL,
  `state` int(10) unsigned NOT NULL default '0',
  `ip_address` varchar(255) NOT NULL,
  `idPoll` int(10) unsigned NOT NULL,
  PRIMARY KEY  (`id`),
  KEY `idPoll` (`idPoll`),
  CONSTRAINT `poll_comment_ibfk_1` FOREIGN KEY (`idPoll`) REFERENCES `encuesta` (`id`) ON DELETE CASCADE
) ENGINE=InnoDB DEFAULT CHARSET=utf8;
/*!40101 SET character_set_client = @saved_cs_client */;

--
-- Dumping data for table `poll_comment`
--

LOCK TABLES `poll_comment` WRITE;
/*!40000 ALTER TABLE `poll_comment` DISABLE KEYS */;
/*!40000 ALTER TABLE `poll_comment` ENABLE KEYS */;
UNLOCK TABLES;

--
-- Table structure for table `poll_comment_rates`
--

DROP TABLE IF EXISTS `poll_comment_rates`;
/*!40101 SET @saved_cs_client     = @@character_set_client */;
/*!40101 SET character_set_client = utf8 */;
CREATE TABLE `poll_comment_rates` (
  `id` int(10) unsigned NOT NULL auto_increment,
  `idComment` int(10) unsigned NOT NULL,
  `counter` int(11) NOT NULL default '0',
  `counter_valuation` int(11) NOT NULL default '0',
  `valuation_accumulated` int(11) NOT NULL default '0',
  `discriminator` int(4) NOT NULL default '0',
  PRIMARY KEY  (`id`),
  KEY `idComment` (`idComment`),
  CONSTRAINT `poll_comment_rates_ibfk_1` FOREIGN KEY (`idComment`) REFERENCES `poll_comment` (`id`) ON DELETE CASCADE
) ENGINE=InnoDB DEFAULT CHARSET=utf8;
/*!40101 SET character_set_client = @saved_cs_client */;

--
-- Dumping data for table `poll_comment_rates`
--

LOCK TABLES `poll_comment_rates` WRITE;
/*!40000 ALTER TABLE `poll_comment_rates` DISABLE KEYS */;
/*!40000 ALTER TABLE `poll_comment_rates` ENABLE KEYS */;
UNLOCK TABLES;

--
-- Table structure for table `product`
--

DROP TABLE IF EXISTS `product`;
/*!40101 SET @saved_cs_client     = @@character_set_client */;
/*!40101 SET character_set_client = utf8 */;
CREATE TABLE `product` (
  `id` int(10) unsigned NOT NULL auto_increment,
  `idFamily` int(10) unsigned NOT NULL default '0',
  `idType` int(10) unsigned NOT NULL default '0',
  `id_trademark` int(10) unsigned default NULL,
  `id_provider` int(10) unsigned default NULL,
  `name` varchar(255) default NULL,
  `creationDate` date default NULL,
  `lastModifyDate` date default NULL,
  `stock` float default NULL,
  `price` float default NULL,
  `tax` float default NULL,
  `forSale` tinyint(4) default NULL,
  `discontinued` tinyint(3) unsigned default '0',
  `new` tinyint(4) default '0',
  `offer` tinyint(4) default '0',
  `starred` tinyint(4) default '0',
  `position` int(10) unsigned NOT NULL default '0',
  `description` text NOT NULL,
  `image` varchar(255) NOT NULL default '',
  `comments` tinyint(4) default '0',
  `showEmbeddedComments` tinyint(4) default '0',
  `print` tinyint(4) default '0',
  `sendMail` tinyint(4) default '0',
  `reference` varchar(255) NOT NULL default '',
  `alternative_name` varchar(255) NOT NULL default '',
  `surcharge_equivalence` double default '0',
  `is_pack` tinyint(1) NOT NULL default '0',
  PRIMARY KEY  (`id`),
  KEY `idFamily` (`idFamily`),
  KEY `idType` (`idType`),
  KEY `name` (`name`),
  KEY `discont_sale` (`discontinued`,`forSale`),
  KEY `reference` (`reference`),
  KEY `id_trademark` (`id_trademark`)
) ENGINE=InnoDB DEFAULT CHARSET=utf8;
/*!40101 SET character_set_client = @saved_cs_client */;

--
-- Dumping data for table `product`
--

LOCK TABLES `product` WRITE;
/*!40000 ALTER TABLE `product` DISABLE KEYS */;
/*!40000 ALTER TABLE `product` ENABLE KEYS */;
UNLOCK TABLES;

--
-- Table structure for table `productImages`
--

DROP TABLE IF EXISTS `productImages`;
/*!40101 SET @saved_cs_client     = @@character_set_client */;
/*!40101 SET character_set_client = utf8 */;
CREATE TABLE `productImages` (
  `id` int(10) unsigned NOT NULL auto_increment,
  `fileName` varchar(255) default NULL,
  `link` varchar(255) default NULL,
  `target` varchar(255) default NULL,
  PRIMARY KEY  (`id`)
) ENGINE=InnoDB DEFAULT CHARSET=utf8;
/*!40101 SET character_set_client = @saved_cs_client */;

--
-- Dumping data for table `productImages`
--

LOCK TABLES `productImages` WRITE;
/*!40000 ALTER TABLE `productImages` DISABLE KEYS */;
/*!40000 ALTER TABLE `productImages` ENABLE KEYS */;
UNLOCK TABLES;

--
-- Table structure for table `product_attributes`
--

DROP TABLE IF EXISTS `product_attributes`;
/*!40101 SET @saved_cs_client     = @@character_set_client */;
/*!40101 SET character_set_client = utf8 */;
CREATE TABLE `product_attributes` (
  `id` int(10) unsigned NOT NULL auto_increment,
  `idAttribute` int(10) unsigned NOT NULL,
  `idProduct` int(10) unsigned NOT NULL,
  `position` int(11) NOT NULL default '0',
  PRIMARY KEY  (`id`),
  KEY `idAttribute` (`idAttribute`),
  KEY `idProduct` (`idProduct`)
) ENGINE=InnoDB DEFAULT CHARSET=utf8;
/*!40101 SET character_set_client = @saved_cs_client */;

--
-- Dumping data for table `product_attributes`
--

LOCK TABLES `product_attributes` WRITE;
/*!40000 ALTER TABLE `product_attributes` DISABLE KEYS */;
/*!40000 ALTER TABLE `product_attributes` ENABLE KEYS */;
UNLOCK TABLES;

--
-- Table structure for table `product_comment`
--

DROP TABLE IF EXISTS `product_comment`;
/*!40101 SET @saved_cs_client     = @@character_set_client */;
/*!40101 SET character_set_client = utf8 */;
CREATE TABLE `product_comment` (
  `id` int(10) unsigned NOT NULL auto_increment,
  `author` varchar(255) NOT NULL,
  `description` text,
  `creationDate` date NOT NULL,
  `publicationDate` datetime default NULL,
  `modificationDate` datetime default NULL,
  `position` int(10) unsigned NOT NULL,
  `state` int(10) unsigned NOT NULL default '0',
  `idProduct` int(10) unsigned NOT NULL,
  PRIMARY KEY  (`id`),
  KEY `idProduct` (`idProduct`),
  CONSTRAINT `product_comment_ibfk_1` FOREIGN KEY (`idProduct`) REFERENCES `product` (`id`) ON DELETE CASCADE
) ENGINE=InnoDB DEFAULT CHARSET=utf8;
/*!40101 SET character_set_client = @saved_cs_client */;

--
-- Dumping data for table `product_comment`
--

LOCK TABLES `product_comment` WRITE;
/*!40000 ALTER TABLE `product_comment` DISABLE KEYS */;
/*!40000 ALTER TABLE `product_comment` ENABLE KEYS */;
UNLOCK TABLES;

--
-- Table structure for table `product_comment_rates`
--

DROP TABLE IF EXISTS `product_comment_rates`;
/*!40101 SET @saved_cs_client     = @@character_set_client */;
/*!40101 SET character_set_client = utf8 */;
CREATE TABLE `product_comment_rates` (
  `id` int(10) unsigned NOT NULL auto_increment,
  `idComment` int(10) unsigned NOT NULL,
  `counter` int(11) NOT NULL default '0',
  `counter_valuation` int(11) NOT NULL default '0',
  `valuation_accumulated` int(11) NOT NULL default '0',
  `discriminator` int(4) NOT NULL default '0',
  PRIMARY KEY  (`id`),
  KEY `idComment` (`idComment`),
  CONSTRAINT `product_comment_rates_ibfk_1` FOREIGN KEY (`idComment`) REFERENCES `product_comment` (`id`) ON DELETE CASCADE
) ENGINE=InnoDB DEFAULT CHARSET=utf8;
/*!40101 SET character_set_client = @saved_cs_client */;

--
-- Dumping data for table `product_comment_rates`
--

LOCK TABLES `product_comment_rates` WRITE;
/*!40000 ALTER TABLE `product_comment_rates` DISABLE KEYS */;
/*!40000 ALTER TABLE `product_comment_rates` ENABLE KEYS */;
UNLOCK TABLES;

--
-- Table structure for table `product_discounts`
--

DROP TABLE IF EXISTS `product_discounts`;
/*!40101 SET @saved_cs_client     = @@character_set_client */;
/*!40101 SET character_set_client = utf8 */;
CREATE TABLE `product_discounts` (
  `id` int(10) unsigned NOT NULL auto_increment,
  `idProduct` int(10) unsigned default NULL,
  `idFamily` int(10) unsigned default NULL,
  `idUserRegisteredType` int(10) unsigned default NULL,
  `name` varchar(255) default NULL,
  `discount` double NOT NULL default '0',
  `init_time` datetime default NULL,
  `end_time` datetime default NULL,
  `is_generic` tinyint(1) unsigned default '1',
  `price` double default '0',
  `creationDate` datetime NOT NULL default '0000-00-00 00:00:00',
  `modificationDate` datetime default '0000-00-00 00:00:00',
  PRIMARY KEY  (`id`),
  KEY `idProduct` (`idProduct`),
  KEY `idFamily` (`idFamily`),
  KEY `idUserRegisteredType` (`idUserRegisteredType`)
) ENGINE=InnoDB DEFAULT CHARSET=utf8;
/*!40101 SET character_set_client = @saved_cs_client */;

--
-- Dumping data for table `product_discounts`
--

LOCK TABLES `product_discounts` WRITE;
/*!40000 ALTER TABLE `product_discounts` DISABLE KEYS */;
/*!40000 ALTER TABLE `product_discounts` ENABLE KEYS */;
UNLOCK TABLES;

--
-- Table structure for table `products_pack`
--

DROP TABLE IF EXISTS `products_pack`;
/*!40101 SET @saved_cs_client     = @@character_set_client */;
/*!40101 SET character_set_client = utf8 */;
CREATE TABLE `products_pack` (
  `id` int(10) unsigned NOT NULL auto_increment,
  `id_product_pack` int(10) unsigned NOT NULL,
  `id_product` int(10) unsigned NOT NULL,
  PRIMARY KEY  (`id`),
  KEY `id_product_pack` (`id_product_pack`),
  KEY `id_product` (`id_product`)
) ENGINE=InnoDB DEFAULT CHARSET=utf8;
/*!40101 SET character_set_client = @saved_cs_client */;

--
-- Dumping data for table `products_pack`
--

LOCK TABLES `products_pack` WRITE;
/*!40000 ALTER TABLE `products_pack` DISABLE KEYS */;
/*!40000 ALTER TABLE `products_pack` ENABLE KEYS */;
UNLOCK TABLES;

--
-- Table structure for table `promotions`
--

DROP TABLE IF EXISTS `promotions`;
/*!40101 SET @saved_cs_client     = @@character_set_client */;
/*!40101 SET character_set_client = utf8 */;
CREATE TABLE `promotions` (
  `id` int(10) unsigned NOT NULL auto_increment,
  `id_product` int(10) unsigned default NULL,
  `id_family` int(10) unsigned default NULL,
  `id_user_registered_type` int(10) unsigned default NULL,
  `name` varchar(255) NOT NULL default '',
  `items_obtained` int(10) unsigned NOT NULL,
  `items_purchased` int(10) unsigned NOT NULL,
  `init_time` datetime default NULL,
  `end_time` datetime default NULL,
  PRIMARY KEY  (`id`)
) ENGINE=InnoDB DEFAULT CHARSET=utf8;
/*!40101 SET character_set_client = @saved_cs_client */;

--
-- Dumping data for table `promotions`
--

LOCK TABLES `promotions` WRITE;
/*!40000 ALTER TABLE `promotions` DISABLE KEYS */;
/*!40000 ALTER TABLE `promotions` ENABLE KEYS */;
UNLOCK TABLES;

--
-- Table structure for table `providers`
--

DROP TABLE IF EXISTS `providers`;
/*!40101 SET @saved_cs_client     = @@character_set_client */;
/*!40101 SET character_set_client = utf8 */;
CREATE TABLE `providers` (
  `id` int(10) unsigned NOT NULL auto_increment,
  `name` varchar(255) NOT NULL default '',
  `address` varchar(255) NOT NULL default '',
  `city` varchar(255) NOT NULL default '',
  `country` varchar(255) default NULL,
  `cp` varchar(50) NOT NULL default '',
  `phone` varchar(50) NOT NULL default '',
  `mail` varchar(255) default NULL,
  `cif` varchar(100) NOT NULL default '',
  `register_date` datetime NOT NULL default '0000-00-00 00:00:00',
  `note` text,
  PRIMARY KEY  (`id`),
  KEY `name` (`name`)
) ENGINE=InnoDB DEFAULT CHARSET=utf8;
/*!40101 SET character_set_client = @saved_cs_client */;

--
-- Dumping data for table `providers`
--

LOCK TABLES `providers` WRITE;
/*!40000 ALTER TABLE `providers` DISABLE KEYS */;
/*!40000 ALTER TABLE `providers` ENABLE KEYS */;
UNLOCK TABLES;

--
-- Table structure for table `related_external_notice`
--

DROP TABLE IF EXISTS `related_external_notice`;
/*!40101 SET @saved_cs_client     = @@character_set_client */;
/*!40101 SET character_set_client = utf8 */;
CREATE TABLE `related_external_notice` (
  `id` int(10) unsigned NOT NULL auto_increment,
  `id_notice` int(10) unsigned NOT NULL,
  `id_external_notice` int(10) unsigned NOT NULL,
  `creation_date` datetime NOT NULL,
  `title` varchar(255) NOT NULL default '',
  `description` varchar(255) NOT NULL default '',
  `url` varchar(255) NOT NULL default '',
  PRIMARY KEY  (`id`),
  KEY `id_notice` (`id_notice`),
  CONSTRAINT `related_external_notice_ibfk_1` FOREIGN KEY (`id_notice`) REFERENCES `noticia` (`id`) ON DELETE CASCADE
) ENGINE=InnoDB DEFAULT CHARSET=utf8;
/*!40101 SET character_set_client = @saved_cs_client */;

--
-- Dumping data for table `related_external_notice`
--

LOCK TABLES `related_external_notice` WRITE;
/*!40000 ALTER TABLE `related_external_notice` DISABLE KEYS */;
/*!40000 ALTER TABLE `related_external_notice` ENABLE KEYS */;
UNLOCK TABLES;

--
-- Table structure for table `related_notice`
--

DROP TABLE IF EXISTS `related_notice`;
/*!40101 SET @saved_cs_client     = @@character_set_client */;
/*!40101 SET character_set_client = utf8 */;
CREATE TABLE `related_notice` (
  `id` int(10) unsigned NOT NULL auto_increment,
  `id_notice_a` int(10) unsigned NOT NULL,
  `id_notice_b` int(10) unsigned NOT NULL,
  `title` varchar(255) default '',
  PRIMARY KEY  (`id`),
  KEY `id_notice_a` (`id_notice_a`),
  KEY `id_notice_b` (`id_notice_b`),
  CONSTRAINT `related_notice_ibfk_1` FOREIGN KEY (`id_notice_a`) REFERENCES `noticia` (`id`) ON DELETE CASCADE,
  CONSTRAINT `related_notice_ibfk_2` FOREIGN KEY (`id_notice_b`) REFERENCES `noticia` (`id`) ON DELETE CASCADE
) ENGINE=InnoDB DEFAULT CHARSET=utf8;
/*!40101 SET character_set_client = @saved_cs_client */;

--
-- Dumping data for table `related_notice`
--

LOCK TABLES `related_notice` WRITE;
/*!40000 ALTER TABLE `related_notice` DISABLE KEYS */;
/*!40000 ALTER TABLE `related_notice` ENABLE KEYS */;
UNLOCK TABLES;

--
-- Table structure for table `related_product`
--

DROP TABLE IF EXISTS `related_product`;
/*!40101 SET @saved_cs_client     = @@character_set_client */;
/*!40101 SET character_set_client = utf8 */;
CREATE TABLE `related_product` (
  `id` int(10) unsigned NOT NULL auto_increment,
  `id_product_a` int(10) unsigned NOT NULL default '0',
  `id_product_b` int(10) unsigned NOT NULL default '0',
  `title` varchar(255) default '',
  PRIMARY KEY  (`id`)
) ENGINE=InnoDB DEFAULT CHARSET=utf8;
/*!40101 SET character_set_client = @saved_cs_client */;

--
-- Dumping data for table `related_product`
--

LOCK TABLES `related_product` WRITE;
/*!40000 ALTER TABLE `related_product` DISABLE KEYS */;
/*!40000 ALTER TABLE `related_product` ENABLE KEYS */;
UNLOCK TABLES;

--
-- Table structure for table `related_to_gallery`
--

DROP TABLE IF EXISTS `related_to_gallery`;
/*!40101 SET @saved_cs_client     = @@character_set_client */;
/*!40101 SET character_set_client = utf8 */;
CREATE TABLE `related_to_gallery` (
  `id` int(10) unsigned NOT NULL auto_increment,
  `id_notice` int(10) unsigned NOT NULL,
  `id_gallery` int(10) unsigned NOT NULL,
  `title` varchar(255) default NULL,
  PRIMARY KEY  (`id`),
  KEY `id_notice` (`id_notice`),
  KEY `id_gallery` (`id_gallery`),
  CONSTRAINT `related_to_gallery_ibfk_1` FOREIGN KEY (`id_notice`) REFERENCES `noticia` (`id`) ON DELETE CASCADE,
  CONSTRAINT `related_to_gallery_ibfk_2` FOREIGN KEY (`id_gallery`) REFERENCES `gallery` (`id`) ON DELETE CASCADE
) ENGINE=InnoDB DEFAULT CHARSET=utf8;
/*!40101 SET character_set_client = @saved_cs_client */;

--
-- Dumping data for table `related_to_gallery`
--

LOCK TABLES `related_to_gallery` WRITE;
/*!40000 ALTER TABLE `related_to_gallery` DISABLE KEYS */;
/*!40000 ALTER TABLE `related_to_gallery` ENABLE KEYS */;
UNLOCK TABLES;

--
-- Table structure for table `related_to_library_2009`
--

DROP TABLE IF EXISTS `related_to_library_2009`;
/*!40101 SET @saved_cs_client     = @@character_set_client */;
/*!40101 SET character_set_client = utf8 */;
CREATE TABLE `related_to_library_2009` (
  `id` int(10) unsigned NOT NULL auto_increment,
  `id_notice` int(10) unsigned NOT NULL,
  `id_library` int(10) unsigned NOT NULL,
  `title` varchar(255) default NULL,
  PRIMARY KEY  (`id`),
  KEY `id_notice` (`id_notice`),
  KEY `id_library` (`id_library`),
  CONSTRAINT `related_to_library_2009_ibfk_1` FOREIGN KEY (`id_library`) REFERENCES `hemeroteca_2009` (`id`) ON DELETE CASCADE,
  CONSTRAINT `related_to_library_2009_ibfk_2` FOREIGN KEY (`id_notice`) REFERENCES `noticia` (`id`) ON DELETE CASCADE
) ENGINE=InnoDB DEFAULT CHARSET=utf8;
/*!40101 SET character_set_client = @saved_cs_client */;

--
-- Dumping data for table `related_to_library_2009`
--

LOCK TABLES `related_to_library_2009` WRITE;
/*!40000 ALTER TABLE `related_to_library_2009` DISABLE KEYS */;
/*!40000 ALTER TABLE `related_to_library_2009` ENABLE KEYS */;
UNLOCK TABLES;

--
-- Table structure for table `related_to_library_2010`
--

DROP TABLE IF EXISTS `related_to_library_2010`;
/*!40101 SET @saved_cs_client     = @@character_set_client */;
/*!40101 SET character_set_client = utf8 */;
CREATE TABLE `related_to_library_2010` (
  `id` int(10) unsigned NOT NULL auto_increment,
  `id_notice` int(10) unsigned NOT NULL,
  `id_library` int(10) unsigned NOT NULL,
  `title` varchar(255) default NULL,
  PRIMARY KEY  (`id`),
  KEY `id_notice` (`id_notice`),
  KEY `id_library` (`id_library`),
  CONSTRAINT `related_to_library_2010_ibfk_1` FOREIGN KEY (`id_library`) REFERENCES `hemeroteca_2010` (`id`) ON DELETE CASCADE,
  CONSTRAINT `related_to_library_2010_ibfk_2` FOREIGN KEY (`id_notice`) REFERENCES `noticia` (`id`) ON DELETE CASCADE
) ENGINE=InnoDB DEFAULT CHARSET=utf8;
/*!40101 SET character_set_client = @saved_cs_client */;

--
-- Dumping data for table `related_to_library_2010`
--

LOCK TABLES `related_to_library_2010` WRITE;
/*!40000 ALTER TABLE `related_to_library_2010` DISABLE KEYS */;
/*!40000 ALTER TABLE `related_to_library_2010` ENABLE KEYS */;
UNLOCK TABLES;

--
-- Table structure for table `related_to_library_2011`
--

DROP TABLE IF EXISTS `related_to_library_2011`;
/*!40101 SET @saved_cs_client     = @@character_set_client */;
/*!40101 SET character_set_client = utf8 */;
CREATE TABLE `related_to_library_2011` (
  `id` int(10) unsigned NOT NULL auto_increment,
  `id_notice` int(10) unsigned NOT NULL,
  `id_library` int(10) unsigned NOT NULL,
  `title` varchar(255) default NULL,
  PRIMARY KEY  (`id`),
  KEY `id_notice` (`id_notice`),
  KEY `id_library` (`id_library`),
  CONSTRAINT `related_to_library_2011_ibfk_1` FOREIGN KEY (`id_library`) REFERENCES `hemeroteca_2011` (`id`) ON DELETE CASCADE,
  CONSTRAINT `related_to_library_2011_ibfk_2` FOREIGN KEY (`id_notice`) REFERENCES `noticia` (`id`) ON DELETE CASCADE
) ENGINE=InnoDB DEFAULT CHARSET=utf8;
/*!40101 SET character_set_client = @saved_cs_client */;

--
-- Dumping data for table `related_to_library_2011`
--

LOCK TABLES `related_to_library_2011` WRITE;
/*!40000 ALTER TABLE `related_to_library_2011` DISABLE KEYS */;
/*!40000 ALTER TABLE `related_to_library_2011` ENABLE KEYS */;
UNLOCK TABLES;

--
-- Table structure for table `related_to_library_2012`
--

DROP TABLE IF EXISTS `related_to_library_2012`;
/*!40101 SET @saved_cs_client     = @@character_set_client */;
/*!40101 SET character_set_client = utf8 */;
CREATE TABLE `related_to_library_2012` (
  `id` int(10) unsigned NOT NULL auto_increment,
  `id_notice` int(10) unsigned NOT NULL,
  `id_library` int(10) unsigned NOT NULL,
  `title` varchar(255) default NULL,
  PRIMARY KEY  (`id`),
  KEY `id_notice` (`id_notice`),
  KEY `id_library` (`id_library`),
  CONSTRAINT `related_to_library_2012_ibfk_1` FOREIGN KEY (`id_library`) REFERENCES `hemeroteca_2012` (`id`) ON DELETE CASCADE,
  CONSTRAINT `related_to_library_2012_ibfk_2` FOREIGN KEY (`id_notice`) REFERENCES `noticia` (`id`) ON DELETE CASCADE
) ENGINE=InnoDB DEFAULT CHARSET=utf8;
/*!40101 SET character_set_client = @saved_cs_client */;

--
-- Dumping data for table `related_to_library_2012`
--

LOCK TABLES `related_to_library_2012` WRITE;
/*!40000 ALTER TABLE `related_to_library_2012` DISABLE KEYS */;
/*!40000 ALTER TABLE `related_to_library_2012` ENABLE KEYS */;
UNLOCK TABLES;

--
-- Table structure for table `related_to_library_2013`
--

DROP TABLE IF EXISTS `related_to_library_2013`;
/*!40101 SET @saved_cs_client     = @@character_set_client */;
/*!40101 SET character_set_client = utf8 */;
CREATE TABLE `related_to_library_2013` (
  `id` int(10) unsigned NOT NULL auto_increment,
  `id_notice` int(10) unsigned NOT NULL,
  `id_library` int(10) unsigned NOT NULL,
  `title` varchar(255) default NULL,
  PRIMARY KEY  (`id`),
  KEY `id_notice` (`id_notice`),
  KEY `id_library` (`id_library`),
  CONSTRAINT `related_to_library_2013_ibfk_1` FOREIGN KEY (`id_library`) REFERENCES `hemeroteca_2013` (`id`) ON DELETE CASCADE,
  CONSTRAINT `related_to_library_2013_ibfk_2` FOREIGN KEY (`id_notice`) REFERENCES `noticia` (`id`) ON DELETE CASCADE
) ENGINE=InnoDB DEFAULT CHARSET=utf8;
/*!40101 SET character_set_client = @saved_cs_client */;

--
-- Dumping data for table `related_to_library_2013`
--

LOCK TABLES `related_to_library_2013` WRITE;
/*!40000 ALTER TABLE `related_to_library_2013` DISABLE KEYS */;
/*!40000 ALTER TABLE `related_to_library_2013` ENABLE KEYS */;
UNLOCK TABLES;

--
-- Table structure for table `related_to_library_2014`
--

DROP TABLE IF EXISTS `related_to_library_2014`;
/*!40101 SET @saved_cs_client     = @@character_set_client */;
/*!40101 SET character_set_client = utf8 */;
CREATE TABLE `related_to_library_2014` (
  `id` int(10) unsigned NOT NULL auto_increment,
  `id_notice` int(10) unsigned NOT NULL,
  `id_library` int(10) unsigned NOT NULL,
  `title` varchar(255) default NULL,
  PRIMARY KEY  (`id`),
  KEY `id_notice` (`id_notice`),
  KEY `id_library` (`id_library`),
  CONSTRAINT `related_to_library_2014_ibfk_1` FOREIGN KEY (`id_library`) REFERENCES `hemeroteca_2014` (`id`) ON DELETE CASCADE,
  CONSTRAINT `related_to_library_2014_ibfk_2` FOREIGN KEY (`id_notice`) REFERENCES `noticia` (`id`) ON DELETE CASCADE
) ENGINE=InnoDB DEFAULT CHARSET=utf8;
/*!40101 SET character_set_client = @saved_cs_client */;

--
-- Dumping data for table `related_to_library_2014`
--

LOCK TABLES `related_to_library_2014` WRITE;
/*!40000 ALTER TABLE `related_to_library_2014` DISABLE KEYS */;
/*!40000 ALTER TABLE `related_to_library_2014` ENABLE KEYS */;
UNLOCK TABLES;

--
-- Table structure for table `related_to_library_2015`
--

DROP TABLE IF EXISTS `related_to_library_2015`;
/*!40101 SET @saved_cs_client     = @@character_set_client */;
/*!40101 SET character_set_client = utf8 */;
CREATE TABLE `related_to_library_2015` (
  `id` int(10) unsigned NOT NULL auto_increment,
  `id_notice` int(10) unsigned NOT NULL,
  `id_library` int(10) unsigned NOT NULL,
  `title` varchar(255) default NULL,
  PRIMARY KEY  (`id`),
  KEY `id_notice` (`id_notice`),
  KEY `id_library` (`id_library`),
  CONSTRAINT `related_to_library_2015_ibfk_1` FOREIGN KEY (`id_library`) REFERENCES `hemeroteca_2015` (`id`) ON DELETE CASCADE,
  CONSTRAINT `related_to_library_2015_ibfk_2` FOREIGN KEY (`id_notice`) REFERENCES `noticia` (`id`) ON DELETE CASCADE
) ENGINE=InnoDB DEFAULT CHARSET=utf8;
/*!40101 SET character_set_client = @saved_cs_client */;

--
-- Dumping data for table `related_to_library_2015`
--

LOCK TABLES `related_to_library_2015` WRITE;
/*!40000 ALTER TABLE `related_to_library_2015` DISABLE KEYS */;
/*!40000 ALTER TABLE `related_to_library_2015` ENABLE KEYS */;
UNLOCK TABLES;

--
-- Table structure for table `related_to_video`
--

DROP TABLE IF EXISTS `related_to_video`;
/*!40101 SET @saved_cs_client     = @@character_set_client */;
/*!40101 SET character_set_client = utf8 */;
CREATE TABLE `related_to_video` (
  `id` int(10) unsigned NOT NULL auto_increment,
  `id_notice` int(10) unsigned NOT NULL,
  `id_video` int(10) unsigned NOT NULL,
  `title` varchar(255) default NULL,
  PRIMARY KEY  (`id`),
  KEY `id_video` (`id_video`),
  KEY `id_notice` (`id_notice`),
  CONSTRAINT `related_to_video_ibfk_1` FOREIGN KEY (`id_notice`) REFERENCES `noticia` (`id`) ON DELETE CASCADE,
  CONSTRAINT `related_to_video_ibfk_2` FOREIGN KEY (`id_video`) REFERENCES `video` (`id`) ON DELETE CASCADE
) ENGINE=InnoDB DEFAULT CHARSET=utf8;
/*!40101 SET character_set_client = @saved_cs_client */;

--
-- Dumping data for table `related_to_video`
--

LOCK TABLES `related_to_video` WRITE;
/*!40000 ALTER TABLE `related_to_video` DISABLE KEYS */;
/*!40000 ALTER TABLE `related_to_video` ENABLE KEYS */;
UNLOCK TABLES;

--
-- Table structure for table `related_video`
--

DROP TABLE IF EXISTS `related_video`;
/*!40101 SET @saved_cs_client     = @@character_set_client */;
/*!40101 SET character_set_client = utf8 */;
CREATE TABLE `related_video` (
  `id` int(10) unsigned NOT NULL auto_increment,
  `id_video_a` int(10) unsigned NOT NULL,
  `id_video_b` int(10) unsigned NOT NULL,
  `title` varchar(255) default '',
  PRIMARY KEY  (`id`),
  KEY `id_video_a` (`id_video_a`),
  KEY `id_video_b` (`id_video_b`),
  CONSTRAINT `related_video_ibfk_1` FOREIGN KEY (`id_video_a`) REFERENCES `video` (`id`) ON DELETE CASCADE,
  CONSTRAINT `related_video_ibfk_2` FOREIGN KEY (`id_video_b`) REFERENCES `video` (`id`) ON DELETE CASCADE
) ENGINE=InnoDB DEFAULT CHARSET=utf8;
/*!40101 SET character_set_client = @saved_cs_client */;

--
-- Dumping data for table `related_video`
--

LOCK TABLES `related_video` WRITE;
/*!40000 ALTER TABLE `related_video` DISABLE KEYS */;
/*!40000 ALTER TABLE `related_video` ENABLE KEYS */;
UNLOCK TABLES;

--
-- Table structure for table `rightlayer`
--

DROP TABLE IF EXISTS `rightlayer`;
/*!40101 SET @saved_cs_client     = @@character_set_client */;
/*!40101 SET character_set_client = utf8 */;
CREATE TABLE `rightlayer` (
  `id` int(10) unsigned NOT NULL auto_increment,
  `tipo` int(11) NOT NULL,
  `idModulo` int(10) unsigned NOT NULL,
  `posicion` int(10) unsigned NOT NULL,
  `idSeccion` int(10) unsigned NOT NULL,
  `fechaBaja` datetime default NULL,
  `fechaAlta` datetime default NULL,
  `parametersValue` text NOT NULL,
  PRIMARY KEY  (`id`),
  KEY `idSeccion` (`idSeccion`),
  CONSTRAINT `rightlayer_ibfk_1` FOREIGN KEY (`idSeccion`) REFERENCES `seccion` (`id`) ON DELETE CASCADE
) ENGINE=InnoDB AUTO_INCREMENT=108 DEFAULT CHARSET=utf8;
/*!40101 SET character_set_client = @saved_cs_client */;

--
-- Dumping data for table `rightlayer`
--

LOCK TABLES `rightlayer` WRITE;
/*!40000 ALTER TABLE `rightlayer` DISABLE KEYS */;
INSERT INTO `rightlayer` VALUES (1,32,100,1,15,NULL,NULL,''),(2,32,100,1,16,NULL,NULL,''),(3,32,100,1,17,NULL,NULL,''),(4,32,100,1,19,NULL,NULL,''),(5,32,100,1,20,NULL,NULL,''),(6,32,100,1,21,NULL,NULL,''),(7,32,100,1,23,NULL,NULL,''),(8,32,100,1,24,NULL,NULL,''),(9,32,100,1,25,NULL,NULL,''),(10,32,100,1,26,NULL,NULL,''),(11,32,100,1,89,NULL,NULL,''),(12,32,100,1,90,NULL,NULL,''),(13,32,100,1,91,NULL,NULL,''),(14,32,100,1,92,NULL,NULL,''),(15,32,100,1,28,NULL,NULL,''),(16,32,100,1,29,NULL,NULL,''),(17,32,100,1,93,NULL,NULL,''),(18,32,100,1,94,NULL,NULL,''),(19,32,100,1,95,NULL,NULL,''),(20,32,100,1,32,NULL,NULL,''),(21,32,100,1,33,NULL,NULL,''),(34,32,100,1,49,NULL,NULL,''),(48,32,100,1,67,NULL,NULL,''),(60,32,100,1,81,NULL,NULL,''),(63,32,100,1,86,NULL,NULL,''),(64,32,100,1,96,NULL,NULL,''),(65,32,100,1,2,NULL,NULL,''),(67,32,100,1,98,NULL,NULL,''),(68,32,108,1,35,NULL,NULL,''),(69,32,108,1,36,NULL,NULL,''),(70,32,108,1,38,NULL,NULL,''),(71,32,108,1,39,NULL,NULL,''),(72,32,108,1,40,NULL,NULL,''),(73,32,108,1,41,NULL,NULL,''),(74,32,108,1,42,NULL,NULL,''),(75,32,108,1,43,NULL,NULL,''),(76,32,108,1,44,NULL,NULL,''),(77,32,108,1,45,NULL,NULL,''),(78,32,108,1,97,NULL,NULL,''),(79,32,108,1,46,NULL,NULL,''),(80,32,108,1,47,NULL,NULL,''),(81,32,108,1,51,NULL,NULL,''),(82,32,108,1,52,NULL,NULL,''),(83,32,108,1,53,NULL,NULL,''),(84,32,108,1,54,NULL,NULL,''),(85,32,108,1,56,NULL,NULL,''),(86,32,108,1,57,NULL,NULL,''),(87,32,108,1,59,NULL,NULL,''),(88,32,108,1,61,NULL,NULL,''),(89,32,108,1,62,NULL,NULL,''),(90,32,108,1,63,NULL,NULL,''),(91,32,108,1,64,NULL,NULL,''),(92,32,108,1,65,NULL,NULL,''),(93,32,108,1,66,NULL,NULL,''),(94,32,108,1,69,NULL,NULL,''),(95,32,108,1,70,NULL,NULL,''),(96,32,108,1,71,NULL,NULL,''),(97,32,108,1,72,NULL,NULL,''),(98,32,108,1,73,NULL,NULL,''),(99,32,108,1,74,NULL,NULL,''),(100,32,108,1,76,NULL,NULL,''),(101,32,108,1,77,NULL,NULL,''),(102,32,108,1,78,NULL,NULL,''),(103,32,108,1,79,NULL,NULL,''),(104,32,108,1,80,NULL,NULL,''),(105,32,108,1,84,NULL,NULL,''),(106,32,108,1,85,NULL,NULL,''),(107,32,108,1,99,NULL,NULL,'');
/*!40000 ALTER TABLE `rightlayer` ENABLE KEYS */;
UNLOCK TABLES;

--
-- Table structure for table `rss`
--

DROP TABLE IF EXISTS `rss`;
/*!40101 SET @saved_cs_client     = @@character_set_client */;
/*!40101 SET character_set_client = utf8 */;
CREATE TABLE `rss` (
  `id` int(10) unsigned NOT NULL auto_increment,
  `title` varchar(255) NOT NULL,
  `creationDate` datetime NOT NULL,
  `publicationDate` datetime default '0000-00-00 00:00:00',
  `modificationDate` datetime NOT NULL,
  `state` tinyint(3) unsigned NOT NULL default '0',
  PRIMARY KEY  (`id`)
) ENGINE=InnoDB DEFAULT CHARSET=utf8;
/*!40101 SET character_set_client = @saved_cs_client */;

--
-- Dumping data for table `rss`
--

LOCK TABLES `rss` WRITE;
/*!40000 ALTER TABLE `rss` DISABLE KEYS */;
/*!40000 ALTER TABLE `rss` ENABLE KEYS */;
UNLOCK TABLES;

--
-- Table structure for table `seccion`
--

DROP TABLE IF EXISTS `seccion`;
/*!40101 SET @saved_cs_client     = @@character_set_client */;
/*!40101 SET character_set_client = utf8 */;
CREATE TABLE `seccion` (
  `id` int(10) unsigned NOT NULL auto_increment,
  `idParent` int(10) unsigned NOT NULL default '0',
  `nombre` text NOT NULL,
  `titulo` text,
  `descripcion` text,
  `posicion` int(10) unsigned NOT NULL,
  `fechaAlta` date NOT NULL,
  `fechaPublicacion` datetime default NULL,
  `fechaModificacion` datetime default NULL,
  `obligatoria` tinyint(3) unsigned NOT NULL,
  `publicable` tinyint(3) unsigned NOT NULL,
  `tipo` tinyint(3) unsigned NOT NULL,
  `codigo` int(10) unsigned NOT NULL default '1',
  `fileName` varchar(255) NOT NULL,
  `idStructcss` int(11) NOT NULL default '-1',
  `idStylecss` int(11) NOT NULL default '-1',
  `head` text NOT NULL,
  `foot` text NOT NULL,
  `private` tinyint(3) unsigned NOT NULL,
  `customLogin` varchar(255) default NULL,
  `metaTagDistribution` varchar(255) default NULL,
  `metaTagPageTopic` varchar(255) default NULL,
  `metaTagPageType` varchar(255) default NULL,
  `metaTagLanguage` varchar(255) default NULL,
  `metaTagRobots` varchar(255) default NULL,
  `metaTagResourceType` varchar(255) default NULL,
  `metaTagRevisitAfter` tinyint(4) default '1',
  `metaTagExpires` datetime default NULL,
  `sectionType` tinyint(3) unsigned default '0',
  `phpcode` text NOT NULL,
  `headcode` text NOT NULL,
  `bodycode` text NOT NULL,
  PRIMARY KEY  (`id`),
  KEY `idStructcss` (`idStructcss`),
  KEY `idStylecss` (`idStylecss`),
  CONSTRAINT `seccion_ibfk_1` FOREIGN KEY (`idStructcss`) REFERENCES `estilo` (`id`),
  CONSTRAINT `seccion_ibfk_2` FOREIGN KEY (`idStylecss`) REFERENCES `estilo` (`id`)
) ENGINE=InnoDB AUTO_INCREMENT=105 DEFAULT CHARSET=utf8;
/*!40101 SET character_set_client = @saved_cs_client */;

--
-- Dumping data for table `seccion`
--

LOCK TABLES `seccion` WRITE;
/*!40000 ALTER TABLE `seccion` DISABLE KEYS */;
INSERT INTO `seccion` VALUES (1,0,'Accueil','CEFER Spécialistes en reproduction assistée','CEFER Spécialistes en reproduction assistée',1,'2009-11-19','2015-01-13 12:56:21','2013-11-05 06:29:26',1,1,0,1,'index',3,2,'','',0,NULL,'global',NULL,NULL,NULL,NULL,NULL,1,'2012-11-08 12:59:08',0,'','%3Cscript+type%3D%22text%2Fjavascript%22+src%3D%22https%3A%2F%2Fapis.google.com%2Fjs%2Fplusone.js%22%3E%0D%0A++%7Blang%3A+%27fr%27%7D%0D%0A%3C%2Fscript%3E%0D%0A','%3Cbody%3E'),(2,0,'nouvelles','nouvelles',NULL,1,'2009-11-19','2014-03-06 12:36:38','2009-12-30 19:17:30',1,1,0,1,'viewer',1,2,'','',0,NULL,NULL,NULL,NULL,NULL,NULL,NULL,1,NULL,1,'','%3Ctitle%3E%3C%3Fphp+++if+%28isset%28%24_REQUEST%5B%27titleNotice%27%5D%29%29++echo+%24_REQUEST%5B%27titleNotice%27%5D%3B+%3F%3E%3C%2Ftitle%3E%0D%0A%3Cmeta+name%3D%22title%22+content%3D%22%3C%3Fphp+++if+%28isset%28%24_REQUEST%5B%27titleNotice%27%5D%29%29++echo+%24_REQUEST%5B%27titleNotice%27%5D%3B+%3F%3E%22%2F%3E%0D%0A%3C%3Fphp%0D%0Arequire_once%28%22admin%2Flib%2Fdb%2Fcms%2FNoticia.php%22%29%3B%0D%0Arequire_once%28%22admin%2Flib%2Fdb%2Femarketing%2Fstats%2FStatsNotice.php%22%29%3B%0D%0A%0D%0Aif+%28isset%28%24_REQUEST%5B%27IDN%27%5D%29%29+%7B%0D%0A%09%24noticia+%3D+new+Noticia%28%24_REQUEST%5B%27IDN%27%5D%2C+%24connLang%29%3B%0D%0A%09if+%28%24noticia-%3EgetId%28%29+%21%3D+-1%29++%7B%0D%0A%09%09echo+%22%3Ctitle%3E%22.%24noticia-%3EgetTitle%28%29.%22%3C%2Ftitle%3E%22%3B%0D%0A%09%09%24stats+%3D+new+StatsNotice%28-1%2C+%24connLang%29%3B%0D%0A%09%09%24stats-%3EsetIdNotice%28%24noticia-%3EgetId%28%29%29%3B%0D%0A%09%09%24stats-%3EDBCountImpression%28%29%3B%0D%0A%09%7D%0D%0A%7D+%3F%3E','%3Cbody%3E'),(3,0,'Recherche','Recherche',NULL,1,'2009-11-19','2014-03-06 12:36:39','2009-11-19 10:22:34',1,1,0,1,'recherche',1,2,'','',0,NULL,NULL,NULL,NULL,NULL,NULL,NULL,1,NULL,1,'','',''),(4,0,'Hémérothèque','Hémérothèque',NULL,1,'2009-11-19','2014-03-06 12:36:39','2009-11-19 10:22:34',1,1,0,1,'Hemerotheque',1,2,'','',0,NULL,NULL,NULL,NULL,NULL,NULL,NULL,1,NULL,1,'','',''),(5,0,'Commentaires','Commentaires',NULL,1,'2009-11-19','2014-03-06 12:36:39','2009-11-19 10:22:34',1,1,0,1,'commentaires',1,2,'','',0,NULL,NULL,NULL,NULL,NULL,NULL,NULL,1,NULL,1,'','',''),(6,0,'Envoyer à un ami','Envoyer à un ami',NULL,1,'2009-11-19','2014-03-06 12:36:39','2009-11-30 15:58:25',1,1,0,1,'envoyer-a-un-ami',1,2,'','',0,NULL,NULL,NULL,NULL,NULL,NULL,NULL,1,NULL,1,'','','%3Cbody%3E'),(7,0,'Votar encuesta','Votar encuesta',NULL,1,'2009-11-19','2014-03-06 12:36:40','2009-11-19 10:22:34',1,1,0,1,'vote-par',1,2,'','',0,NULL,NULL,NULL,NULL,NULL,NULL,NULL,1,NULL,1,'','',''),(8,0,'Agenda','Agenda',NULL,1,'2009-11-19','2014-03-06 12:36:40','2009-11-19 10:22:34',1,1,0,1,'agenda',1,2,'','',0,NULL,NULL,NULL,NULL,NULL,NULL,NULL,1,NULL,1,'','',''),(9,0,'Login','Login',NULL,1,'2009-11-19','2014-03-06 12:36:40','2009-11-30 13:17:29',1,1,0,1,'login',3,2,'','',0,NULL,NULL,NULL,NULL,NULL,NULL,NULL,1,NULL,1,'','',''),(10,1,'L\'institut','L\'institut',NULL,1,'2009-11-19','2015-01-13 12:56:21','2009-12-07 17:18:22',0,1,1,1,'institut',1,2,'','',0,NULL,NULL,NULL,NULL,NULL,NULL,NULL,1,'0000-00-00 00:00:00',0,'header%28%27Location%3A+bienvenue.php%27%29%3B','','%3Cbody%3E'),(11,1,'Que faisons-nous?','Que faisons-nous?',NULL,2,'2009-11-19','2015-01-13 12:56:26','2009-12-07 17:22:05',0,1,1,1,'que-faisons-nous',1,2,'','',0,NULL,NULL,NULL,NULL,NULL,NULL,NULL,1,'0000-00-00 00:00:00',0,'header%28%27Location%3A+infertilite-feminine.php%27%29%3B','','%3Cbody%3E'),(12,1,'Couples','Couples',NULL,3,'2009-11-19','2015-01-13 12:56:31','2009-12-07 18:18:36',0,1,1,1,'couples',1,2,'','',0,NULL,NULL,NULL,NULL,NULL,NULL,NULL,1,'0000-00-00 00:00:00',0,'header%28%27Location%3A+couples-infertilite-feminine.php%27%29%3B','','%3Cbody%3E'),(13,1,'Les mères célibataires','Les mères célibataires','Tous les options pour la femme qui veut être maman touts seul qui est celibataire ou avec une conjointe feminin. L\' insémination artificielle avec sperme de donneur anonyme de notre banque de sperme.',4,'2009-11-19','2015-01-13 12:56:35','2013-12-21 15:38:19',0,1,1,1,'les-meres-celibataires',1,2,'','',0,NULL,'global','Medicine','Product Info','français',NULL,NULL,1,'1999-11-30 00:00:00',0,'header%28%27Location%3A+couples-singles.php%27%29%3B','','%3Cbody%3E'),(15,10,'Bienvenue','Bienvenue',NULL,1,'2009-11-19','2015-01-13 12:56:21','2013-05-16 08:26:53',0,1,1,1,'bienvenue',1,2,'','',0,NULL,NULL,NULL,NULL,NULL,NULL,NULL,1,'0000-00-00 00:00:00',0,'','%3Cscript+type%3D%22text%2Fjavascript%22+src%3D%22https%3A%2F%2Fapis.google.com%2Fjs%2Fplusone.js%22%3E%0D%0A++%7Blang%3A+%27fr%27%7D%0D%0A%3C%2Fscript%3E','%3Cbody%3E'),(16,10,'10 bonnes raisons de venir à Cefer','10 bonnes raisons de venir à Cefer',NULL,2,'2009-11-19','2015-01-13 12:56:26','2011-06-29 11:51:45',0,1,1,1,'10-Raisons-pour-choisir-cefer',1,2,'','',0,NULL,NULL,NULL,NULL,NULL,NULL,NULL,1,'0000-00-00 00:00:00',0,'','%3Cscript+type%3D%22text%2Fjavascript%22+src%3D%22https%3A%2F%2Fapis.google.com%2Fjs%2Fplusone.js%22%3E%0D%0A++%7Blang%3A+%27fr%27%7D%0D%0A%3C%2Fscript%3E','%3Cbody%3E'),(17,10,'Histoire et l\'expérience','Histoire et l\'expérience',NULL,3,'2009-11-19','2015-01-13 12:56:32','2011-06-29 11:51:55',0,1,1,1,'histoire-et-experience',1,2,'','',0,NULL,NULL,NULL,NULL,NULL,NULL,NULL,1,'0000-00-00 00:00:00',0,'','%3Cscript+type%3D%22text%2Fjavascript%22+src%3D%22https%3A%2F%2Fapis.google.com%2Fjs%2Fplusone.js%22%3E%0D%0A++%7Blang%3A+%27fr%27%7D%0D%0A%3C%2Fscript%3E','%3Cbody%3E'),(18,10,'Biologie médicale','Biologie médicale',NULL,4,'2009-11-19','2015-01-13 12:56:35','2009-12-07 17:18:42',0,1,1,1,'biologie-medicale',1,2,'','',0,NULL,NULL,NULL,NULL,NULL,NULL,NULL,1,'0000-00-00 00:00:00',0,'header%28%27Location%3A+equipe-medicale-a-barcelona.php%27%29%3B','','%3Cbody%3E'),(19,18,'Équipe médicale à Barcelone','Équipe médicale à Barcelone',NULL,1,'2009-11-19','2015-01-20 07:55:43','2011-06-29 11:52:05',0,1,1,1,'equipe-medicale-a-barcelone',1,2,'','',0,NULL,NULL,NULL,NULL,NULL,NULL,NULL,1,'0000-00-00 00:00:00',0,'','%3Cscript+type%3D%22text%2Fjavascript%22+src%3D%22https%3A%2F%2Fapis.google.com%2Fjs%2Fplusone.js%22%3E%0D%0A++%7Blang%3A+%27fr%27%7D%0D%0A%3C%2Fscript%3E','%3Cbody%3E'),(20,18,'Équipe médicale à Valencia','Équipe médicale à Valencia',NULL,2,'2009-11-19','2015-04-13 10:47:04','2015-04-13 10:46:15',0,1,1,1,'equipe-medicale-a-valencia',1,2,'','',0,NULL,NULL,NULL,NULL,NULL,NULL,NULL,1,'0000-00-00 00:00:00',0,'','%3Cscript+type%3D%22text%2Fjavascript%22+src%3D%22https%3A%2F%2Fapis.google.com%2Fjs%2Fplusone.js%22%3E%0D%0A++%7Blang%3A+%27fr%27%7D%0D%0A%3C%2Fscript%3E','%3Cbody%3E'),(21,18,'Équipe médicale à Lleida','Équipe médicale à Lleida',NULL,3,'2009-11-19','2015-01-13 12:56:32','2011-06-29 11:52:22',0,1,1,1,'equipe-medicale-a-lleida',1,2,'','',0,NULL,NULL,NULL,NULL,NULL,NULL,NULL,1,'0000-00-00 00:00:00',0,'','%3Cscript+type%3D%22text%2Fjavascript%22+src%3D%22https%3A%2F%2Fapis.google.com%2Fjs%2Fplusone.js%22%3E%0D%0A++%7Blang%3A+%27fr%27%7D%0D%0A%3C%2Fscript%3E','%3Cbody%3E'),(22,10,'Nos installations','Nos installations',NULL,5,'2009-11-19','2015-01-13 12:56:37','2009-12-07 17:19:13',0,1,1,1,'nos-installations',1,2,'','',0,NULL,NULL,NULL,NULL,NULL,NULL,NULL,1,'0000-00-00 00:00:00',0,'header%28%27Location%3A+nos-installations-a-barcelona.php%27%29%3B','','%3Cbody%3E'),(23,22,'Nos installations à Barcelone','Nos installations à Barcelone',NULL,1,'2009-11-19','2015-01-13 12:56:22','2011-06-29 11:52:31',0,1,1,1,'nos-installations-a-barcelone',1,2,'','',0,NULL,NULL,NULL,NULL,NULL,NULL,NULL,1,'0000-00-00 00:00:00',0,'','%3Cscript+type%3D%22text%2Fjavascript%22+src%3D%22https%3A%2F%2Fapis.google.com%2Fjs%2Fplusone.js%22%3E%0D%0A++%7Blang%3A+%27fr%27%7D%0D%0A%3C%2Fscript%3E','%3Cbody%3E'),(24,22,'Nos installations à Valencia','Nos installations à Valencia',NULL,2,'2009-11-19','2015-01-13 12:56:27','2011-06-29 11:52:42',0,1,1,1,'nos-installations-a-valencia',1,2,'','',0,NULL,NULL,NULL,NULL,NULL,NULL,NULL,1,'0000-00-00 00:00:00',0,'','%3Cscript+type%3D%22text%2Fjavascript%22+src%3D%22https%3A%2F%2Fapis.google.com%2Fjs%2Fplusone.js%22%3E%0D%0A++%7Blang%3A+%27fr%27%7D%0D%0A%3C%2Fscript%3E','%3Cbody%3E'),(25,22,'Nos installations à Lleida','Nos installations à Lleida',NULL,3,'2009-11-19','2015-01-13 12:56:32','2011-06-29 11:52:52',0,1,1,1,'nos-installations-a-lleida',1,2,'','',0,NULL,NULL,NULL,NULL,NULL,NULL,NULL,1,'0000-00-00 00:00:00',0,'','%3Cscript+type%3D%22text%2Fjavascript%22+src%3D%22https%3A%2F%2Fapis.google.com%2Fjs%2Fplusone.js%22%3E%0D%0A++%7Blang%3A+%27fr%27%7D%0D%0A%3C%2Fscript%3E','%3Cbody%3E'),(26,10,'Engagement Qualité','Engagement Qualité',NULL,6,'2009-11-19','2015-01-13 12:56:38','2011-06-29 11:53:01',0,1,1,1,'engagement-qualite',1,2,'','',0,NULL,NULL,NULL,NULL,NULL,NULL,NULL,1,'0000-00-00 00:00:00',0,'','%3Cscript+type%3D%22text%2Fjavascript%22+src%3D%22https%3A%2F%2Fapis.google.com%2Fjs%2Fplusone.js%22%3E%0D%0A++%7Blang%3A+%27fr%27%7D%0D%0A%3C%2Fscript%3E','%3Cbody%3E'),(27,10,'Contact','Contact',NULL,7,'2009-11-19','2015-01-13 12:56:40','2011-06-29 11:53:10',0,1,1,1,'contact',3,2,'','',0,NULL,NULL,NULL,NULL,NULL,NULL,NULL,1,'0000-00-00 00:00:00',0,'','%3Cscript+type%3D%22text%2Fjavascript%22+src%3D%22https%3A%2F%2Fapis.google.com%2Fjs%2Fplusone.js%22%3E%0D%0A++%7Blang%3A+%27fr%27%7D%0D%0A%3C%2Fscript%3E','%3Cbody%3E'),(28,10,'FAQ','FAQ',NULL,8,'2009-11-19','2015-01-13 12:56:41','2011-06-29 11:53:59',0,1,1,1,'faq',1,2,'','',0,NULL,NULL,NULL,NULL,NULL,NULL,NULL,1,'0000-00-00 00:00:00',0,'','%3Cscript+type%3D%22text%2Fjavascript%22+src%3D%22https%3A%2F%2Fapis.google.com%2Fjs%2Fplusone.js%22%3E%0D%0A++%7Blang%3A+%27fr%27%7D%0D%0A%3C%2Fscript%3E','%3Cbody%3E'),(29,10,'Rechercher','Rechercher',NULL,9,'2009-11-19','2015-01-13 12:56:43','2011-06-29 11:54:09',0,1,1,1,'rechercher',1,2,'','',0,NULL,NULL,NULL,NULL,NULL,NULL,NULL,1,'0000-00-00 00:00:00',0,'','%3Cscript+type%3D%22text%2Fjavascript%22+src%3D%22https%3A%2F%2Fapis.google.com%2Fjs%2Fplusone.js%22%3E%0D%0A++%7Blang%3A+%27fr%27%7D%0D%0A%3C%2Fscript%3E','%3Cbody%3E'),(30,10,'Informations Touristique','Informations Touristique',NULL,10,'2009-11-19','2015-01-13 12:56:45','2009-12-07 17:21:24',0,1,1,1,'informations-touristique',1,2,'','',0,NULL,NULL,NULL,NULL,NULL,NULL,NULL,1,'0000-00-00 00:00:00',0,'header%28%27Location%3A+hebergement.php%27%29%3B','','%3Cbody%3E'),(31,30,'Tourisme à Barcelone','Tourisme à Barcelone',NULL,1,'2009-11-19','2015-01-13 12:56:22','2009-12-07 17:21:02',0,1,1,1,'tourisme-a-barcelone',1,2,'','',0,NULL,NULL,NULL,NULL,NULL,NULL,NULL,1,'0000-00-00 00:00:00',0,'header%28%27Location%3A+hebergement.php%27%29%3B','','%3Cbody%3E'),(32,30,'Tourisme à Valencia','Tourisme à Valencia',NULL,2,'2009-11-19','2015-01-13 12:56:27','2011-06-29 11:55:08',0,1,1,1,'tourisme-a-valencia',1,2,'','',0,NULL,NULL,NULL,NULL,NULL,NULL,NULL,1,'0000-00-00 00:00:00',0,'','%3Cscript+type%3D%22text%2Fjavascript%22+src%3D%22https%3A%2F%2Fapis.google.com%2Fjs%2Fplusone.js%22%3E%0D%0A++%7Blang%3A+%27fr%27%7D%0D%0A%3C%2Fscript%3E','%3Cbody%3E'),(33,30,'Tourisme à Lleida','Tourisme à Lleida',NULL,3,'2009-11-19','2015-01-13 12:56:33','2011-06-29 11:55:20',0,1,1,1,'tourisme-a-lleida',1,2,'','',0,NULL,NULL,NULL,NULL,NULL,NULL,NULL,1,'0000-00-00 00:00:00',0,'','%3Cscript+type%3D%22text%2Fjavascript%22+src%3D%22https%3A%2F%2Fapis.google.com%2Fjs%2Fplusone.js%22%3E%0D%0A++%7Blang%3A+%27fr%27%7D%0D%0A%3C%2Fscript%3E','%3Cbody%3E'),(34,11,'Études de stérilité','Études de stérilité',NULL,1,'2009-11-19','2015-01-13 12:56:23','2009-12-07 17:21:47',0,1,1,1,'etudes-de-sterilite',1,2,'','',0,NULL,NULL,NULL,NULL,NULL,NULL,NULL,1,'0000-00-00 00:00:00',0,'header%28%27Location%3A+infertilite-feminine.php%27%29%3B','','%3Cbody%3E'),(35,34,'L\'infertilité féminine','L\'infertilité féminine',NULL,1,'2009-11-19','2015-01-13 12:56:23','2011-06-29 11:55:34',0,1,1,1,'infertilite-feminine',1,2,'','',0,NULL,NULL,NULL,NULL,NULL,NULL,NULL,1,'0000-00-00 00:00:00',0,'ob_start%28%29%3B','%3Cscript+type%3D%22text%2Fjavascript%22+src%3D%22https%3A%2F%2Fapis.google.com%2Fjs%2Fplusone.js%22%3E%0D%0A++%7Blang%3A+%27fr%27%7D%0D%0A%3C%2Fscript%3E','%3Cbody%3E'),(36,34,'Stérilité masculine','Stérilité masculine',NULL,2,'2009-11-19','2015-01-13 12:56:28','2011-06-29 11:55:45',0,1,1,1,'sterilite-masculine',1,2,'','',0,NULL,NULL,NULL,NULL,NULL,NULL,NULL,1,'0000-00-00 00:00:00',0,'ob_start%28%29%3B','%3Cscript+type%3D%22text%2Fjavascript%22+src%3D%22https%3A%2F%2Fapis.google.com%2Fjs%2Fplusone.js%22%3E%0D%0A++%7Blang%3A+%27fr%27%7D%0D%0A%3C%2Fscript%3E','%3Cbody%3E'),(37,11,'Banque de sperme','Banque de sperme',NULL,2,'2009-11-19','2015-01-13 12:56:28','2009-12-07 17:31:01',0,1,1,1,'banque-de-sperme',1,2,'','',0,NULL,NULL,NULL,NULL,NULL,NULL,NULL,1,'0000-00-00 00:00:00',0,'header%28%27Location%3A+donateur-anonyme.php%27%29%3B','','%3Cbody%3E'),(38,37,'Donateur anonyme','Donateur anonyme','Notre banque de sperme a Barcelone c\'est la permière banque de sperme l\'Espagne le doneur de sperme doit être  anonyme saine et fertile.\r\nLe sperme de donneur puet être utiliser par une mère seule celibataire ou bien par une couple lesbienne o par une couple hetrosexuelle',1,'2009-11-19','2015-01-13 12:56:23','2013-12-23 15:51:53',0,1,1,1,'donateur-anonyme',1,2,'','',0,NULL,'global','Medicine','Product Info','français',NULL,NULL,1,'1999-11-30 00:00:00',0,'ob_start%28%29%3B','%3Cscript+type%3D%22text%2Fjavascript%22+src%3D%22https%3A%2F%2Fapis.google.com%2Fjs%2Fplusone.js%22%3E%0D%0A++%7Blang%3A+%27fr%27%7D%0D%0A%3C%2Fscript%3E','%3Cbody%3E'),(39,37,'Congélation de sperme','Congélation de sperme',NULL,2,'2009-11-19','2015-01-13 12:56:28','2011-06-29 11:56:12',0,1,1,1,'la-congelation-de-sperme',1,2,'','',0,NULL,NULL,NULL,NULL,NULL,NULL,NULL,1,'0000-00-00 00:00:00',0,'ob_start%28%29%3B','%3Cscript+type%3D%22text%2Fjavascript%22+src%3D%22https%3A%2F%2Fapis.google.com%2Fjs%2Fplusone.js%22%3E%0D%0A++%7Blang%3A+%27fr%27%7D%0D%0A%3C%2Fscript%3E','%3Cbody%3E'),(40,11,'Insémination artificielle','Insémination artificielle','Insémination artificielle intrauterine avec sperme du donneur anonyme. CEFER à Barcelone,c\'est la première Banque de sperme de l\' Espagne.',3,'2009-11-19','2015-01-13 12:56:33','2014-03-14 06:24:59',0,1,1,1,'insemination-artificielle',1,2,'','',0,NULL,'global','Medicine','Product Info','français','robots.txt',NULL,1,'1999-11-30 00:00:00',0,'ob_start%28%29%3B','%3Cscript+type%3D%22text%2Fjavascript%22+src%3D%22https%3A%2F%2Fapis.google.com%2Fjs%2Fplusone.js%22%3E%0D%0A++%7Blang%3A+%27fr%27%7D%0D%0A%3C%2Fscript%3E','%3Cbody%3E'),(41,11,'Fécondation in vitro','Fécondation in vitro',NULL,4,'2009-11-19','2015-01-13 12:56:35','2011-06-29 11:56:37',0,1,1,1,'fecondation-in-vitro',1,2,'','',0,NULL,NULL,NULL,NULL,NULL,NULL,NULL,1,'0000-00-00 00:00:00',0,'ob_start%28%29%3B','%3Cscript+type%3D%22text%2Fjavascript%22+src%3D%22https%3A%2F%2Fapis.google.com%2Fjs%2Fplusone.js%22%3E%0D%0A++%7Blang%3A+%27fr%27%7D%0D%0A%3C%2Fscript%3E','%3Cbody%3E'),(42,11,'Recevoir des ovocytes de donneuses','Ovodonation','Don d\'ovules\r\nOvodonation',5,'2009-11-19','2015-01-13 12:56:37','2013-12-11 19:36:36',0,1,1,1,'recevoir-des-ovocytes-de-donneuses',1,2,'','',0,NULL,'global','Medicine','Product Info','français',NULL,NULL,1,'1999-11-30 00:00:00',0,'ob_start%28%29%3B','%3Cscript+type%3D%22text%2Fjavascript%22+src%3D%22https%3A%2F%2Fapis.google.com%2Fjs%2Fplusone.js%22%3E%0D%0A++%7Blang%3A+%27fr%27%7D%0D%0A%3C%2Fscript%3E','%3Cbody%3E'),(43,11,'Congélation des ovules','Congélation des ovules',NULL,6,'2009-11-19','2015-01-13 12:56:39','2011-06-29 11:57:10',0,1,1,1,'congelation-des-ovules',1,2,'','',0,NULL,NULL,NULL,NULL,NULL,NULL,NULL,1,'0000-00-00 00:00:00',0,'ob_start%28%29%3B','%3Cscript+type%3D%22text%2Fjavascript%22+src%3D%22https%3A%2F%2Fapis.google.com%2Fjs%2Fplusone.js%22%3E%0D%0A++%7Blang%3A+%27fr%27%7D%0D%0A%3C%2Fscript%3E','%3Cbody%3E'),(44,11,'Banque d\'embryons','Banque d\'embryons','Adoption d\'embryons limit d\' âge jusqua 57 ans.\r\nbanque d\'embryons\r\ndouble don\r\ndon d\'embryons sans liste d\' attente',7,'2009-11-19','2015-01-13 12:56:40','2013-12-23 15:27:31',0,1,1,1,'banque-embryons',1,2,'','',0,NULL,'global','Medicine','Product Info','français',NULL,NULL,1,'1999-11-30 00:00:00',0,'ob_start%28%29%3B','%3Cscript+type%3D%22text%2Fjavascript%22+src%3D%22https%3A%2F%2Fapis.google.com%2Fjs%2Fplusone.js%22%3E%0D%0A++%7Blang%3A+%27fr%27%7D%0D%0A%3C%2Fscript%3E','%3Cbody%3E'),(45,11,'DGP','DGP',NULL,8,'2009-11-19','2015-01-13 12:56:41','2011-06-29 11:57:31',0,1,1,1,'dgp',1,2,'','',0,NULL,NULL,NULL,NULL,NULL,NULL,NULL,1,'0000-00-00 00:00:00',0,'ob_start%28%29%3B','%3Cscript+type%3D%22text%2Fjavascript%22+src%3D%22https%3A%2F%2Fapis.google.com%2Fjs%2Fplusone.js%22%3E%0D%0A++%7Blang%3A+%27fr%27%7D%0D%0A%3C%2Fscript%3E','%3Cbody%3E'),(46,11,'Lavage de sperme','Lavage de sperme',NULL,10,'2009-11-19','2015-01-13 12:56:45','2011-06-29 11:58:02',0,1,1,1,'lavage-de-sperme',1,2,'','',0,NULL,NULL,NULL,NULL,NULL,NULL,NULL,1,'0000-00-00 00:00:00',0,'ob_start%28%29%3B','%3Cscript+type%3D%22text%2Fjavascript%22+src%3D%22https%3A%2F%2Fapis.google.com%2Fjs%2Fplusone.js%22%3E%0D%0A++%7Blang%3A+%27fr%27%7D%0D%0A%3C%2Fscript%3E','%3Cbody%3E'),(47,11,'Soutien psychologique','Soutien psychologique',NULL,10,'2009-11-19','2015-01-13 12:56:45','2011-06-29 11:58:16',0,1,1,1,'soutien-psychologique',1,2,'','',0,NULL,NULL,NULL,NULL,NULL,NULL,NULL,1,'0000-00-00 00:00:00',0,'ob_start%28%29%3B','%3Cscript+type%3D%22text%2Fjavascript%22+src%3D%22https%3A%2F%2Fapis.google.com%2Fjs%2Fplusone.js%22%3E%0D%0A++%7Blang%3A+%27fr%27%7D%0D%0A%3C%2Fscript%3E','%3Cbody%3E'),(49,11,'FAQ','FAQ',NULL,11,'2009-11-19','2015-01-13 12:56:46','2011-06-29 11:58:27',0,1,1,1,'qh-faq',1,2,'','',0,NULL,NULL,NULL,NULL,NULL,NULL,NULL,1,'0000-00-00 00:00:00',0,'','%3Cscript+type%3D%22text%2Fjavascript%22+src%3D%22https%3A%2F%2Fapis.google.com%2Fjs%2Fplusone.js%22%3E%0D%0A++%7Blang%3A+%27fr%27%7D%0D%0A%3C%2Fscript%3E','%3Cbody%3E'),(50,12,'Études de stérilité','Études de stérilité',NULL,1,'2009-11-19','2015-01-13 12:56:24','2009-12-07 18:18:13',0,1,1,1,'couples-etudes-de-sterilite',1,2,'','',0,NULL,NULL,NULL,NULL,NULL,NULL,NULL,1,'0000-00-00 00:00:00',0,'header%28%27Location%3A+couples-infertilite-feminine.php%27%29%3B','','%3Cbody%3E'),(51,50,'L\'infertilité féminine','L\'infertilité féminine',NULL,1,'2009-11-19','2015-01-13 12:56:24','2011-06-29 11:58:40',0,1,1,1,'couples-infertilite-feminine',1,2,'','',0,NULL,NULL,NULL,NULL,NULL,NULL,NULL,1,'0000-00-00 00:00:00',0,'ob_start%28%29%3B','%3Cscript+type%3D%22text%2Fjavascript%22+src%3D%22https%3A%2F%2Fapis.google.com%2Fjs%2Fplusone.js%22%3E%0D%0A++%7Blang%3A+%27fr%27%7D%0D%0A%3C%2Fscript%3E','%3Cbody%3E'),(52,50,'Stérilité masculine','Stérilité masculine','Stérilité masculine, CEFER a fondé la première banque de sperme de donneur anonyme à Barcelone ça fait plus de 35 ans.\r\nLe prix c\'est le moins cher des centres de PMA',2,'2009-11-19','2015-01-13 12:56:29','2013-12-21 15:57:11',0,1,1,1,'couples-sterilite-masculine',1,2,'','',0,NULL,'global','Medicine','Product Info','français',NULL,NULL,1,'1999-11-30 00:00:00',0,'ob_start%28%29%3B','%3Cscript+type%3D%22text%2Fjavascript%22+src%3D%22https%3A%2F%2Fapis.google.com%2Fjs%2Fplusone.js%22%3E%0D%0A++%7Blang%3A+%27fr%27%7D%0D%0A%3C%2Fscript%3E','%3Cbody%3E'),(53,12,'Avortements répétés','Avortements répétés',NULL,2,'2009-11-19','2015-01-13 12:56:29','2011-06-29 11:59:04',0,1,1,1,'avortements-repetes',1,2,'','',0,NULL,NULL,NULL,NULL,NULL,NULL,NULL,1,'0000-00-00 00:00:00',0,'ob_start%28%29%3B','%3Cscript+type%3D%22text%2Fjavascript%22+src%3D%22https%3A%2F%2Fapis.google.com%2Fjs%2Fplusone.js%22%3E%0D%0A++%7Blang%3A+%27fr%27%7D%0D%0A%3C%2Fscript%3E','%3Cbody%3E'),(54,12,'Azoospermie après une vasectomie','Azoospermie après une vasectomie',NULL,3,'2009-11-19','2015-01-13 12:56:33','2011-06-29 11:59:18',0,1,1,1,'azoospermie-apres-une-vasectomie',1,2,'','',0,NULL,NULL,NULL,NULL,NULL,NULL,NULL,1,'0000-00-00 00:00:00',0,'ob_start%28%29%3B','%3Cscript+type%3D%22text%2Fjavascript%22+src%3D%22https%3A%2F%2Fapis.google.com%2Fjs%2Fplusone.js%22%3E%0D%0A++%7Blang%3A+%27fr%27%7D%0D%0A%3C%2Fscript%3E','%3Cbody%3E'),(55,12,'Banque de sperme','Banque de sperme','Insémination artificielle IUI intrauterine avec sperme du donneur anonyme. la banque de sperme de CEFER à Barcelone,c\'est la première Banque de sperme de l\' Espagne.\r\nOn peut faire tous les PMA',4,'2009-11-19','2015-01-13 12:56:36','2013-12-21 16:01:29',0,1,1,1,'couples-banque-de-sperme',1,2,'','',0,NULL,'global','Medicine','Product Info','français',NULL,NULL,1,'1999-11-30 00:00:00',0,'header%28%27Location%3A+couples-donateur-anonyme.php%27%29%3B','','%3Cbody%3E'),(56,55,'Donateur anonyme','Donateur de sperme anonyme','Donneur de sperme\r\nla Banque de sperme de CEFER a Barcelone c\'est la première banque de sperme de l\'Espagne.  \r\non a plus de 2000 bebé par PMA soit par insémination artificielle IUI intrautérine, soit par fécondation in vitro, si par don d\'ovules.\r\nle prix par chaque donation',1,'2009-11-19','2015-01-13 12:56:24','2013-12-24 09:55:40',0,1,1,1,'couples-donateur-anonyme',1,2,'','',0,NULL,'global','Medicine','Product Info','français',NULL,NULL,1,'1999-11-30 00:00:00',0,'ob_start%28%29%3B','%3Cscript+type%3D%22text%2Fjavascript%22+src%3D%22https%3A%2F%2Fapis.google.com%2Fjs%2Fplusone.js%22%3E%0D%0A++%7Blang%3A+%27fr%27%7D%0D%0A%3C%2Fscript%3E','%3Cbody%3E'),(57,55,'Congélation de sperme','Congélation de sperme',NULL,2,'2009-11-19','2015-01-13 12:56:29','2011-06-29 11:59:50',0,1,1,1,'couples-la-congelation-de-sperme',1,2,'','',0,NULL,NULL,NULL,NULL,NULL,NULL,NULL,1,'0000-00-00 00:00:00',0,'ob_start%28%29%3B','%3Cscript+type%3D%22text%2Fjavascript%22+src%3D%22https%3A%2F%2Fapis.google.com%2Fjs%2Fplusone.js%22%3E%0D%0A++%7Blang%3A+%27fr%27%7D%0D%0A%3C%2Fscript%3E','%3Cbody%3E'),(59,12,'Ménopause, a fait don d\'oeufs','Ménopause, a fait don d\'oeufs',NULL,5,'2009-11-19','2015-01-13 12:56:37','2011-06-29 12:00:05',0,1,1,1,'la-menopause-a-fait-don-oeufs',1,2,'','',0,NULL,NULL,NULL,NULL,NULL,NULL,NULL,1,'0000-00-00 00:00:00',0,'ob_start%28%29%3B','%3Cscript+type%3D%22text%2Fjavascript%22+src%3D%22https%3A%2F%2Fapis.google.com%2Fjs%2Fplusone.js%22%3E%0D%0A++%7Blang%3A+%27fr%27%7D%0D%0A%3C%2Fscript%3E','%3Cbody%3E'),(60,12,'Couples sérodifférents','Couples sérodifférents',NULL,6,'2009-11-19','2015-01-13 12:56:39','2009-12-07 17:34:19',0,1,1,1,'couples-serodifferents',1,2,'','',0,NULL,NULL,NULL,NULL,NULL,NULL,NULL,1,'0000-00-00 00:00:00',0,'header%28%27Location%3A+couples-lavage-de-sperme.php%27%29%3B','','%3Cbody%3E'),(61,60,'Lavage de sperme','Lavage de sperme','lavage de sperme pour les couples a oú l\'homme c\'ets seropositif al HIV o l\'hepatite C, HCV\r\naprés le lavage on peut faire la FIV in vtiro ou la don d\'ovules',1,'2009-11-19','2015-01-13 12:56:24','2013-12-24 09:54:22',0,1,1,1,'couples-lavage-de-sperme',1,2,'','',0,NULL,'global','Medicine','Product Info','français',NULL,NULL,1,'1999-11-30 00:00:00',0,'ob_start%28%29%3B','%3Cscript+type%3D%22text%2Fjavascript%22+src%3D%22https%3A%2F%2Fapis.google.com%2Fjs%2Fplusone.js%22%3E%0D%0A++%7Blang%3A+%27fr%27%7D%0D%0A%3C%2Fscript%3E','%3Cbody%3E'),(62,60,'Femmes séropositives','Femmes séropositives',NULL,2,'2009-11-19','2015-01-13 12:56:30','2011-06-29 12:00:35',0,1,1,1,'femmes-seropositives',1,2,'','',0,NULL,NULL,NULL,NULL,NULL,NULL,NULL,1,'0000-00-00 00:00:00',0,'ob_start%28%29%3B','%3Cscript+type%3D%22text%2Fjavascript%22+src%3D%22https%3A%2F%2Fapis.google.com%2Fjs%2Fplusone.js%22%3E%0D%0A++%7Blang%3A+%27fr%27%7D%0D%0A%3C%2Fscript%3E','%3Cbody%3E'),(63,12,'DGP','DGP',NULL,7,'2009-11-19','2015-01-13 12:56:40','2011-06-29 12:01:03',0,1,1,1,'couples-dgp',1,2,'','',0,NULL,NULL,NULL,NULL,NULL,NULL,NULL,1,'0000-00-00 00:00:00',0,'ob_start%28%29%3B','%3Cscript+type%3D%22text%2Fjavascript%22+src%3D%22https%3A%2F%2Fapis.google.com%2Fjs%2Fplusone.js%22%3E%0D%0A++%7Blang%3A+%27fr%27%7D%0D%0A%3C%2Fscript%3E','%3Cbody%3E'),(64,12,'Fécondation in vitro','Fécondation in vitro',NULL,8,'2009-11-19','2015-01-13 12:56:42','2011-06-29 12:01:11',0,1,1,1,'couples-fecondation-in-vitro',1,2,'','',0,NULL,NULL,NULL,NULL,NULL,NULL,NULL,1,'0000-00-00 00:00:00',0,'ob_start%28%29%3B','%3Cscript+type%3D%22text%2Fjavascript%22+src%3D%22https%3A%2F%2Fapis.google.com%2Fjs%2Fplusone.js%22%3E%0D%0A++%7Blang%3A+%27fr%27%7D%0D%0A%3C%2Fscript%3E','%3Cbody%3E'),(65,12,'Insémination artificielle','Insémination artificielle','Insémination artificielle IUI intrauterine avec sperme du donneur anonyme. la banque de sperme de CEFER à Barcelone,c\'est la première Banque de sperme de l\' Espagne.\r\nOn peut faire tous les PMA',9,'2009-11-19','2015-01-13 12:56:43','2013-12-21 15:59:55',0,1,1,1,'couples-insemination-artificielle',1,2,'','',0,NULL,'global','Medicine','Product Info','français',NULL,NULL,1,'1999-11-30 00:00:00',0,'ob_start%28%29%3B','%3Cscript+type%3D%22text%2Fjavascript%22+src%3D%22https%3A%2F%2Fapis.google.com%2Fjs%2Fplusone.js%22%3E%0D%0A++%7Blang%3A+%27fr%27%7D%0D%0A%3C%2Fscript%3E','%3Cbody%3E'),(66,12,'Couples de lesbiennes','Couples de lesbiennes','PMA lesbiennes \r\ninsémiantion artificielle\r\nsperme de la banque\r\ndonation d\'ovules de la couple\r\nCouples de lesbiennes peuvent utiliser  sperme de la banque de CEFER a Barcelone pour une inémination artificielle, une fécondation in vitro avec sperme de la banque ou bien pour une ROPA, don d\'ovules de la femme.',10,'2009-11-19','2015-01-13 12:56:46','2013-12-21 15:45:26',0,1,1,1,'couples-de-lesbiennes',1,2,'','',0,NULL,'global','Medicine','Product Info','frances',NULL,NULL,1,'1999-11-30 00:00:00',0,'ob_start%28%29%3B','%3Cscript+type%3D%22text%2Fjavascript%22+src%3D%22https%3A%2F%2Fapis.google.com%2Fjs%2Fplusone.js%22%3E%0D%0A++%7Blang%3A+%27fr%27%7D%0D%0A%3C%2Fscript%3E','%3Cbody%3E'),(67,12,'FAQ','FAQ',NULL,11,'2009-11-19','2015-01-13 12:56:47','2011-06-29 12:01:52',0,1,1,1,'couples-faq',1,2,'','',0,NULL,NULL,NULL,NULL,NULL,NULL,NULL,1,'0000-00-00 00:00:00',0,'','%3Cscript+type%3D%22text%2Fjavascript%22+src%3D%22https%3A%2F%2Fapis.google.com%2Fjs%2Fplusone.js%22%3E%0D%0A++%7Blang%3A+%27fr%27%7D%0D%0A%3C%2Fscript%3E','%3Cbody%3E'),(69,13,'Singles','Mères  celibataires  singles','Tous les options pour la femme qui veut être maman touts seul qui est celibataire ou avec une conjinte feminin. L\' insémination artificielle avec sperme de donneur anonyme de notre banque de sperme.',1,'2009-11-19','2015-01-13 12:56:25','2013-12-21 15:31:43',0,1,1,1,'couples-singles',1,2,'','',0,NULL,'global','Medicine','Product Info','français',NULL,NULL,1,'1999-11-30 00:00:00',0,'ob_start%28%29%3B','%3Cscript+type%3D%22text%2Fjavascript%22+src%3D%22https%3A%2F%2Fapis.google.com%2Fjs%2Fplusone.js%22%3E%0D%0A++%7Blang%3A+%27fr%27%7D%0D%0A%3C%2Fscript%3E','%3Cbody%3E'),(70,13,'Sperme de donneur anonyme','Sperme de donneur ','La Banque de sperme de CEFER a Barcelone c\'est la première de l\'Espagne. Le donnuer de sperme doit être anonyme..\r\non peut utiliser le sperme pour l\'insémination artificielle, la fécondation in vitro ou la don d\'ovules pour une couple lesbienne. ROPA',2,'2009-11-19','2015-01-13 12:56:30','2013-12-21 15:36:10',0,1,1,1,'sperme-de-donneur-anonyme',1,2,'','',0,NULL,'global','Medicine','Product Info','français',NULL,NULL,1,'1999-11-30 00:00:00',0,'ob_start%28%29%3B','%3Cscript+type%3D%22text%2Fjavascript%22+src%3D%22https%3A%2F%2Fapis.google.com%2Fjs%2Fplusone.js%22%3E%0D%0A++%7Blang%3A+%27fr%27%7D%0D%0A%3C%2Fscript%3E','%3Cbody%3E'),(71,13,'Insémination artificielle','Insémination artificielle','Insémination artificielle intrautérine,à CEFER a un prix de 800 €  La banque de sperme de CEFER à Barcelone c\'est la première banque de l\'Espagne.\r\n',3,'2009-11-19','2015-01-13 12:56:34','2014-03-14 07:47:56',0,1,1,1,'meres-celibataires-insemination-artificielle',1,2,'','',0,NULL,'global','Medicine','Product Info','français','robots.txt',NULL,1,'2025-11-19 00:00:00',0,'ob_start%28%29%3B','%3Cscript+type%3D%22text%2Fjavascript%22+src%3D%22https%3A%2F%2Fapis.google.com%2Fjs%2Fplusone.js%22%3E%0D%0A++%7Blang%3A+%27fr%27%7D%0D%0A%3C%2Fscript%3E','%3Cbody%3E'),(72,13,'Couples de lesbiennes','Couples de lesbiennes','Couples de lesbiennes peuvent utiliser  sperme de la banque de CEFER a Barcelone pour une inémination artificielle, une fécondation in vitro avec sperme de la banque ou bien pour une ROPA, don d\'ovules de la femme.',4,'2009-11-19','2015-01-13 12:56:36','2013-12-21 15:41:33',0,1,1,1,'meres-celibataires-couples de lesbiennes',1,2,'','',0,NULL,'global','Medicine','Product Info','français',NULL,NULL,1,'1999-11-30 00:00:00',0,'ob_start%28%29%3B','%3Cscript+type%3D%22text%2Fjavascript%22+src%3D%22https%3A%2F%2Fapis.google.com%2Fjs%2Fplusone.js%22%3E%0D%0A++%7Blang%3A+%27fr%27%7D%0D%0A%3C%2Fscript%3E','%3Cbody%3E'),(73,13,'Congélation des ovules','Congélation des ovules',NULL,5,'2009-11-19','2015-01-13 12:56:38','2011-06-29 12:03:06',0,1,1,1,'meres-celibataires-congelation-des-ovules',1,2,'','',0,NULL,NULL,NULL,NULL,NULL,NULL,NULL,1,'0000-00-00 00:00:00',0,'ob_start%28%29%3B','%3Cscript+type%3D%22text%2Fjavascript%22+src%3D%22https%3A%2F%2Fapis.google.com%2Fjs%2Fplusone.js%22%3E%0D%0A++%7Blang%3A+%27fr%27%7D%0D%0A%3C%2Fscript%3E','%3Cbody%3E'),(74,13,'Adoption d\' Embryons','Banque d\' embryons','limit dâge jusqua 57 ans pour faire l\'Adoption d\' embryons ou la double don sans liste d\'attente. Nous avons la Banque d\' embryons.',6,'2009-11-19','2015-01-13 12:56:39','2013-12-23 15:30:37',0,1,1,1,'meres-celibataires-adoption-oeufs',1,2,'','',0,NULL,'global','Medicine','Product Info','français',NULL,NULL,1,'1999-11-30 00:00:00',0,'ob_start%28%29%3B','%3Cscript+type%3D%22text%2Fjavascript%22+src%3D%22https%3A%2F%2Fapis.google.com%2Fjs%2Fplusone.js%22%3E%0D%0A++%7Blang%3A+%27fr%27%7D%0D%0A%3C%2Fscript%3E','%3Cbody%3E'),(76,13,'Avortements répétés','Avortements répétés',NULL,8,'2009-11-19','2015-01-13 12:56:42','2011-06-29 12:03:31',0,1,1,1,'meres-celibataires-avortements-repetes',1,2,'','',0,NULL,NULL,NULL,NULL,NULL,NULL,NULL,1,'0000-00-00 00:00:00',0,'ob_start%28%29%3B','%3Cscript+type%3D%22text%2Fjavascript%22+src%3D%22https%3A%2F%2Fapis.google.com%2Fjs%2Fplusone.js%22%3E%0D%0A++%7Blang%3A+%27fr%27%7D%0D%0A%3C%2Fscript%3E','%3Cbody%3E'),(77,13,'Ménopause','Ménopause',NULL,9,'2009-11-19','2015-01-13 12:56:44','2011-06-29 12:03:50',0,1,1,1,'meres-celibataires-menopause',1,2,'','',0,NULL,NULL,NULL,NULL,NULL,NULL,NULL,1,'0000-00-00 00:00:00',0,'ob_start%28%29%3B','%3Cscript+type%3D%22text%2Fjavascript%22+src%3D%22https%3A%2F%2Fapis.google.com%2Fjs%2Fplusone.js%22%3E%0D%0A++%7Blang%3A+%27fr%27%7D%0D%0A%3C%2Fscript%3E','%3Cbody%3E'),(78,13,'L\'infertilité féminine','L\'infertilité féminine',NULL,10,'2009-11-19','2015-01-13 12:56:46','2011-06-29 12:04:03',0,1,1,1,'meres-celibataires-infertilitee-feminine',1,2,'','',0,NULL,NULL,NULL,NULL,NULL,NULL,NULL,1,'0000-00-00 00:00:00',0,'ob_start%28%29%3B','%3Cscript+type%3D%22text%2Fjavascript%22+src%3D%22https%3A%2F%2Fapis.google.com%2Fjs%2Fplusone.js%22%3E%0D%0A++%7Blang%3A+%27fr%27%7D%0D%0A%3C%2Fscript%3E','%3Cbody%3E'),(79,13,'Femme séropositive','Femme séropositive',NULL,11,'2009-11-19','2015-01-13 12:56:47','2011-06-29 12:04:25',0,1,1,1,'meres-celibataires-femme-seropositive',1,2,'','',0,NULL,NULL,NULL,NULL,NULL,NULL,NULL,1,'0000-00-00 00:00:00',0,'ob_start%28%29%3B','%3Cscript+type%3D%22text%2Fjavascript%22+src%3D%22https%3A%2F%2Fapis.google.com%2Fjs%2Fplusone.js%22%3E%0D%0A++%7Blang%3A+%27fr%27%7D%0D%0A%3C%2Fscript%3E','%3Cbody%3E'),(80,13,'Soutien psychologique','Soutien psychologique',NULL,12,'2009-11-19','2015-01-13 12:56:47','2011-06-29 12:04:36',0,1,1,1,'meres-celibataires-soutien-psychologique',1,2,'','',0,NULL,NULL,NULL,NULL,NULL,NULL,NULL,1,'0000-00-00 00:00:00',0,'ob_start%28%29%3B','%3Cscript+type%3D%22text%2Fjavascript%22+src%3D%22https%3A%2F%2Fapis.google.com%2Fjs%2Fplusone.js%22%3E%0D%0A++%7Blang%3A+%27fr%27%7D%0D%0A%3C%2Fscript%3E','%3Cbody%3E'),(81,13,'FAQ','FAQ',NULL,13,'2009-11-19','2015-01-13 12:56:48','2011-06-29 12:05:09',0,1,1,1,'meres-celibataires-faq',1,2,'','',0,NULL,NULL,NULL,NULL,NULL,NULL,NULL,1,'0000-00-00 00:00:00',0,'','%3Cscript+type%3D%22text%2Fjavascript%22+src%3D%22https%3A%2F%2Fapis.google.com%2Fjs%2Fplusone.js%22%3E%0D%0A++%7Blang%3A+%27fr%27%7D%0D%0A%3C%2Fscript%3E','%3Cbody%3E'),(83,1,'donateurs','donateurs',NULL,5,'2009-11-19','2015-01-13 12:56:38','2009-12-07 18:13:01',0,1,1,1,'donateurs',1,2,'','',0,NULL,NULL,NULL,NULL,NULL,NULL,NULL,1,'0000-00-00 00:00:00',0,'header%28%27Location%3A+les-donneurs-de-sperme.php%27%29%3B','','%3Cbody%3E'),(84,83,'Les donneurs de sperme','Les donneurs de sperme',NULL,1,'2009-11-19','2015-01-13 12:56:25','2011-06-29 12:05:17',0,1,1,1,'les-donneurs-de-sperme',1,2,'','',0,NULL,NULL,NULL,NULL,NULL,NULL,NULL,1,'0000-00-00 00:00:00',0,'ob_start%28%29%3B','%3Cscript+type%3D%22text%2Fjavascript%22+src%3D%22https%3A%2F%2Fapis.google.com%2Fjs%2Fplusone.js%22%3E%0D%0A++%7Blang%3A+%27fr%27%7D%0D%0A%3C%2Fscript%3E','%3Cbody%3E'),(85,83,'Don d\'ovules','Don d\'ovules',NULL,2,'2009-11-19','2015-01-13 12:56:30','2011-06-29 12:05:26',0,1,1,1,'don-ovules',1,2,'','',0,NULL,NULL,NULL,NULL,NULL,NULL,NULL,1,'0000-00-00 00:00:00',0,'ob_start%28%29%3B','%3Cscript+type%3D%22text%2Fjavascript%22+src%3D%22https%3A%2F%2Fapis.google.com%2Fjs%2Fplusone.js%22%3E%0D%0A++%7Blang%3A+%27fr%27%7D%0D%0A%3C%2Fscript%3E','%3Cbody%3E'),(86,1,'Confidentialité','Confidentialité',NULL,6,'2009-11-19','2015-01-13 12:56:39','2011-06-29 12:05:38',0,1,1,1,'confidentialite',1,2,'','',0,NULL,NULL,NULL,NULL,NULL,NULL,NULL,1,'0000-00-00 00:00:00',0,'','%3Cscript+type%3D%22text%2Fjavascript%22+src%3D%22https%3A%2F%2Fapis.google.com%2Fjs%2Fplusone.js%22%3E%0D%0A++%7Blang%3A+%27fr%27%7D%0D%0A%3C%2Fscript%3E','%3Cbody%3E'),(87,1,'Patient Login','Patient Login',NULL,7,'2009-11-19','2015-01-13 12:56:41','2009-11-30 13:18:14',0,1,1,1,'patient-login',1,2,'','',1,'login.php',NULL,NULL,NULL,NULL,NULL,NULL,1,'0000-00-00 00:00:00',0,'','',''),(88,1,'zone-professionnels','zone-professionnels',NULL,8,'2009-11-19','2015-01-13 12:56:42','2009-11-30 13:18:32',0,1,1,1,'zone-professionnels',1,2,'','',1,'login.php',NULL,NULL,NULL,NULL,NULL,NULL,1,'0000-00-00 00:00:00',0,'','',''),(89,27,'Faire une consultation en ligne','Faire une consultation en ligne',NULL,1,'2009-11-19','2015-01-13 12:56:26','2011-06-29 11:53:20',0,1,1,1,'faire-une-consultation-en-ligne',1,2,'','',0,NULL,NULL,NULL,NULL,NULL,NULL,NULL,1,'0000-00-00 00:00:00',0,'','%3Cscript+type%3D%22text%2Fjavascript%22+src%3D%22https%3A%2F%2Fapis.google.com%2Fjs%2Fplusone.js%22%3E%0D%0A++%7Blang%3A+%27fr%27%7D%0D%0A%3C%2Fscript%3E','%3Cbody%3E'),(90,27,'Demande de rendez-vous','Demande de rendez',NULL,2,'2009-11-19','2015-01-13 12:56:31','2011-07-15 11:03:18',0,1,1,1,'demande-de-rendez',1,2,'','',0,NULL,NULL,NULL,NULL,NULL,NULL,NULL,1,'0000-00-00 00:00:00',0,'','%3Cscript+type%3D%22text%2Fjavascript%22+src%3D%22https%3A%2F%2Fapis.google.com%2Fjs%2Fplusone.js%22%3E%0D%0A++%7Blang%3A+%27fr%27%7D%0D%0A%3C%2Fscript%3E','%3Cbody%3E'),(91,27,'Ma première visite Que dois-je faire?','Ma première visite Que dois-je faire?',NULL,3,'2009-11-19','2015-01-13 12:56:34','2011-06-29 11:53:36',0,1,1,1,'ma-premiere-visite-que-dois-je-faire',1,2,'','',0,NULL,NULL,NULL,NULL,NULL,NULL,NULL,1,'0000-00-00 00:00:00',0,'','%3Cscript+type%3D%22text%2Fjavascript%22+src%3D%22https%3A%2F%2Fapis.google.com%2Fjs%2Fplusone.js%22%3E%0D%0A++%7Blang%3A+%27fr%27%7D%0D%0A%3C%2Fscript%3E','%3Cbody%3E'),(92,27,'Cefer sur Google Maps ®','Cefer sur Google Maps ®',NULL,4,'2009-11-19','2015-01-13 12:56:36','2011-06-29 11:53:46',0,1,1,1,'cefer-sur-google-maps',1,2,'','',0,NULL,NULL,NULL,NULL,NULL,NULL,NULL,1,'0000-00-00 00:00:00',0,'','%3Cscript+type%3D%22text%2Fjavascript%22+src%3D%22https%3A%2F%2Fapis.google.com%2Fjs%2Fplusone.js%22%3E%0D%0A++%7Blang%3A+%27fr%27%7D%0D%0A%3C%2Fscript%3E','%3Cbody%3E'),(93,31,'Hébergement','Hébergement',NULL,1,'2009-11-26','2015-01-13 12:56:26','2011-06-29 11:54:27',0,1,1,1,'hebergement',1,2,'','',0,NULL,NULL,NULL,NULL,NULL,NULL,NULL,1,'0000-00-00 00:00:00',0,'','%3Cscript+type%3D%22text%2Fjavascript%22+src%3D%22https%3A%2F%2Fapis.google.com%2Fjs%2Fplusone.js%22%3E%0D%0A++%7Blang%3A+%27fr%27%7D%0D%0A%3C%2Fscript%3E','%3Cbody%3E'),(94,31,'Numéros de téléphones utiles','Numéros de téléphones utiles',NULL,2,'2009-11-26','2015-01-13 12:56:31','2011-06-29 11:54:44',0,1,1,1,'numeros-de-telephones-utiles',1,2,'','',0,NULL,NULL,NULL,NULL,NULL,NULL,NULL,1,'0000-00-00 00:00:00',0,'','%3Cscript+type%3D%22text%2Fjavascript%22+src%3D%22https%3A%2F%2Fapis.google.com%2Fjs%2Fplusone.js%22%3E%0D%0A++%7Blang%3A+%27fr%27%7D%0D%0A%3C%2Fscript%3E','%3Cbody%3E'),(95,31,'Visite de la ville','Visite de la ville',NULL,3,'2009-11-26','2015-01-13 12:56:34','2011-06-29 11:54:56',0,1,1,1,'visite-de-la-ville',1,2,'','',0,NULL,NULL,NULL,NULL,NULL,NULL,NULL,1,'0000-00-00 00:00:00',0,'','%3Cscript+type%3D%22text%2Fjavascript%22+src%3D%22https%3A%2F%2Fapis.google.com%2Fjs%2Fplusone.js%22%3E%0D%0A++%7Blang%3A+%27fr%27%7D%0D%0A%3C%2Fscript%3E','%3Cbody%3E'),(96,0,'Nouvelles','Nouvelles',NULL,2,'2009-12-30','2015-01-13 12:56:31','2013-02-28 10:27:42',0,1,1,1,'nouvelles',1,2,'','',0,NULL,NULL,NULL,NULL,NULL,NULL,NULL,1,'0000-00-00 00:00:00',0,'','',''),(97,11,'EmbryoScope',NULL,NULL,8,'2011-06-17','2015-01-13 12:56:43','2011-06-29 11:57:43',0,1,1,1,'embryoscope',1,2,'','',0,NULL,NULL,NULL,NULL,NULL,NULL,NULL,1,'0000-00-00 00:00:00',0,'ob_start%28%29%3B','%3Cscript+type%3D%22text%2Fjavascript%22+src%3D%22https%3A%2F%2Fapis.google.com%2Fjs%2Fplusone.js%22%3E%0D%0A++%7Blang%3A+%27fr%27%7D%0D%0A%3C%2Fscript%3E','%3Cbody%3E'),(98,0,'Confirmation Enquête',NULL,NULL,2,'2011-06-21','2014-03-06 12:36:40','2011-06-21 09:54:54',0,1,1,1,'confirmation-enquete',1,2,'','',0,NULL,NULL,NULL,NULL,NULL,NULL,NULL,1,'0000-00-00 00:00:00',1,'','',''),(99,11,'IMSI',NULL,NULL,9,'2011-10-19','2015-01-13 12:56:44','2011-10-19 11:27:22',0,1,1,1,'IMSI',1,2,'','',0,NULL,NULL,NULL,NULL,NULL,NULL,NULL,1,'0000-00-00 00:00:00',0,'','',''),(100,102,'Landing couple lesbiennes','Couple lesbiennes',NULL,9,'2014-02-11','2015-01-13 12:56:44','2014-12-01 16:41:43',0,1,1,1,'landing-couple-lesbiennes',4,5,'%09%09%3Cdiv+class%3D%22logo%22%3E%3Ca+href%3D%22%3C%3Fphp+echo+DOMAIN%3B+%3F%3E%22+title%3D%22%3C%3Fphp+echo+NAME_SITE%3B+%3F%3E%22%3E%3C%2Fa%3E%3C%2Fdiv%3E%0D%0A%09%09%3Cdiv+class%3D%22reasons%22%3E%0D%0A%09%09%09%3Cdiv+class%3D%22reasons_title%22%3E%3C%3Fphp+echo+CLI_LPL_ReasonsTitle%3B+%3F%3E%3C%2Fdiv%3E%0D%0A%09%09%09%3Cdiv+class%3D%22reasons1%22%3E%3Cspan%3E%3C%3Fphp+echo+CLI_LPL_Reason1%3B+%3F%3E%3C%2Fspan%3E%3C%2Fdiv%3E%0D%0A%09%09%09%3Cdiv+class%3D%22reasons2%22%3E%3Cspan%3E%3C%3Fphp+echo+CLI_LPL_Reason2%3B+%3F%3E%3C%2Fspan%3E%3C%2Fdiv%3E%0D%0A%09%09%09%3Cdiv+class%3D%22reasons3%22%3E%3Cspan%3E%3C%3Fphp+echo+CLI_LPL_Reason3%3B+%3F%3E%3C%2Fspan%3E%3C%2Fdiv%3E%0D%0A%09%09%3C%2Fdiv%3E','%09%09%3Cdiv+class%3D%22footer%22%3E%0D%0A%09%09%09%3Ca+href%3D%22%3C%3Fphp+echo+DOMAIN%3B+%3F%3E%22+title%3D%22%3C%3Fphp+echo+NAME_SITE%3B+%3F%3E%22%3E%3C%3Fphp+echo+CLI_LPL_Footer1%3B+%3F%3E%3C%2Fa%3E%A0%A0%7C%A0%A0%3C%3Fphp+echo+CLI_LPL_Footer2%3B+%3F%3E%A0%A0%7C%A0%A0%3C%3Fphp+echo+CLI_LPL_Footer3%3B+%3F%3E+%0D%0A%09%09%09%09%3Ca+href%3D%22%3C%3Fphp+echo+CLI_LPL_FooterFacebookLink%3B+%3F%3E%22+title%3D%22%3C%3Fphp+echo+CLI_LPL_FooterFacebookName%3B+%3F%3E%22+class%3D%22fb%22+target%3D%22_blank%22%3E%3C%2Fa%3E%0D%0A%09%09%09%09%3Ca+href%3D%22%3C%3Fphp+echo+CLI_LPL_FooterTwitterLink%3B+%3F%3E%22+title%3D%22%3C%3Fphp+echo+CLI_LPL_FooterTwitterName%3B+%3F%3E%22+class%3D%22tw%22+target%3D%22_blank%22%3E%3C%2Fa%3E%0D%0A%09%09%09%09%3Ca+href%3D%22%3C%3Fphp+echo+CLI_LPL_FooterGoogleLink%3B+%3F%3E%22+title%3D%22%3C%3Fphp+echo+CLI_LPL_FooterGoogleName%3B+%3F%3E%22+class%3D%22gplus%22+target%3D%22_blank%22%3E%3C%2Fa%3E%0D%0A%09%09%3C%2Fdiv%3E',0,NULL,'global',NULL,NULL,'fr','all',NULL,7,'1999-11-30 00:00:00',0,'','%3C%21--+FR+--%3E%0D%0A%3Clink+href%3D%27http%3A%2F%2Ffonts.googleapis.com%2Fcss%3Ffamily%3DTitillium%2BWeb%3A400%2C200%2C200italic%2C300%2C300italic%2C400italic%2C600%2C600italic%2C700%2C700italic%2C900%27+rel%3D%27stylesheet%27+type%3D%27text%2Fcss%27%3E%0D%0A%3Cmeta+property%3D%22og%3Atitle%22+content%3D%22Couple+lesbiennes%2C+voulez-vous+un+b%E9b%E9%3F%22+%2F%3E%0D%0A%3Cmeta+property%3D%22og%3Adescription%22+content%3D%22La+maternit%E9+partag%E9e+est+possible+avec+les+nouvelles+technologies+de+reproduction.%22+%2F%3E%0D%0A%3Cmeta+property%3D%22og%3Atype%22+content%3D%22website%22+%2F%3E%0D%0A%3Cmeta+property%3D%22og%3Aurl%22+content%3D%22http%3A%2F%2Fwww.institutocefer.com%2Ffr%2Flanding-couple-lesbiennes.php%22+%2F%3E%0D%0A%3Cmeta+property%3D%22og%3Aimage%22+content%3D%22http%3A%2F%2Fwww.institutocefer.com%2Fes%2Fimages%2Flpl_logo.png%22+%2F%3E','%3Cbody%3E'),(101,102,'Landing grossesse','Grossesse',NULL,3,'2014-10-10','2015-01-13 12:56:35','2014-10-17 18:20:27',0,1,1,1,'landing-grossesse',6,7,'%3Cscript+type%3D%22text%2Fjavascript%22%3E%0D%0Avar+gaJsHost+%3D+%28%28%22https%3A%22+%3D%3D+document.location.protocol%29+%3F+%22https%3A%2F%2Fssl.%22+%3A+%22http%3A%2F%2Fwww.%22%29%3B%0D%0Adocument.write%28unescape%28%22%253Cscript+src%3D%27%22+%2B+gaJsHost+%2B+%22google-analytics.com%2Fga.js%27+type%3D%27text%2Fjavascript%27%253E%253C%2Fscript%253E%22%29%29%3B%0D%0A%3C%2Fscript%3E%0D%0A%3Cscript+type%3D%22text%2Fjavascript%22%3E%0D%0Atry%0D%0A%7B+var+pageTracker+%3D+_gat._getTracker%28%22UA-1534644-1%22%29%3B+pageTracker._trackPageview%28%29%3B+%7D%0D%0Acatch%28err%29+%7B%7D%3C%2Fscript%3E','%3C%3Fphp+%2F%2A+void+%2A%2F+%3F%3E',0,NULL,'global',NULL,NULL,NULL,NULL,NULL,1,'1999-11-30 00:00:00',0,'','%3Clink+rel%3D%22alternate%22+type%3D%22text%2Fhtml%22+hreflang%3D%22es%22+lang%3D%22es%22+href%3D%22http%3A%2F%2Fwww.institutocefer.com%2Fes%22+title%3D%22Espa%F1ol%22+%2F%3E%0D%0A%3Clink+rel%3D%22alternate%22+type%3D%22text%2Fhtml%22+hreflang%3D%22cat%22+lang%3D%22cat%22+href%3D%22http%3A%2F%2Fwww.institutocefer.com%2Fcat%22+title%3D%22Catal%E0%22+%2F%3E%0D%0A%3Clink+rel%3D%22alternate%22+type%3D%22text%2Fhtml%22+hreflang%3D%22it%22+lang%3D%22it%22+href%3D%22http%3A%2F%2Fwww.institutocefer.com%2Fit%22+title%3D%22italiano%22+%2F%3E%0D%0A%3Clink+rel%3D%22alternate%22+type%3D%22text%2Fhtml%22+hreflang%3D%22fr%22+lang%3D%22fr%22+href%3D%22http%3A%2F%2Fwww.institutocefer.com%2Ffr%22+title%3D%22fran%E7ais%22+%2F%3E%0D%0A%3Clink+rel%3D%22alternate%22+type%3D%22text%2Fhtml%22+hreflang%3D%22en%22+lang%3D%22de%22+href%3D%22http%3A%2F%2Fwww.institutocefer.com%2Fen%22+title%3D%22English%22+%2F%3E%0D%0A%3Clink+rel%3D%22alternate%22+type%3D%22text%2Fhtml%22+hreflang%3D%22de%22+lang%3D%22de%22+href%3D%22http%3A%2F%2Fwww.institutocefer.com%2Fde%22+title%3D%22Deutsch%22+%2F%3E%0D%0A%0D%0A%0D%0A%3Clink+href%3D%27http%3A%2F%2Ffonts.googleapis.com%2Fcss%3Ffamily%3DTitillium%2BWeb%3A400%2C900%2C700italic%2C700%2C600italic%2C600%2C400italic%2C300italic%2C300%2C200italic%2C200%27+rel%3D%27stylesheet%27+type%3D%27text%2Fcss%27%3E%0D%0A%3Cscript+src%3D%22http%3A%2F%2Fcode.jquery.com%2Fjquery-1.10.2.min.js%22%3E%3C%2Fscript%3E%0D%0A%3Cscript%3Evar+jq+%3D+jQuery.noConflict%28%29%3B%3C%2Fscript%3E%0D%0A','%3Cbody%3E'),(102,0,'Landings',NULL,NULL,4,'2014-10-17','2015-01-13 12:56:37','2014-10-17 18:20:18',0,1,1,1,'landings',1,2,'','',0,NULL,NULL,NULL,NULL,NULL,NULL,NULL,1,'0000-00-00 00:00:00',0,'','',''),(104,102,'Landing donación de óvulos','Egg Donation Promotion','Egg Donation Promotion',10,'2014-12-01','2015-01-13 12:56:46','2014-12-01 16:46:33',0,1,1,1,'Egg-Donation-Promotion',8,7,'%3Cscript+type%3D%22text%2Fjavascript%22%3E%0D%0Avar+gaJsHost+%3D+%28%28%22https%3A%22+%3D%3D+document.location.protocol%29+%3F+%22https%3A%2F%2Fssl.%22+%3A+%22http%3A%2F%2Fwww.%22%29%3B%0D%0Adocument.write%28unescape%28%22%253Cscript+src%3D%27%22+%2B+gaJsHost+%2B+%22google-analytics.com%2Fga.js%27+type%3D%27text%2Fjavascript%27%253E%253C%2Fscript%253E%22%29%29%3B%0D%0A%3C%2Fscript%3E%0D%0A%3Cscript+type%3D%22text%2Fjavascript%22%3E%0D%0Atry%0D%0A%7B+var+pageTracker+%3D+_gat._getTracker%28%22UA-1534644-1%22%29%3B+pageTracker._trackPageview%28%29%3B+%7D%0D%0Acatch%28err%29+%7B%7D%3C%2Fscript%3E','%3C%3Fphp+%2F%2A+void+%2A%2F+%3F%3E',0,NULL,'global',NULL,NULL,NULL,NULL,NULL,1,'1999-11-30 00:00:00',0,'','%3Clink+rel%3D%22alternate%22+type%3D%22text%2Fhtml%22+hreflang%3D%22es%22+lang%3D%22es%22+href%3D%22http%3A%2F%2Fwww.institutocefer.com%2Fes%22+title%3D%22Espa%F1ol%22+%2F%3E%0D%0A%3Clink+rel%3D%22alternate%22+type%3D%22text%2Fhtml%22+hreflang%3D%22cat%22+lang%3D%22cat%22+href%3D%22http%3A%2F%2Fwww.institutocefer.com%2Fcat%22+title%3D%22Catal%E0%22+%2F%3E%0D%0A%3Clink+rel%3D%22alternate%22+type%3D%22text%2Fhtml%22+hreflang%3D%22it%22+lang%3D%22it%22+href%3D%22http%3A%2F%2Fwww.institutocefer.com%2Fit%22+title%3D%22italiano%22+%2F%3E%0D%0A%3Clink+rel%3D%22alternate%22+type%3D%22text%2Fhtml%22+hreflang%3D%22fr%22+lang%3D%22fr%22+href%3D%22http%3A%2F%2Fwww.institutocefer.com%2Ffr%22+title%3D%22fran%E7ais%22+%2F%3E%0D%0A%3Clink+rel%3D%22alternate%22+type%3D%22text%2Fhtml%22+hreflang%3D%22en%22+lang%3D%22de%22+href%3D%22http%3A%2F%2Fwww.institutocefer.com%2Fen%22+title%3D%22English%22+%2F%3E%0D%0A%3Clink+rel%3D%22alternate%22+type%3D%22text%2Fhtml%22+hreflang%3D%22de%22+lang%3D%22de%22+href%3D%22http%3A%2F%2Fwww.institutocefer.com%2Fde%22+title%3D%22Deutsch%22+%2F%3E','%3Cbody%3E');
/*!40000 ALTER TABLE `seccion` ENABLE KEYS */;
UNLOCK TABLES;

--
